12-15 16:15:05.014: I/DEBUG(251): *** *** *** *** *** *** *** *** *** *** *** *** *** *** *** ***
12-15 16:15:05.014: I/DEBUG(251): Build fingerprint: 'samsung/kltexx/klte:4.4.2/KOT49H/G900FXXU1ANI3:user/release-keys'
12-15 16:15:05.014: I/DEBUG(251): Revision: '14'
12-15 16:15:05.014: I/DEBUG(251): pid: 27974, tid: 27974, name: fertImageServer >>> com.seufert.SeufertImageServer <<<
12-15 16:15:05.014: I/DEBUG(251): signal 11 (SIGSEGV), code 1 (SEGV_MAPERR), fault addr 00000000
12-15 16:15:05.174: I/DEBUG(251): r0 00000001 r1 bec140b5 r2 00000000 r3 00000000
12-15 16:15:05.174: I/DEBUG(251): r4 00000001 r5 7dc18b50 r6 7dc19008 r7 bec140b4
12-15 16:15:05.174: I/DEBUG(251): r8 00000000 r9 400ab394 sl 00000002 fp 00000000
12-15 16:15:05.174: I/DEBUG(251): ip 402e4e30 sp bec13bf8 lr 402c9503 pc 402cb7b8 cpsr 800f0030
12-15 16:15:05.174: I/DEBUG(251): d0 0000000000000000 d1 0000000000000000
12-15 16:15:05.174: I/DEBUG(251): d2 0000000000000000 d3 0000000000000000
12-15 16:15:05.174: I/DEBUG(251): d4 30332c34322c3531 d5 776569766572703b
12-15 16:15:05.174: I/DEBUG(251): d6 34363d657a69732d d7 72703b3038347830
12-15 16:15:05.174: I/DEBUG(251): d8 0000000000000000 d9 0000000000000000
12-15 16:15:05.174: I/DEBUG(251): d10 0000000000000000 d11 0000000000000000
12-15 16:15:05.174: I/DEBUG(251): d12 0000000000000000 d13 0000000000000000
12-15 16:15:05.174: I/DEBUG(251): d14 0000000000000000 d15 0000000000000000
12-15 16:15:05.174: I/DEBUG(251): d16 0043006500630061 d17 006f0070006d006f
12-15 16:15:05.184: I/DEBUG(251): d18 35332c3035332c34 d19 36332c3935332c34
12-15 16:15:05.184: I/DEBUG(251): d20 37332c3936332c34 d21 38332c3937332c35
12-15 16:15:05.184: I/DEBUG(251): d22 39332c3938332c34 d23 30342c3030342c34
12-15 16:15:05.184: I/DEBUG(251): d24 003e003d003c003b d25 0040003f003d003e
12-15 16:15:05.184: I/DEBUG(251): d26 0000000000000000 d27 0000000000000000
12-15 16:15:05.184: I/DEBUG(251): d28 001e001d001c001b d29 0020001f001d001e
12-15 16:15:05.184: I/DEBUG(251): d30 0040004000400040 d31 0000000000000000
12-15 16:15:05.184: I/DEBUG(251): scr 60000012
12-15 16:15:05.184: I/DEBUG(251): backtrace:
12-15 16:15:05.184: I/DEBUG(251): #00 pc 000267b8 /system/lib/libgui.so (android::BufferQueue::releaseBuffer(int, unsigned long long, void*, void*, android::sp const&)+143)
12-15 16:15:05.184: I/DEBUG(251): #01 pc 00018455 /data/app-lib/com.seufert.SeufertImageServer-2/libnative_camera_r4.4.0.so (CameraHandler::initCameraConnect(bool (* const&)(void*, unsigned int, void*), int, void*, android::CameraParameters*)+1948)
12-15 16:15:05.184: I/DEBUG(251): stack:
12-15 16:15:05.184: I/DEBUG(251): bec13bb8 00000000
12-15 16:15:05.184: I/DEBUG(251): bec13bbc 7dc0e511 /data/app-lib/com.seufert.SeufertImageServer-2/libnative_camera_r4.4.0.so
12-15 16:15:05.184: I/DEBUG(251): bec13bc0 400583a5 /system/lib/liblog.so
12-15 16:15:05.184: I/DEBUG(251): bec13bc4 7dc0dbf0 /data/app-lib/com.seufert.SeufertImageServer-2/libnative_camera_r4.4.0.so
12-15 16:15:05.184: I/DEBUG(251): bec13bc8 bec13c3c [stack]
12-15 16:15:05.184: I/DEBUG(251): bec13bcc 00000000
12-15 16:15:05.184: I/DEBUG(251): bec13bd0 400ab394
12-15 16:15:05.184: I/DEBUG(251): bec13bd4 400584f1 /system/lib/liblog.so (__android_log_write+212)
12-15 16:15:05.184: I/DEBUG(251): bec13bd8 00004000
12-15 16:15:05.184: I/DEBUG(251): bec13bdc 9cd81de6
12-15 16:15:05.184: I/DEBUG(251): bec13be0 00000001
12-15 16:15:05.184: I/DEBUG(251): bec13be4 7dc18b50
12-15 16:15:05.184: I/DEBUG(251): bec13be8 7dc19008
12-15 16:15:05.184: I/DEBUG(251): bec13bec bec140b4 [stack]
12-15 16:15:05.184: I/DEBUG(251): bec13bf0 9cd81de6
12-15 16:15:05.184: I/DEBUG(251): bec13bf4 402cb775 /system/lib/libgui.so (android::BufferQueue::releaseBuffer(int, unsigned long long, void*, void*, android::sp const&)+76)
12-15 16:15:05.184: I/DEBUG(251): #00 bec13bf8 00000034
12-15 16:15:05.184: I/DEBUG(251): bec13bfc 00000003
12-15 16:15:05.184: I/DEBUG(251): bec13c00 72a8b7ac
12-15 16:15:05.184: I/DEBUG(251): bec13c04 40058731 /system/lib/liblog.so (__android_log_print+56)
12-15 16:15:05.184: I/DEBUG(251): bec13c08 bec14024 [stack]
12-15 16:15:05.184: I/DEBUG(251): bec13c0c 400ab394
12-15 16:15:05.184: I/DEBUG(251): bec13c10 00000000
12-15 16:15:05.184: I/DEBUG(251): bec13c14 79d6e930
12-15 16:15:05.184: I/DEBUG(251): bec13c18 00000002
12-15 16:15:05.184: I/DEBUG(251): bec13c1c 00000000
12-15 16:15:05.184: I/DEBUG(251): bec13c20 48617265 /dev/ashmem/dalvik-heap (deleted)
12-15 16:15:05.184: I/DEBUG(251): bec13c24 400ab394
12-15 16:15:05.184: I/DEBUG(251): bec13c28 7dc0dbf0 /data/app-lib/com.seufert.SeufertImageServer-2/libnative_camera_r4.4.0.so
12-15 16:15:05.184: I/DEBUG(251): bec13c2c 00000003
12-15 16:15:05.184: I/DEBUG(251): bec13c30 bec140b8 [stack]
12-15 16:15:05.184: I/DEBUG(251): bec13c34 40058731 /system/lib/liblog.so (__android_log_print+56)
12-15 16:15:05.184: I/DEBUG(251): ........ ........
12-15 16:15:05.184: I/DEBUG(251): #01 bec14058 00000000
12-15 16:15:05.184: I/DEBUG(251): bec1405c 79d6e930
12-15 16:15:05.184: I/DEBUG(251): bec14060 00000000
12-15 16:15:05.184: I/DEBUG(251): bec14064 00000004
12-15 16:15:05.184: I/DEBUG(251): bec14068 40044678 /system/bin/linker
12-15 16:15:05.184: I/DEBUG(251): bec1406c 00000008
12-15 16:15:05.184: I/DEBUG(251): bec14070 bec14080 [stack]
12-15 16:15:05.184: I/DEBUG(251): bec14074 7dc0e48f /data/app-lib/com.seufert.SeufertImageServer-2/libnative_camera_r4.4.0.so
12-15 16:15:05.184: I/DEBUG(251): bec14078 79d6e930
12-15 16:15:05.184: I/DEBUG(251): bec1407c bec140d0 [stack]
12-15 16:15:05.184: I/DEBUG(251): bec14080 79d1ae18
12-15 16:15:05.184: I/DEBUG(251): bec14084 0000000c
12-15 16:15:05.184: I/DEBUG(251): bec14088 79174370
12-15 16:15:05.184: I/DEBUG(251): bec1408c 40036827 /system/bin/linker
12-15 16:15:05.184: I/DEBUG(251): bec14090 79d79d80
12-15 16:15:05.184: I/DEBUG(251): bec14094 79d1ae18
12-15 16:15:05.184: I/DEBUG(251): memory near r1:
12-15 16:15:05.184: I/DEBUG(251): bec14094 79d1ae18 72a8b768 464c457f 00010101
12-15 16:15:05.184: I/DEBUG(251): bec140a4 7dc19018 7dc19018 7dc19018 00000000
12-15 16:15:05.184: I/DEBUG(251): bec140b4 7dc17008 7dc17018 7dbe0f2b 40044678
12-15 16:15:05.184: I/DEBUG(251): bec140c4 40040039 79f87be6 79f87bc8 374e5a5f
12-15 16:15:05.184: I/DEBUG(251): bec140d4 72646e61 3664696f 656d6143 63376172
12-15 16:15:05.184: I/DEBUG(251): bec140e4 656e6e6f 76457463 79d79300 374e5a5f
12-15 16:15:05.194: I/DEBUG(251): bec140f4 72646e61 3664696f 656d6143 63376172
12-15 16:15:05.194: I/DEBUG(251): bec14104 656e6e6f 69457463 4006ad00 374e5a5f
12-15 16:15:05.194: I/DEBUG(251): bec14114 72646e61 3664696f 656d6143 63376172
12-15 16:15:05.194: I/DEBUG(251): bec14124 656e6e6f 69457463 40070069 374e5a5f
12-15 16:15:05.194: I/DEBUG(251): bec14134 72646e61 3664696f 656d6143 63376172
12-15 16:15:05.194: I/DEBUG(251): bec14144 656e6e6f 69457463 534e4b52 7453385f
12-15 16:15:05.194: I/DEBUG(251): bec14154 676e6972 69453631 7dbe8a00 7dbe8d65
12-15 16:15:05.194: I/DEBUG(251): bec14164 00000000 79d6e930 00000000 79d6e934
12-15 16:15:05.194: I/DEBUG(251): bec14174 79f8e9fc 79f8e9e0 79f8e9b8 bec14274
12-15 16:15:05.194: I/DEBUG(251): bec14184 7dbea711 7801442d 7801442d 79d6e930
12-15 16:15:05.194: I/DEBUG(251): memory near r5:
12-15 16:15:05.194: I/DEBUG(251): 7dc18b30 7dc18b38 0000001b 00000001 00000001
12-15 16:15:05.194: I/DEBUG(251): 7dc18b40 7dc18b2c 00000001 2d6f7475 0000001b
12-15 16:15:05.194: I/DEBUG(251): 7dc18b50 00000002 00000002 7dc1701c 00000000
12-15 16:15:05.194: I/DEBUG(251): 7dc18b60 3b65736c 00000471 0000000d 0000000d
12-15 16:15:05.194: I/DEBUG(251): 7dc18b70 ffffffff 65764543 3a78746e 6961573a
12-15 16:15:05.194: I/DEBUG(251): 7dc18b80 64000074 00000451 00000012 00000012
12-15 16:15:05.194: I/DEBUG(251): 7dc18b90 ffffffff 72687470 5f646165 6574756d
12-15 16:15:05.194: I/DEBUG(251): 7dc18ba0 6f6c5f78 6b006b63 6f633b00 00000429
12-15 16:15:05.194: I/DEBUG(251): 7dc18bb0 400ab210 400ab210 ffffffff 746e6d2f
12-15 16:15:05.194: I/DEBUG(251): 7dc18bc0 6364732f 2f647261 46554553 2f545245
12-15 16:15:05.194: I/DEBUG(251): 7dc18bd0 48434143 58542f45 424f4d5f 2f454c49
12-15 16:15:05.194: I/DEBUG(251): 7dc18be0 6c505854 73657461 436e6163 6e6e6168
12-15 16:15:05.194: I/DEBUG(251): 7dc18bf0 305f6c65 45522f31 4e474f43 4f495449
12-15 16:15:05.194: I/DEBUG(251): 7dc18c00 000000a0 0000005a 00000046 00000046
12-15 16:15:05.194: I/DEBUG(251): 7dc18c10 ffffffff 746e6d2f 6364732f 2f647261
12-15 16:15:05.194: I/DEBUG(251): 7dc18c20 46554553 2f545245 48434143 58542f45
12-15 16:15:05.194: I/DEBUG(251): memory near r6:
12-15 16:15:05.194: I/DEBUG(251): 7dc18fe8 00000000 00000007 00000007 00000007
12-15 16:15:05.194: I/DEBUG(251): 7dc18ff8 00000007 00000007 00000000 000015a3
12-15 16:15:05.194: I/DEBUG(251): 7dc19008 402deeac 402def30 00000000 00720064
12-15 16:15:05.194: I/DEBUG(251): 7dc19018 402def80 402defdc 00000000 4f3d7264
12-15 16:15:05.194: I/DEBUG(251): 7dc19028 402df02c 72622d65 00000000 00000000
12-15 16:15:05.194: I/DEBUG(251): 7dc19038 00000000 73657500 00000000 00000000
12-15 16:15:05.194: I/DEBUG(251): 7dc19048 00000000 00000000 69740000 6168732d
12-15 16:15:05.194: I/DEBUG(251): 7dc19058 00000000 00000000 00000000 676e6900
12-15 16:15:05.194: I/DEBUG(251): 7dc19068 00000000 00000000 00000000 00000000
12-15 16:15:05.194: I/DEBUG(251): 7dc19078 61760000 7365756c 00000000 00000000
12-15 16:15:05.194: I/DEBUG(251): 7dc19088 00000000 612c7a00 00000000 00000000
12-15 16:15:05.194: I/DEBUG(251): 7dc19098 00000000 00000000 6f6c0000 663d6b63
12-15 16:15:05.194: I/DEBUG(251): 7dc190a8 00000000 00000000 00000000 75736f00
12-15 16:15:05.194: I/DEBUG(251): 7dc190b8 00000000 00000000 00000000 00000000
12-15 16:15:05.194: I/DEBUG(251): 7dc190c8 72740000 613b6575 00000000 00000000
12-15 16:15:05.194: I/DEBUG(251): 7dc190d8 00000000 6c617600 00000000 00000000
12-15 16:15:05.194: I/DEBUG(251): memory near r7:
12-15 16:15:05.194: I/DEBUG(251): bec14094 79d1ae18 72a8b768 464c457f 00010101
12-15 16:15:05.194: I/DEBUG(251): bec140a4 7dc19018 7dc19018 7dc19018 00000000
12-15 16:15:05.194: I/DEBUG(251): bec140b4 7dc17008 7dc17018 7dbe0f2b 40044678
12-15 16:15:05.194: I/DEBUG(251): bec140c4 40040039 79f87be6 79f87bc8 374e5a5f
12-15 16:15:05.194: I/DEBUG(251): bec140d4 72646e61 3664696f 656d6143 63376172
12-15 16:15:05.194: I/DEBUG(251): bec140e4 656e6e6f 76457463 79d79300 374e5a5f
12-15 16:15:05.194: I/DEBUG(251): bec140f4 72646e61 3664696f 656d6143 63376172
12-15 16:15:05.194: I/DEBUG(251): bec14104 656e6e6f 69457463 4006ad00 374e5a5f
12-15 16:15:05.194: I/DEBUG(251): bec14114 72646e61 3664696f 656d6143 63376172
12-15 16:15:05.194: I/DEBUG(251): bec14124 656e6e6f 69457463 40070069 374e5a5f
12-15 16:15:05.194: I/DEBUG(251): bec14134 72646e61 3664696f 656d6143 63376172
12-15 16:15:05.194: I/DEBUG(251): bec14144 656e6e6f 69457463 534e4b52 7453385f
12-15 16:15:05.194: I/DEBUG(251): bec14154 676e6972 69453631 7dbe8a00 7dbe8d65
12-15 16:15:05.194: I/DEBUG(251): bec14164 00000000 79d6e930 00000000 79d6e934
12-15 16:15:05.194: I/DEBUG(251): bec14174 79f8e9fc 79f8e9e0 79f8e9b8 bec14274
12-15 16:15:05.194: I/DEBUG(251): bec14184 7dbea711 7801442d 7801442d 79d6e930
12-15 16:15:05.194: I/DEBUG(251): memory near r9:
12-15 16:15:05.194: I/DEBUG(251): 400ab374 00001000 00001000 00010000 00200000
12-15 16:15:05.194: I/DEBUG(251): 400ab384 00000003 40082845 bec148a4 bec14948
12-15 16:15:05.194: I/DEBUG(251): 400ab394 9cd81de6 bec1484c 00000000 40044cf0
12-15 16:15:05.194: I/DEBUG(251): 400ab3a4 00000007 00000008 7cc569f0 00000000
12-15 16:15:05.194: I/DEBUG(251): 400ab3b4 41193000 00000009 0000000a 00000002
12-15 16:15:05.194: I/DEBUG(251): 400ab3c4 00000010 00000000 00000000 00000000
12-15 16:15:05.194: I/DEBUG(251): 400ab3d4 00000000 00000000 00000000 00000000
12-15 16:15:05.194: I/DEBUG(251): 400ab3e4 00000000 00000000 00000000 00000000
12-15 16:15:05.194: I/DEBUG(251): 400ab3f4 00000000 00000000 00000000 00000000
12-15 16:15:05.194: I/DEBUG(251): 400ab404 00000000 00000000 00000000 00000000
12-15 16:15:05.194: I/DEBUG(251): 400ab414 00000000 00000000 00000000 00000000
12-15 16:15:05.194: I/DEBUG(251): 400ab424 00000000 00000000 00000000 00000000
12-15 16:15:05.204: I/DEBUG(251): 400ab434 00000000 00000000 00000000 00000000
12-15 16:15:05.204: I/DEBUG(251): 400ab444 00000000 00000000 00000000 00000000
12-15 16:15:05.204: I/DEBUG(251): 400ab454 00000000 00000000 00000000 00000000
12-15 16:15:05.204: I/DEBUG(251): 400ab464 00000000 00000000 00000000 00000000
12-15 16:15:05.204: I/DEBUG(251): memory near ip:
12-15 16:15:05.204: I/DEBUG(251): 402e4e10 400977e4 40051ac1 4006bae8 4006b9e4
12-15 16:15:05.204: I/DEBUG(251): 402e4e20 400e3785 4029bf9d 400e5557 400e5409
12-15 16:15:05.204: I/DEBUG(251): 402e4e30 4004e550 400513d5 4007d5fc 400835c1
12-15 16:15:05.204: I/DEBUG(251): 402e4e40 4007d4e0 4006f0fd 400e365d 400e39ad
12-15 16:15:05.204: I/DEBUG(251): 402e4e50 400e38f9 4006bf50 401113ed 4006c140
12-15 16:15:05.204: I/DEBUG(251): 402e4e60 400e312d 400e3127 402f427d 400e5a2f
12-15 16:15:05.204: I/DEBUG(251): 402e4e70 400e5481 4006be70 4006bf34 4006bef4
12-15 16:15:05.204: I/DEBUG(251): 402e4e80 4006b7c0 400e39df 400e3277 402f41dd
12-15 16:15:05.204: I/DEBUG(251): 402e4e90 402f49e9 400e58b3 400e31a9 400e5627
12-15 16:15:05.204: I/DEBUG(251): 402e4ea0 4029daa7 400e5a37 4029c019 4029ca45
12-15 16:15:05.204: I/DEBUG(251): 402e4eb0 400e5663 4007f380 4029c9bd 4029c935
12-15 16:15:05.204: I/DEBUG(251): 402e4ec0 400e5909 402f430d 400b8885 402f4355
12-15 16:15:05.204: I/DEBUG(251): 402e4ed0 402f4efd 4008048d 4007f3dc 400973c1
12-15 16:15:05.204: I/DEBUG(251): 402e4ee0 40088769 400b88db 402f495d 402f490d
12-15 16:15:05.204: I/DEBUG(251): 402e4ef0 4029c92f 402f570d 4038f398 4038e4d0
12-15 16:15:05.204: I/DEBUG(251): 402e4f00 4038e088 4029cef9 4029c9a1 4029c0dd
12-15 16:15:05.204: I/DEBUG(251): memory near sp:
12-15 16:15:05.204: I/DEBUG(251): bec13bd8 00004000 9cd81de6 00000001 7dc18b50
12-15 16:15:05.204: I/DEBUG(251): bec13be8 7dc19008 bec140b4 9cd81de6 402cb775
12-15 16:15:05.204: I/DEBUG(251): bec13bf8 00000034 00000003 72a8b7ac 40058731
12-15 16:15:05.204: I/DEBUG(251): bec13c08 bec14024 400ab394 00000000 79d6e930
12-15 16:15:05.204: I/DEBUG(251): bec13c18 00000002 00000000 48617265 400ab394
12-15 16:15:05.204: I/DEBUG(251): bec13c28 7dc0dbf0 00000003 bec140b8 40058731
12-15 16:15:05.204: I/DEBUG(251): bec13c38 bec14054 74696e69 656d6143 6f436172
12-15 16:15:05.204: I/DEBUG(251): bec13c48 63656e6e 70203a74 69766572 66207765
12-15 16:15:05.204: I/DEBUG(251): bec13c58 616d726f 73692074 74657320 206f7420
12-15 16:15:05.204: I/DEBUG(251): bec13c68 78303436 00303834 2d737500 65646976
12-15 16:15:05.204: I/DEBUG(251): bec13c78 7400226f 6f756e69 702d7375 75746369
12-15 16:15:05.204: I/DEBUG(251): bec13c88 62006572 6472616f 7571612c 6d652c61
12-15 16:15:05.204: I/DEBUG(251): bec13c98 32736f62 30373937 2c686374 6e6f656e
12-15 16:15:05.204: I/DEBUG(251): bec13ca8 312c3000 31783637 72003434 61622c67
12-15 16:15:05.204: I/DEBUG(251): bec13cb8 2d726579 6970696d 6730312d 2c676272
12-15 16:15:05.204: I/DEBUG(251): bec13cc8 65796162 696d2d72 312d6970 67677230
12-15 16:15:05.204: I/DEBUG(251): code around pc:
12-15 16:15:05.204: I/DEBUG(251): 402cb798 a80d3568 9700447a ec74f7fb e9cda80d
12-15 16:15:05.204: I/DEBUG(251): 402cb7a8 f7fdab0a a80aff29 f942f7fe d05a1c79
12-15 16:15:05.204: I/DEBUG(251): 402cb7b8 0000f8d8 d1632800 f506e055 46506aaa
12-15 16:15:05.204: I/DEBUG(251): 402cb7c8 fda4f7ff 46504601 f7ff9104 f8d6fd9f
12-15 16:15:05.204: I/DEBUG(251): 402cb7d8 eb003558 9b041283 6b99e00f d10b42b9
12-15 16:15:05.204: I/DEBUG(251): 402cb7e8 20004937 e9cd4a37 44794500 447a9702
12-15 16:15:05.204: I/DEBUG(251): 402cb7f8 3568f8d6 ec0af7fb 42933340 2428d1ed
12-15 16:15:05.204: I/DEBUG(251): 402cb808 f507fb04 6b281975 d1122803 98073701
12-15 16:15:05.204: I/DEBUG(251): 402cb818 46419b06 6407fb04 24006063 46286428
12-15 16:15:05.204: I/DEBUG(251): 402cb828 f7fe3044 632cfcbf 504cf206 f8fef7fe
12-15 16:15:05.204: I/DEBUG(251): 402cb838 f895e015 35482049 2100b112 e00d7069
12-15 16:15:05.204: I/DEBUG(251): 402cb848 f06f4921 4a210415 44799001 20069700
12-15 16:15:05.204: I/DEBUG(251): 402cb858 f8d6447a f7fb3568 e000eba4 a80a2401
12-15 16:15:05.204: I/DEBUG(251): 402cb868 fc4df7fd f06fe001 a8080415 f8e0f7fe
12-15 16:15:05.204: I/DEBUG(251): 402cb878 2434f8dd 3000f8d9 429a4620 e00ed011
12-15 16:15:05.204: I/DEBUG(251): 402cb888 506cf206 f7fd900a 2128fc41 6307fb01
12-15 16:15:05.204: I/DEBUG(251): code around lr:
12-15 16:15:05.204: I/DEBUG(251): 402c94e0 f7fd4620 4620eb58 6803bd10 1c0cf853
12-15 16:15:05.204: I/DEBUG(251): 402c94f0 e7f11840 4b06b508 447b4a06 f7fd5898
12-15 16:15:05.204: I/DEBUG(251): 402c9500 b918edb4 4008e8bd bbacf00d bf00bd08
12-15 16:15:05.204: I/DEBUG(251): 402c9510 0001b76a fffffed8 4604b538 4a104b0f
12-15 16:15:05.204: I/DEBUG(251): 402c9520 f8df447b 589dc040 010cf105 f1056001
12-15 16:15:05.204: I/DEBUG(251): 402c9530 612000b0 35504620 5f04f840 500cf853
12-15 16:15:05.204: I/DEBUG(251): 402c9540 0114f105 ebdaf7fd 46201d29 fe18f7fe
12-15 16:15:05.204: I/DEBUG(251): 402c9550 0010f104 eb18f7fd bd384620 0001b744
12-15 16:15:05.204: I/DEBUG(251): 402c9560 fffffedc fffffee0 0004f1a0 6803e7d4
12-15 16:15:05.204: I/DEBUG(251): 402c9570 1c0cf853 e7cf1840 4604b510 ffccf7ff
12-15 16:15:05.204: I/DEBUG(251): 402c9580 f7fd4620 4620eb08 f1a0bd10 e7f30004
12-15 16:15:05.204: I/DEBUG(251): 402c9590 f8536803 18401c0c 0000e7ee 4606b5f0
12-15 16:15:05.204: I/DEBUG(251): 402c95a0 f2ad4c13 4b134d14 447c460f 682858e5
12-15 16:15:05.204: I/DEBUG(251): 402c95b0 040cf8cd ed64f7fd f44f4a0f e88d6180
12-15 16:15:05.204: I/DEBUG(251): 402c95c0 447a00c0 a8034603 ed60f7fd 5863490b
12-15 16:15:05.204: I/DEBUG(251): 402c95d0 4602a903 f7fd6818 f8dded60 6828240c
12-15 16:15:05.464: I/DEBUG(251): !@dumpstate -k -t -z -d -o /data/log/dumpstate_app_native -m 27974
12-15 16:15:05.464: I/BootReceiver(842): Copying /data/tombstones/tombstone_09 to DropBox (SYSTEM_TOMBSTONE)
12-15 16:15:05.474: W/ActivityManager(842): Force finishing activity com.seufert.SeufertImageServer/.ServiceActivity
12-15 16:15:05.484: I/dumpstate(28134): begin
12-15 16:15:05.524: I/SQLiteSecureOpenHelper(2352): getWritableDatabase(pwd)
12-15 16:15:05.524: I/SQLiteSecureOpenHelper(2352): getDatabaseLocked(b,b,pwd)...
12-15 16:15:05.524: W/ResourceType(842): Requesting resource 0x7f070001 failed because it is complex
12-15 16:15:05.524: W/PackageManager(842): Failure retrieving text 0x7f070001 in package com.seufert.SeufertImageServer
12-15 16:15:05.524: W/PackageManager(842): android.content.res.Resources$NotFoundException: String resource ID #0x7f070001
12-15 16:15:05.524: W/PackageManager(842): at android.content.res.Resources.getText(Resources.java:1408)
12-15 16:15:05.524: W/PackageManager(842): at android.app.ApplicationPackageManager.getText(ApplicationPackageManager.java:1223)
12-15 16:15:05.524: W/PackageManager(842): at android.content.pm.PackageItemInfo.loadLabel(PackageItemInfo.java:135)
12-15 16:15:05.524: W/PackageManager(842): at android.app.ApplicationPackageManager.getApplicationLabel(ApplicationPackageManager.java:1267)
12-15 16:15:05.524: W/PackageManager(842): at com.android.server.am.AppErrorDialog.(AppErrorDialog.java:75)
12-15 16:15:05.524: W/PackageManager(842): at com.android.server.am.ActivityManagerService$2.handleMessage(ActivityManagerService.java:1416)
12-15 16:15:05.524: W/PackageManager(842): at android.os.Handler.dispatchMessage(Handler.java:102)
12-15 16:15:05.524: W/PackageManager(842): at android.os.Looper.loop(Looper.java:136)
12-15 16:15:05.524: W/PackageManager(842): at com.android.server.am.ActivityManagerService$AThread.run(ActivityManagerService.java:2427)
12-15 16:15:05.524: V/SmartFaceService - 3rd party pause(842): onReceive [android.intent.action.ACTIVITY_STATE/com.seufert.SeufertImageServer/pause]
12-15 16:15:05.544: I/SpenGestureManager(842): setFocusWindow0
12-15 16:15:05.544: I/dumpstate(28139): begin
12-15 16:15:05.544: I/dumpstate(28139): dumpstate is still running
12-15 16:15:05.544: D/EnterpriseDeviceManager(842): ContainerId: 0
12-15 16:15:05.544: D/STATUSBAR-StatusBarManagerService(842): manageDisableList what=0x0 pkg=WindowManager.LayoutParams
12-15 16:15:05.554: D/PointerIcon(842): setMouseIconStyle1 pointerType: 1001iconType:101 flag:0
12-15 16:15:05.554: D/PointerIcon(842): setMouseCustomIcon IconType is same.101
12-15 16:15:05.554: D/PointerIcon(842): setHoveringSpenIconStyle1 pointerType: 10001iconType:1 flag:0
12-15 16:15:05.554: D/PointerIcon(842): setHoveringSpenCustomIcon IconType is same.1
12-15 16:15:05.554: I/BootReceiver(842): Notify a SYSTEM_TOMBSTONE FilePath:tombstone_09
12-15 16:15:05.554: W/ContextImpl(842): Calling a method in the system process without a qualified user: android.app.ContextImpl.sendBroadcast:1491 android.content.ContextWrapper.sendBroadcast:377 android.content.ContextWrapper.sendBroadcast:377 com.android.server.BootReceiver$2.onEvent:333 android.os.FileObserver$ObserverThread.onEvent:125
12-15 16:15:05.564: I/SurfaceFlinger(259): id=763 createSurf (1x1),1 flag=4, TeufertImag
12-15 16:15:05.564: W/ContextImpl(842): Calling a method in the system process without a qualified user: android.app.ContextImpl.sendBroadcast:1491 com.android.internal.policy.impl.PhoneWindowManager.notifyToSSRM:5934 com.android.internal.policy.impl.PhoneWindowManager.access$200:190 com.android.internal.policy.impl.PhoneWindowManager$PolicyHandler.handleMessage:740 android.os.Handler.dispatchMessage:102
12-15 16:15:05.614: D/CrashAnrDetector(842): Build: samsung/kltexx/klte:4.4.2/KOT49H/G900FXXU1ANI3:user/release-keys
12-15 16:15:05.614: D/CrashAnrDetector(842): Hardware: MSM8974
12-15 16:15:05.614: D/CrashAnrDetector(842): Revision: 14
12-15 16:15:05.614: D/CrashAnrDetector(842): Bootloader: G900FXXU1ANI3
12-15 16:15:05.614: D/CrashAnrDetector(842): Radio: unknown
12-15 16:15:05.614: D/CrashAnrDetector(842): Kernel: Linux version 3.4.0-2089850 (dpi@SWDD3917) (gcc version 4.7 (GCC) ) #1 SMP PREEMPT Fri Sep 12 13:16:08 KST 2014
12-15 16:15:05.614: D/CrashAnrDetector(842): *** *** *** *** *** *** *** *** *** *** *** *** *** *** *** ***
12-15 16:15:05.614: D/CrashAnrDetector(842): Build fingerprint: 'samsung/kltexx/klte:4.4.2/KOT49H/G900FXXU1ANI3:user/release-keys'
12-15 16:15:05.614: D/CrashAnrDetector(842): Revision: '14'
12-15 16:15:05.614: D/CrashAnrDetector(842): pid: 27974, tid: 27974, name: fertImageServer >>> com.seufert.SeufertImageServer <<<
12-15 16:15:05.614: D/CrashAnrDetector(842): signal 11 (SIGSEGV), code 1 (SEGV_MAPERR), fault addr 00000000
12-15 16:15:05.614: D/CrashAnrDetector(842): r0 00000001 r1 bec140b5 r2 00000000 r3 00000000
12-15 16:15:05.614: D/CrashAnrDetector(842): r4 00000001 r5 7dc18b50 r6 7dc19008 r7 bec140b4
12-15 16:15:05.614: D/CrashAnrDetector(842): r8 00000000 r9 400ab394 sl 00000002 fp 00000000
12-15 16:15:05.614: D/CrashAnrDetector(842): ip 402e4e30 sp bec13bf8 lr 402c9503 pc 402cb7b8 cpsr 800f0030
12-15 16:15:05.614: D/CrashAnrDetector(842): d0 0000000000000000 d1 0000000000000000
12-15 16:15:05.614: D/CrashAnrDetector(842): d2 0000000000000000 d3 0000000000000000
12-15 16:15:05.614: D/CrashAnrDetector(842): d4 30332c34322c3531 d5 776569766572703b
12-15 16:15:05.614: D/CrashAnrDetector(842): d6 34363d657a69732d d7 72703b3038347830
12-15 16:15:05.614: D/CrashAnrDetector(842): d8 0000000000000000 d9 0000000000000000
12-15 16:15:05.614: D/CrashAnrDetector(842): d10 0000000000000000 d11 0000000000000000
12-15 16:15:05.614: D/CrashAnrDetector(842): d12 0000000000000000 d13 0000000000000000
12-15 16:15:05.614: D/CrashAnrDetector(842): d14 0000000000000000 d15 0000000000000000
12-15 16:15:05.614: D/CrashAnrDetector(842): d16 0043006500630061 d17 006f0070006d006f
12-15 16:15:05.614: D/CrashAnrDetector(842): d18 35332c3035332c34 d19 36332c3935332c34
12-15 16:15:05.614: D/CrashAnrDetector(842): d20 37332c3936332c34 d21 38332c3937332c35
12-15 16:15:05.614: D/CrashAnrDetector(842): d22 39332c3938332c34 d23 30342c3030342c34
12-15 16:15:05.614: D/CrashAnrDetector(842): d24 003e003d003c003b d25 0040003f003d003e
12-15 16:15:05.614: D/CrashAnrDetector(842): d26 0000000000000000 d27 0000000000000000
12-15 16:15:05.614: D/CrashAnrDetector(842): d28 001e001d001c001b d29 0020001f001d001e
12-15 16:15:05.614: D/CrashAnrDetector(842): d30 0040004000400040 d31 0000000000000000
12-15 16:15:05.614: D/CrashAnrDetector(842): scr 60000012
12-15 16:15:05.614: D/CrashAnrDetector(842): backtrace:
12-15 16:15:05.614: D/CrashAnrDetector(842): #00 pc 000267b8 /system/lib/libgui.so (android::BufferQueue::releaseBuffer(int, unsigned long long, void*, void*, android::sp const&)+143)
12-15 16:15:05.614: D/CrashAnrDetector(842): #01 pc 00018455 /data/app-lib/com.seufert.SeufertImageServer-2/libnative_camera_r4.4.0.so (CameraHandler::initCameraConnect(bool (* const&)(void*, unsigned int, void*), int, void*, android::CameraParameters*)+1948)
12-15 16:15:05.614: D/CrashAnrDetector(842): stack:
12-15 16:15:05.614: D/CrashAnrDetector(842): bec13bb8 00000000
12-15 16:15:05.614: D/CrashAnrDetector(842): bec13bbc 7dc0e511 /data/app-lib/com.seufert.SeufertImageServer-2/libnative_camera_r4.4.0.so
12-15 16:15:05.614: D/CrashAnrDetector(842): bec13bc0 400583a5 /system/lib/liblog.so
12-15 16:15:05.614: D/CrashAnrDetector(842): bec13bc4 7dc0dbf0 /data/app-lib/com.seufert.SeufertImageServer-2/libnative_camera_r4.4.0.so
12-15 16:15:05.614: D/CrashAnrDetector(842): bec13bc8 bec13c3c [stack]
12-15 16:15:05.614: D/CrashAnrDetector(842): bec13bcc 00000000
12-15 16:15:05.614: D/CrashAnrDetector(842): bec13bd0 400ab394
12-15 16:15:05.614: D/CrashAnrDetector(842): bec13bd4 400584f1 /system/lib/liblog.so (__android_log_write+212)
12-15 16:15:05.614: D/CrashAnrDetector(842): bec13bd8 00004000
12-15 16:15:05.614: D/CrashAnrDetector(842): bec13bdc 9cd81de6
12-15 16:15:05.614: D/CrashAnrDetector(842): bec13be0 00000001
12-15 16:15:05.614: D/CrashAnrDetector(842): bec13be4 7dc18b50
12-15 16:15:05.614: D/CrashAnrDetector(842): bec13be8 7dc19008
12-15 16:15:05.614: D/CrashAnrDetector(842): bec13bec bec140b4 [stack]
12-15 16:15:05.614: D/CrashAnrDetector(842): bec13bf0 9cd81de6
12-15 16:15:05.614: D/CrashAnrDetector(842): bec13bf4 402cb775 /system/lib/libgui.so (android::BufferQueue::releaseBuffer(int, unsigned long long, void*, void*, android::sp const&)+76)
12-15 16:15:05.614: D/CrashAnrDetector(842): #00 bec13bf8 00000034
12-15 16:15:05.614: D/CrashAnrDetector(842): bec13bfc 00000003
12-15 16:15:05.614: D/CrashAnrDetector(842): bec13c00 72a8b7ac
12-15 16:15:05.614: D/CrashAnrDetector(842): bec13c04 40058731 /system/lib/liblog.so (__android_log_print+56)
12-15 16:15:05.614: D/CrashAnrDetector(842): bec13c08 bec14024 [stack]
12-15 16:15:05.614: D/CrashAnrDetector(842): bec13c0c 400ab394
12-15 16:15:05.614: D/CrashAnrDetector(842): bec13c10 00000000
12-15 16:15:05.614: D/CrashAnrDetector(842): bec13c14 79d6e930
12-15 16:15:05.614: D/CrashAnrDetector(842): bec13c18 00000002
12-15 16:15:05.614: D/CrashAnrDetector(842): bec13c1c 00000000
12-15 16:15:05.614: D/CrashAnrDetector(842): bec13c20 48617265 /dev/ashmem/dalvik-heap (deleted)
12-15 16:15:05.614: D/CrashAnrDetector(842): bec13c24 400ab394
12-15 16:15:05.614: D/CrashAnrDetector(842): bec13c28 7dc0dbf0 /data/app-lib/com.seufert.SeufertImageServer-2/libnative_camera_r4.4.0.so
12-15 16:15:05.614: D/CrashAnrDetector(842): bec13c2c 00000003
12-15 16:15:05.614: D/CrashAnrDetector(842): bec13c30 bec140b8 [stack]
12-15 16:15:05.614: D/CrashAnrDetector(842): bec13c34 40058731 /system/lib/liblog.so (__android_log_print+56)
12-15 16:15:05.614: D/CrashAnrDetector(842): ........ ........
12-15 16:15:05.614: D/CrashAnrDetector(842): #01 bec14058 00000000
12-15 16:15:05.614: D/CrashAnrDetector(842): bec1405c 79d6e930
12-15 16:15:05.614: D/CrashAnrDetector(842): bec14060 00000000
12-15 16:15:05.614: D/CrashAnrDetector(842): bec14064 00000004
12-15 16:15:05.614: D/CrashAnrDetector(842): bec14068 40044678 /system/bin/linker
12-15 16:15:05.614: D/CrashAnrDetector(842): bec1406c 00000008
12-15 16:15:05.614: D/CrashAnrDetector(842): bec14070 bec14080 [stack]
12-15 16:15:05.614: D/CrashAnrDetector(842): bec14074 7dc0e48f /data/app-lib/com.seufert.SeufertImageServer-2/libnative_camera_r4.4.0.so
12-15 16:15:05.614: D/CrashAnrDetector(842): bec14078 79d6e930
12-15 16:15:05.614: D/CrashAnrDetector(842): bec1407c bec140d0 [stack]
12-15 16:15:05.614: D/CrashAnrDetector(842): bec14080 79d1ae18
12-15 16:15:05.614: D/CrashAnrDetector(842): bec14084 0000000c
12-15 16:15:05.614: D/CrashAnrDetector(842): bec14088 79174370
12-15 16:15:05.614: D/CrashAnrDetector(842): bec
12-15 16:15:05.614: D/CrashAnrDetector(842): processName:com.seufert.SeufertImageServer
12-15 16:15:05.614: D/CrashAnrDetector(842): broadcastEvent : com.seufert.SeufertImageServer SYSTEM_TOMBSTONE
12-15 16:15:05.614: W/ContextImpl(842): Calling a method in the system process without a qualified user: android.app.ContextImpl.sendBroadcast:1505 com.android.server.analytics.data.collection.application.CrashAnrDetector.broadcastEvent:296 com.android.server.analytics.data.collection.application.CrashAnrDetector.processDropBoxEntry:254 com.android.server.analytics.data.collection.application.CrashAnrDetector.access$100:60 com.android.server.analytics.data.collection.application.CrashAnrDetector$1.onReceive:102
12-15 16:15:05.614: D/SSRMv2:TSP:AirViewOnOff(842): DeviceInfo:: 00000000000
12-15 16:15:05.614: D/SSRMv2:TSP:AirViewOnOff(842): SettingsAirViewInfo:: 000000000
12-15 16:15:05.834: E/android.os.Debug(842): !@Dumpstate > dumpstate -k -t -z -d -o /data/log/dumpstate_app_error
12-15 16:15:05.854: I/dumpstate(28151): begin
12-15 16:15:05.854: I/dumpstate(28151): dumpstate is still running
12-15 16:15:06.034: D/CustomFrequencyManagerService(842): acquireDVFSLockLocked : type : DVFS_MIN_LIMIT frequency : 1958400 uid : 1000 pid : 842 pkgName : ACTIVITY_RESUME_BOOSTER@6
12-15 16:15:06.044: W/ActivityManager(842): mDVFSHelper.acquire()
12-15 16:15:06.044: V/WindowOrientationListener(842): mSContextAutoRotationListener.getProposedRotation, mbResultFaceDectection: false
12-15 16:15:06.044: V/WindowOrientationListener(842): mSContextAutoRotationListener.getProposedRotation, Rotation: 0
12-15 16:15:06.044: V/WindowOrientationListener(842): mSContextAutoRotationListener.getProposedRotation, mbResultFaceDectection: false
12-15 16:15:06.044: V/WindowOrientationListener(842): mSContextAutoRotationListener.getProposedRotation, Rotation: 0
12-15 16:15:06.044: V/WindowManager(842): rotationForOrientationLw(orient=1, last=0); user=0 sensorRotation=0 mLidState=-1 mDockMode=0 mHdmiPlugged=false mAccelerometerDefault=false gripRotationLock=false
12-15 16:15:06.054: V/SmartFaceService - 3rd party pause(842): onReceive [android.intent.action.ACTIVITY_STATE/com.sec.android.app.launcher/resume]
12-15 16:15:06.064: D/Launcher(1261): onRestart, Launcher: 1113422592
12-15 16:15:06.064: D/Launcher(1261): onStart, Launcher: 1113422592
12-15 16:15:06.064: D/Launcher.HomeView(1261): onStart
12-15 16:15:06.064: D/Launcher(1261): onResume, Launcher: 1113422592
12-15 16:15:06.064: D/PhoneStatusBar(1055): setSemiTransparentMode=false, mTransparentMode=false, mSemiTransparentMode=false, mMultiWindowMode=false
12-15 16:15:06.064: D/Launcher.HomeView(1261): onResume
12-15 16:15:06.064: D/PhoneStatusBar(1055): setTransGradationMode=true, mTransparentMode=true, mSemiTransparentMode=false, mMultiWindowMode=false
12-15 16:15:06.064: D/MenuAppsGridFragment(1261): onResume
12-15 16:15:06.064: D/StatusBarManagerService(842): semi p:1261,o:f
12-15 16:15:06.064: D/StatusBarManagerService(842): tr p:1261,o:t
12-15 16:15:06.074: I/SurfaceFlinger(259): id=764 createSurf (1080x1920),1 flag=4, Mauncher
12-15 16:15:06.074: D/GalleryCacheReady(20925): Receive : home resume
12-15 16:15:06.084: D/Mms/UIEventReceiver(27651): ui event
12-15 16:15:06.084: W/ContextImpl(27877): Implicit intents with startService are not safe: Intent { act=com.sec.android.app.controlpanel.service.REMOTE_SERVICE (has extras) } android.content.ContextWrapper.startService:506 com.sec.android.widgetapp.activeapplicationwidget.ProgramMonitorProvider.startWidgetsUpdating:209 com.sec.android.widgetapp.activeapplicationwidget.ProgramMonitorProvider.onReceive:323
12-15 16:15:06.094: I/SELinux(28156): Function: selinux_android_load_priority [0], There is no sepolicy file.
12-15 16:15:06.094: I/SELinux(28156):
12-15 16:15:06.094: I/SELinux(28156): Function: selinux_android_load_priority [1], There is no sepolicy version file.
12-15 16:15:06.094: I/SELinux(28156):
12-15 16:15:06.094: I/SELinux(28156): Function: selinux_android_load_priority , priority version is VE=SEPF_SM-G900F_4.4.2_0018
12-15 16:15:06.094: I/SELinux(28156):
12-15 16:15:06.094: I/SELinux(28156):
12-15 16:15:06.094: E/dalvikvm(28156): >>>>> Normal User
12-15 16:15:06.094: E/dalvikvm(28156): >>>>> com.sec.android.app.taskmanager [ userId:0 | appId:10189 ]
12-15 16:15:06.094: V/TaskCloserActivity(27877): TaskCloserActivity onReceive() - com.sec.android.intent.action.HOME_RESUME
12-15 16:15:06.114: D/EnterpriseDeviceManager(842): ContainerId: 0
12-15 16:15:06.114: D/PhoneStatusBar(1055): Status bar WINDOW_STATE_SHOWING
12-15 16:15:06.114: D/STATUSBAR-StatusBarManagerService(842): manageDisableList what=0x0 pkg=WindowManager.LayoutParams
12-15 16:15:06.124: D/TimaKeyStoreProvider(28156): in addTimaSignatureService
12-15 16:15:06.124: D/TimaKeyStoreProvider(28156): Cannot add TimaSignature Service, License check Failed
12-15 16:15:06.134: D/ActivityThread(28156): Added TimaKesytore provider
12-15 16:15:06.194: D/CustomFrequencyManagerService(842): releaseDVFSLockLocked : Getting Lock type frm List : DVFS_MIN_LIMIT frequency : 1958400 uid : 1000 pid : 842 tag : ACTIVITY_RESUME_BOOSTER@6
12-15 16:15:06.194: W/ActivityManager(842): mDVFSHelper.release()
12-15 16:15:06.204: D/CustomFrequencyManagerService(842): acquireDVFSLockLocked : type : DVFS_MIN_LIMIT frequency : 1958400 uid : 1000 pid : 842 pkgName : ACTIVITY_RESUME_BOOSTER@9
12-15 16:15:06.514: D/CustomFrequencyManagerService(842): releaseDVFSLockLocked : Getting Lock type frm List : DVFS_MIN_LIMIT frequency : 1958400 uid : 1000 pid : 842 tag : ACTIVITY_RESUME_BOOSTER@9
12-15 16:15:07.104: D/STATUSBAR-NetworkController(1055): onSignalStrengthsChanged signalStrength=SignalStrength: 10 -1 -1 -1 -1 -1 -1 99 2147483647 2147483647 2147483647 -1 2147483647 gsm|lte 0x3 level=3
12-15 16:15:07.524: D/EnterpriseDeviceManager(842): ContainerId: 0
12-15 16:15:07.534: D/EnterpriseDeviceManager(842): ContainerId: 0
12-15 16:15:07.534: D/EnterpriseDeviceManager(842): ContainerId: 0
12-15 16:15:07.534: D/EnterpriseDeviceManager(842): ContainerId: 0
12-15 16:15:07.534: D/EnterpriseDeviceManager(842): ContainerId: 0
12-15 16:15:07.544: D/EnterpriseDeviceManager(842): ContainerId: 0
12-15 16:15:07.544: D/EnterpriseDeviceManager(842): ContainerId: 0
12-15 16:15:07.544: D/EnterpriseDeviceManager(842): ContainerId: 0
12-15 16:15:07.544: D/EnterpriseDeviceManager(842): ContainerId: 0
12-15 16:15:07.554: D/EnterpriseDeviceManager(842): ContainerId: 0
12-15 16:15:07.554: D/EnterpriseDeviceManager(842): ContainerId: 0
12-15 16:15:07.554: D/EnterpriseDeviceManager(842): ContainerId: 0
12-15 16:15:07.554: D/EnterpriseDeviceManager(842): ContainerId: 0
12-15 16:15:07.684: D/EnterpriseDeviceManager(842): ContainerId: 0
12-15 16:15:07.684: D/EnterpriseDeviceManager(842): ContainerId: 0
12-15 16:15:07.684: D/EnterpriseDeviceManager(842): ContainerId: 0
12-15 16:15:07.684: D/EnterpriseDeviceManager(842): ContainerId: 0
12-15 16:15:07.684: D/EnterpriseDeviceManager(842): ContainerId: 0
12-15 16:15:07.684: D/EnterpriseDeviceManager(842): ContainerId: 0
12-15 16:15:07.684: D/EnterpriseDeviceManager(842): ContainerId: 0
12-15 16:15:07.684: D/EnterpriseDeviceManager(842): ContainerId: 0
12-15 16:15:07.694: D/EnterpriseDeviceManager(842): ContainerId: 0
12-15 16:15:07.694: D/EnterpriseDeviceManager(842): ContainerId: 0
12-15 16:15:07.694: D/EnterpriseDeviceManager(842): ContainerId: 0
12-15 16:15:07.694: D/EnterpriseDeviceManager(842): ContainerId: 0
12-15 16:15:07.694: D/EnterpriseDeviceManager(842): ContainerId: 0
12-15 16:15:07.714: V/TaskCloserActivity(27877): TaskCloserActivity onReceive() - com.sec.android.app.controlpanel.service.RUNNING_COUNT
12-15 16:15:07.714: V/TaskCloserActivity(27877): TaskCloserActivity onReceive() - com.sec.android.app.controlpanel.service.CHECK_PROCESS
12-15 16:15:09.024: D/AmoledAdjustTimer(842): prevTemp = 251, currTemp = 251, prevStep = 4, currStep = 4
12-15 16:15:09.574: V/AlarmManager(842): waitForAlarm result :8
12-15 16:15:11.094: D/STATUSBAR-NetworkController(1055): onReceive() - RSSI_CHANGED_ACTION, WIFI_STATE, NETWORK_STATE
12-15 16:15:11.094: D/STATUSBAR-NetworkController(1055): refreshSignalCluster - setNWBoosterIndicators(false)
12-15 16:15:11.094: D/skia(1055): GFXPNG PNG bitmap created width:54 height:54 bitmap id is 596
12-15 16:15:11.094: D/STATUSBAR-NetworkController(1055): refreshSignalCluster: data=-1 bt=false
12-15 16:15:11.104: D/STATUSBAR-IconMerger(1055): checkOverflow(648), More:false, Req:false Child:1
12-15 16:15:11.264: D/SSRMv2:SIOP(842): SIOP:: AP = 290, PST = 283, Delta = -4
12-15 16:15:12.774: D/EnterpriseDeviceManager(842): ContainerId: 0
12-15 16:15:12.774: D/EnterpriseDeviceManager(842): ContainerId: 0
12-15 16:15:12.784: D/EnterpriseDeviceManager(842): ContainerId: 0
12-15 16:15:12.784: D/EnterpriseDeviceManager(842): ContainerId: 0
12-15 16:15:12.784: D/EnterpriseDeviceManager(842): ContainerId: 0
12-15 16:15:12.784: D/EnterpriseDeviceManager(842): ContainerId: 0
12-15 16:15:12.784: D/EnterpriseDeviceManager(842): ContainerId: 0
12-15 16:15:12.784: D/EnterpriseDeviceManager(842): ContainerId: 0
12-15 16:15:12.784: D/EnterpriseDeviceManager(842): ContainerId: 0
12-15 16:15:12.794: D/EnterpriseDeviceManager(842): ContainerId: 0
12-15 16:15:12.794: D/EnterpriseDeviceManager(842): ContainerId: 0
12-15 16:15:12.794: D/EnterpriseDeviceManager(842): ContainerId: 0
12-15 16:15:12.794: D/EnterpriseDeviceManager(842): ContainerId: 0
12-15 16:15:12.834: D/dalvikvm(28156): GC_CONCURRENT freed 7537K, 44% free 12221K/21644K, paused 1ms+2ms, total 34ms
12-15 16:15:13.304: D/TimaService(842): TIMA: timaDumpLog
12-15 16:15:13.514: D/STATUSBAR-NetworkController(1055): onSignalStrengthsChanged signalStrength=SignalStrength: 10 -1 -1 -1 -1 -1 -1 99 2147483647 2147483647 2147483647 -1 2147483647 gsm|lte 0x3 level=3
12-15 16:15:14.134: D/STATUSBAR-NetworkController(1055): onReceive() - RSSI_CHANGED_ACTION, WIFI_STATE, NETWORK_STATE
12-15 16:15:14.134: D/STATUSBAR-NetworkController(1055): refreshSignalCluster - setNWBoosterIndicators(false)
12-15 16:15:14.134: D/STATUSBAR-NetworkController(1055): refreshSignalCluster: data=-1 bt=false
12-15 16:15:14.144: D/STATUSBAR-IconMerger(1055): checkOverflow(648), More:false, Req:false Child:1
12-15 16:15:15.264: D/STATUSBAR-NetworkController(1055): refreshSignalCluster - setNWBoosterIndicators(false)
12-15 16:15:15.264: D/STATUSBAR-NetworkController(1055): refreshSignalCluster: data=-1 bt=false
12-15 16:15:15.274: E/Watchdog(842): !@Sync 2763
12-15 16:15:15.284: D/STATUSBAR-IconMerger(1055): checkOverflow(648), More:false, Req:false Child:1
12-15 16:15:16.294: D/STATUSBAR-NetworkController(1055): refreshSignalCluster - setNWBoosterIndicators(false)
12-15 16:15:16.294: D/STATUSBAR-NetworkController(1055): refreshSignalCluster: data=-1 bt=false
12-15 16:15:16.314: D/STATUSBAR-IconMerger(1055): checkOverflow(648), More:false, Req:false Child:1
12-15 16:15:16.544: I/SurfaceFlinger(259): id=760 Removed EimLayer (4/11)
12-15 16:15:16.544: I/SurfaceFlinger(259): id=760 Removed EimLayer (-2/11)
12-15 16:15:16.544: I/SurfaceFlinger(259): id=759 Removed EimLayer (3/10)
12-15 16:15:16.544: I/SurfaceFlinger(259): id=759 Removed EimLayer (-2/10)
12-15 16:15:16.784: I/dumpstate(28134): waiting for zip started
12-15 16:15:16.784: I/dumpstate(28134): waiting for zip end
12-15 16:15:16.784: I/dumpstate(28134): done
12-15 16:15:16.944: V/CameraService(264): java clients' binder died
12-15 16:15:16.944: W/CameraService(264): Disconnecting camera client 0xb7b38208 since the binder for it died (this pid 264)
12-15 16:15:16.944: D/SecCameraCoreManager(264): disableMsgType: 0xffffffff
12-15 16:15:16.944: W/QCamera2HWI(264): disable_msg_type : E, msg type -1
12-15 16:15:16.944: I/SurfaceFlinger(259): id=762 Removed TerviceActi (6/9)
12-15 16:15:16.944: E/Sensors(842): Acc old sensor_state 1, new sensor_state : 0 en : 0
12-15 16:15:16.944: I/SurfaceFlinger(259): id=762 Removed TerviceActi (-2/9)
12-15 16:15:16.944: I/WindowState(842): WIN DEATH: Window{4278fbb8 u0 com.seufert.SeufertImageServer/com.seufert.SeufertImageServer.ServiceActivity}
12-15 16:15:16.944: I/ActivityManager(842): Process com.seufert.SeufertImageServer (pid 27974) (adj 0) has died.
12-15 16:15:16.954: W/QCamera2HWI(264): disable_msg_type : X
12-15 16:15:16.954: D/SecCameraCoreManager(264): stopPreview
12-15 16:15:16.954: D/ShotSingle(264): stopPreview
12-15 16:15:16.954: W/QCamera2HWI(264): disable_msg_type : E, msg type 962
12-15 16:15:16.954: W/QCamera2HWI(264): disable_msg_type : X
12-15 16:15:16.954: V/ShotSingle(264): stopPreview(0)
12-15 16:15:16.954: W/QCamera2HWI(264): [KPI Perf] stop_preview: E
12-15 16:15:16.954: W/QCamera2HWI(264): [KPI Perf] stop_preview: X
12-15 16:15:16.954: D/SecCameraCoreManager(264): cancelPicture
12-15 16:15:16.954: W/QCamera2HWI(264): [KPI Perf] cancel_picture: E
12-15 16:15:16.954: W/QCameraStateMachine(264): int32_t qcamera::QCameraStateMachine::procEvtPreviewStoppedState(qcamera::qcamera_sm_evt_enum_t, void*): No ops for evt(20) in state(0)
12-15 16:15:16.954: W/QCamera2HWI(264): [KPI Perf] cancel_picture: X, ret 0
12-15 16:15:16.954: D/SecCameraCoreManager(264): release
12-15 16:15:16.954: D/SecCameraCoreManager(264): virtual void android::SecCameraCoreManager::release(): release IT policy checking thread
12-15 16:15:16.954: W/QCamera2HWI(264): [KPI Perf] release: E
12-15 16:15:16.954: W/QCamera2HWI(264): [KPI Perf] release: E
12-15 16:15:16.954: I/QCamera2HWI(264): setGammaMode : Same Gamma mode, mGammamode=1
12-15 16:15:16.954: W/QCamera2HWI(264): [KPI Perf] release: X
12-15 16:15:16.954: W/ActivityManager(842): Service crashed 2 times, stopping: ServiceRecord{44e8d958 u0 com.seufert.SeufertImageServer/com.seufert.SeufertImageLib.ImageServerService}
12-15 16:15:16.984: D/Zygote(260): Process 27974 terminated by signal (11)
12-15 16:15:17.054: W/QCamera2HWI(264): [KPI Perf] release: X
12-15 16:15:17.054: D/SecCameraCoreManager(264): SecCameraCoreManager destroyed: pid=264
12-15 16:15:17.054: I/ShotSingle(264): ShotSingle destroyed: pid=264
12-15 16:15:17.054: I/ShotSingle(264): Wait for compressed image callback to be done.
12-15 16:15:17.054: I/ShotSingle(264): Wait done. (0s. 0ms.) with [0, 0]
12-15 16:15:17.054: I/ShotCommon(264): ShotCommon destroyed: pid=264
12-15 16:15:17.054: D/SecCameraCoreManager(264): SecCameraCoreManager destroyed: before mHardware.clear()
12-15 16:15:17.054: I/SecCameraCoreManager(264): Destroying camera 0
12-15 16:15:17.054: W/QCamera2HWI(264): [KPI Perf] close_camera_device: E
12-15 16:15:17.054: W/QCamera2HWI(264): [KPI Perf] closeCamera: E
12-15 16:15:17.064: I/QCamera2HWI(264): [DBG] closeCamera: mParameter deinit done.
12-15 16:15:17.064: I/QCamera2HWI(264): stopSnapshots
12-15 16:15:17.064: I/QCameraPostProc(264): int32_t qcamera::QCameraPostProcessor::stop(): __DEBUG__ before sendCmd
12-15 16:15:17.064: W/QCameraPostProc(264): dataProcessRoutine: stop data proc
12-15 16:15:17.064: I/QCameraPostProc(264): dataProcessRoutine: initialize pme->mFramesRecvd
12-15 16:15:17.064: I/(264): int32_t qcamera::QCameraCmdThread::sendCmd(qcamera::camera_cmd_type_t, uint8_t, uint8_t): __DEBUG__ before waiting for sync_sem
12-15 16:15:17.064: I/(264): int32_t qcamera::QCameraCmdThread::sendCmd(qcamera::camera_cmd_type_t, uint8_t, uint8_t): __DEBUG__ after waiting for sync_sem
12-15 16:15:17.064: I/QCameraPostProc(264): int32_t qcamera::QCameraPostProcessor::stop(): __DEBUG__ after send Cmd
12-15 16:15:17.064: I/(264): [DBG] int32_t qcamera::QCameraCmdThread::exit(): Before thread join
12-15 16:15:17.064: I/(264): [DBG] int32_t qcamera::QCameraCmdThread::exit(): After thread join
12-15 16:15:17.064: E/qomx_image_core(264): OMX_Deinit:101] Complete
12-15 16:15:17.084: W/QCameraPostProc(264): int32_t qcamera::QCameraPostProcessor::deinit(): Jpeg closed, rc = 0, mJpegClientHandle = d00
12-15 16:15:17.084: I/Thermal-Lib(264): Thermal-Lib-Client: Unregisteration is successfull for handle:1
12-15 16:15:17.094: I/ThermalEngine(280): Thermal-Server: removing client on fd 10
12-15 16:15:17.094: I/Thermal-Lib(264): Thermal-Lib-Client: Unregisteration is successfull for handle:2
12-15 16:15:17.094: I/(264): [DBG] int32_t qcamera::QCameraCmdThread::exit(): Before thread join
12-15 16:15:17.094: I/QCamera2HWI(264): cbNotifyRoutin: X
12-15 16:15:17.094: I/(264): [DBG] int32_t qcamera::QCameraCmdThread::exit(): After thread join
12-15 16:15:17.094: I/QCamera2HWI(264): [DBG] closeCamera: ncbNotifier exit.
12-15 16:15:17.094: I/mm-camera(278): server_process_hal_event:__DBG__ E event id=3
12-15 16:15:17.094: I/mm-camera(278): server_process_hal_event:__DBG__ X sucess event id=3
12-15 16:15:17.094: E/mm-camera(278): mct_pipeline_process_set:command=800000b
12-15 16:15:17.094: E/mm-camera(278): mct_pipeline_process_set: Couldn't find stream
12-15 16:15:17.094: I/mm-camera(278): server_process_hal_event:__DBG__ E event id=2
12-15 16:15:17.094: I/mm-camera(278): mct_controller_destroy: __ZZZZ__: E 152=
12-15 16:15:17.094: E/mm-camera(278): tv_sec = 1418660118 tv_nsec = 109350000
12-15 16:15:17.094: I/mm-camera(278): mct_pipeline_stop_session: __ZZZZ__: E 1674=
12-15 16:15:17.094: E/mm-camera-sensor(278): module_sensor_stop_session:1193 session 2
12-15 16:15:17.094: E/mm-camera-sensor(278): module_sensor_stop_session: __ZZZZ__: E 1194=
12-15 16:15:17.094: E/mm-camera-sensor(278): module_sensor_deinit_session: E __ZZZZ__: 1070=
12-15 16:15:17.094: E/mm-camera(278): companion_release_interface:1656 Release second subdev node
12-15 16:15:17.114: E/mm-camera(278): companion_close:2276 Enter
12-15 16:15:17.114: E/mm-camera(278): companion_post_msg_to_thread:497 msg.type=0
12-15 16:15:17.114: E/mm-camera-sensor(278): companion_thread_process_pipe_message:269 COMPANION_THREAD_MSG_ABORT: companion_thread exiting..
12-15 16:15:17.114: E/mm-camera(278): companion_close:2290 companion_thread is joined.
12-15 16:15:17.114: E/mm-camera(278): companion_close:2317 Exit
12-15 16:15:17.114: E/mm-camera-sensor(278): module_sensor_deinit_session: __ZZZZ__: Before unload lib 1090=
12-15 16:15:17.114: E/mm-camera-sensor(278): module_sensor_deinit_session: __ZZZZ__: After unload lib 1092=
12-15 16:15:17.114: E/mm-camera-sensor(278): module_sensor_deinit_session: __ZZZZ__: X 1108=
12-15 16:15:17.114: E/mm-camera-sensor(278): module_sensor_stop_session: __ZZZZ__: X 1240=
12-15 16:15:17.114: E/mm-camera(278): ispif_stop_session: __ZZZZ__: E 199=
12-15 16:15:17.114: E/mm-camera(278): ispif_stop_session: __ZZZZ__: After memset 208=
12-15 16:15:17.114: E/camera-llv(278): llv_release, E
12-15 16:15:17.114: E/mm-camera(278): isp_thread_async_task_stop: __ZZZZ__: E 320=
12-15 16:15:17.114: E/mm-camera(278): isp_thread_async_task_stop: __ZZZZ__: Ater thread started 325=
12-15 16:15:17.114: E/mm-camera(278): isp_thread_async_task_stop: __ZZZZ__: Before sem post 339=
12-15 16:15:17.114: E/mm-camera(278): isp_thread_async_task_stop: __ZZZZ__: After sem post 341=
12-15 16:15:17.114: E/mm-camera(278): isp_thread_async_task_stop: __ZZZZ__: After thread join 343=
12-15 16:15:17.114: E/mm-camera(278): isp_thread_async_task_stop: X, session_id = 2
12-15 16:15:17.114: E/mm-camera(278): stats_module_stop_session: __ZZZZ__: E 301=
12-15 16:15:17.114: E/mm-camera(278): stats_module_stop_session: list =0xb84af2a0, remove port =0xb8650948 name=stats_sink from module=0xb849ee68, name=stats
12-15 16:15:17.114: E/mm-camera(278): stats_module_stop_session: 1 port =0xb8650948 name=stats_sink
12-15 16:15:17.114: E/mm-camera(278): stats_port_deinit: E
12-15 16:15:17.114: E/mm-camera(278): stats_port_deinit: __dbg private free
12-15 16:15:17.114: E/mm-camera(278): stats_port_deinit: X
12-15 16:15:17.114: E/mm-camera(278): stats_module_stop_session: 2 port =0xb8650948 name=stats_sink
12-15 16:15:17.124: E/AEC_PORT(278): aec_port_deinit kur deinit calledon 0xb6e9c1e0
12-15 16:15:17.124: E/mm-camera(278): stats_module_stop_session: 3 port =0xb8650948 name=stats_sink
12-15 16:15:17.124: E/mm-camera(278): stats_module_stop_session: __ZZZZ__: X 339=
12-15 16:15:17.124: E/mm-camera(278): cpp_module_stop_session: __ZZZZ__: E 320=
12-15 16:15:17.124: E/mm-camera(278): cpp_module_stop_session:330, info: stopping session 2 ...
12-15 16:15:17.124: E/mm-camera(278): cpp_thread_process_pipe_message:361, CPP_THREAD_MSG_ABORT: cpp_thread exiting..
12-15 16:15:17.124: E/mm-camera(278): cpp_module_stop_session:361, info: session 2 stopped.
12-15 16:15:17.124: E/mm-camera(278): c2d_module_stop_session: __ZZZZ__: E 285=
12-15 16:15:17.124: E/mm-camera(278): c2d_module_stop_session:295, info: stopping session 2 ...
12-15 16:15:17.124: E/mm-camera(278): c2d_module_stop_session:300, info: stopping c2d_thread...
12-15 16:15:17.124: E/mm-camera(278): c2d_module_post_msg_to_thread:354, msg.type=1
12-15 16:15:17.124: E/mm-camera(278): c2d_thread_process_pipe_message:453, C2D_THREAD_MSG_ABORT: c2d_thread exiting..
12-15 16:15:17.124: E/mm-camera(278): c2d_module_stop_session:312, closing c2d subdev...
12-15 16:15:17.124: E/mm-camera(278): c2d_module_stop_session:334, info: session 2 stopped.
12-15 16:15:17.124: E/mm-camera(278): module_cac_client_release_cac_buffer:90] E, ref_count 1
12-15 16:15:17.124: E/mm-camera-img(278): cac3_comp_dealloc:1153] ptr 0xb601bdb4
12-15 16:15:17.124: E/cac3(278): [cac3_buffer_latency] memfree for 0xaf633000, mem size 4063232 bytes: 1 ms
12-15 16:15:17.134: E/cac3(278): [cac3_buffer_latency] memfree for 0xafdf3000, mem size 4063232 bytes: 3 ms
