12-15 16:15:04.454: I/JNI:(27974): TRACE #1
12-15 16:15:04.454: D/OpenCV::camera(27974): CvCapture_Android::CvCapture_Android(0)
12-15 16:15:04.454: D/OpenCV::camera(27974): Library name: libSeufertImageLib.so
12-15 16:15:04.454: D/OpenCV::camera(27974): Library base address: 0x77e58000
12-15 16:15:04.494: D/OpenCV::camera(27974): Libraries folder found: /data/app-lib/com.seufert.SeufertImageServer-2/
12-15 16:15:04.494: D/OpenCV::camera(27974): CameraWrapperConnector::connectToLib: folderPath=/data/app-lib/com.seufert.SeufertImageServer-2/
12-15 16:15:04.494: E/OpenCV::camera(27974): ||libnative_camera_r4.3.0.so
12-15 16:15:04.494: E/OpenCV::camera(27974): ||libnative_camera_r4.4.0.so
12-15 16:15:04.494: E/OpenCV::camera(27974): ||libnative_camera_r4.1.1.so
12-15 16:15:04.494: E/OpenCV::camera(27974): ||libnative_camera_r2.2.0.so
12-15 16:15:04.494: E/OpenCV::camera(27974): ||libnative_camera_r3.0.1.so
12-15 16:15:04.494: E/OpenCV::camera(27974): ||libnative_camera_r4.0.0.so
12-15 16:15:04.494: E/OpenCV::camera(27974): ||libnative_camera_r4.0.3.so
12-15 16:15:04.494: E/OpenCV::camera(27974): ||libnative_camera_r2.3.3.so
12-15 16:15:04.494: E/OpenCV::camera(27974): ||libnative_camera_r4.2.0.so
12-15 16:15:04.494: D/OpenCV::camera(27974): try to load library 'libnative_camera_r4.4.0.so'
12-15 16:15:04.494: D/OpenCV::camera(27974): Loaded library '/data/app-lib/com.seufert.SeufertImageServer-2/libnative_camera_r4.4.0.so'
12-15 16:15:04.494: D/OpenCV_NativeCamera(27974): CameraHandler::initCameraConnect(0x7801442d, 0, 0x79d6e930, 0x0)
12-15 16:15:04.494: D/OpenCV_NativeCamera(27974): Current process name for camera init: com.seufert.SeufertImageServer
12-15 16:15:04.494: I/EDMNativeHelperService(842): isCameraEnabled
12-15 16:15:04.494: E/CameraService(264): orgID: 0 checkingID: 0 seems GOOD
12-15 16:15:04.494: E/CameraService(264): orgID: 0 checkingID: 1 seems GOOD
12-15 16:15:04.494: E/CameraService(264): orgID: 0 checkingID: 2 seems GOOD
12-15 16:15:04.494: E/CameraService(264): orgID: 0 checkingID: 3 seems GOOD
12-15 16:15:04.494: E/CameraService(264): orgID: 0 checkingID: 4 seems GOOD
12-15 16:15:04.494: W/QCamera2Factory(264): getCameraInfo: E, camera_id = 0
12-15 16:15:04.494: W/QCamera2HWI(264): __dbg: info->orientation : 90 rc = 0
12-15 16:15:04.494: W/QCamera2Factory(264): getCameraInfo: X
12-15 16:15:04.494: W/QCamera2Factory(264): getCameraInfo: E, camera_id = 0
12-15 16:15:04.494: W/QCamera2HWI(264): __dbg: info->orientation : 90 rc = 0
12-15 16:15:04.494: W/QCamera2Factory(264): getCameraInfo: X
12-15 16:15:04.494: V/CameraService(264): updateStatus: Status has changed for camera ID 0 from 0x1 to 0x80000000
12-15 16:15:04.504: V/CameraService(264): setCameraBusy cameraId=0
12-15 16:15:04.504: V/MediaPlayer(264): constructor
12-15 16:15:04.504: V/MediaPlayerService(264): Create new client(42) from pid 27974, uid 10211,
12-15 16:15:04.504: I/MediaPlayerFactory(264): Can`t play mp3 and ogg file on NuPlayer , create Awesomeplayer.
12-15 16:15:04.504: V/MediaPlayerService(264): player type = 3
12-15 16:15:04.504: V/AwesomePlayer(264): setDefault
12-15 16:15:04.504: V/AwesomePlayer(264): constructor
12-15 16:15:04.504: V/AwesomePlayer(264): setDefault
12-15 16:15:04.504: V/AwesomePlayer(264): reset_l()
12-15 16:15:04.504: V/AwesomePlayer(264): notifyListner_l() msg (8-MEDIA_STOPPED), ext1 (0), ext2 (0)
12-15 16:15:04.504: V/AwesomePlayer(264): cancelPlayerEvents (keepNotifications=0)
12-15 16:15:04.504: V/AwesomePlayer(264): mAudioTrackVector clear
12-15 16:15:04.504: V/AwesomePlayer(264): reset_l() mAudioPlayer successfully deleted
12-15 16:15:04.504: V/AwesomePlayer(264): mSecMediaClock clear
12-15 16:15:04.504: V/StagefrightPlayer(264): StagefrightPlayer
12-15 16:15:04.504: V/AwesomePlayer(264): setListener
12-15 16:15:04.504: V/StagefrightPlayer(264): initCheck
12-15 16:15:04.504: V/AwesomePlayer(264): AwesomePlayer running on behalf of uid 10211
12-15 16:15:04.504: V/AudioSink(264): AudioOutput(328)
12-15 16:15:04.504: V/AwesomePlayer(264): setAudioSink
12-15 16:15:04.504: V/AwesomePlayer(264): reset_l()
12-15 16:15:04.504: V/AwesomePlayer(264): notifyListner_l() msg (8-MEDIA_STOPPED), ext1 (0), ext2 (0)
12-15 16:15:04.504: V/MediaPlayerService(264): [42] notify (0xb7c16fa0, 8, 0, 0)
12-15 16:15:04.504: V/MediaPlayer(264): message received msg=8, ext1=0, ext2=0
12-15 16:15:04.504: V/MediaPlayer(264): notify(8, 0, 0) callback on disconnected mediaplayer
12-15 16:15:04.504: V/AwesomePlayer(264): cancelPlayerEvents (keepNotifications=0)
12-15 16:15:04.504: V/AwesomePlayer(264): mAudioTrackVector clear
12-15 16:15:04.504: V/AwesomePlayer(264): reset_l() mAudioPlayer successfully deleted
12-15 16:15:04.504: V/AwesomePlayer(264): mSecMediaClock clear
12-15 16:15:04.504: I/AwesomePlayer(264): setDataSource_l(URL suppressed)
12-15 16:15:04.504: V/MediaPlayerService(264): [42] setParameter(1604)
12-15 16:15:04.504: V/StagefrightPlayer(264): setParameter(key=1604)
12-15 16:15:04.504: V/AwesomePlayer(264): setParameter key (1604)
12-15 16:15:04.504: V/AwesomePlayer(264): Current Contet PID : 27974
12-15 16:15:04.504: V/MediaPlayerService(264): [42] getParameter(1700)
12-15 16:15:04.504: V/MediaPlayer(264): MediaPlayer::setAudioStreamType
12-15 16:15:04.504: V/MediaPlayer(264): prepare
12-15 16:15:04.504: V/MediaPlayerService(264): [42] setAudioStreamType(7)
12-15 16:15:04.504: V/MediaPlayerService(264): [42] prepareAsync
12-15 16:15:04.504: V/AwesomePlayer(264): prepareAsync
12-15 16:15:04.504: V/AwesomePlayer(264): onPrepareAsyncEvent
12-15 16:15:04.504: I/SecMediaClock(264): SecMediaClock constructor
12-15 16:15:04.504: I/SecMediaClock(264): reset
12-15 16:15:04.504: V/AwesomePlayer(264): finishSetDataSource_l
12-15 16:15:04.504: V/AwesomePlayer(264): track of type 'audio/vorbis' does not publish bitrate
12-15 16:15:04.504: V/AwesomePlayer(264): mBitrate = -1 bits/sec
12-15 16:15:04.504: V/AwesomePlayer(264): current audio track index (0) is added to vector
12-15 16:15:04.504: V/AwesomePlayer(264): setDataSource_l: Audio(1), Video(0)
12-15 16:15:04.504: I/AwesomePlayer(264): AwesomePlayer::setDataSource_l():: This is not a DRM content
12-15 16:15:04.504: V/AwesomePlayer(264): initAudioDecoder
12-15 16:15:04.504: V/AwesomePlayer(264): checkOffloadExceptions is true
12-15 16:15:04.504: I/OMXCodec(264): OMXCodec::Create mime (audio/vorbis), flags (0), matchComponentName ((null)), createEncoder (0)
12-15 16:15:04.504: I/OMXCodec(264): Attempting to allocate OMX node 'OMX.google.vorbis.decoder'
12-15 16:15:04.504: I/OMX(264): mDispatchers.add
12-15 16:15:04.504: I/OMXCodec(264): Successfully allocated OMX node 'OMX.google.vorbis.decoder'
12-15 16:15:04.504: I/OMXCodec(264): >>>UHQA initOutputFormat 16
12-15 16:15:04.504: I/OMXCodec(264): [OMX.google.vorbis.decoder] OMXCodec::start mState=1
12-15 16:15:04.504: I/OMXCodec(264): [OMX.google.vorbis.decoder] allocating 4 buffers of size 8192 on input port
12-15 16:15:04.504: I/OMXCodec(264): [OMX.google.vorbis.decoder] allocating 4 buffers of size 32768 on output port
12-15 16:15:04.504: I/OMXCodec(264): [OMX.google.vorbis.decoder] Now Idle. Component sends idle done Event
12-15 16:15:04.504: V/AwesomePlayer(264): finishAsyncPrepare_l
12-15 16:15:04.504: V/AwesomePlayer(264): notifyListner_l() msg (200-MEDIA_INFO), ext1 (973), ext2 (0)
12-15 16:15:04.504: V/MediaPlayerService(264): [42] notify (0xb7c16fa0, 200, 973, 0)
12-15 16:15:04.504: V/MediaPlayer(264): message received msg=200, ext1=973, ext2=0
12-15 16:15:04.504: W/MediaPlayer(264): info/warning (973, 0)
12-15 16:15:04.504: V/AwesomePlayer(264): notifyListner_l() msg (5-MEDIA_SET_VIDEO_SIZE), ext1 (0), ext2 (0)
12-15 16:15:04.504: V/MediaPlayerService(264): [42] notify (0xb7c16fa0, 5, 0, 0)
12-15 16:15:04.504: V/MediaPlayer(264): message received msg=5, ext1=0, ext2=0
12-15 16:15:04.504: V/MediaPlayer(264): New video size 0 x 0
12-15 16:15:04.504: V/AwesomePlayer(264): notifyListner_l() msg (1-MEDIA_PREPARED), ext1 (0), ext2 (0)
12-15 16:15:04.504: V/MediaPlayerService(264): [42] notify (0xb7c16fa0, 1, 0, 0)
12-15 16:15:04.504: V/MediaPlayer(264): message received msg=1, ext1=0, ext2=0
12-15 16:15:04.504: V/MediaPlayer(264): prepared
12-15 16:15:04.504: V/MediaPlayer(264): signal application thread
12-15 16:15:04.504: V/MediaPlayer(264): prepare complete - status=0
12-15 16:15:04.504: V/MediaPlayer(264): constructor
12-15 16:15:04.504: V/MediaPlayerService(264): Create new client(43) from pid 27974, uid 10211,
12-15 16:15:04.504: I/MediaPlayerFactory(264): Can`t play mp3 and ogg file on NuPlayer , create Awesomeplayer.
12-15 16:15:04.504: V/MediaPlayerService(264): player type = 3
12-15 16:15:04.504: V/AwesomePlayer(264): setDefault
12-15 16:15:04.504: V/AwesomePlayer(264): constructor
12-15 16:15:04.504: V/AwesomePlayer(264): setDefault
12-15 16:15:04.504: V/AwesomePlayer(264): reset_l()
12-15 16:15:04.504: V/AwesomePlayer(264): notifyListner_l() msg (8-MEDIA_STOPPED), ext1 (0), ext2 (0)
12-15 16:15:04.504: V/AwesomePlayer(264): cancelPlayerEvents (keepNotifications=0)
12-15 16:15:04.504: V/AwesomePlayer(264): mAudioTrackVector clear
12-15 16:15:04.504: V/AwesomePlayer(264): reset_l() mAudioPlayer successfully deleted
12-15 16:15:04.504: V/AwesomePlayer(264): mSecMediaClock clear
12-15 16:15:04.504: V/StagefrightPlayer(264): StagefrightPlayer
12-15 16:15:04.504: V/AwesomePlayer(264): setListener
12-15 16:15:04.504: V/StagefrightPlayer(264): initCheck
12-15 16:15:04.504: V/AwesomePlayer(264): AwesomePlayer running on behalf of uid 10211
12-15 16:15:04.504: V/AudioSink(264): AudioOutput(329)
12-15 16:15:04.504: V/AwesomePlayer(264): setAudioSink
12-15 16:15:04.504: V/AwesomePlayer(264): reset_l()
12-15 16:15:04.504: V/AwesomePlayer(264): notifyListner_l() msg (8-MEDIA_STOPPED), ext1 (0), ext2 (0)
12-15 16:15:04.504: V/MediaPlayerService(264): [43] notify (0xb7c05958, 8, 0, 0)
12-15 16:15:04.504: V/MediaPlayer(264): message received msg=8, ext1=0, ext2=0
12-15 16:15:04.504: V/MediaPlayer(264): notify(8, 0, 0) callback on disconnected mediaplayer
12-15 16:15:04.504: V/AwesomePlayer(264): cancelPlayerEvents (keepNotifications=0)
12-15 16:15:04.504: V/AwesomePlayer(264): mAudioTrackVector clear
12-15 16:15:04.504: V/AwesomePlayer(264): reset_l() mAudioPlayer successfully deleted
12-15 16:15:04.504: V/AwesomePlayer(264): mSecMediaClock clear
12-15 16:15:04.504: I/AwesomePlayer(264): setDataSource_l(URL suppressed)
12-15 16:15:04.504: V/MediaPlayerService(264): [43] setParameter(1604)
12-15 16:15:04.504: V/StagefrightPlayer(264): setParameter(key=1604)
12-15 16:15:04.504: V/AwesomePlayer(264): setParameter key (1604)
12-15 16:15:04.504: V/AwesomePlayer(264): Current Contet PID : 27974
12-15 16:15:04.504: V/MediaPlayerService(264): [43] getParameter(1700)
12-15 16:15:04.504: V/MediaPlayer(264): MediaPlayer::setAudioStreamType
12-15 16:15:04.504: V/MediaPlayer(264): prepare
12-15 16:15:04.504: V/MediaPlayerService(264): [43] setAudioStreamType(7)
12-15 16:15:04.504: V/MediaPlayerService(264): [43] prepareAsync
12-15 16:15:04.504: V/AwesomePlayer(264): prepareAsync
12-15 16:15:04.504: V/AwesomePlayer(264): onPrepareAsyncEvent
12-15 16:15:04.504: I/SecMediaClock(264): SecMediaClock constructor
12-15 16:15:04.504: I/SecMediaClock(264): reset
12-15 16:15:04.504: V/AwesomePlayer(264): finishSetDataSource_l
12-15 16:15:04.514: V/AwesomePlayer(264): track of type 'audio/vorbis' does not publish bitrate
12-15 16:15:04.514: V/AwesomePlayer(264): mBitrate = -1 bits/sec
12-15 16:15:04.514: V/AwesomePlayer(264): current audio track index (0) is added to vector
12-15 16:15:04.514: V/AwesomePlayer(264): setDataSource_l: Audio(1), Video(0)
12-15 16:15:04.514: I/AwesomePlayer(264): AwesomePlayer::setDataSource_l():: This is not a DRM content
12-15 16:15:04.514: V/AwesomePlayer(264): initAudioDecoder
12-15 16:15:04.514: V/AwesomePlayer(264): checkOffloadExceptions is true
12-15 16:15:04.514: I/OMXCodec(264): OMXCodec::Create mime (audio/vorbis), flags (0), matchComponentName ((null)), createEncoder (0)
12-15 16:15:04.514: I/OMXCodec(264): Attempting to allocate OMX node 'OMX.google.vorbis.decoder'
12-15 16:15:04.514: I/OMX(264): mDispatchers.add
12-15 16:15:04.514: I/OMXCodec(264): Successfully allocated OMX node 'OMX.google.vorbis.decoder'
12-15 16:15:04.514: I/OMXCodec(264): >>>UHQA initOutputFormat 16
12-15 16:15:04.514: I/OMXCodec(264): [OMX.google.vorbis.decoder] OMXCodec::start mState=1
12-15 16:15:04.514: I/OMXCodec(264): [OMX.google.vorbis.decoder] allocating 4 buffers of size 8192 on input port
12-15 16:15:04.514: I/OMXCodec(264): [OMX.google.vorbis.decoder] allocating 4 buffers of size 32768 on output port
12-15 16:15:04.514: I/OMXCodec(264): [OMX.google.vorbis.decoder] Now Idle. Component sends idle done Event
12-15 16:15:04.514: V/AwesomePlayer(264): finishAsyncPrepare_l
12-15 16:15:04.514: V/AwesomePlayer(264): notifyListner_l() msg (200-MEDIA_INFO), ext1 (973), ext2 (0)
12-15 16:15:04.514: V/MediaPlayerService(264): [43] notify (0xb7c05958, 200, 973, 0)
12-15 16:15:04.514: V/MediaPlayer(264): message received msg=200, ext1=973, ext2=0
12-15 16:15:04.514: W/MediaPlayer(264): info/warning (973, 0)
12-15 16:15:04.514: V/AwesomePlayer(264): notifyListner_l() msg (5-MEDIA_SET_VIDEO_SIZE), ext1 (0), ext2 (0)
12-15 16:15:04.514: V/MediaPlayerService(264): [43] notify (0xb7c05958, 5, 0, 0)
12-15 16:15:04.514: V/MediaPlayer(264): message received msg=5, ext1=0, ext2=0
12-15 16:15:04.514: V/MediaPlayer(264): New video size 0 x 0
12-15 16:15:04.514: V/AwesomePlayer(264): notifyListner_l() msg (1-MEDIA_PREPARED), ext1 (0), ext2 (0)
12-15 16:15:04.514: V/MediaPlayerService(264): [43] notify (0xb7c05958, 1, 0, 0)
12-15 16:15:04.514: V/MediaPlayer(264): message received msg=1, ext1=0, ext2=0
12-15 16:15:04.514: V/MediaPlayer(264): prepared
12-15 16:15:04.514: V/MediaPlayer(264): signal application thread
12-15 16:15:04.514: V/MediaPlayer(264): prepare complete - status=0
12-15 16:15:04.514: V/MediaPlayer(264): constructor
12-15 16:15:04.514: V/MediaPlayerService(264): Create new client(44) from pid 27974, uid 10211,
12-15 16:15:04.514: I/MediaPlayerFactory(264): Can`t play mp3 and ogg file on NuPlayer , create Awesomeplayer.
12-15 16:15:04.514: V/MediaPlayerService(264): player type = 3
12-15 16:15:04.514: V/AwesomePlayer(264): setDefault
12-15 16:15:04.514: V/AwesomePlayer(264): constructor
12-15 16:15:04.514: V/AwesomePlayer(264): setDefault
12-15 16:15:04.514: V/AwesomePlayer(264): reset_l()
12-15 16:15:04.514: V/AwesomePlayer(264): notifyListner_l() msg (8-MEDIA_STOPPED), ext1 (0), ext2 (0)
12-15 16:15:04.514: V/AwesomePlayer(264): cancelPlayerEvents (keepNotifications=0)
12-15 16:15:04.514: V/AwesomePlayer(264): mAudioTrackVector clear
12-15 16:15:04.514: V/AwesomePlayer(264): reset_l() mAudioPlayer successfully deleted
12-15 16:15:04.514: V/AwesomePlayer(264): mSecMediaClock clear
12-15 16:15:04.514: V/StagefrightPlayer(264): StagefrightPlayer
12-15 16:15:04.514: V/AwesomePlayer(264): setListener
12-15 16:15:04.514: V/StagefrightPlayer(264): initCheck
12-15 16:15:04.514: V/AwesomePlayer(264): AwesomePlayer running on behalf of uid 10211
12-15 16:15:04.514: V/AudioSink(264): AudioOutput(330)
12-15 16:15:04.514: V/AwesomePlayer(264): setAudioSink
12-15 16:15:04.514: V/AwesomePlayer(264): reset_l()
12-15 16:15:04.514: V/AwesomePlayer(264): notifyListner_l() msg (8-MEDIA_STOPPED), ext1 (0), ext2 (0)
12-15 16:15:04.514: V/MediaPlayerService(264): [44] notify (0xb7b67348, 8, 0, 0)
12-15 16:15:04.514: V/MediaPlayer(264): message received msg=8, ext1=0, ext2=0
12-15 16:15:04.514: V/MediaPlayer(264): notify(8, 0, 0) callback on disconnected mediaplayer
12-15 16:15:04.514: V/AwesomePlayer(264): cancelPlayerEvents (keepNotifications=0)
12-15 16:15:04.514: V/AwesomePlayer(264): mAudioTrackVector clear
12-15 16:15:04.514: V/AwesomePlayer(264): reset_l() mAudioPlayer successfully deleted
12-15 16:15:04.514: V/AwesomePlayer(264): mSecMediaClock clear
12-15 16:15:04.514: I/AwesomePlayer(264): setDataSource_l(URL suppressed)
12-15 16:15:04.514: V/MediaPlayerService(264): [44] setParameter(1604)
12-15 16:15:04.514: V/StagefrightPlayer(264): setParameter(key=1604)
12-15 16:15:04.514: V/AwesomePlayer(264): setParameter key (1604)
12-15 16:15:04.514: V/AwesomePlayer(264): Current Contet PID : 27974
12-15 16:15:04.514: V/MediaPlayerService(264): [44] getParameter(1700)
12-15 16:15:04.514: V/MediaPlayer(264): MediaPlayer::setAudioStreamType
12-15 16:15:04.514: V/MediaPlayer(264): prepare
12-15 16:15:04.514: V/MediaPlayerService(264): [44] setAudioStreamType(7)
12-15 16:15:04.514: V/MediaPlayerService(264): [44] prepareAsync
12-15 16:15:04.514: V/AwesomePlayer(264): prepareAsync
12-15 16:15:04.514: V/AwesomePlayer(264): onPrepareAsyncEvent
12-15 16:15:04.514: I/SecMediaClock(264): SecMediaClock constructor
12-15 16:15:04.514: I/SecMediaClock(264): reset
12-15 16:15:04.514: V/AwesomePlayer(264): finishSetDataSource_l
12-15 16:15:04.524: V/AwesomePlayer(264): track of type 'audio/vorbis' does not publish bitrate
12-15 16:15:04.524: V/AwesomePlayer(264): mBitrate = -1 bits/sec
12-15 16:15:04.524: V/AwesomePlayer(264): current audio track index (0) is added to vector
12-15 16:15:04.524: V/AwesomePlayer(264): setDataSource_l: Audio(1), Video(0)
12-15 16:15:04.524: I/AwesomePlayer(264): AwesomePlayer::setDataSource_l():: This is not a DRM content
12-15 16:15:04.524: V/AwesomePlayer(264): initAudioDecoder
12-15 16:15:04.524: V/AwesomePlayer(264): checkOffloadExceptions is true
12-15 16:15:04.524: I/OMXCodec(264): OMXCodec::Create mime (audio/vorbis), flags (0), matchComponentName ((null)), createEncoder (0)
12-15 16:15:04.524: I/OMXCodec(264): Attempting to allocate OMX node 'OMX.google.vorbis.decoder'
12-15 16:15:04.524: I/OMX(264): mDispatchers.add
12-15 16:15:04.524: I/OMXCodec(264): Successfully allocated OMX node 'OMX.google.vorbis.decoder'
12-15 16:15:04.524: I/OMXCodec(264): >>>UHQA initOutputFormat 16
12-15 16:15:04.524: I/OMXCodec(264): [OMX.google.vorbis.decoder] OMXCodec::start mState=1
12-15 16:15:04.524: I/OMXCodec(264): [OMX.google.vorbis.decoder] allocating 4 buffers of size 8192 on input port
12-15 16:15:04.524: I/OMXCodec(264): [OMX.google.vorbis.decoder] allocating 4 buffers of size 32768 on output port
12-15 16:15:04.524: I/OMXCodec(264): [OMX.google.vorbis.decoder] Now Idle. Component sends idle done Event
12-15 16:15:04.524: V/AwesomePlayer(264): finishAsyncPrepare_l
12-15 16:15:04.524: V/AwesomePlayer(264): notifyListner_l() msg (200-MEDIA_INFO), ext1 (973), ext2 (0)
12-15 16:15:04.524: V/MediaPlayerService(264): [44] notify (0xb7b67348, 200, 973, 0)
12-15 16:15:04.524: V/MediaPlayer(264): message received msg=200, ext1=973, ext2=0
12-15 16:15:04.524: W/MediaPlayer(264): info/warning (973, 0)
12-15 16:15:04.524: V/AwesomePlayer(264): notifyListner_l() msg (5-MEDIA_SET_VIDEO_SIZE), ext1 (0), ext2 (0)
12-15 16:15:04.524: V/MediaPlayerService(264): [44] notify (0xb7b67348, 5, 0, 0)
12-15 16:15:04.524: V/MediaPlayer(264): message received msg=5, ext1=0, ext2=0
12-15 16:15:04.524: V/MediaPlayer(264): New video size 0 x 0
12-15 16:15:04.524: V/AwesomePlayer(264): notifyListner_l() msg (1-MEDIA_PREPARED), ext1 (0), ext2 (0)
12-15 16:15:04.524: V/MediaPlayerService(264): [44] notify (0xb7b67348, 1, 0, 0)
12-15 16:15:04.524: V/MediaPlayer(264): message received msg=1, ext1=0, ext2=0
12-15 16:15:04.524: V/MediaPlayer(264): prepared
12-15 16:15:04.524: V/MediaPlayer(264): signal application thread
12-15 16:15:04.524: V/MediaPlayer(264): prepare complete - status=0
12-15 16:15:04.524: V/CameraService(264): startCameraOps: Start camera ops, package name = com.seufert.SeufertImageServer, client UID = 10211
12-15 16:15:04.524: D/STATUSBAR-NetworkController(1055): onSignalStrengthsChanged signalStrength=SignalStrength: 9 -1 -1 -1 -1 -1 -1 99 2147483647 2147483647 2147483647 -1 2147483647 gsm|lte 0x3 level=3
12-15 16:15:04.534: D/SecCameraCoreManager(264): SecCameraCoreManager created: pid=264, cameraId=0
12-15 16:15:04.534: E/SecCameraCoreManager(264): !@ cam: CaMeRa(0)
12-15 16:15:04.534: E/SecCameraCoreManager(264): file open failed. this system is not JA series
12-15 16:15:04.534: D/SecCameraCoreManager(264): initialize
12-15 16:15:04.534: E/SecCameraCoreManager(264): initialize1
12-15 16:15:04.534: I/SecCameraCoreManager(264): Opening camera 0
12-15 16:15:04.534: W/QCamera2Factory(264): cameraDeviceOpen : E
12-15 16:15:04.534: W/QCameraPostProc(264): qcamera::QCameraOfflinePostProcessor::QCameraOfflinePostProcessor(qcamera::QCamera2HardwareInterface*): Create pffline pp object
12-15 16:15:04.534: I/QCamera2HWI(264): [KPI Perf] openCamera: E
12-15 16:15:04.534: W/mm-camera-intf(264): mm_camera_open: begin
12-15 16:15:04.534: W/mm-camera-intf(264): mm_camera_open: dev name = /dev/video2, cam_idx = 2
12-15 16:15:04.534: I/mm-camera(278): server_process_hal_event:__DBG__ E event id=1
12-15 16:15:04.534: I/mm-camera(278): server_process_bind_hal_ds:__DBG__ E
12-15 16:15:04.534: I/mm-camera(278): mct_controller_new: __DBG__ session_idx=2
12-15 16:15:04.534: E/mm-camera-sensor(278): module_sensor_start_session:1127 session 2
12-15 16:15:04.544: E/mm-camera(278): companion_open:1432 Enter
12-15 16:15:04.544: E/mm-camera-sensor(278): companion_thread_create:320 E
12-15 16:15:04.544: E/mm-camera-sensor(278): companion_thread_func:187 Start.
12-15 16:15:04.544: E/mm-camera(278): companion_open:1505 companion thread created.
12-15 16:15:04.544: E/mm-camera(278): companion_open:1508 Exit
12-15 16:15:04.544: E/mm-camera-sensor(278): companion_thread_func:209 companion_thread entering the polling loop...
12-15 16:15:04.544: E/mm-camera-sensor(278): sensor_load_library:81 s5k2p2xx : load from phone
12-15 16:15:04.544: E/mm-camera(278): companion_config_interface:1631 Secondary sd name /dev/v4l-subdev16
12-15 16:15:04.544: E/mm-camera(278): companion_config_interface:1638 i2c node open passed
12-15 16:15:04.544: E/mm-camera-sensor(278): module_sensor_init_session:844 sensor position 0
12-15 16:15:04.544: E/mm-camera-sensor(278): eeprom_set_bytestream:1498 Enter
12-15 16:15:04.544: E/mm-camera-sensor(278): eeprom_set_bytestream:1509 Exit
12-15 16:15:04.544: E/mm-camera-sensor(278): sensor_init:504 subdev name v4l-subdev19
12-15 16:15:04.574: E/mm-camera-sensor(278): module_sensor_init_session:873 Sending companion load fw message
12-15 16:15:04.574: E/mm-camera(278): companion_process:2113 Sending COMPANION_THREAD_MSG_FW_LOAD msg to companion thread !
12-15 16:15:04.574: E/mm-camera(278): companion_post_msg_to_thread:497 msg.type=1
12-15 16:15:04.584: E/mm-camera-sensor(278): sensor_write_init_settings:354 Start write sensor init setting
12-15 16:15:04.584: E/mm-camera-sensor(278): sensor_write_init_settings:357 Sensor name : s5k2p2xx
12-15 16:15:04.584: E/mm-camera-sensor(278): sensor_write_init_settings:359 2p2 sensor rev check
12-15 16:15:04.584: E/mm-camera-sensor(278): companion_thread_process_pipe_message:277 COMPANION_THREAD_MSG_FW_LOAD: loading firmware from companion thread
12-15 16:15:04.584: E/mm-camera(278): companion_process:2119 Start load firmware !
12-15 16:15:04.584: E/mm-camera(278): companion_load_firmware_a:1011 [E]
12-15 16:15:04.584: E/mm-camera-sensor(278): sensor_write_init_settings:373 Sensor rev : 0xc7
12-15 16:15:04.584: E/mm-camera-sensor(278): sensor_write_init_settings:394 write sensor init data
12-15 16:15:04.584: E/mm-camera-sensor(278): sensor_write_init_settings:433 2p2 EVT2_4 sensor
12-15 16:15:04.634: E/mm-camera(278): companion_load_firmware_b:1033 [E]
12-15 16:15:04.634: E/mm-camera(278): companion_load_firmware_b:1035 Loading firmware
12-15 16:15:04.674: E/mm-camera(278): companion_load_firmware_c:1057 [E]
12-15 16:15:04.674: E/mm-camera(278): companion_cal_data_write:1079 Calibration data write
12-15 16:15:04.714: E/mm-camera-sensor(278): sensor_write_init_settings:483 End write sensor init setting
12-15 16:15:04.714: E/mm-camera-sensor(278): eeprom_process:1631 EEPROM_GET_ACTUATOR_NAME: ak7345
12-15 16:15:04.714: E/mm-camera-sensor(278): af_actuator_init:334 name = ak7345
12-15 16:15:04.714: E/mm-camera-sensor(278): module_sensor_load_3a_libs:477 s_bundle->eeprom_data: 0xb848e278
12-15 16:15:04.714: E/mm-camera-sensor(278): [mm]hwinfo_make_3a_name:1958 hw info F16QL
12-15 16:15:04.714: E/mm-camera-sensor(278): [mm]hwinfo_make_3a_name:1982 3A Name = F16QL_libTsAe.so
12-15 16:15:04.714: E/mm-camera-sensor(278): [mm]hwinfo_make_3a_name:1988 3a name (type : 0) F16QL_libTsAe.so
12-15 16:15:04.724: E/mm-camera-sensor(278): module_sensor_load_3a_libs:496 AEC lib : load from phone : F16QL_libTsAe.so
12-15 16:15:04.724: E/mm-camera-sensor(278): module_sensor_load_3a_libs:502 aec 0xb562b128
12-15 16:15:04.724: E/mm-camera-sensor(278): [mm]hwinfo_make_3a_name:1958 hw info F16QL
12-15 16:15:04.724: E/mm-camera-sensor(278): [mm]hwinfo_make_3a_name:1982 3A Name = F16QL_libTs_J_Awb.so
12-15 16:15:04.724: E/mm-camera-sensor(278): [mm]hwinfo_make_3a_name:1988 3a name (type : 2) F16QL_libTs_J_Awb.so
12-15 16:15:04.724: E/mm-camera-sensor(278): module_sensor_load_3a_libs:521 AWB lib : load from phone : F16QL_libTs_J_Awb.so
12-15 16:15:04.724: E/mm-camera-sensor(278): module_sensor_load_3a_libs:527 awb 0xb568ca48
12-15 16:15:04.734: E/mm-camera-sensor(278): [mm]hwinfo_make_3a_name:1958 hw info F16QL
12-15 16:15:04.734: E/mm-camera-sensor(278): [mm]hwinfo_make_3a_name:1982 3A Name = F16QL_libTs_J_Accm.so
12-15 16:15:04.734: E/mm-camera-sensor(278): [mm]hwinfo_make_3a_name:1988 3a name (type : 3) F16QL_libTs_J_Accm.so
12-15 16:15:04.734: E/mm-camera-sensor(278): module_sensor_load_3a_libs:546 ACCM lib : load from phone : F16QL_libTs_J_Accm.so
12-15 16:15:04.734: E/mm-camera-sensor(278): module_sensor_load_3a_libs:552 accm 0xb568cb6c
12-15 16:15:04.734: E/mm-camera-sensor(278): [mm]hwinfo_make_3a_name:1958 hw info F16QL
12-15 16:15:04.734: E/mm-camera-sensor(278): [mm]hwinfo_make_3a_name:1982 3A Name = F16QL_libTsAf.so
12-15 16:15:04.734: E/mm-camera-sensor(278): [mm]hwinfo_make_3a_name:1988 3a name (type : 1) F16QL_libTsAf.so
12-15 16:15:04.744: E/mm-camera-sensor(278): module_sensor_load_3a_libs:571 AF lib : load from phone : F16QL_libTsAf.so
12-15 16:15:04.744: E/mm-camera-sensor(278): module_sensor_load_3a_libs:577 af 0xb568cc90
12-15 16:15:04.744: E/camera-llv(278): llv_init, E
12-15 16:15:04.744: E/mm-camera(278): stats_module_start_session: E, kur sessionid=2, module=0xb849ee68
12-15 16:15:04.744: E/mm-camera(278): aec_module_start_session E kur module 0xb849ef58 sessionid=131072
12-15 16:15:04.744: E/AEC_PORT(278): aec_port_init kur aec should be initialized
12-15 16:15:04.744: E/mm-camera(278): stats_port_init: E
12-15 16:15:04.744: E/mm-camera(278): stats_port_init: X
12-15 16:15:04.744: E/mm-camera(278): cpp_module_start_session:266, info: starting session 2
12-15 16:15:04.774: E/mm-camera(278): companion_check_crc:1104 Checking CRC
12-15 16:15:04.774: E/mm-camera(278): companion_check_crc:1139 iteration = 0, CRC from CC = 0x192f321, CRC from FROM = 0x192f321
12-15 16:15:04.774: E/mm-camera(278): companion_check_crc:1139 iteration = 1, CRC from CC = 0xc3ecb1ef, CRC from FROM = 0xc3ecb1ef
12-15 16:15:04.774: E/mm-camera(278): companion_check_crc:1139 iteration = 2, CRC from CC = 0xa8bab7ca, CRC from FROM = 0xa8bab7ca
12-15 16:15:04.774: E/mm-camera(278): companion_check_crc:1139 iteration = 3, CRC from CC = 0x8575d88c, CRC from FROM = 0x8575d88c
12-15 16:15:04.784: E/mm-camera(278): companion_check_crc:1139 iteration = 4, CRC from CC = 0xcd9fd13b, CRC from FROM = 0xcd9fd13b
12-15 16:15:04.784: E/mm-camera(278): cpp_module_start_session:310, info: cpp_thread created.
12-15 16:15:04.784: E/mm-camera(278): cpp_module_start_session:313, info: session 2 started.
12-15 16:15:04.784: E/mm-camera(278): c2d_module_start_session:218, info: starting session 2
12-15 16:15:04.784: E/mm-camera(278): cpp_thread_func:55: cpp_thread entering the polling loop...
12-15 16:15:04.784: E/mm-camera(278): c2d_module_start_session:256, info: c2d_thread created.
12-15 16:15:04.784: E/mm-camera(278): c2d_module_start_session:278, info: session 2 started.
12-15 16:15:04.784: E/mm-camera-sensor(278): module_sensor_get_session_data:5472 session 2
12-15 16:15:04.784: E/mm-camera(278): stats_module_set_session: E,kur sessionid=0x2, module=0xb849ee68
12-15 16:15:04.784: E/mm-camera(278): aec_module_set_session E kur module 0xb849ef58 sessionid=131072
12-15 16:15:04.784: E/AEC_PORT(278): aec_port_load_lib kur E 1
12-15 16:15:04.784: E/AEC_PORT(278): aec_port_load_lib kur libptr 0xb562b128 session_id 2
12-15 16:15:04.794: E/mm-camera(278): aec_load_function:kur loading TsAec
12-15 16:15:04.794: E/mm-camera(278): c2d_thread_func:39: c2d_thread entering the polling loop...
12-15 16:15:04.794: E/mm-camera(278): awb_module_set_session E kur module 0xb849efc8 sessionid=131072
12-15 16:15:04.794: E/mm-camera(278): awb_port_load_lib: kur session = 0x20000, loading Tsawb
12-15 16:15:04.794: E/mm-camera(278): companion_check_crc:1124 iteration = 5 / 0, CRC from CC = 0x10816a99, CRC from FROM = 0x10816a99
12-15 16:15:04.794: E/mm-camera-img(278): module_imglib_msg_thread: __ZZZZ__: E
12-15 16:15:04.794: E/mm-camera-img(278): module_imglib_msg_thread: __ZZZZ__: E
12-15 16:15:04.794: E/mm-camera-img(278): module_imglib_msg_thread:62 abort 0
12-15 16:15:04.794: E/mm-camera-img(278): module_imglib_msg_thread:98] MOD_IMG_MSG_ANY
12-15 16:15:04.794: E/mm-camera(278): module_cac_client_allocate_cac_buffer:47] E ref_count 0
12-15 16:15:04.794: E/mm-camera-img(278): cac3_comp_alloc:1121] ptr 0xb601bdb4
12-15 16:15:04.794: E/mm-camera-img(278): module_imglib_msg_thread:62 abort 0
12-15 16:15:04.804: E/mm-camera(278): companion_check_crc:1124 iteration = 5 / 1, CRC from CC = 0xd00b09f9, CRC from FROM = 0xd00b09f9
12-15 16:15:04.804: E/mm-camera(278): af_module_set_session E kur module 0xb849f038 sessionid=131072
12-15 16:15:04.804: E/AF_PORT(278): kur init TsAf 0xb568cc90
12-15 16:15:04.804: E/mm-camera(278): companion_check_crc:1124 iteration = 5 / 2, CRC from CC = 0x10d9ab47, CRC from FROM = 0x10d9ab47
12-15 16:15:04.814: E/mm-camera(278): [cgAF] Wrong Phase AF CAL Info. Phase AF Disabled
12-15 16:15:04.814: E/mm-camera(278): companion_check_crc:1124 iteration = 5 / 3, CRC from CC = 0x93c5b1ab, CRC from FROM = 0x93c5b1ab
12-15 16:15:04.814: E/mm-camera(278): companion_check_crc:1124 iteration = 5 / 4, CRC from CC = 0xaa297dcb, CRC from FROM = 0xaa297dcb
12-15 16:15:04.824: E/mm-camera(278): companion_check_crc:1124 iteration = 5 / 5, CRC from CC = 0xfcfabf72, CRC from FROM = 0xfcfabf72
12-15 16:15:04.824: E/mm-camera(278): [_paf_] Unknown TUNE_VERSION: 0
12-15 16:15:04.824: E/libaprpmem(278): Ion allocation success virtaddr : ret=3000123392 fd=36 heapid=1048576
12-15 16:15:04.824: E/mm-camera(278): [cgAF] ---------------------------------------------------------------------
12-15 16:15:04.824: E/mm-camera(278): [cgAF] AF Version : 0x3000
12-15 16:15:04.824: E/mm-camera(278): [cgAF] AF Cal: PAN: 0x0, MAC: 0x0, OFFSET: 0, PHASE-HEAD: 0x0(0)
12-15 16:15:04.824: E/mm-camera(278): [cgAF] Check OCR mode : Enabled(0), Dir(0)
12-15 16:15:04.824: E/mm-camera(278): [cgAF] AF Mode (0x3): PREVIEW CAF
12-15 16:15:04.824: E/mm-camera(278): [cgAF] Sensor image size ( 0 0 )
12-15 16:15:04.824: E/mm-camera(278): [cgAF] PafStatValid: 0 , CafStatValid: 0
12-15 16:15:04.824: E/mm-camera(278): [cgAF] Window Setting ERROR : Sensor Size(0, 0)
12-15 16:15:04.824: E/mm-camera(278): companion_check_crc:1139 iteration = 6, CRC from CC = 0x56667dac, CRC from FROM = 0x56667dac
12-15 16:15:04.824: E/mm-camera(278): companion_check_crc:1147 is_supported = 0xFDDF
12-15 16:15:04.824: E/mm-camera(278): companion_process:2141 is_supported = 0xFDDF
12-15 16:15:04.824: E/mm-camera(278): companion_load_master:1163 Loading master
12-15 16:15:04.824: E/cac3(278): [cac3_buffer_latency] Allocated 0xb2d24000, mem size 3997696 bytes from ION Heap ID 20: 29 ms
12-15 16:15:04.824: E/mm-camera(278): companion_get_info:1555 Read device id on i2c
12-15 16:15:04.824: E/mm-camera(278): companion_get_info:1564 Device id on i2c = 73c1
12-15 16:15:04.824: E/mm-camera(278): companion_process:2157 End load firmware !
12-15 16:15:04.824: I/mm-camera(278): server_process_hal_event:__DBG__ X sucess event id=1
12-15 16:15:04.824: W/mm-camera-intf(264): mm_camera_open: opened, break out while loop
12-15 16:15:04.824: I/mm-camera-intf(264): mm_camera_socket_create: socket_fd =53
12-15 16:15:04.834: E/cac3(278): [cac3_buffer_latency] memset for mem size 3997696 bytes: 12 ms
12-15 16:15:04.844: D/LocationManagerService(842): getProviders()=[]
12-15 16:15:04.844: D/LocationManagerService(842): getProviders()=[passive, network]
12-15 16:15:04.844: D/LocationManagerService(842): getBestProvider(Criteria[power=LOW acc=HIGH], true)=network
12-15 16:15:04.854: E/libaprpmem(278): Ion allocation success virtaddr : ret=2991091712 fd=38 heapid=1048576
12-15 16:15:04.854: E/cac3(278): [cac3_buffer_latency] Allocated 0xb2487000, mem size 7991296 bytes from ION Heap ID 20: 14 ms
12-15 16:15:04.854: E/cac3(278): [cac3_buffer_latency] memset for mem size 7991296 bytes: 5 ms
12-15 16:15:04.864: E/libaprpmem(278): Ion allocation success virtaddr : ret=2983100416 fd=39 heapid=1048576
12-15 16:15:04.864: E/cac3(278): [cac3_buffer_latency] Allocated 0xb1ce8000, mem size 7991296 bytes from ION Heap ID 20: 6 ms
12-15 16:15:04.864: E/qomx_image_core(264): OMX_Init:84] Complete 1
12-15 16:15:04.864: I/Thermal-Lib(264): Thermal-Lib-Client: Registraion successful for camera with handle:1
12-15 16:15:04.864: I/Thermal-Lib(264): Thermal-Lib-Client: Registraion successful for camcorder with handle:2
12-15 16:15:04.864: I/QCameraParameters(264): initDefaultParameters: supported preview sizes: 1920x1080,1440x1080,1280x720,1056x864,960x720,800x480,720x480,640x480,352x288,320x240,176x144
12-15 16:15:04.864: I/QCameraParameters(264): set Default prview sizes : 1920x1080
12-15 16:15:04.864: I/QCameraParameters(264): initDefaultParameters: supported video sizes: 1920x1080,1440x1080,1280x720,800x450,800x480,720x480,640x480,352x288,320x240,176x144
12-15 16:15:04.864: I/QCameraParameters(264): initDefaultParameters: supported picture sizes: 5312x2988,3984x2988,3264x2448,3264x1836,2560x1920,2048x1152,1920x1080,1280x960,1280x720,800x480,640x480
12-15 16:15:04.864: I/QCameraParameters(264): initDefaultParameters: supported live snapshot sizes: 5312x2988,4128x2322,4000x3000,3264x2448,3264x1836,3200x2400,2592x1944,2048x1536,2048x1152,1920x1080,1600x1200,1440x1080,1280x768,1280x720,1024x768,800x600,800x480,800x450,720x480,640x480,352x288,320x240,176x144
12-15 16:15:04.864: W/QCameraParameters(264): KEY_SUPPORTED_PREVIEW_FPS_RANGE = (10000,30000)
12-15 16:15:04.864: W/QCameraParameters(264): [PARM_DBG] Setting focus mode auto
12-15 16:15:04.864: W/QCameraParameters(264): Antibanding value from CSC =
12-15 16:15:04.864: W/QCameraParameters(264): [PARM_DBG] zoom_level = 0
12-15 16:15:04.864: W/QCameraParameters(264): [PARM_DBG] Denoise enable=1, plates=0
12-15 16:15:04.864: W/QCameraParameters(264): [PARM_DBG] m_bVisionMode = 0
12-15 16:15:04.864: I/QCameraParameters(264): setExifIspVersion: EXIF -FW [LOAD] : F16QLHF01GB
12-15 16:15:04.864: I/mm-camera(278): server_process_hal_event:__DBG__ E event id=3
12-15 16:15:04.864: I/mm-camera(278): server_process_hal_event:__DBG__ X sucess event id=3
12-15 16:15:04.864: E/mm-camera(278): mct_pipeline_process_set:command=800000e
12-15 16:15:04.874: W/QCameraParameters(264): [PARM_DBG] setNumOfSnapshot : nBurstNum = 1, nExpnum = 1
12-15 16:15:04.874: I/QCamera2HWI(264): [KPI Perf] openCamera: X
12-15 16:15:04.874: W/QCamera2Factory(264): cameraDeviceOpen : X
12-15 16:15:04.874: E/SecCameraCoreManager(264): initialize2
12-15 16:15:04.874: I/ShotCommon(264): ShotCommon created: pid=264
12-15 16:15:04.874: V/SecCameraCoreManager(264): getParameters(0)
12-15 16:15:04.874: E/cac3(278): [cac3_buffer_latency] memset for mem size 7991296 bytes: 7 ms
12-15 16:15:04.874: I/ShotCommon(264): Preview width(1920), height(1080)
12-15 16:15:04.874: I/ShotCommon(264): Preview color format [yuv420sp]
12-15 16:15:04.874: I/ShotCommon(264): Picture width(1920), height(1080)
12-15 16:15:04.874: I/ShotCommon(264): Picture color format [jpeg]
12-15 16:15:04.874: W/QCamera2HWI(264): enable_msg_type : E, msg type 3085
12-15 16:15:04.874: W/QCamera2HWI(264): enable_msg_type : X
12-15 16:15:04.874: I/ShotSingle(264): ShotSingle created: pid=264
12-15 16:15:04.874: V/ShotSingle(264): sendCommand(0)
12-15 16:15:04.874: W/QCamera2HWI(264): [KPI Perf] send_command: E
12-15 16:15:04.874: W/QCamera2HWI(264): [KPI Perf] send_command: X
12-15 16:15:04.874: W/QCamera2HWI(264): enable_msg_type : E, msg type 3085
12-15 16:15:04.874: W/QCamera2HWI(264): enable_msg_type : X
12-15 16:15:04.874: D/SecCameraCoreManager(264): setCallbacks
12-15 16:15:04.874: V/ShotSingle(264): setCallbacks(0)
12-15 16:15:04.874: W/QCamera2HWI(264): set_CallBacks : E
12-15 16:15:04.874: W/QCamera2HWI(264): set_CallBacks : X
12-15 16:15:04.874: D/SecCameraCoreManager(264): enableMsgType: 0xc0d
12-15 16:15:04.874: W/QCamera2HWI(264): enable_msg_type : E, msg type 3085
12-15 16:15:04.874: W/QCamera2HWI(264): enable_msg_type : X
12-15 16:15:04.874: D/OpenCV_NativeCamera(27974): Instantiated new CameraHandler (0x7801442d, 0x79d6e930)
12-15 16:15:04.874: D/SecCameraCoreManager(264): getParameters
12-15 16:15:04.874: V/SecCameraCoreManager(264): getParameters(0)
12-15 16:15:04.874: E/libaprpmem(278): Ion allocation success virtaddr : ret=2974683136 fd=41 heapid=1048576
12-15 16:15:04.874: E/cac3(278): [cac3_buffer_latency] Allocated 0xb14e1000, mem size 8417280 bytes from ION Heap ID 20: 6 ms
12-15 16:15:04.884: I/OpenCV_NativeCamera(27974): initCameraConnect: [ae-bracket-hdr=Off;ae-bracket-hdr-values=Off,AE-Bracket;anti-shake=0;antibanding=auto;antibanding-values=off,60hz,50hz,auto;auto-exposure-lock=false;auto-exposure-lock-supported=true;auto-exposure-values=matrix,center,spot;auto-whitebalance-lock=false;auto-whitebalance-lock-supported=true;brightness-step=1;camera-mode=0;contrast=5;contrast-step=1;denoise=denoise-on;denoise-values=denoise-off,denoise-on;dis=disable;dis-values=enable,disable;dual_mode=0;dualrecording-hint=0;dynamic-range-control=off;dynamic-range-control-values=;effect=none;effect-values=none,mono,negative,solarize,sepia,posterize,whiteboard,blackboard,aqua,emboss,sketch,neon;exif_exptime=0;exif_iso=0;exposure-compensation=0;exposure-compensation-step=0.5;face-detection=off;face-detection-values=off,on;face-recognition=off;face-recognition-values=off,on;fast-fps-mode=0;firmware-mode=none;flash-mode=off;flash-mode-values=off,auto,on,torch;flip-mode-values=off,flip-v,flip-h,flip-vh;fnumber-value-denominator=100;fnumber-value-
12-15 16:15:04.884: D/OpenCV_NativeCamera(27974): Supported Cameras: (null)
12-15 16:15:04.884: D/OpenCV_NativeCamera(27974): Supported Picture Sizes: 5312x2988,3984x2988,3264x2448,3264x1836,2560x1920,2048x1152,1920x1080,1280x960,1280x720,800x480,640x480
12-15 16:15:04.884: D/OpenCV_NativeCamera(27974): Supported Picture Formats: jpeg,bayer-qcom-10gbrg,bayer-qcom-10grbg,bayer-qcom-10rggb,bayer-qcom-10bggr,bayer-mipi-10gbrg,bayer-mipi-10grbg,bayer-mipi-10rggb,bayer-mipi-10bggr,yuv422sp
12-15 16:15:04.884: D/OpenCV_NativeCamera(27974): Supported Preview Sizes: 1920x1080,1440x1080,1280x720,1056x864,960x720,800x480,720x480,640x480,352x288,320x240,176x144
12-15 16:15:04.884: D/OpenCV_NativeCamera(27974): Supported Preview Formats: yuv420sp,yuv420p
12-15 16:15:04.884: D/OpenCV_NativeCamera(27974): Supported Preview Frame Rates: 15,24,30
12-15 16:15:04.884: D/OpenCV_NativeCamera(27974): Supported Thumbnail Sizes: 512x288,480x288,256x154,432x288,512x384,352x288,320x240,176x144,0x0
12-15 16:15:04.884: D/OpenCV_NativeCamera(27974): Supported Whitebalance Modes: auto,incandescent,fluorescent,daylight,cloudy-daylight
12-15 16:15:04.884: D/OpenCV_NativeCamera(27974): Supported Effects: none,mono,negative,solarize,sepia,posterize,whiteboard,blackboard,aqua,emboss,sketch,neon
12-15 16:15:04.884: D/OpenCV_NativeCamera(27974): Supported Scene Modes: auto,hdr
12-15 16:15:04.884: E/cac3(278): [cac3_buffer_latency] memset for mem size 8417280 bytes: 5 ms
12-15 16:15:04.884: D/OpenCV_NativeCamera(27974): Supported Focus Modes: auto,infinity,macro,continuous-video,continuous-picture
12-15 16:15:04.884: D/OpenCV_NativeCamera(27974): Supported Antibanding Options: off,60hz,50hz,auto
12-15 16:15:04.884: D/OpenCV_NativeCamera(27974): Supported Flash Modes: off,auto,on,torch
12-15 16:15:04.884: V/ShotSingle(264): setParameters(0)
12-15 16:15:04.884: W/QCamera2HWI(264): [KPI Perf] set_parameters: E
12-15 16:15:04.884: E/libaprpmem(278): Ion allocation success virtaddr : ret=2970685440 fd=42 heapid=1048576
12-15 16:15:04.884: E/cac3(278): [cac3_buffer_latency] Allocated 0xb1111000, mem size 3997696 bytes from ION Heap ID 20: 3 ms
12-15 16:15:04.884: W/QCameraParameters(264): updateParameters : E - mCameraId=0, line=4303
12-15 16:15:04.884: W/QCameraParameters(264): [FW_DBG] setFirmwareMode: none
12-15 16:15:04.884: W/QCameraParameters(264): [PARM_DBG] Requested preview size 1920 x 1080
12-15 16:15:04.884: W/QCameraParameters(264): [PARM_DBG] dualrecording-hint : 0 m_FaceAE=1 Camera ID=0
12-15 16:15:04.884: W/QCameraParameters(264): [PARM_DBG] Requested video size 1920 x 1080
12-15 16:15:04.884: W/QCameraParameters(264): [PARM_DBG] Requested picture size 1920 x 1080
12-15 16:15:04.884: W/QCameraParameters(264): [PARM_DBG] Requested FOV 62.000000
12-15 16:15:04.884: W/QCameraParameters(264): [PARM_DBG] requested jpeg thumbnail size 512 x 288
12-15 16:15:04.884: W/QCameraParameters(264): [PARM_DBG] set optimal jpeg thumbnail size 512 x 288
12-15 16:15:04.884: W/QCameraParameters(264): [PARM_DBG] m_bNoDisplayMode = 0
12-15 16:15:04.894: E/cac3(278): [cac3_buffer_latency] memset for mem size 3997696 bytes: 3 ms
12-15 16:15:04.894: W/QCameraParameters(264): [PARM_DBG] ZSL = off
12-15 16:15:04.894: I/QCameraParameters(264): [PARM_DBG] Requested FpsRange Values:(10000, 30000)
12-15 16:15:04.894: W/QCameraParameters(264): [PARM_DBG] Setting focus mode continuous-video
12-15 16:15:04.894: W/QCameraParameters(264): [PARM_DBG] flash mode = off
12-15 16:15:04.894: W/QCameraParameters(264): [PARM_DBG] AEC lock = false
12-15 16:15:04.894: W/QCameraParameters(264): [PARM_DBG] AWB lock = false
12-15 16:15:04.894: W/QCameraParameters(264): [PARM_DBG] mHdrMode 0 mTakeLowlight 0
12-15 16:15:04.894: W/QCameraParameters(264): [PARM_DBG] live snapshot size 1920 x 1080
12-15 16:15:04.894: W/QCameraParameters(264): updateParameters : X - mCameraId=0, final_rc=0, line=4447
12-15 16:15:04.894: I/mm-camera(278): server_process_hal_event:__DBG__ E event id=3
12-15 16:15:04.894: I/mm-camera(278): server_process_hal_event:__DBG__ X sucess event id=3
12-15 16:15:04.894: E/mm-camera(278): mct_pipeline_process_set:command=800000e
12-15 16:15:04.894: W/QCameraParameters(264): [PARM_DBG] setNumOfSnapshot : nBurstNum = 1, nExpnum = 1
12-15 16:15:04.894: W/QCamera2HWI(264): [KPI Perf] set_parameters : X, ret 0
12-15 16:15:04.894: I/ThermalEngine(280): Thermal-Server: Adding thermal event listener on fd 10
12-15 16:15:04.894: D/OpenCV_NativeCamera(27974): initCameraConnect: autofocus is set to mode "continuous-video"
12-15 16:15:04.894: I/Thermal-Lib(264): Thermal-Lib-Client: Client received msg camera 0
12-15 16:15:04.894: W/QCamera2HWI(264): thermalEvtHandle: level = 0, userdata = 0x0, data = 0x0
12-15 16:15:04.894: W/QCameraStateMachine(264): int32_t qcamera::QCameraStateMachine::procEvtPreviewStoppedState(qcamera::qcamera_sm_evt_enum_t, void*): cannot handle evt(31) in state(0)
12-15 16:15:04.894: I/Thermal-Lib(264): Thermal-Lib-Client: Client received msg camcorder 0
12-15 16:15:04.894: W/QCamera2HWI(264): thermalEvtHandle: level = 0, userdata = 0x0, data = 0x0
12-15 16:15:04.894: W/QCameraStateMachine(264): int32_t qcamera::QCameraStateMachine::procEvtPreviewStoppedState(qcamera::qcamera_sm_evt_enum_t, void*): cannot handle evt(31) in state(0)
12-15 16:15:04.894: V/ShotSingle(264): setParameters(0)
12-15 16:15:04.894: W/QCamera2HWI(264): [KPI Perf] set_parameters: E
12-15 16:15:04.894: I/QCamera2HWI(264): cbNotifyRoutine: E
12-15 16:15:04.894: W/QCameraParameters(264): updateParameters : E - mCameraId=0, line=4303
12-15 16:15:04.894: W/QCameraParameters(264): [FW_DBG] setFirmwareMode: none
12-15 16:15:04.894: W/QCameraParameters(264): [PARM_DBG] Requested preview size 1920 x 1080
12-15 16:15:04.894: W/QCameraParameters(264): [PARM_DBG] dualrecording-hint : 0 m_FaceAE=1 Camera ID=0
12-15 16:15:04.894: W/QCameraParameters(264): [PARM_DBG] Requested video size 1920 x 1080
12-15 16:15:04.894: W/QCameraParameters(264): [PARM_DBG] Requested picture size 1920 x 1080
12-15 16:15:04.894: W/QCameraParameters(264): [PARM_DBG] Requested FOV 62.000000
12-15 16:15:04.894: W/QCameraParameters(264): [PARM_DBG] requested jpeg thumbnail size 512 x 288
12-15 16:15:04.894: W/QCameraParameters(264): [PARM_DBG] set optimal jpeg thumbnail size 512 x 288
12-15 16:15:04.894: W/QCameraParameters(264): [PARM_DBG] m_bNoDisplayMode = 0
12-15 16:15:04.894: W/QCameraParameters(264): [PARM_DBG] ZSL = off
12-15 16:15:04.894: I/QCameraParameters(264): [PARM_DBG] Requested FpsRange Values:(10000, 30000)
12-15 16:15:04.894: W/QCameraParameters(264): [PARM_DBG] flash mode = off
12-15 16:15:04.894: W/QCameraParameters(264): [PARM_DBG] AEC lock = false
12-15 16:15:04.894: W/QCameraParameters(264): [PARM_DBG] AWB lock = false
12-15 16:15:04.894: W/QCameraParameters(264): [PARM_DBG] mHdrMode 0 mTakeLowlight 0
12-15 16:15:04.894: W/QCameraParameters(264): [PARM_DBG] live snapshot size 1920 x 1080
12-15 16:15:04.894: W/QCameraParameters(264): updateParameters : X - mCameraId=0, final_rc=0, line=4447
12-15 16:15:04.894: I/mm-camera(278): server_process_hal_event:__DBG__ E event id=3
12-15 16:15:04.894: I/mm-camera(278): server_process_hal_event:__DBG__ X sucess event id=3
12-15 16:15:04.894: E/mm-camera(278): mct_pipeline_process_set:command=800000e
12-15 16:15:04.904: W/QCameraParameters(264): [PARM_DBG] setNumOfSnapshot : nBurstNum = 1, nExpnum = 1
12-15 16:15:04.904: W/QCamera2HWI(264): [KPI Perf] set_parameters : X, ret 0
12-15 16:15:04.904: D/OpenCV_NativeCamera(27974): initCameraConnect: preview format is set to yuv420sp
12-15 16:15:04.904: V/ShotSingle(264): setParameters(0)
12-15 16:15:04.904: W/QCamera2HWI(264): [KPI Perf] set_parameters: E
12-15 16:15:04.904: E/libaprpmem(278): Ion allocation success virtaddr : ret=2954702848 fd=43 heapid=1048576
12-15 16:15:04.904: E/cac3(278): [cac3_buffer_latency] Allocated 0xb01d3000, mem size 15982592 bytes from ION Heap ID 20: 11 ms
12-15 16:15:04.904: W/QCameraParameters(264): updateParameters : E - mCameraId=0, line=4303
12-15 16:15:04.904: W/QCameraParameters(264): [FW_DBG] setFirmwareMode: none
12-15 16:15:04.904: W/QCameraParameters(264): [PARM_DBG] Requested preview size 640 x 480
12-15 16:15:04.904: W/QCameraParameters(264): [PARM_DBG] dualrecording-hint : 0 m_FaceAE=1 Camera ID=0
12-15 16:15:04.904: W/QCameraParameters(264): [PARM_DBG] Requested video size 1920 x 1080
12-15 16:15:04.904: W/QCameraParameters(264): [PARM_DBG] Requested picture size 1920 x 1080
12-15 16:15:04.904: W/QCameraParameters(264): [PARM_DBG] Requested FOV 62.000000
12-15 16:15:04.904: W/QCameraParameters(264): [PARM_DBG] requested jpeg thumbnail size 512 x 288
12-15 16:15:04.904: W/QCameraParameters(264): [PARM_DBG] set optimal jpeg thumbnail size 512 x 288
12-15 16:15:04.904: W/QCameraParameters(264): [PARM_DBG] m_bNoDisplayMode = 0
12-15 16:15:04.904: W/QCameraParameters(264): [PARM_DBG] ZSL = off
12-15 16:15:04.904: I/QCameraParameters(264): [PARM_DBG] Requested FpsRange Values:(10000, 30000)
12-15 16:15:04.904: W/QCameraParameters(264): [PARM_DBG] flash mode = off
12-15 16:15:04.904: W/QCameraParameters(264): [PARM_DBG] AEC lock = false
12-15 16:15:04.904: W/QCameraParameters(264): [PARM_DBG] AWB lock = false
12-15 16:15:04.904: W/QCameraParameters(264): [PARM_DBG] mHdrMode 0 mTakeLowlight 0
12-15 16:15:04.904: W/QCameraParameters(264): [PARM_DBG] live snapshot size 1920 x 1080
12-15 16:15:04.904: W/QCameraParameters(264): updateParameters : X - mCameraId=0, final_rc=0, line=4447
12-15 16:15:04.904: I/mm-camera(278): server_process_hal_event:__DBG__ E event id=3
12-15 16:15:04.904: I/mm-camera(278): server_process_hal_event:__DBG__ X sucess event id=3
12-15 16:15:04.904: E/mm-camera(278): mct_pipeline_process_set:command=800000e
12-15 16:15:04.904: W/QCameraParameters(264): [PARM_DBG] setNumOfSnapshot : nBurstNum = 1, nExpnum = 1
12-15 16:15:04.904: W/QCamera2HWI(264): [KPI Perf] set_parameters : X, ret 0
12-15 16:15:04.904: D/OpenCV_NativeCamera(27974): initCameraConnect: preview format is set to 640x480
12-15 16:15:04.904: A/libc(27974): Fatal signal 11 (SIGSEGV) at 0x00000000 (code=1), thread 27974 (fertImageServer)
12-15 16:15:04.914: E/cac3(278): [cac3_buffer_latency] memset for mem size 15982592 bytes: 10 ms
12-15 16:15:04.914: E/libaprpmem(278): Ion allocation success virtaddr : ret=2950639616 fd=44 heapid=1048576
12-15 16:15:04.914: E/cac3(278): [cac3_buffer_latency] Allocated 0xafdf3000, mem size 4063232 bytes from ION Heap ID 20: 3 ms
12-15 16:15:04.924: E/cac3(278): [cac3_buffer_latency] memset for mem size 4063232 bytes: 4 ms
12-15 16:15:04.924: E/libaprpmem(278): Ion allocation success virtaddr : ret=2946576384 fd=45 heapid=1048576
12-15 16:15:04.924: E/cac3(278): [cac3_buffer_latency] Allocated 0xafa13000, mem size 4063232 bytes from ION Heap ID 20: 3 ms
12-15 16:15:04.934: E/cac3(278): [cac3_buffer_latency] memset for mem size 4063232 bytes: 4 ms
12-15 16:15:04.934: E/libaprpmem(278): Ion allocation success virtaddr : ret=2942513152 fd=46 heapid=1048576
12-15 16:15:04.934: E/cac3(278): [cac3_buffer_latency] Allocated 0xaf633000, mem size 4063232 bytes from ION Heap ID 20: 2 ms
12-15 16:15:04.934: E/cac3(278): [cac3_buffer_latency] memset for mem size 4063232 bytes: 2 ms
