05-22 12:04:50.445: E/android.os.Debug(2035): failed to load memtrack module: -2
05-22 12:04:50.500: V/csr_gnss(518): called: csr_gnss_upa_inject_location
05-22 12:04:50.500: D/csr_gnss(518): RefLoc: flag(1) lat(34.415232) lon(-119.840725) herr(65.351997) adjherr(11000) verr(10000)
05-22 12:04:50.500: V/csr_gnss(518): called: csr_gnss_inject_ref_location
05-22 12:04:50.500: V/csr_gnss(518): return: csr_gnss_inject_ref_location
05-22 12:04:50.508: V/csr_gnss(518): return: csr_gnss_upa_inject_location
05-22 12:04:50.562: D/AndroidRuntime(2035): Calling main entry com.android.commands.am.Am
05-22 12:04:50.695: I/ActivityManager(518): START u0 {act=android.intent.action.MAIN cat=[android.intent.category.LAUNCHER] flg=0x10000000 cmp=org.opencv.samples.NativeActivity/.CvNativeActivity} from pid 2035
05-22 12:04:50.711: I/MainTimelineActivity[41b9aba8](830): onPause
05-22 12:04:50.711: I/MainTimelineActivity[41b9aba8](830): Removing listener from VoiceService: MainTimelineActivity[41b9aba8]
05-22 12:04:50.711: W/VoiceEngine[41b95d30](892): Transition to VoiceConfig [] requested, but already in that config.
05-22 12:04:50.719: D/AndroidRuntime(2035): Shutting down VM
05-22 12:04:50.719: D/jdwp(2035): Got wake-up signal, bailing out of select
05-22 12:04:50.719: D/dalvikvm(2035): Debugger has detached; object registry had 1 entries
05-22 12:04:50.734: I/ActivityManager(518): Start proc org.opencv.samples.NativeActivity for activity org.opencv.samples.NativeActivity/.CvNativeActivity: pid=2045 uid=10009 gids={50009}
05-22 12:04:50.742: D/dalvikvm(2045): Late-enabling CheckJNI
05-22 12:04:50.742: D/dalvikvm(2045): Try to disable coredump for pid 2045
05-22 12:04:50.742: D/dalvikvm(2045): Process 2045 nice name: org.opencv.samples.NativeActivity
05-22 12:04:50.742: D/dalvikvm(2045): Extra Options: not specified
05-22 12:04:50.781: I/dalvikvm(2045): Enabling JNI app bug workarounds for target SDK version 9...
05-22 12:04:50.805: W/SettingsCoverLiveCard/stateReceiver(783): Not unregistering receiver, because it is not registered.
05-22 12:04:50.805: W/InetConnectionState/connectivityReceiver(783): Not unregistering receiver, because it is not registered.
05-22 12:04:50.812: D/CardScrollView(830): Deactivating.
05-22 12:04:50.812: I/MainTimelineActivity[41b9aba8](830): onStop
05-22 12:04:50.812: W/SettingsCoverLiveCard/stateReceiver(783): Not unregistering receiver, because it is not registered.
05-22 12:04:50.820: W/InetConnectionState/connectivityReceiver(783): Not unregistering receiver, because it is not registered.
05-22 12:04:50.828: W/SettingsCoverLiveCard/stateReceiver(783): Not unregistering receiver, because it is not registered.
05-22 12:04:50.828: W/InetConnectionState/connectivityReceiver(783): Not unregistering receiver, because it is not registered.
05-22 12:04:50.867: I/OCVSample::Activity(2045): Instantiated new class org.opencv.samples.NativeActivity.CvNativeActivity
05-22 12:04:50.875: W/ContextImpl(2045): Implicit intents with startService are not safe: Intent { act=org.opencv.engine.BIND } android.content.ContextWrapper.bindService:517 org.opencv.android.AsyncServiceHelper.initOpenCV:24 org.opencv.android.OpenCVLoader.initAsync:79
05-22 12:04:50.898: D/dalvikvm(2058): Process 2058 nice name: org.opencv.engine:OpenCVEngineProcess
05-22 12:04:50.898: D/dalvikvm(2058): Extra Options: not specified
05-22 12:04:50.898: I/ActivityManager(518): Start proc org.opencv.engine:OpenCVEngineProcess for service org.opencv.engine/.OpenCVEngineService: pid=2058 uid=10036 gids={50036}
05-22 12:04:50.914: I/dalvikvm(2058): Enabling JNI app bug workarounds for target SDK version 9...
05-22 12:04:50.945: D/skia(2035): SkGraphics::Term() dlclose() BLTsville (CPU)
05-22 12:04:50.984: I/OpenCVEngine/Service(2058): Service starting
05-22 12:04:50.984: I/OpenCVEngine/Service(2058): Engine binder component creating
05-22 12:04:50.984: D/dalvikvm(2058): Trying to load lib /data/app-lib/org.opencv.engine-1/libOpenCVEngine.so 0x41b21d10
05-22 12:04:51.062: D/InputMethodManagerService(518): --- calledFromForegroundUserOrSystemProcess ? calling uid = 1000 system uid = 1000 calling userId = 0, foreground user id = 0, calling pid = 518com.android.server.wm.WindowManagerService.openSession(WindowManagerService.java:7638)
05-22 12:04:51.117: E/OpenCV_for_Tegra(2058): Cannot create OpenGL context
05-22 12:04:51.133: D/InputMethodManagerService(518): --- calledFromForegroundUserOrSystemProcess ? calling uid = 10009 system uid = 1000 calling userId = 0, foreground user id = 0, calling pid = 2045com.android.server.InputMethodManagerService.windowGainedFocus(InputMethodManagerService.java:1882)
05-22 12:04:51.133: V/InputMethodManagerService(518): windowGainedFocus: android.os.BinderProxy@41c94e68 controlFlags=#104 softInputMode=#120 windowFlags=#40010100
05-22 12:04:51.133: V/InputMethodManagerService(518): Unspecified window will hide input
05-22 12:04:51.141: V/InputMethodManagerService(518): unbindCurrentInputLocked: client = android.os.BinderProxy@41b69620
05-22 12:04:51.141: V/InputMethodManagerService(518): Hide switching menu
05-22 12:04:51.141: V/InputMethodManagerService(518): switching to client: client = android.os.BinderProxy@41c94e68 keyguard=false
05-22 12:04:51.141: V/InputMethodManagerService(518): Creating new session for client ClientState{41c56d68 uid 10009 pid 2045}
05-22 12:04:51.141: V/InputMethodManagerService(518): Disabling: SessionState{uid 10010 pid 830 method 41de8c98 session 41f00068 channel ClientState{41f4b110 uid 10010 pid 830} (server)}
05-22 12:04:51.141: W/IInputConnectionWrapper(830): showStatusIcon on inactive InputConnection
05-22 12:04:51.141: V/InputMethodManagerService(518): Enabling: SessionState{uid 10009 pid 2045 method 41de8c98 session 41cb5498 channel ClientState{41c56d68 uid 10009 pid 2045} (server)}
05-22 12:04:51.172: D/OpenCVEngine(2058): Using ARM HW detector
05-22 12:04:51.172: D/dalvikvm(2058): Added shared lib /data/app-lib/org.opencv.engine-1/libOpenCVEngine.so 0x41b21d10
05-22 12:04:51.172: D/dalvikvm(2058): No JNI_OnLoad found in /data/app-lib/org.opencv.engine-1/libOpenCVEngine.so 0x41b21d10, skipping init
05-22 12:04:51.172: D/dalvikvm(2058): Trying to load lib /data/app-lib/org.opencv.engine-1/libOpenCVEngine_jni.so 0x41b21d10
05-22 12:04:51.180: D/dalvikvm(2058): Added shared lib /data/app-lib/org.opencv.engine-1/libOpenCVEngine_jni.so 0x41b21d10
05-22 12:04:51.180: D/dalvikvm(2058): No JNI_OnLoad found in /data/app-lib/org.opencv.engine-1/libOpenCVEngine_jni.so 0x41b21d10, skipping init
05-22 12:04:51.180: D/OpenCVEngine/JNI(2058): Java_org_opencv_engine_BinderConnector_Init
05-22 12:04:51.180: I/OpenCVEngine/JNI(2058): Creating new component
05-22 12:04:51.180: I/OpenCVEngine/JNI(2058): New component created successfully
05-22 12:04:51.180: I/OpenCVEngine/Service(2058): Service started successfully
05-22 12:04:51.180: I/OpenCVEngine/Service(2058): Service onBind called for intent Intent { act=org.opencv.engine.BIND }
05-22 12:04:51.187: D/OpenCVManager/Helper(2045): Service connection created
05-22 12:04:51.195: D/OpenCVEngine(2058): OpenCVEngine::OnTransact(1,16)
05-22 12:04:51.195: D/OpenCVEngine(2058): OpenCVEngine OCVE_GET_ENGINE_VERSION request
05-22 12:04:51.195: D/OpenCVEngine(2058): OpenCVEngine::GetVersion()
05-22 12:04:51.195: D/OpenCVManager/Helper(2045): Trying to get library path
05-22 12:04:51.195: D/OpenCVEngine(2058): OpenCVEngine::OnTransact(2,16)
05-22 12:04:51.195: D/OpenCVEngine(2058): OpenCVEngine OCVE_GET_LIB_PATH_BY_VERSION request
05-22 12:04:51.195: D/OpenCVEngine(2058): OpenCVEngine::GetLibPathByVersion(2.4.3)
05-22 12:04:51.195: D/OpenCVEngine(2058): OpenCVEngine::GetLibPathByVersion(2.4.3) impl
05-22 12:04:51.195: D/OpenCVEngine(2058): PackageInfo::PackageInfo: package arch ARMv7
05-22 12:04:51.195: D/JavaBasedPackageManager(2058): JavaBasedPackageManager::GetInstalledPackages() begin
05-22 12:04:51.211: I/ActivityManager(518): Displayed org.opencv.samples.NativeActivity/.CvNativeActivity: +489ms
05-22 12:04:51.219: D/JavaBasedPackageManager(2058): Package info conversion
05-22 12:04:51.227: D/OpenCVEngine(2058): PackageInfo::PackageInfo("org.opencv.engine", "/data/app-lib/org.opencv.engine-1", "2.18")
05-22 12:04:51.227: D/OpenCVEngine(2058): Trying to load info library "/data/app-lib/org.opencv.engine-1/libopencv_info.so"
05-22 12:04:51.227: I/OpenCVEngine(2058): OpenCV package "org.opencv.lib_v24_armv7a_neon" revision "9.0.1" found
05-22 12:04:51.227: D/JavaBasedPackageManager(2058): JavaBasedPackageManager::GetInstalledPackages() end
05-22 12:04:51.227: D/CommonPackageManager(2058): Check version "2040300" compatibility with "2040900"
05-22 12:04:51.227: D/CommonPackageManager(2058): Compatible
05-22 12:04:51.227: D/CommonPackageManager(2058): !!! Calculating rating for ARM
05-22 12:04:51.227: D/CommonPackageManager(2058): Checking (0, 67108864) against (0,268435466)
05-22 12:04:51.227: D/CommonPackageManager(2058): Checking (0, 134217728) against (0,268435466)
05-22 12:04:51.227: D/CommonPackageManager(2058): Checking (0, 134217729) against (0,268435466)
05-22 12:04:51.227: D/CommonPackageManager(2058): Checking (0, 134217730) against (0,268435466)
05-22 12:04:51.227: D/CommonPackageManager(2058): Checking (0, 134217731) against (0,268435466)
05-22 12:04:51.227: D/CommonPackageManager(2058): Checking (0, 268435456) against (0,268435466)
05-22 12:04:51.234: D/CommonPackageManager(2058): Checking (0, 268435457) against (0,268435466)
05-22 12:04:51.234: D/CommonPackageManager(2058): Checking (2, 268435457) against (0,268435466)
05-22 12:04:51.234: D/CommonPackageManager(2058): Checking (0, 268435458) against (0,268435466)
05-22 12:04:51.234: D/CommonPackageManager(2058): Checking (0, 268435459) against (0,268435466)
05-22 12:04:51.234: D/CommonPackageManager(2058): Checking (0, 268435464) against (0,268435466)
05-22 12:04:51.234: D/CommonPackageManager(2058): Checking (0, 268435465) against (0,268435466)
05-22 12:04:51.234: D/CommonPackageManager(2058): Checking (0, 268435466) against (0,268435466)
05-22 12:04:51.234: D/CommonPackageManager(2058): Rating found: 12
05-22 12:04:51.234: D/CommonPackageManager(2058): Current hardware platform rating 12 for (0,268435466)
05-22 12:04:51.234: D/CommonPackageManager(2058): !!! Calculating rating for ARM
05-22 12:04:51.234: D/CommonPackageManager(2058): Checking (0, 67108864) against (0,268435464)
05-22 12:04:51.234: D/CommonPackageManager(2058): Checking (0, 134217728) against (0,268435464)
05-22 12:04:51.234: D/CommonPackageManager(2058): Checking (0, 134217729) against (0,268435464)
05-22 12:04:51.234: D/CommonPackageManager(2058): Checking (0, 134217730) against (0,268435464)
05-22 12:04:51.234: D/CommonPackageManager(2058): Checking (0, 134217731) against (0,268435464)
05-22 12:04:51.234: D/CommonPackageManager(2058): Checking (0, 268435456) against (0,268435464)
05-22 12:04:51.234: D/CommonPackageManager(2058): Checking (0, 268435457) against (0,268435464)
05-22 12:04:51.234: D/CommonPackageManager(2058): Checking (2, 268435457) against (0,268435464)
05-22 12:04:51.234: D/CommonPackageManager(2058): Checking (0, 268435458) against (0,268435464)
05-22 12:04:51.234: D/CommonPackageManager(2058): Checking (0, 268435459) against (0,268435464)
05-22 12:04:51.234: D/CommonPackageManager(2058): Checking (0, 268435464) against (0,268435464)
05-22 12:04:51.234: D/CommonPackageManager(2058): Rating found: 10
05-22 12:04:51.234: D/CommonPackageManager(2058): Package "org.opencv.lib_v24_armv7a_neon" rating 10 for (0,268435464)
05-22 12:04:51.234: D/OpenCVEngine(2058): Fixing permissions for folder: "/data/app-lib/org.opencv.engine-1"
05-22 12:04:51.258: D/OpenCVEngine(2058): Fix permissions for "."
05-22 12:04:51.258: D/OpenCVEngine(2058): Fix permissions for ".."
05-22 12:04:51.258: D/OpenCVEngine(2058): Fix permissions for "libopencv_java.so"
05-22 12:04:51.289: D/OpenCVEngine(2058): Fix permissions for "libOpenCVEngine.so"
05-22 12:04:51.289: D/OpenCVEngine(2058): Fix permissions for "libnative_camera_r4.3.0.so"
05-22 12:04:51.289: D/OpenCVEngine(2058): Fix permissions for "libnative_camera_r4.0.3.so"
05-22 12:04:51.289: D/OpenCVEngine(2058): Fix permissions for "libOpenCVEngine_jni.so"
05-22 12:04:51.289: D/OpenCVEngine(2058): Fix permissions for "libnative_camera_r4.4.0.so"
05-22 12:04:51.289: D/OpenCVEngine(2058): Fix permissions for "libnative_camera_r2.3.3.so"
05-22 12:04:51.289: D/OpenCVEngine(2058): Fix permissions for "libnative_camera_r4.2.0.so"
05-22 12:04:51.289: D/OpenCVEngine(2058): Fix permissions for "libnative_camera_r2.2.0.so"
05-22 12:04:51.289: D/OpenCVEngine(2058): Fix permissions for "libopencv_dynamicuda.so"
05-22 12:04:51.289: D/OpenCVEngine(2058): Fix permissions for "libnative_camera_r4.0.0.so"
05-22 12:04:51.289: D/OpenCVEngine(2058): Fix permissions for "libnative_camera_r4.1.1.so"
05-22 12:04:51.289: D/OpenCVEngine(2058): Fix permissions for "libopencv_info.so"
05-22 12:04:51.289: D/OpenCVEngine(2058): Fix permissions for "libnative_camera_r3.0.1.so"
05-22 12:04:51.289: D/OpenCVManager/Helper(2045): Trying to get library list
05-22 12:04:51.289: D/OpenCVEngine(2058): OpenCVEngine::OnTransact(4,16)
05-22 12:04:51.289: D/OpenCVEngine(2058): OpenCVEngine OCVE_GET_LIB_LIST request
05-22 12:04:51.289: D/OpenCVEngine(2058): OpenCVEngine::GetLibraryList(2.4.3)
05-22 12:04:51.289: D/OpenCVEngine(2058): PackageInfo::PackageInfo: package arch ARMv7
05-22 12:04:51.289: D/JavaBasedPackageManager(2058): JavaBasedPackageManager::GetInstalledPackages() begin
05-22 12:04:51.312: D/JavaBasedPackageManager(2058): Package info conversion
05-22 12:04:51.312: D/OpenCVEngine(2058): PackageInfo::PackageInfo("org.opencv.engine", "/data/app-lib/org.opencv.engine-1", "2.18")
05-22 12:04:51.312: D/OpenCVEngine(2058): Trying to load info library "/data/app-lib/org.opencv.engine-1/libopencv_info.so"
05-22 12:04:51.312: I/OpenCVEngine(2058): OpenCV package "org.opencv.lib_v24_armv7a_neon" revision "9.0.1" found
05-22 12:04:51.312: D/JavaBasedPackageManager(2058): JavaBasedPackageManager::GetInstalledPackages() end
05-22 12:04:51.312: D/CommonPackageManager(2058): Check version "2040300" compatibility with "2040900"
05-22 12:04:51.312: D/CommonPackageManager(2058): Compatible
05-22 12:04:51.312: D/CommonPackageManager(2058): !!! Calculating rating for ARM
05-22 12:04:51.312: D/CommonPackageManager(2058): Checking (0, 67108864) against (0,268435466)
05-22 12:04:51.312: D/CommonPackageManager(2058): Checking (0, 134217728) against (0,268435466)
05-22 12:04:51.312: D/CommonPackageManager(2058): Checking (0, 134217729) against (0,268435466)
05-22 12:04:51.312: D/CommonPackageManager(2058): Checking (0, 134217730) against (0,268435466)
05-22 12:04:51.312: D/CommonPackageManager(2058): Checking (0, 134217731) against (0,268435466)
05-22 12:04:51.312: D/CommonPackageManager(2058): Checking (0, 268435456) against (0,268435466)
05-22 12:04:51.312: D/CommonPackageManager(2058): Checking (0, 268435457) against (0,268435466)
05-22 12:04:51.312: D/CommonPackageManager(2058): Checking (2, 268435457) against (0,268435466)
05-22 12:04:51.312: D/CommonPackageManager(2058): Checking (0, 268435458) against (0,268435466)
05-22 12:04:51.312: D/CommonPackageManager(2058): Checking (0, 268435459) against (0,268435466)
05-22 12:04:51.312: D/CommonPackageManager(2058): Checking (0, 268435464) against (0,268435466)
05-22 12:04:51.312: D/CommonPackageManager(2058): Checking (0, 268435465) against (0,268435466)
05-22 12:04:51.312: D/CommonPackageManager(2058): Checking (0, 268435466) against (0,268435466)
05-22 12:04:51.312: D/CommonPackageManager(2058): Rating found: 12
05-22 12:04:51.312: D/CommonPackageManager(2058): Current hardware platform rating 12 for (0,268435466)
05-22 12:04:51.312: D/CommonPackageManager(2058): !!! Calculating rating for ARM
05-22 12:04:51.312: D/CommonPackageManager(2058): Checking (0, 67108864) against (0,268435464)
05-22 12:04:51.312: D/CommonPackageManager(2058): Checking (0, 134217728) against (0,268435464)
05-22 12:04:51.312: D/CommonPackageManager(2058): Checking (0, 134217729) against (0,268435464)
05-22 12:04:51.312: D/CommonPackageManager(2058): Checking (0, 134217730) against (0,268435464)
05-22 12:04:51.312: D/CommonPackageManager(2058): Checking (0, 134217731) against (0,268435464)
05-22 12:04:51.312: D/CommonPackageManager(2058): Checking (0, 268435456) against (0,268435464)
05-22 12:04:51.312: D/CommonPackageManager(2058): Checking (0, 268435457) against (0,268435464)
05-22 12:04:51.312: D/CommonPackageManager(2058): Checking (2, 268435457) against (0,268435464)
05-22 12:04:51.312: D/CommonPackageManager(2058): Checking (0, 268435458) against (0,268435464)
05-22 12:04:51.320: D/CommonPackageManager(2058): Checking (0, 268435459) against (0,268435464)
05-22 12:04:51.320: D/CommonPackageManager(2058): Checking (0, 268435464) against (0,268435464)
05-22 12:04:51.320: D/CommonPackageManager(2058): Rating found: 10
05-22 12:04:51.320: D/CommonPackageManager(2058): Package "org.opencv.lib_v24_armv7a_neon" rating 10 for (0,268435464)
05-22 12:04:51.320: D/OpenCVEngine(2058): Trying to load info library "/data/app-lib/org.opencv.engine-1/libopencv_info.so"
05-22 12:04:51.320: D/OpenCVManager/Helper(2045): Library list: ""
05-22 12:04:51.320: D/OpenCVManager/Helper(2045): First attempt to load libs
05-22 12:04:51.320: D/OpenCVManager/Helper(2045): Trying to init OpenCV libs
05-22 12:04:51.320: D/OpenCVManager/Helper(2045): Trying to load library /data/app-lib/org.opencv.engine-1/libopencv_java.so
05-22 12:04:51.320: D/dalvikvm(2045): Trying to load lib /data/app-lib/org.opencv.engine-1/libopencv_java.so 0x41b21f00
05-22 12:04:51.375: D/dalvikvm(2045): Added shared lib /data/app-lib/org.opencv.engine-1/libopencv_java.so 0x41b21f00
05-22 12:04:51.375: D/OpenCVManager/Helper(2045): OpenCV libs init was ok!
05-22 12:04:51.375: D/OpenCVManager/Helper(2045): First attempt to load libs is OK
05-22 12:04:51.375: I/OpenCVManager/Helper(2045): General configuration for OpenCV 2.4.9 =====================================
05-22 12:04:51.375: I/OpenCVManager/Helper(2045): Version control: 2.4.9
05-22 12:04:51.375: I/OpenCVManager/Helper(2045): Platform:
05-22 12:04:51.375: I/OpenCVManager/Helper(2045): Host: Linux 3.2.0-56-generic x86_64
05-22 12:04:51.375: I/OpenCVManager/Helper(2045): Target: Linux 1 armv7-a
05-22 12:04:51.375: I/OpenCVManager/Helper(2045): CMake: 2.8.12.1
05-22 12:04:51.375: I/OpenCVManager/Helper(2045): CMake generator: Ninja
05-22 12:04:51.375: I/OpenCVManager/Helper(2045): CMake build tool: /usr/local/bin/ninja
05-22 12:04:51.375: I/OpenCVManager/Helper(2045): Configuration: Release
05-22 12:04:51.375: I/OpenCVManager/Helper(2045): C/C++:
05-22 12:04:51.375: I/OpenCVManager/Helper(2045): Built as dynamic libs?: NO
05-22 12:04:51.375: I/OpenCVManager/Helper(2045): C++ Compiler: /opt/android-ndk-r8c/toolchains/arm-linux-androideabi-4.6/prebuilt/linux-x86/bin/arm-linux-androideabi-g++ (ver 4.6)
05-22 12:04:51.375: I/OpenCVManager/Helper(2045): C++ flags (Release): -fexceptions -frtti -Wno-psabi --sysroot=/opt/android-ndk-r8c/platforms/android-9/arch-arm -fpic -funwind-tables -finline-limit=64 -fsigned-char -no-canonical-prefixes -march=armv7-a -mfloat-abi=softfp -mfpu=neon -fdata-sections -ffunction-sections -Wa,--noexecstack -fweb -fwrapv -frename-registers -fsched2-use-superblocks -fsched2-use-traces -fsched-stalled-insns-dep=100 -fsched-stalled-insns=2 -fno-tree-vectorize -fsigned-char -W -Wall -Werror=return-type -Werror=address -Werror=sequence-point -Wformat -Werror=format-security -Wmissing-declarations -Wundef -Winit-self -Wpointer-arith -Wshadow -Wsign-promo -Wno-narrowing -fdiagnostics-show-option -fomit-frame-pointer -mfpu=neon -mthumb -fomit-frame-pointer -fno-strict-aliasing -O3 -DNDEBUG -DNDEBUG
05-22 12:04:51.375: I/OpenCVManager/Helper(2045): C++ flags (Debug): -fexceptions -frtti -Wno-psabi --sysroot=/opt/android-ndk-r8c/platforms/android-9/arch-arm -fpic -funwind-tables -finline-limit=64 -fsigned-char -no-canonical-prefixes -march=armv7-a -mfloat-abi=softfp -mfpu=neon -fdata-sections -ffunction-sections -Wa,--noexecstack -fweb -fwrapv -frename-registers -fsched2-use-superblocks -fsched2-use-traces -fsched-stalled-insns-dep=100 -fsched-stalled-insns=2 -fno-tree-vectorize -fsigned-char -W -Wall -Werror=return-type -Werror=address -Werror=sequence-point -Wformat -Werror=format-security -Wmissing-declarations -Wundef -Winit-self -Wpointer-arith -Wshadow -Wsign-promo -Wno-narrowing -fdiagnostics-show-option -fomit-frame-pointer -mfpu=neon -marm -fno-omit-frame-pointer -fno-strict-aliasing -O0 -g -DDEBUG -D_DEBUG -O0 -DDEBUG -D_DEBUG
05-22 12:04:51.375: I/OpenCVManager/Helper(2045): C Compiler: /opt/android-ndk-r8c/toolchains/arm-linux-androideabi-4.6/prebuilt/linux-x86/bin/arm-linux-androideabi-gcc
05-22 12:04:51.375: I/OpenCVManager/Helper(2045): C flags (Release): -fexceptions -Wno-psabi --sysroot=/opt/android-ndk-r8c/platforms/android-9/arch-arm -fpic -funwind-tables -finline-limit=64 -fsigned-char -no-canonical-prefixes -march=armv7-a -mfloat-abi=softfp -mfpu=neon -fdata-sections -ffunction-sections -Wa,--noexecstack -fweb -fwrapv -frename-registers -fsched2-use-superblocks -fsched2-use-traces -fsched-stalled-insns-dep=100 -fsched-stalled-insns=2 -fno-tree-vectorize -fsigned-char -W -Wall -Werror=return-type -Werror=address -Werror=sequence-point -Wformat -Werror=format-security -Wmissing-declarations -Wmissing-prototypes -Wstrict-prototypes -Wundef -Winit-self -Wpointer-arith -Wshadow -Wno-narrowing -fdiagnostics-show-option -fomit-frame-pointer -mfpu=neon -mthumb -fomit-frame-pointer -fno-strict-aliasing -O3 -DNDEBUG -DNDEBUG
05-22 12:04:51.375: I/OpenCVManager/Helper(2045): C flags (Debug): -fexceptions -Wno-psabi --sysroot=/opt/android-ndk-r8c/platforms/android-9/arch-arm -fpic -funwind-tables -finline-limit=64 -fsigned-char -no-canonical-prefixes -march=armv7-a -mfloat-abi=softfp -mfpu=neon -fdata-sections -ffunction-sections -Wa,--noexecstack -fweb -fwrapv -frename-registers -fsched2-use-superblocks -fsched2-use-traces -fsched-stalled-insns-dep=100 -fsched-stalled-insns=2 -fno-tree-vectorize -fsigned-char -W -Wall -Werror=return-type -Werror=address -Werror=sequence-point -Wformat -Werror=format-security -Wmissing-declarations -Wmissing-prototypes -Wstrict-prototypes -Wundef -Winit-self -Wpointer-arith -Wshadow -Wno-narrowing -fdiagnostics-show-option -fomit-frame-pointer -mfpu=neon -marm -fno-omit-frame-pointer -fno-strict-aliasing -O0 -g -DDEBUG -D_DEBUG -O0 -DDEBUG -D_DEBUG
05-22 12:04:51.375: I/OpenCVManager/Helper(2045): Linker flags (Release): -Wl,--fix-cortex-a8 -Wl,--no-undefined -Wl,-allow-shlib-undefined -Wl,--gc-sections -fuse-ld=gold -Wl,-z,noexecstack -Wl,-z,relro -Wl,-z,now
05-22 12:04:51.375: I/OpenCVManager/Helper(2045): Linker flags (Debug): -Wl,--fix-cortex-a8 -Wl,--no-undefined -Wl,-allow-shlib-undefined -Wl,--gc-sections -fuse-ld=gold -Wl,-z,noexecstack -Wl,-z,relro -Wl,-z,now
05-22 12:04:51.375: I/OpenCVManager/Helper(2045): Precompiled headers: NO
05-22 12:04:51.375: I/OpenCVManager/Helper(2045): OpenCV modules:
05-22 12:04:51.375: I/OpenCVManager/Helper(2045): To be built: core androidcamera flann imgproc highgui features2d calib3d ml objdetect video contrib photo java dynamicuda legacy gpu ocl stitching superres ts videostab
05-22 12:04:51.375: I/OpenCVManager/Helper(2045): Disabled: world
05-22 12:04:51.375: I/OpenCVManager/Helper(2045): Disabled by dependency: -
05-22 12:04:51.375: I/OpenCVManager/Helper(2045): Unavailable: nonfree python viz facedetect imuvstab tegra vstab
05-22 12:04:51.375: I/OpenCVManager/Helper(2045): Android:
05-22 12:04:51.375: I/OpenCVManager/Helper(2045): Android ABI: armeabi-v7a with NEON
05-22 12:04:51.375: I/OpenCVManager/Helper(2045): STL type: gnustl_static
05-22 12:04:51.375: I/OpenCVManager/Helper(2045): Native API level: android-9
05-22 12:04:51.375: I/OpenCVManager/Helper(2045): SDK target: android-11
05-22 12:04:51.375: I/OpenCVManager/Helper(2045): Android NDK: /opt/android-ndk-r8c (toolchain: arm-linux-androideabi-4.6)
05-22 12:04:51.375: I/OpenCVManager/Helper(2045): android tool: /opt/android-sdk-linux/tools/android (Android SDK Tools, revision 22.6.)
05-22 12:04:51.375: I/OpenCVManager/Helper(2045): Google Play package: YES
05-22 12:04:51.375: I/OpenCVManager/Helper(2045): Android examples: YES
05-22 12:04:51.375: I/OpenCVManager/Helper(2045): GUI:
05-22 12:04:51.375: I/OpenCVManager/Helper(2045): GTK+ 2.x: NO
05-22 12:04:51.375: I/OpenCVManager/Helper(2045): GThread : NO
05-22 12:04:51.375: I/OpenCVManager/Helper(2045): GtkGlExt: NO
05-22 12:04:51.375: I/OpenCVManager/Helper(2045): OpenGL support: NO
05-22 12:04:51.375: I/OpenCVManager/Helper(2045): VTK support: NO
05-22 12:04:51.375: I/OpenCVManager/Helper(2045): Media I/O:
05-22 12:04:51.375: I/OpenCVManager/Helper(2045): ZLib: z (ver 1.2.3)
05-22 12:04:51.375: I/OpenCVManager/Helper(2045): JPEG: build (ver 62)
05-22 12:04:51.375: I/OpenCVManager/Helper(2045): PNG: build (ver 1.5.12)
05-22 12:04:51.375: I/OpenCVManager/Helper(2045): TIFF: build (ver 42 - 4.0.2)
05-22 12:04:51.375: I/OpenCVManager/Helper(2045): JPEG 2000: build (ver 1.900.1)
05-22 12:04:51.375: I/OpenCVManager/Helper(2045): OpenEXR: build (ver 1.7.1)
05-22 12:04:51.375: I/OpenCVManager/Helper(2045): Video I/O:
05-22 12:04:51.375: I/OpenCVManager/Helper(2045): AndroidNativeCamera: YES, use prebuilt libraries
05-22 12:04:51.375: I/OpenCVManager/Helper(2045): Other third-party libraries:
05-22 12:04:51.375: I/OpenCVManager/Helper(2045): Use IPP: NO
05-22 12:04:51.375: I/OpenCVManager/Helper(2045): Use Eigen: YES (ver 3.1.2)
05-22 12:04:51.375: I/OpenCVManager/Helper(2045): Use TBB: YES (ver 4.1 interface 6102)
05-22 12:04:51.375: I/OpenCVManager/Helper(2045): Use OpenMP: NO
05-22 12:04:51.375: I/OpenCVManager/Helper(2045): Use GCD NO
05-22 12:04:51.375: I/OpenCVManager/Helper(2045): Use Concurrency NO
05-22 12:04:51.375: I/OpenCVManager/Helper(2045): Use C=: NO
05-22 12:04:51.375: I/OpenCVManager/Helper(2045): Use Cuda: YES (ver 6.0)
05-22 12:04:51.375: I/OpenCVManager/Helper(2045): Use OpenCL: YES
05-22 12:04:51.375: I/OpenCVManager/Helper(2045): NVIDIA CUDA
05-22 12:04:51.375: I/OpenCVManager/Helper(2045): Use CUFFT: YES
05-22 12:04:51.375: I/OpenCVManager/Helper(2045): Use CUBLAS: NO
05-22 12:04:51.375: I/OpenCVManager/Helper(2045): USE NVCUVID: NO
05-22 12:04:51.375: I/OpenCVManager/Helper(2045): NVIDIA GPU arch: 32
05-22 12:04:51.375: I/OpenCVManager/Helper(2045): NVIDIA PTX archs:
05-22 12:04:51.383: I/OpenCVManager/Helper(2045): Use fast math: NO
05-22 12:04:51.383: I/OpenCVManager/Helper(2045): OpenCL:
05-22 12:04:51.383: I/OpenCVManager/Helper(2045): Version: dynamic
05-22 12:04:51.383: I/OpenCVManager/Helper(2045): Include path: /home/reports/ci/slave_desktop/50-SDK/opencv/3rdparty/include/opencl/1.2
05-22 12:04:51.383: I/OpenCVManager/Helper(2045): Use AMD FFT: NO
05-22 12:04:51.383: I/OpenCVManager/Helper(2045): Use AMD BLAS: NO
05-22 12:04:51.383: I/OpenCVManager/Helper(2045): Python:
05-22 12:04:51.383: I/OpenCVManager/Helper(2045): Interpreter: /usr/bin/python2 (ver 2.7.3)
05-22 12:04:51.383: I/OpenCVManager/Helper(2045): Java:
05-22 12:04:51.383: I/OpenCVManager/Helper(2045): ant: /usr/bin/ant (ver 1.8.2)
05-22 12:04:51.383: I/OpenCVManager/Helper(2045): Java tests: YES
05-22 12:04:51.383: I/OpenCVManager/Helper(2045): Documentation:
05-22 12:04:51.383: I/OpenCVManager/Helper(2045): Build Documentation: YES
05-22 12:04:51.383: I/OpenCVManager/Helper(2045): Sphinx: /usr/local/bin/sphinx-build (ver 1.1.3)
05-22 12:04:51.383: I/OpenCVManager/Helper(2045): PdfLaTeX compiler: /usr/bin/pdflatex
05-22 12:04:51.383: I/OpenCVManager/Helper(2045): Tests and samples:
05-22 12:04:51.383: I/OpenCVManager/Helper(2045): Tests: YES
05-22 12:04:51.383: I/OpenCVManager/Helper(2045): Performance tests: YES
05-22 12:04:51.383: I/OpenCVManager/Helper(2045): C/C++ Examples: NO
05-22 12:04:51.383: I/OpenCVManager/Helper(2045): Install path: /home/reports/ci/slave_desktop/50-SDK/build/builds/o4t/install
05-22 12:04:51.383: I/OpenCVManager/Helper(2045): cvconfig.h is in: /home/reports/ci/slave_desktop/50-SDK/build/builds/o4t
05-22 12:04:51.383: I/OpenCVManager/Helper(2045): -----------------------------------------------------------------
05-22 12:04:51.383: I/OpenCVManager/Helper(2045): General configuration for OpenCV4Tegra =====================================
05-22 12:04:51.383: I/OpenCVManager/Helper(2045): inner version 2.4.9
05-22 12:04:51.383: I/OpenCVManager/Helper(2045): memory allocator YES
05-22 12:04:51.383: I/OpenCVManager/Helper(2045): hardware link YES
05-22 12:04:51.383: I/OpenCVManager/Helper(2045): compact sources YES
05-22 12:04:51.383: I/OpenCVManager/Helper(2045): logging enabled NO
05-22 12:04:51.383: I/OpenCVManager/Helper(2045): -----------------------------------------------------------------
05-22 12:04:51.383: D/OpenCVManager/Helper(2045): Init finished with status 0
05-22 12:04:51.383: D/OpenCVManager/Helper(2045): Unbind from service
05-22 12:04:51.391: I/OpenCVEngine/Service(2058): Service onUnbind called for intent Intent { act=org.opencv.engine.BIND }
05-22 12:04:51.391: D/OpenCVManager/Helper(2045): Calling using callback
05-22 12:04:51.391: I/OCVSample::Activity(2045): OpenCV loaded successfully
05-22 12:04:51.391: D/dalvikvm(2045): Trying to load lib /data/app-lib/org.opencv.samples.NativeActivity-1/libnative_activity.so 0x41b21f00
05-22 12:04:51.398: D/dalvikvm(2045): Added shared lib /data/app-lib/org.opencv.samples.NativeActivity-1/libnative_activity.so 0x41b21f00
05-22 12:04:51.398: D/dalvikvm(2045): No JNI_OnLoad found in /data/app-lib/org.opencv.samples.NativeActivity-1/libnative_activity.so 0x41b21f00, skipping init
05-22 12:04:51.406: I/ActivityManager(518): START u0 {cmp=org.opencv.samples.NativeActivity/android.app.NativeActivity} from pid 2045
05-22 12:04:51.492: V/threaded_app(2045): Creating: 0x59d540d0
05-22 12:04:51.492: V/threaded_app(2045): Config: mcc=0 mnc=0 lang=en cnt=US orien=2 touch=1 dens=240 keys=1 nav=1 keysHid=3 navHid=0 sdk=19 size=1 long=1 modetype=1 modenight=1
05-22 12:04:51.492: V/threaded_app(2045): Start: 0x59d540d0
05-22 12:04:51.492: V/threaded_app(2045): activityState=10
05-22 12:04:51.492: V/threaded_app(2045): Resume: 0x59d540d0
05-22 12:04:51.492: V/threaded_app(2045): activityState=11
05-22 12:04:51.500: V/threaded_app(2045): InputQueueCreated: 0x59d540d0 -- 0x59d86388
05-22 12:04:51.500: V/threaded_app(2045): APP_CMD_INPUT_CHANGED
05-22 12:04:51.500: V/threaded_app(2045): Attaching input queue to looper
05-22 12:04:51.523: V/threaded_app(2045): NativeWindowCreated: 0x59d540d0 -- 0x59d55010
05-22 12:04:51.523: V/threaded_app(2045): APP_CMD_INIT_WINDOW
05-22 12:04:51.523: V/threaded_app(2045): WindowFocusChanged: 0x59d540d0 -- 1
05-22 12:04:51.531: I/OCV:libnative_activity(2045): APP_CMD_INIT_WINDOW
05-22 12:04:51.531: D/OpenCV::camera(2045): CvCapture_Android::CvCapture_Android(0)
05-22 12:04:51.531: D/OpenCV::camera(2045): Library name: libopencv_java.so
05-22 12:04:51.531: D/OpenCV::camera(2045): Library base address: 0x592cf000
05-22 12:04:51.531: D/InputMethodManagerService(518): --- calledFromForegroundUserOrSystemProcess ? calling uid = 10009 system uid = 1000 calling userId = 0, foreground user id = 0, calling pid = 2045com.android.server.InputMethodManagerService.windowGainedFocus(InputMethodManagerService.java:1882)
05-22 12:04:51.531: V/InputMethodManagerService(518): windowGainedFocus: android.os.BinderProxy@41c94e68 controlFlags=#104 softInputMode=#110 windowFlags=#40010100
05-22 12:04:51.531: V/InputMethodManagerService(518): Unspecified window will hide input
05-22 12:04:51.547: I/ActivityManager(518): Displayed org.opencv.samples.NativeActivity/android.app.NativeActivity: +109ms
05-22 12:04:51.594: D/OpenCV::camera(2045): Libraries folder found: /data/app-lib/org.opencv.engine-1/
05-22 12:04:51.594: D/OpenCV::camera(2045): CameraWrapperConnector::connectToLib: folderPath=/data/app-lib/org.opencv.engine-1/
05-22 12:04:51.594: E/OpenCV::camera(2045): ||libnative_camera_r4.3.0.so
05-22 12:04:51.594: E/OpenCV::camera(2045): ||libnative_camera_r4.0.3.so
05-22 12:04:51.594: E/OpenCV::camera(2045): ||libnative_camera_r4.4.0.so
05-22 12:04:51.594: E/OpenCV::camera(2045): ||libnative_camera_r2.3.3.so
05-22 12:04:51.594: E/OpenCV::camera(2045): ||libnative_camera_r4.2.0.so
05-22 12:04:51.594: E/OpenCV::camera(2045): ||libnative_camera_r2.2.0.so
05-22 12:04:51.594: E/OpenCV::camera(2045): ||libnative_camera_r4.0.0.so
05-22 12:04:51.594: E/OpenCV::camera(2045): ||libnative_camera_r4.1.1.so
05-22 12:04:51.594: E/OpenCV::camera(2045): ||libnative_camera_r3.0.1.so
05-22 12:04:51.594: D/OpenCV::camera(2045): try to load library 'libnative_camera_r4.4.0.so'
05-22 12:04:51.602: D/OpenCV::camera(2045): Loaded library '/data/app-lib/org.opencv.engine-1/libnative_camera_r4.4.0.so'
05-22 12:04:51.602: D/OpenCV_NativeCamera(2045): CameraHandler::initCameraConnect(0x599f5f5d, 0, 0x59d86ec8, 0x0)
05-22 12:04:51.602: D/OpenCV_NativeCamera(2045): Current process name for camera init: org.opencv.samples.NativeActivity
05-22 12:04:51.609: I/CameraService(125): CameraService::connect E (pid 2045 "org.opencv.samples.NativeActivity", id 0)
05-22 12:04:51.609: I/CameraService(125): Opening camera 0
05-22 12:04:51.609: I/CameraHal(125): (b724ee20) hardware/ti/omap4xxx/camera/CameraHal_Module.cpp:660 camera_device_open - camera_device open
05-22 12:04:51.742: I/CameraHal(125): (b724ee20) hardware/ti/omap4xxx/camera/CameraHal.cpp:4287 readALS - LIGHT read as 72
05-22 12:04:51.750: D/CameraService-GoogleCamera-Utils(125): getSystemPropertyBool: (persist.camera.picture_hq): default=false : result=false
05-22 12:04:51.750: I/CameraService-GoogleCamera(125): Skipping Gcam initialization (already done)
05-22 12:04:51.750: D/CameraService-GoogleCamera-Utils(125): getSystemPropertyBool: (persist.camera.picture_hq): default=false : result=false
05-22 12:04:51.750: I/CameraService(125): CameraService::connect X (id 0, this pid is 125)
05-22 12:04:51.750: I/CameraService-GoogleCamera(125): Acquire hardware jpeg encoder lock took: 0 mS
05-22 12:04:51.750: D/libgcam(125): [gcam.cc:3305]: Gcam::Pause
05-22 12:04:51.750: D/OpenCV_NativeCamera(2045): Instantiated new CameraHandler (0x599f5f5d, 0x59d86ec8)
05-22 12:04:51.766: I/OpenCV_NativeCamera(2045): initCameraConnect: [antibanding=auto;antibanding-values=off,auto,50hz,60hz;auto-convergence-mode=frame;auto-convergence-mode-values=;auto-exposure-lock=false;auto-exposure-lock-supported=true;auto-whitebalance-lock=false;auto-whitebalance-lock-supported=true;awb-damping=false;brightness=50;camera-name=S5K4E1GA;contrast=100;current-iso=100;effect=none;effect-values=none,negative,solarize,sepia,mono,natural,vivid,color-swap,blackwhite,whiteboard,blackboard,aqua,posterize;exif-image-description=;exif-make=Google;exif-model=Glass 1;exif-software=Glass-1 XE17.2 1180275;exposure=auto;exposure-compensation=0;exposure-compensation-step=0.1;exposure-mode-values=manual,auto,night,backlighting,spotlight,sports,snow,beach,aperture,small-aperture;flash-mode=off;flash-mode-values=off;focal-length=2.95;focus-mode=infinity;focus-mode-values=infinity;gbce=false;gbce-supported=true;glbce=false;glbce-supported=true;horizontal-view-angle=54.8;ipp=ldc-nsf;ipp-values=off,ldc,nsf,ldc-nsf;iso=auto;iso-mode-values=auto,100,200,400,8
05-22 12:04:51.766: D/OpenCV_NativeCamera(2045): Supported Cameras: (null)
05-22 12:04:51.766: D/OpenCV_NativeCamera(2045): Supported Picture Sizes: 2592x1944,2560x1888,2528x1856,2592x1728,2592x1458,2560x1888,2400x1350,2304x1296,2240x1344,2160x1440,2112x1728,2112x1188,2048x1152,2048x1536,2016x1512,2016x1134,2000x1600,1920x1080,1600x1200,1600x900,1536x864,1408x792,1344x756,1296x972,1280x1024,1280x720,1152x864,1280x960,1024x768,1024x576,640x480,320x240
05-22 12:04:51.766: D/OpenCV_NativeCamera(2045): Supported Picture Formats: unused,yuv420sp,yuv420p,yuv422i-yuyv,rgb565,bayer-rggb,jpeg
05-22 12:04:51.766: D/OpenCV_NativeCamera(2045): Supported Preview Sizes: 1920x1080,1280x960,1280x720,1024x768,1024x576,960x720,800x480,768x576,720x576,720x480,768x576,640x480,640x368,640x360,512x384,512x288,416x304,416x240,352x288,320x240,320x192,256x144,240x160,224x160,176x144,160x120,128x96,960x1280,720x1280,768x1024,576x1024,720x960,480x800,576x768,576x720,576x768,480x720,480x640,368x640,384x512,288x512,304x416,240x416,288x352,240x320,192x320,144x256,160x240,160x224,144x176,120x160,96x128
05-22 12:04:51.766: D/OpenCV_NativeCamera(2045): Supported Preview Formats: yuv420sp,yuv420p,yuv422i-yuyv,yuv420p
05-22 12:04:51.766: D/OpenCV_NativeCamera(2045): Supported Preview Frame Rates: 5,10,15,20,24,30,60
05-22 12:04:51.766: D/OpenCV_NativeCamera(2045): Supported Thumbnail Sizes: 640x480,160x120,200x120,320x240,512x384,352x144,176x144,96x96,0x0
05-22 12:04:51.766: D/OpenCV_NativeCamera(2045): Supported Whitebalance Modes: auto,daylight,cloudy-daylight,tungsten,fluorescent,incandescent,horizon,sunset,shade,twilight,warm-fluorescent
05-22 12:04:51.766: D/OpenCV_NativeCamera(2045): Supported Effects: none,negative,solarize,sepia,mono,natural,vivid,color-swap,blackwhite,whiteboard,blackboard,aqua,posterize
05-22 12:04:51.766: D/OpenCV_NativeCamera(2045): Supported Scene Modes: auto,closeup,landscape,aqua,sports,mood,night-portrait,night-indoor,fireworks,document,barcode,super-night,cine,old-film,action,beach,candlelight,night,party,portrait,snow,steadyphoto,sunset,theatre
05-22 12:04:51.766: D/OpenCV_NativeCamera(2045): Supported Focus Modes: infinity
05-22 12:04:51.766: D/OpenCV_NativeCamera(2045): Supported Antibanding Options: off,auto,50hz,60hz
05-22 12:04:51.766: D/OpenCV_NativeCamera(2045): Supported Flash Modes: off
05-22 12:04:51.773: I/CameraService-Moments(125): Moments is not enabled.
05-22 12:04:51.773: D/CameraService-GoogleCamera(125): android_gcam_Camera_setParameters
05-22 12:04:51.773: D/CameraService-GoogleCamera(125): Gcam was enabled from the Java app = false
05-22 12:04:51.773: D/CameraService-GoogleCamera(125): Gcam active for this shot = false
05-22 12:04:51.773: D/CameraService-GoogleCamera(125): gcam mode is set to false
05-22 12:04:51.781: D/OpenCV_NativeCamera(2045): initCameraConnect: preview format is set to yuv420sp
05-22 12:04:51.781: I/CameraService-Moments(125): Moments is not enabled.
05-22 12:04:51.781: D/CameraService-GoogleCamera(125): android_gcam_Camera_setParameters
05-22 12:04:51.781: D/CameraService-GoogleCamera(125): Gcam was enabled from the Java app = false
05-22 12:04:51.781: D/CameraService-GoogleCamera(125): Gcam active for this shot = false
05-22 12:04:51.781: D/CameraService-GoogleCamera(125): gcam mode is set to false
05-22 12:04:51.789: D/OpenCV_NativeCamera(2045): initCameraConnect: preview format is set to 640x480
05-22 12:04:51.789: A/libc(2045): Fatal signal 11 (SIGSEGV) at 0x00000000 (code=1), thread 2069 (.NativeActivity)
05-22 12:04:51.906: I/DEBUG(121): *** *** *** *** *** *** *** *** *** *** *** *** *** *** *** ***
05-22 12:04:51.906: I/DEBUG(121): Build fingerprint: 'Google/glass_1/glass-1:4.4.2/XRV49/1180275:user/release-keys'
05-22 12:04:51.906: I/DEBUG(121): Revision: '3'
05-22 12:04:51.914: I/DEBUG(121): pid: 2045, tid: 2069, name: .NativeActivity >>> org.opencv.samples.NativeActivity <<<
05-22 12:04:51.914: I/DEBUG(121): signal 11 (SIGSEGV), code 1 (SEGV_MAPERR), fault addr 00000000
05-22 12:04:52.039: I/DEBUG(121): r0 00000001 r1 59e8497d r2 00000000 r3 00000000
05-22 12:04:52.039: I/DEBUG(121): r4 00000001 r5 591414b0 r6 591e6008 r7 59e8497c
05-22 12:04:52.039: I/DEBUG(121): r8 00000000 r9 40107388 sl 00000002 fp 00000000
05-22 12:04:52.039: I/DEBUG(121): ip 4031ce34 sp 59e844c0 lr 40301507 pc 40303640 cpsr 000f0030
05-22 12:04:52.039: I/DEBUG(121): d0 0000000000000000 d1 0000000000000000
05-22 12:04:52.039: I/DEBUG(121): d2 6976657270203a74 d3 616d726f66207765
05-22 12:04:52.039: I/DEBUG(121): d4 32342c3431342c30 d5 35342c3434342c39
05-22 12:04:52.039: I/DEBUG(121): d6 39342c3637342c39 d7 32352c3031352c32
05-22 12:04:52.039: I/DEBUG(121): d8 0000000050b2d05e d9 0000000000000000
05-22 12:04:52.039: I/DEBUG(121): d10 0000000000000000 d11 0000000000000000
05-22 12:04:52.039: I/DEBUG(121): d12 0000000000000000 d13 0000000000000000
05-22 12:04:52.039: I/DEBUG(121): d14 0000000000000000 d15 0000000000000000
05-22 12:04:52.039: I/DEBUG(121): d16 412e848000000000 d17 408f400000000000
05-22 12:04:52.039: I/DEBUG(121): d18 bff1aa168c289ef7 d19 bfe610b7551d2cdf
05-22 12:04:52.039: I/DEBUG(121): d20 40445eaa64409c66 d21 3feffd886084cd0d
05-22 12:04:52.039: I/DEBUG(121): d22 40230bc075dbaa2c d23 bfe72d0837efff97
05-22 12:04:52.047: I/DEBUG(121): d24 3ff30ed6fff4e8b9 d25 bfeffd886084cd0d
05-22 12:04:52.047: I/DEBUG(121): d26 bfdac297ff30badb d27 3f992155f7a36689
05-22 12:04:52.047: I/DEBUG(121): d28 bfeffd886084cd0d d29 3fe610b7551d2cdf
05-22 12:04:52.047: I/DEBUG(121): d30 3fc10d416b95a3c0 d31 bf64b11c10109e9e
05-22 12:04:52.047: I/DEBUG(121): scr 60000010
05-22 12:04:52.047: I/DEBUG(121): backtrace:
05-22 12:04:52.047: I/DEBUG(121): #00 pc 00026640 /system/lib/libgui.so
05-22 12:04:52.047: I/DEBUG(121): #01 pc 00018439 /data/app-lib/org.opencv.engine-1/libnative_camera_r4.4.0.so
05-22 12:04:52.047: I/DEBUG(121): stack:
05-22 12:04:52.047: I/DEBUG(121): 59e84480 00000000
05-22 12:04:52.047: I/DEBUG(121): 59e84484 5a0cc4f1 /data/app-lib/org.opencv.engine-1/libnative_camera_r4.4.0.so
05-22 12:04:52.047: I/DEBUG(121): 59e84488 400b40b1 /system/lib/liblog.so
05-22 12:04:52.047: I/DEBUG(121): 59e8448c 5a0cbbd0 /data/app-lib/org.opencv.engine-1/libnative_camera_r4.4.0.so
05-22 12:04:52.047: I/DEBUG(121): 59e84490 59e84504 [stack:2069]
05-22 12:04:52.047: I/DEBUG(121): 59e84494 00000000
05-22 12:04:52.047: I/DEBUG(121): 59e84498 40107388
05-22 12:04:52.047: I/DEBUG(121): 59e8449c 400b41fd /system/lib/liblog.so
05-22 12:04:52.047: I/DEBUG(121): 59e844a0 00004000
05-22 12:04:52.047: I/DEBUG(121): 59e844a4 18a287cd
05-22 12:04:52.047: I/DEBUG(121): 59e844a8 00000001
05-22 12:04:52.047: I/DEBUG(121): 59e844ac 591414b0
05-22 12:04:52.047: I/DEBUG(121): 59e844b0 591e6008
05-22 12:04:52.047: I/DEBUG(121): 59e844b4 59e8497c [stack:2069]
05-22 12:04:52.055: I/DEBUG(121): 59e844b8 18a287cd
05-22 12:04:52.055: I/DEBUG(121): 59e844bc 403035fd /system/lib/libgui.so
05-22 12:04:52.055: I/DEBUG(121): #00 59e844c0 00000034
05-22 12:04:52.055: I/DEBUG(121): 59e844c4 00000003
05-22 12:04:52.055: I/DEBUG(121): 59e844c8 59e87a34
05-22 12:04:52.055: I/DEBUG(121): 59e844cc 400b43e9 /system/lib/liblog.so
05-22 12:04:52.055: I/DEBUG(121): 59e844d0 59e848ec [stack:2069]
05-22 12:04:52.055: I/DEBUG(121): 59e844d4 40107388
05-22 12:04:52.055: I/DEBUG(121): 59e844d8 00000000
05-22 12:04:52.055: I/DEBUG(121): 59e844dc 59d86ec8
05-22 12:04:52.055: I/DEBUG(121): 59e844e0 00000002
05-22 12:04:52.055: I/DEBUG(121): 59e844e4 00000000
05-22 12:04:52.055: I/DEBUG(121): 59e844e8 48617265 /dev/ashmem/dalvik-heap (deleted)
05-22 12:04:52.055: I/DEBUG(121): 59e844ec 40107388
05-22 12:04:52.055: I/DEBUG(121): 59e844f0 5a0cbbd0 /data/app-lib/org.opencv.engine-1/libnative_camera_r4.4.0.so
05-22 12:04:52.055: I/DEBUG(121): 59e844f4 00000003
05-22 12:04:52.055: I/DEBUG(121): 59e844f8 59e84980 [stack:2069]
05-22 12:04:52.055: I/DEBUG(121): 59e844fc 400b43e9 /system/lib/liblog.so
05-22 12:04:52.055: I/DEBUG(121): ........ ........
05-22 12:04:52.055: I/DEBUG(121): #01 59e84920 00000000
05-22 12:04:52.055: I/DEBUG(121): 59e84924 59d86ec8
05-22 12:04:52.055: I/DEBUG(121): 59e84928 00000000
05-22 12:04:52.055: I/DEBUG(121): 59e8492c 00000004
05-22 12:04:52.055: I/DEBUG(121): 59e84930 400a0678 /system/bin/linker
05-22 12:04:52.055: I/DEBUG(121): 59e84934 00000008
05-22 12:04:52.055: I/DEBUG(121): 59e84938 59e84948 [stack:2069]
05-22 12:04:52.055: I/DEBUG(121): 59e8493c 5a0cc46f /data/app-lib/org.opencv.engine-1/libnative_camera_r4.4.0.so
05-22 12:04:52.055: I/DEBUG(121): 59e84940 59d86ec8
05-22 12:04:52.062: I/DEBUG(121): 59e84944 59e84998 [stack:2069]
05-22 12:04:52.062: I/DEBUG(121): 59e84948 591b9d88
05-22 12:04:52.062: I/DEBUG(121): 59e8494c 0000000c
05-22 12:04:52.062: I/DEBUG(121): 59e84950 55e2f5b8
05-22 12:04:52.062: I/DEBUG(121): 59e84954 400927d3 /system/bin/linker
05-22 12:04:52.062: I/DEBUG(121): 59e84958 591ba7a8
05-22 12:04:52.062: I/DEBUG(121): 59e8495c 591b9d88
05-22 12:04:52.062: I/DEBUG(121): memory near r1:
05-22 12:04:52.062: I/DEBUG(121): 59e8495c 591b9d88 59e879f0 464c457f 00010101
05-22 12:04:52.062: I/DEBUG(121): 59e8496c 00000004 591e6fe8 591e6018 00000000
05-22 12:04:52.062: I/DEBUG(121): 59e8497c 5a0d6028 5a0d6038 5a09ef2b 400a0678
05-22 12:04:52.062: I/DEBUG(121): 59e8498c 4009c139 5a08e091 5a08e070 374e5a5f
05-22 12:04:52.062: I/DEBUG(121): 59e8499c 72646e61 3664696f 656d6143 63376172
05-22 12:04:52.062: I/DEBUG(121): 59e849ac 656e6e6f 76457463 400c9e00 374e5a5f
05-22 12:04:52.062: I/DEBUG(121): 59e849bc 72646e61 3664696f 656d6143 63376172
05-22 12:04:52.062: I/DEBUG(121): 59e849cc 656e6e6f 69457463 400c5d00 374e5a5f
05-22 12:04:52.062: I/DEBUG(121): 59e849dc 72646e61 3664696f 656d6143 63376172
05-22 12:04:52.062: I/DEBUG(121): 59e849ec 656e6e6f 69457463 59d60069 374e5a5f
05-22 12:04:52.062: I/DEBUG(121): 59e849fc 72646e61 3664696f 656d6143 63376172
05-22 12:04:52.062: I/DEBUG(121): 59e84a0c 656e6e6f 69457463 534e4b52 7453385f
05-22 12:04:52.062: I/DEBUG(121): 59e84a1c 676e6972 69453631 5a0a6a00 5a0a6d59
05-22 12:04:52.062: I/DEBUG(121): 59e84a2c 00000000 59d86ec8 00000000 59d86ecc
05-22 12:04:52.070: I/DEBUG(121): 59e84a3c 59d86cec 59d86cd0 59d86ca8 59e84b4c
05-22 12:04:52.070: I/DEBUG(121): 59e84a4c 5a0a86f5 599f5f5d 599f5f5d 59d86ec8
05-22 12:04:52.070: I/DEBUG(121): memory near r5:
05-22 12:04:52.070: I/DEBUG(121): 59141490 65732c65 0000001b 00000001 00000001
05-22 12:04:52.070: I/DEBUG(121): 591414a0 59141488 00000001 632c6469 0000001b
05-22 12:04:52.070: I/DEBUG(121): 591414b0 00000002 00000002 5a0d603c 00000000
05-22 12:04:52.070: I/DEBUG(121): 591414c0 6968772c 00000b19 00000100 0000001c
05-22 12:04:52.070: I/DEBUG(121): 591414d0 006e0061 00720064 0069006f 002e0064
05-22 12:04:52.070: I/DEBUG(121): 591414e0 00700061 002e0070 00410049 00740063
05-22 12:04:52.070: I/DEBUG(121): 591414f0 00760069 00740069 004d0079 006e0061
05-22 12:04:52.070: I/DEBUG(121): 59141500 00670061 00720065 00000000 73682a85
05-22 12:04:52.070: I/DEBUG(121): 59141510 0000017f 00000005 00000000 00720064
05-22 12:04:52.070: I/DEBUG(121): 59141520 0069006f 002e0064 00690076 00770065
05-22 12:04:52.070: I/DEBUG(121): 59141530 0049002e 00000aa9 0064006e 0077006f
05-22 12:04:52.070: I/DEBUG(121): 59141540 00700000 00000a99 00410049 00700070
05-22 12:04:52.070: I/DEBUG(121): 59141550 0069006c 00610063 00690074 006e006f
05-22 12:04:52.070: I/DEBUG(121): 59141560 00680054 00650072 00640061 70780000
05-22 12:04:52.070: I/DEBUG(121): 59141570 7275736f 00000a69 6e65706d 69746173
05-22 12:04:52.070: I/DEBUG(121): 59141580 732d6e6f 3d706574 3b312e30 6f707865
05-22 12:04:52.070: I/DEBUG(121): memory near r6:
05-22 12:04:52.070: I/DEBUG(121): 591e5fe8 58967d2c 58967e40 58968da0 58968410
05-22 12:04:52.070: I/DEBUG(121): 591e5ff8 58967ea0 58967f48 00000000 000015a3
05-22 12:04:52.070: I/DEBUG(121): 591e6008 40316f34 40316fb8 00000000 2d65636e
05-22 12:04:52.070: I/DEBUG(121): 591e6018 40317008 40317064 00000000 6f747561
05-22 12:04:52.070: I/DEBUG(121): 591e6028 403170b4 6e616269 00000000 00000000
05-22 12:04:52.070: I/DEBUG(121): 591e6038 00000000 2c666600 00000000 00000000
05-22 12:04:52.070: I/DEBUG(121): 591e6048 00000000 00000000 2d6f0000 00000000
05-22 12:04:52.070: I/DEBUG(121): 591e6058 00000000 00000000 00000000 61726600
05-22 12:04:52.070: I/DEBUG(121): 591e6068 00000000 00000000 00000000 00000000
05-22 12:04:52.070: I/DEBUG(121): 591e6078 2d650000 00000000 00000000 00000000
05-22 12:04:52.070: I/DEBUG(121): 591e6088 00000000 78652d00 00000000 00000000
05-22 12:04:52.070: I/DEBUG(121): 591e6098 00000000 00000000 75610000 00000000
05-22 12:04:52.070: I/DEBUG(121): 591e60a8 00000000 00000000 00000000 70757300
05-22 12:04:52.070: I/DEBUG(121): 591e60b8 00000000 00000000 00000000 00000000
05-22 12:04:52.070: I/DEBUG(121): 591e60c8 69680000 00000000 00000000 00000000
05-22 12:04:52.070: I/DEBUG(121): 591e60d8 00000000 65736c00 00000000 00000000
05-22 12:04:52.070: I/DEBUG(121): memory near r7:
05-22 12:04:52.070: I/DEBUG(121): 59e8495c 591b9d88 59e879f0 464c457f 00010101
05-22 12:04:52.070: I/DEBUG(121): 59e8496c 00000004 591e6fe8 591e6018 00000000
05-22 12:04:52.070: I/DEBUG(121): 59e8497c 5a0d6028 5a0d6038 5a09ef2b 400a0678
05-22 12:04:52.070: I/DEBUG(121): 59e8498c 4009c139 5a08e091 5a08e070 374e5a5f
05-22 12:04:52.070: I/DEBUG(121): 59e8499c 72646e61 3664696f 656d6143 63376172
05-22 12:04:52.070: I/DEBUG(121): 59e849ac 656e6e6f 76457463 400c9e00 374e5a5f
05-22 12:04:52.070: I/DEBUG(121): 59e849bc 72646e61 3664696f 656d6143 63376172
05-22 12:04:52.070: I/DEBUG(121): 59e849cc 656e6e6f 69457463 400c5d00 374e5a5f
05-22 12:04:52.070: I/DEBUG(121): 59e849dc 72646e61 3664696f 656d6143 63376172
05-22 12:04:52.070: I/DEBUG(121): 59e849ec 656e6e6f 69457463 59d60069 374e5a5f
05-22 12:04:52.070: I/DEBUG(121): 59e849fc 72646e61 3664696f 656d6143 63376172
05-22 12:04:52.070: I/DEBUG(121): 59e84a0c 656e6e6f 69457463 534e4b52 7453385f
05-22 12:04:52.070: I/DEBUG(121): 59e84a1c 676e6972 69453631 5a0a6a00 5a0a6d59
05-22 12:04:52.070: I/DEBUG(121): 59e84a2c 00000000 59d86ec8 00000000 59d86ecc
05-22 12:04:52.070: I/DEBUG(121): 59e84a3c 59d86cec 59d86cd0 59d86ca8 59e84b4c
05-22 12:04:52.070: I/DEBUG(121): 59e84a4c 5a0a86f5 599f5f5d 599f5f5d 59d86ec8
05-22 12:04:52.070: I/DEBUG(121): memory near r9:
05-22 12:04:52.070: I/DEBUG(121): 40107368 00001000 00001000 00010000 00200000
05-22 12:04:52.070: I/DEBUG(121): 40107378 00000003 400de55d be864aa8 be864b59
05-22 12:04:52.070: I/DEBUG(121): 40107388 18a287cd be864a5c 00000000 400a0cf0
05-22 12:04:52.070: I/DEBUG(121): 40107398 00000008 00000009 591b9ee0 00000000
