05-22 12:04:14.820: I/ActivityManager(518): START u0 {act=android.intent.action.MAIN cat=[android.intent.category.LAUNCHER] flg=0x10000000 cmp=org.opencv.samples.NativeActivity/.CvNativeActivity} from pid 1961
05-22 12:04:14.836: I/MainTimelineActivity[41b9aba8](830): onPause
05-22 12:04:14.836: I/MainTimelineActivity[41b9aba8](830): Removing listener from VoiceService: MainTimelineActivity[41b9aba8]
05-22 12:04:14.836: W/VoiceEngine[41b95d30](892): Transition to VoiceConfig [] requested, but already in that config.
05-22 12:04:14.852: D/AndroidRuntime(1961): Shutting down VM
05-22 12:04:14.852: D/jdwp(1961): Got wake-up signal, bailing out of select
05-22 12:04:14.852: D/dalvikvm(1961): Debugger has detached; object registry had 1 entries
05-22 12:04:14.859: D/dalvikvm(1971): Late-enabling CheckJNI
05-22 12:04:14.859: D/dalvikvm(1971): Try to disable coredump for pid 1971
05-22 12:04:14.859: D/dalvikvm(1971): Process 1971 nice name: org.opencv.samples.NativeActivity
05-22 12:04:14.859: D/dalvikvm(1971): Extra Options: not specified
05-22 12:04:14.867: I/ActivityManager(518): Start proc org.opencv.samples.NativeActivity for activity org.opencv.samples.NativeActivity/.CvNativeActivity: pid=1971 uid=10009 gids={50009}
05-22 12:04:14.953: I/dalvikvm(1971): Enabling JNI app bug workarounds for target SDK version 9...
05-22 12:04:14.961: W/SettingsCoverLiveCard/stateReceiver(783): Not registering receiver, because it is already registered.
05-22 12:04:14.961: D/CardScrollView(830): Deactivating.
05-22 12:04:14.961: I/MainTimelineActivity[41b9aba8](830): onStop
05-22 12:04:15.000: I/OCVSample::Activity(1971): Instantiated new class org.opencv.samples.NativeActivity.CvNativeActivity
05-22 12:04:15.008: W/ContextImpl(1971): Implicit intents with startService are not safe: Intent { act=org.opencv.engine.BIND } android.content.ContextWrapper.bindService:517 org.opencv.android.AsyncServiceHelper.initOpenCV:24 org.opencv.android.OpenCVLoader.initAsync:79
05-22 12:04:15.016: W/ViewToLiveCardTranslator(783): Could not lock canvas on surfaceholder
05-22 12:04:15.016: W/ViewToLiveCardTranslator(783): Could not lock canvas on surfaceholder
05-22 12:04:15.016: W/ViewToLiveCardTranslator(783): Could not lock canvas on surfaceholder
05-22 12:04:15.016: W/SettingsCoverLiveCard/stateReceiver(783): Not registering receiver, because it is already registered.
05-22 12:04:15.016: D/OpenCVManager/Helper(1971): Request new service installation
05-22 12:04:15.016: W/ActivityManager(518): Unable to start service Intent { act=org.opencv.engine.BIND } U=0: not found
05-22 12:04:15.016: W/ActivityManager(518): Unbind failed: could not find connection for android.os.BinderProxy@41c6fbf0
05-22 12:04:15.023: W/ViewToLiveCardTranslator(783): Could not lock canvas on surfaceholder
05-22 12:04:15.086: D/skia(1961): SkGraphics::Term() dlclose() BLTsville (CPU)
05-22 12:04:15.086: W/ViewToLiveCardTranslator(783): Could not lock canvas on surfaceholder
05-22 12:04:15.094: W/ViewToLiveCardTranslator(783): Could not lock canvas on surfaceholder
05-22 12:04:15.172: D/InputMethodManagerService(518): --- calledFromForegroundUserOrSystemProcess ? calling uid = 1000 system uid = 1000 calling userId = 0, foreground user id = 0, calling pid = 518com.android.server.wm.WindowManagerService.openSession(WindowManagerService.java:7638)
05-22 12:04:15.367: I/ActivityManager(518): Displayed org.opencv.samples.NativeActivity/.CvNativeActivity: +527ms
05-22 12:04:26.352: D/OpenCVManager/Helper(1971): Trying to install OpenCV Manager via Google Play
05-22 12:04:26.352: D/OpenCVManager/Helper(1971): OpenCV package was not installed!
05-22 12:04:26.352: D/OpenCVManager/Helper(1971): Init finished with status 2
05-22 12:04:26.352: D/OpenCVManager/Helper(1971): Unbind from service
05-22 12:04:26.352: D/OpenCVManager/Helper(1971): Calling using callback
05-22 12:04:26.352: E/OpenCVLoader/BaseLoaderCallback(1971): Package installation failed!
05-22 12:04:26.352: I/ActivityManager(518): START u0 {act=android.intent.action.VIEW dat=market://details?id=org.opencv.engine flg=0x10000000} from pid 1971
05-22 12:04:26.359: D/audio_hw_primary(125): select_output_device: output_type: 1
05-22 12:04:27.578: D/dalvikvm(518): GC_FOR_ALLOC freed 293K, 11% free 9913K/11112K, paused 75ms, total 76ms
05-22 12:04:27.594: I/MainTimelineActivity[41b9aba8](830): onStart
05-22 12:04:27.602: D/CardScrollView(830): Activating.
05-22 12:04:27.602: I/MainTimelineActivity[41b9aba8](830): onResume
05-22 12:04:27.602: I/VoiceInputHelper(830): Attaching listener to VoiceService: MainTimelineActivity[41b9aba8]
05-22 12:04:27.602: I/MainTimelineView(830): Updating cursor select args: [1403377467610]
05-22 12:04:27.602: W/VoiceEngine[41b95d30](892): Transition to VoiceConfig [] requested, but already in that config.
05-22 12:04:27.602: I/MainTimelineView(830): Updating cursor select args: [1400785477612]
05-22 12:04:27.602: V/FormattingLoggers(830): TimingData [count=100, sinceCreation=616111ms, spentLogging=25ms].
05-22 12:04:27.656: I/VoiceInputHelper(830): Asked to reload identical config, ignoring.
05-22 12:04:27.656: W/VoiceEngine[41b95d30](892): Transition to VoiceConfig [] requested, but already in that config.
05-22 12:04:27.656: I/VoiceInputHelper(830): Asked to reload identical config, ignoring.
05-22 12:04:27.656: W/MainTimelineActivity[41b9aba8](830): No config to unload named MESSAGING_CONTACTS
05-22 12:04:27.656: W/MainTimelineActivity[41b9aba8](830): No config to unload named PHONE_CALL_CONTACTS
05-22 12:04:27.656: W/MainTimelineActivity[41b9aba8](830): No config to unload named SHARE_TARGETS
05-22 12:04:27.664: W/MainTimelineActivity[41b9aba8](830): No config to unload named SEND_TARGETS
05-22 12:04:27.664: I/VoiceInputHelper(830): Asked to reload identical config, ignoring.
05-22 12:04:27.711: I/VoiceInputHelper(830): Asked to reload identical config, ignoring.
05-22 12:04:27.711: W/MainTimelineActivity[41b9aba8](830): No wake up time known.
05-22 12:04:27.711: D/InputMethodManagerService(518): --- calledFromForegroundUserOrSystemProcess ? calling uid = 10010 system uid = 1000 calling userId = 0, foreground user id = 0, calling pid = 830com.android.server.InputMethodManagerService.windowGainedFocus(InputMethodManagerService.java:1882)
05-22 12:04:27.711: V/InputMethodManagerService(518): windowGainedFocus: android.os.BinderProxy@41b69620 controlFlags=#5 softInputMode=#20 windowFlags=#1810500
05-22 12:04:27.719: I/MainTimelineView(830): New timeline database content loaded; updating views.
05-22 12:04:27.719: W/CardScrollView(830): Rebinding view with mis-matched type: com.google.glass.home.timeline.TimelineApiAdapter$2{41ddaf40 V.ED.... ..S..AID 0,0-640,360}
05-22 12:04:27.719: W/CardScrollView(830): Rebinding view with mis-matched type: com.google.glass.timeline.ui.TimelineItemContainerView{41e51e10 V.E..... ......ID 0,0-640,360}
05-22 12:04:27.719: W/CardScrollView(830): Rebinding view with mis-matched type: HOME
05-22 12:04:27.719: W/InputMethodManagerService(518): Window already focused, ignoring focus gain of: com.android.internal.view.IInputMethodClient$Stub$Proxy@41f3c920 attribute=null, token = android.os.BinderProxy@41f7d6c8
05-22 12:04:27.828: I/MainTimelineView(830): New timeline database content loaded; updating views.
05-22 12:04:27.828: W/CardScrollView(830): Rebinding view with mis-matched type: com.google.glass.home.timeline.TimelineApiAdapter$2{41ddaf40 V.ED.... ..S..A.. 0,0-640,360}
05-22 12:04:27.828: W/CardScrollView(830): Rebinding view with mis-matched type: com.google.glass.timeline.ui.TimelineItemContainerView{41e51e10 V.E..... ......ID 0,0-640,360}
05-22 12:04:27.828: W/CardScrollView(830): Rebinding view with mis-matched type: HOME
05-22 12:04:28.102: I/ActivityManager(518): START u0 {act=com.google.glass.action.ACTION_GO_TO_SETTINGS flg=0x10000000 cmp=com.google.glass.settings/.ui.SettingsActivity (has extras)} from pid -1
05-22 12:04:28.125: W/AudioFlinger(125): uid 10015 tried to pass itself off as 10010
05-22 12:04:28.125: I/MainTimelineActivity[41b9aba8](830): onPause
05-22 12:04:28.125: I/MainTimelineActivity[41b9aba8](830): Removing listener from VoiceService: MainTimelineActivity[41b9aba8]
05-22 12:04:28.133: W/VoiceEngine[41b95d30](892): Transition to VoiceConfig [] requested, but already in that config.
05-22 12:04:28.156: I/SettingsActivity[41b756a0](783): onCreate [savedInstanceState=null]
05-22 12:04:28.180: I/SettingsActivity[41b756a0](783): onStart
05-22 12:04:28.180: I/SettingsActivity[41b756a0](783): onResume
05-22 12:04:28.180: D/CardScrollView(783): Activating.
05-22 12:04:28.211: I/WifiHelper(783): Failed to start active wifi scan since the api is not found. sdk version is 19
05-22 12:04:28.219: W/WifiHelper(783): Removed ScanResult with blank SSID.
05-22 12:04:28.281: W/WifiHelper(783): Removed ScanResult with blank SSID.
05-22 12:04:28.289: W/WifiHelper(783): Removed ScanResult with blank SSID.
05-22 12:04:28.289: D/InputMethodManagerService(518): --- calledFromForegroundUserOrSystemProcess ? calling uid = 1000 system uid = 1000 calling userId = 0, foreground user id = 0, calling pid = 783com.android.server.InputMethodManagerService.windowGainedFocus(InputMethodManagerService.java:1882)
05-22 12:04:28.289: V/InputMethodManagerService(518): windowGainedFocus: android.os.BinderProxy@41e665d8 controlFlags=#105 softInputMode=#120 windowFlags=#1810500
05-22 12:04:28.289: V/InputMethodManagerService(518): Unspecified window will hide input
05-22 12:04:28.289: V/InputMethodManagerService(518): unbindCurrentInputLocked: client = android.os.BinderProxy@41b69620
05-22 12:04:28.289: V/InputMethodManagerService(518): Hide switching menu
05-22 12:04:28.289: V/InputMethodManagerService(518): switching to client: client = android.os.BinderProxy@41e665d8 keyguard=false
05-22 12:04:28.289: V/InputMethodManagerService(518): Disabling: SessionState{uid 10010 pid 830 method 41de8c98 session 41f00068 channel ClientState{41f4b110 uid 10010 pid 830} (server)}
05-22 12:04:28.297: V/InputMethodManagerService(518): Enabling: SessionState{uid 1000 pid 783 method 41de8c98 session 41c12270 channel ClientState{41e683b8 uid 1000 pid 783} (server)}
05-22 12:04:28.328: I/ActivityManager(518): Displayed com.google.glass.settings/.ui.SettingsActivity: +191ms
05-22 12:04:28.562: D/CardScrollView(830): Deactivating.
05-22 12:04:28.570: I/MainTimelineActivity[41b9aba8](830): onStop
05-22 12:04:28.781: I/WifiHelper(783): Failed to start active wifi scan since the api is not found. sdk version is 19
05-22 12:04:28.781: D/BluetoothManagerService(518): Message: 30
05-22 12:04:28.789: W/ContextImpl(783): Calling a method in the system process without a qualified user: android.app.ContextImpl.bindService:1557 android.content.ContextWrapper.bindService:517 android.bluetooth.BluetoothPan.doBind:150 android.bluetooth.BluetoothPan.:142 android.bluetooth.BluetoothAdapter.getProfileProxy:1271
05-22 12:04:28.797: W/WifiHelper(783): Removed ScanResult with blank SSID.
05-22 12:04:28.852: D/BluetoothPan(783): BluetoothPAN Proxy object connected
05-22 12:04:28.852: W/WifiHelper(783): Removed ScanResult with blank SSID.
05-22 12:04:28.859: W/WifiHelper(783): Removed ScanResult with blank SSID.
05-22 12:04:28.875: W/WifiHelper(783): Removed ScanResult with blank SSID.
05-22 12:04:29.242: W/WifiHelper(783): Removed ScanResult with blank SSID.
05-22 12:04:29.242: I/WifiHelper(783): Failed to start active wifi scan since the api is not found. sdk version is 19
05-22 12:04:29.250: W/WifiHelper/wifiScanReceiver(783): Not unregistering receiver, because it is not registered.
05-22 12:04:29.758: W/AudioFlinger(125): uid 10015 tried to pass itself off as 1000
05-22 12:04:29.922: D/dalvikvm(518): GC_FOR_ALLOC freed 686K, 15% free 9885K/11536K, paused 94ms, total 98ms
05-22 12:04:29.937: I/SettingsActivity[41b756a0](783): onPause
05-22 12:04:29.937: D/CardScrollView(783): Deactivating.
05-22 12:04:29.961: I/MainTimelineActivity[41b9aba8](830): onStart
05-22 12:04:29.961: D/CardScrollView(830): Activating.
05-22 12:04:29.961: I/MainTimelineActivity[41b9aba8](830): onResume
05-22 12:04:29.961: I/VoiceInputHelper(830): Attaching listener to VoiceService: MainTimelineActivity[41b9aba8]
05-22 12:04:29.961: I/MainTimelineView(830): Updating cursor select args: [1403377469971]
05-22 12:04:29.961: I/MainTimelineView(830): Updating cursor select args: [1400785479972]
05-22 12:04:29.961: W/VoiceEngine[41b95d30](892): Transition to VoiceConfig [] requested, but already in that config.
05-22 12:04:30.031: W/VoiceEngine[41b95d30](892): Transition to VoiceConfig [] requested, but already in that config.
05-22 12:04:30.031: I/VoiceInputHelper(830): Asked to reload identical config, ignoring.
05-22 12:04:30.031: V/FormattingLoggers(830): TimingData [count=120, sinceCreation=618540ms, spentLogging=40ms].
05-22 12:04:30.039: I/VoiceInputHelper(830): Asked to reload identical config, ignoring.
05-22 12:04:30.039: W/MainTimelineActivity[41b9aba8](830): No config to unload named MESSAGING_CONTACTS
05-22 12:04:30.039: W/MainTimelineActivity[41b9aba8](830): No config to unload named PHONE_CALL_CONTACTS
05-22 12:04:30.039: W/MainTimelineActivity[41b9aba8](830): No config to unload named SHARE_TARGETS
05-22 12:04:30.039: W/MainTimelineActivity[41b9aba8](830): No config to unload named SEND_TARGETS
05-22 12:04:30.039: I/VoiceInputHelper(830): Asked to reload identical config, ignoring.
05-22 12:04:30.102: I/VoiceInputHelper(830): Asked to reload identical config, ignoring.
05-22 12:04:30.109: W/MainTimelineActivity[41b9aba8](830): No wake up time known.
05-22 12:04:30.109: D/InputMethodManagerService(518): --- calledFromForegroundUserOrSystemProcess ? calling uid = 10010 system uid = 1000 calling userId = 0, foreground user id = 0, calling pid = 830com.android.server.InputMethodManagerService.windowGainedFocus(InputMethodManagerService.java:1882)
05-22 12:04:30.109: V/InputMethodManagerService(518): windowGainedFocus: android.os.BinderProxy@41b69620 controlFlags=#105 softInputMode=#20 windowFlags=#1810500
05-22 12:04:30.109: V/InputMethodManagerService(518): Unspecified window will hide input
05-22 12:04:30.109: V/InputMethodManagerService(518): unbindCurrentInputLocked: client = android.os.BinderProxy@41e665d8
05-22 12:04:30.109: V/InputMethodManagerService(518): Hide switching menu
05-22 12:04:30.109: V/InputMethodManagerService(518): switching to client: client = android.os.BinderProxy@41b69620 keyguard=false
05-22 12:04:30.109: V/InputMethodManagerService(518): Disabling: SessionState{uid 1000 pid 783 method 41de8c98 session 41c12270 channel ClientState{41e683b8 uid 1000 pid 783} (server)}
05-22 12:04:30.109: V/InputMethodManagerService(518): Enabling: SessionState{uid 10010 pid 830 method 41de8c98 session 41f00068 channel ClientState{41f4b110 uid 10010 pid 830} (server)}
05-22 12:04:30.117: I/MainTimelineView(830): New timeline database content loaded; updating views.
05-22 12:04:30.125: W/CardScrollView(830): Rebinding view with mis-matched type: com.google.glass.home.timeline.TimelineApiAdapter$2{41ddaf40 V.ED.... ..S..AID 0,0-640,360}
05-22 12:04:30.125: W/CardScrollView(830): Rebinding view with mis-matched type: com.google.glass.timeline.ui.TimelineItemContainerView{41e51e10 V.E..... ......ID 0,0-640,360}
05-22 12:04:30.125: W/CardScrollView(830): Rebinding view with mis-matched type: HOME
05-22 12:04:30.250: I/MainTimelineView(830): New timeline database content loaded; updating views.
05-22 12:04:30.250: W/CardScrollView(830): Rebinding view with mis-matched type: com.google.glass.home.timeline.TimelineApiAdapter$2{41ddaf40 V.ED.... ..S..A.. 0,0-640,360}
05-22 12:04:30.250: W/CardScrollView(830): Rebinding view with mis-matched type: com.google.glass.timeline.ui.TimelineItemContainerView{41e51e10 V.E..... ......ID 0,0-640,360}
05-22 12:04:30.250: W/CardScrollView(830): Rebinding view with mis-matched type: HOME
05-22 12:04:30.375: W/WifiHelper(783): Removed ScanResult with blank SSID.
05-22 12:04:30.375: W/WifiHelper/wifiScanReceiver(783): Not unregistering receiver, because it is not registered.
05-22 12:04:30.375: I/WifiHelper(783): Failed to start active wifi scan since the api is not found. sdk version is 19
05-22 12:04:30.375: V/FormattingLoggers(783): TimingData [count=40, sinceCreation=620617ms, spentLogging=7ms].
05-22 12:04:30.516: I/SettingsActivity[41b756a0](783): onStop
05-22 12:04:30.516: I/SettingsActivity[41b756a0](783): onDestroy
05-22 12:04:30.602: D/dalvikvm(783): GC_EXPLICIT freed 815K, 11% free 9558K/10700K, paused 4ms+8ms, total 87ms
05-22 12:04:30.617: E/StrictMode(783): class com.google.glass.settings.ui.SettingsActivity; instances=2; limit=1
05-22 12:04:30.617: E/StrictMode(783): android.os.StrictMode$InstanceCountViolation: class com.google.glass.settings.ui.SettingsActivity; instances=2; limit=1
05-22 12:04:30.617: E/StrictMode(783): at android.os.StrictMode.setClassInstanceLimit(StrictMode.java:1)
05-22 12:04:30.617: D/BluetoothManagerService(518): Message: 31
05-22 12:04:30.625: D/BluetoothManagerService(518): Message: 31
05-22 12:04:30.625: E/StrictMode(783): A resource was acquired at attached stack trace but never released. See java.io.Closeable for information on avoiding resource leaks.
05-22 12:04:30.625: E/StrictMode(783): java.lang.Throwable: Explicit termination method 'release' not called
05-22 12:04:30.625: E/StrictMode(783): at dalvik.system.CloseGuard.open(CloseGuard.java:184)
05-22 12:04:30.625: E/StrictMode(783): at android.view.Surface.setNativeObjectLocked(Surface.java:404)
05-22 12:04:30.625: E/StrictMode(783): at android.view.Surface.readFromParcel(Surface.java:375)
05-22 12:04:30.625: E/StrictMode(783): at android.view.Surface$1.createFromParcel(Surface.java:60)
05-22 12:04:30.625: E/StrictMode(783): at android.view.Surface$1.createFromParcel(Surface.java:55)
05-22 12:04:30.625: E/StrictMode(783): at android.os.Parcel.readParcelable(Parcel.java:2104)
05-22 12:04:30.625: E/StrictMode(783): at com.google.android.glass.timeline.DirectRenderingOperation.(DirectRenderingOperation.java:193)
05-22 12:04:30.625: E/StrictMode(783): at com.google.android.glass.timeline.DirectRenderingOperation.(DirectRenderingOperation.java:28)
05-22 12:04:30.625: E/StrictMode(783): at com.google.android.glass.timeline.DirectRenderingOperation$1.createFromParcel(DirectRenderingOperation.java:262)
05-22 12:04:30.625: E/StrictMode(783): at com.google.android.glass.timeline.DirectRenderingOperation$1.createFromParcel(DirectRenderingOperation.java:258)
05-22 12:04:30.625: E/StrictMode(783): at com.google.android.glass.timeline.ITimelinePublisher$Stub.onTransact(ITimelinePublisher.java:55)
05-22 12:04:30.625: E/StrictMode(783): at android.os.Binder.execTransact(Binder.java:404)
05-22 12:04:30.625: E/StrictMode(783): at dalvik.system.NativeStart.run(Native Method)
05-22 12:04:36.031: D/skia(1994): SkGraphics::Init() - BLTsville (CPU) dlopen success
05-22 12:04:36.031: D/AndroidRuntime(1994): >>>>>> AndroidRuntime START com.android.internal.os.RuntimeInit <<<<<<
05-22 12:04:36.031: D/AndroidRuntime(1994): CheckJNI is OFF
05-22 12:04:36.031: I/dalvikvm(1994): No library specified. The standard exception handler will be used
05-22 12:04:36.062: D/dalvikvm(1994): Trying to load lib libjavacore.so 0x0
05-22 12:04:36.062: D/dalvikvm(1994): Added shared lib libjavacore.so 0x0
05-22 12:04:36.070: D/dalvikvm(1994): Trying to load lib libnativehelper.so 0x0
05-22 12:04:36.070: D/dalvikvm(1994): Added shared lib libnativehelper.so 0x0
05-22 12:04:36.070: D/dalvikvm(1994): No JNI_OnLoad found in libnativehelper.so 0x0, skipping init
05-22 12:04:36.102: D/dalvikvm(1994): Extra Options: not specified
05-22 12:04:36.125: D/dalvikvm(1994): Note: class Landroid/app/ActivityManagerNative; has 179 unimplemented (abstract) methods
05-22 12:04:36.359: E/memtrack(1994): Couldn't load memtrack module (No such file or directory)
05-22 12:04:36.359: E/android.os.Debug(1994): failed to load memtrack module: -2
05-22 12:04:36.453: D/AndroidRuntime(1994): Calling main entry com.android.commands.pm.Pm
05-22 12:04:36.477: W/ActivityManager(518): No content provider found for permission revoke: file:///data/local/tmp/OpenCV_2.4.9_Manager_2.18_armv7a-neon.apk
05-22 12:04:36.578: W/ActivityManager(518): No content provider found for permission revoke: file:///data/local/tmp/OpenCV_2.4.9_Manager_2.18_armv7a-neon.apk
05-22 12:04:36.578: I/PackageManager(518): Copying native libraries to /data/app-lib/vmdl732692678
05-22 12:04:38.375: I/PackageManager(518): Running dexopt on: org.opencv.engine
05-22 12:04:38.531: I/dalvikvm(2005): No library specified. The standard exception handler will be used
05-22 12:04:38.547: D/dalvikvm(2005): DexOpt: 'Landroid/annotation/SuppressLint;' has an earlier definition; blocking out
05-22 12:04:38.547: D/dalvikvm(2005): DexOpt: 'Landroid/annotation/TargetApi;' has an earlier definition; blocking out
05-22 12:04:38.570: D/dalvikvm(2005): DexOpt: not verifying/optimizing 'Landroid/annotation/SuppressLint;': multiple definitions
05-22 12:04:38.570: D/dalvikvm(2005): DexOpt: not verifying/optimizing 'Landroid/annotation/TargetApi;': multiple definitions
05-22 12:04:38.641: D/dalvikvm(2005): DexOpt: load 21ms, verify+opt 75ms, 348140 bytes
05-22 12:04:38.680: I/ActivityManager(518): Force stopping org.opencv.engine appid=10036 user=-1: update pkg
05-22 12:04:38.844: D/InputMethodManagerService(518): --- re-buildInputMethodList reset = false
05-22 12:04:38.844: D/InputMethodManagerService(518): ------
05-22 12:04:38.844: D/InputMethodManagerService(518): com.android.server.InputMethodManagerService.buildInputMethodListLocked(InputMethodManagerService.java:2512)
05-22 12:04:38.844: D/InputMethodManagerService(518): com.android.server.InputMethodManagerService$MyPackageMonitor.onSomePackagesChanged(InputMethodManagerService.java:523)
05-22 12:04:38.844: D/InputMethodManagerService(518): com.android.internal.content.PackageMonitor.onReceive(PackageMonitor.java:397)
05-22 12:04:38.844: D/InputMethodManagerService(518): android.app.LoadedApk$ReceiverDispatcher$Args.run(LoadedApk.java:768)
05-22 12:04:38.844: D/InputMethodManagerService(518): android.os.Handler.handleCallback(Handler.java:733)
05-22 12:04:38.844: D/InputMethodManagerService(518): android.os.Handler.dispatchMessage(Handler.java:95)
05-22 12:04:38.844: D/InputMethodManagerService(518): android.os.Looper.loop(Looper.java:149)
05-22 12:04:38.844: D/InputMethodManagerService(518): android.os.HandlerThread.run(HandlerThread.java:61)
05-22 12:04:38.844: D/InputMethodManagerService(518): Checking ComponentInfo{com.android.inputmethod.latin/com.android.inputmethod.latin.LatinIME}
05-22 12:04:38.859: I/NativeAppVoiceMenuHelper(830): Installed packages changed; invalidating trigger cache
05-22 12:04:38.867: I/NativeAppVoiceMenuHelper(830): Reloading triggers
05-22 12:04:38.867: I/VoiceTriggers(830): Loading voice triggers
05-22 12:04:38.867: I/InputReader(518): Reconfiguring input devices. changes=0x00000010
05-22 12:04:38.875: D/VoiceTriggers(830): - ComponentInfo{com.google.glass.camera/com.google.glass.camera.TakePictureActivity}
05-22 12:04:38.875: D/VoiceTriggers(830): - ComponentInfo{com.google.glass.camera/com.google.glass.camera.RecordVideoActivity}
05-22 12:04:38.883: D/VoiceTriggers(830): - ComponentInfo{com.google.glass.maps/com.google.glass.maps.NavigationActivity}
05-22 12:04:38.883: D/VoiceTriggers(830): - ComponentInfo{com.google.glass.search/com.google.glass.search.VoiceSearchActivity}
05-22 12:04:38.891: D/VoiceTriggers(830): - ComponentInfo{com.google.android.glass.games/com.google.android.glass.sample.games.tennis.TennisSplashActivity}
05-22 12:04:38.891: D/VoiceTriggers(830): - ComponentInfo{com.google.android.glass.games/com.google.android.glass.sample.games.shapesplitter.ShapeSplitterSplashActivity}
05-22 12:04:38.891: D/VoiceTriggers(830): - ComponentInfo{com.google.android.glass.games/com.google.android.glass.sample.games.bookbalance.BookBalanceSplashActivity}
05-22 12:04:38.891: D/VoiceTriggers(830): - ComponentInfo{com.google.android.glass.games/com.google.android.glass.sample.games.skeet.SkeetSplashActivity}
05-22 12:04:38.891: D/BackupManagerService(518): Received broadcast Intent { act=android.intent.action.PACKAGE_ADDED dat=package:org.opencv.engine flg=0x4000010 (has extras) }
05-22 12:04:38.898: D/VoiceTriggers(830): - ComponentInfo{com.google.android.glass.games/com.google.android.glass.sample.games.matcher.MatcherSplashActivity}
05-22 12:04:38.898: D/VoiceTriggers(830): - ComponentInfo{com.questvisual.wordlens.glass/com.questvisual.wordlens.WordLensActivity}
05-22 12:04:38.898: I/VoiceInputHelper(830): Asked to reload identical config, ignoring.
05-22 12:04:38.898: V/BackupManagerService(518): addPackageParticipantsLocked: #1
05-22 12:04:38.937: I/VoiceInputHelper(830): Asked to reload identical config, ignoring.
05-22 12:04:38.937: I/VoiceInputHelper(830): Asked to reload identical config, ignoring.
05-22 12:04:38.977: I/VoiceInputHelper(830): Asked to reload identical config, ignoring.
05-22 12:04:38.977: D/PackageBroadcastService(1326): Received broadcast action=android.intent.action.PACKAGE_ADDED and uri=org.opencv.engine
05-22 12:04:39.000: D/dalvikvm(518): GC_EXPLICIT freed 1476K, 14% free 9989K/11600K, paused 6ms+14ms, total 152ms
05-22 12:04:39.016: D/AndroidRuntime(1994): Shutting down VM
05-22 12:04:39.016: D/jdwp(1994): Got wake-up signal, bailing out of select
05-22 12:04:39.016: D/dalvikvm(1994): Debugger has detached; object registry had 1 entries
05-22 12:04:39.031: W/Searchables(518): No global search activity found
05-22 12:04:39.031: D/InputMethodManagerService(518): Found an input method InputMethodInfo{com.android.inputmethod.latin/.LatinIME, settings: com.android.inputmethod.latin.settings.SettingsActivity}
05-22 12:04:39.039: V/GmsNetworkLocationProvi(1294): DISABLE
05-22 12:04:39.055: I/FusedLocation(518): engine stopped (com.android.location.fused)
05-22 12:04:39.055: I/GlassUserEventService[41b6b070](1187): Performance stats: [object: com.google.common.logging.GlassExtensionsNano$GlassUserEventPerformanceStats { batteryStateOfChargeUah_: 342000 totalKernelMs_: 817040 totalBytesSent_: 45428 boardTemperatureMilliCentigrade_: 39913 frequencyScalingGovernor_: 0 batteryChargeWhenFullUah_: 352000 qpassedFractional_: 0 qpassedInteger_: 0 reportedSoc_: 99 bitField0_: 927 batteryTemperatureMilliCentigrade_: 23500 unknownFieldData: null cachedSize: -1}]
05-22 12:04:39.094: I/FusedLocation(518): engine started (com.android.location.fused)
05-22 12:04:39.094: V/GmsNetworkLocationProvi(1294): ENABLE
05-22 12:04:39.094: V/GmsNetworkLocationProvi(1294): onSetRequest: ProviderRequestUnbundled, reportLocation is true and interval is 86400000
05-22 12:04:39.094: V/GmsNetworkLocationProvi(1294): SET-REQUEST
05-22 12:04:39.094: V/GmsNetworkLocationProvi(1294): in Handler: ProviderRequestUnbundled, reportLocation is true and interval is 86400000
05-22 12:04:39.234: D/skia(1994): SkGraphics::Term() dlclose() BLTsville (CPU)
05-22 12:04:39.383: V/csr_gnss(518): called: csr_gnss_upa_inject_location
05-22 12:04:39.383: D/csr_gnss(518): RefLoc: flag(1) lat(34.415237) lon(-119.840732) herr(65.430000) adjherr(11000) verr(10000)
05-22 12:04:39.383: V/csr_gnss(518): called: csr_gnss_inject_ref_location
05-22 12:04:39.383: V/csr_gnss(518): return: csr_gnss_inject_ref_location
05-22 12:04:39.383: V/csr_gnss(518): return: csr_gnss_upa_inject_location
05-22 12:04:39.391: D/dalvikvm(1294): GC_CONCURRENT freed 921K, 14% free 6210K/7196K, paused 6ms+7ms, total 67ms
05-22 12:04:45.078: W/VoiceEngine[41b95d30](892): Transition to VoiceConfig [] requested, but already in that config.
05-22 12:04:45.203: D/audio_hw_primary(125): select_output_device: output_type: 1
05-22 12:04:45.242: D/InputMethodManagerService(518): --- calledFromForegroundUserOrSystemProcess ? calling uid = 10010 system uid = 1000 calling userId = 0, foreground user id = 0, calling pid = 830com.android.server.InputMethodManagerService.startInput(InputMethodManagerService.java:1250)
05-22 12:04:45.289: W/VoiceEngine[41b95d30](892): Transition to VoiceConfig [] requested, but already in that config.
05-22 12:04:47.133: D/skia(2016): SkGraphics::Init() - BLTsville (CPU) dlopen success
05-22 12:04:47.133: D/AndroidRuntime(2016): >>>>>> AndroidRuntime START com.android.internal.os.RuntimeInit <<<<<<
05-22 12:04:47.141: D/AndroidRuntime(2016): CheckJNI is OFF
05-22 12:04:47.141: I/dalvikvm(2016): No library specified. The standard exception handler will be used
05-22 12:04:47.180: D/dalvikvm(2016): Trying to load lib libjavacore.so 0x0
05-22 12:04:47.187: D/dalvikvm(2016): Added shared lib libjavacore.so 0x0
05-22 12:04:47.195: D/dalvikvm(2016): Trying to load lib libnativehelper.so 0x0
05-22 12:04:47.195: D/dalvikvm(2016): Added shared lib libnativehelper.so 0x0
05-22 12:04:47.195: D/dalvikvm(2016): No JNI_OnLoad found in libnativehelper.so 0x0, skipping init
05-22 12:04:47.227: D/dalvikvm(2016): Extra Options: not specified
05-22 12:04:47.258: D/dalvikvm(2016): Note: class Landroid/app/ActivityManagerNative; has 179 unimplemented (abstract) methods
05-22 12:04:47.562: E/memtrack(2016): Couldn't load memtrack module (No such file or directory)
05-22 12:04:47.562: E/android.os.Debug(2016): failed to load memtrack module: -2
05-22 12:04:47.695: D/AndroidRuntime(2016): Calling main entry com.android.commands.pm.Pm
05-22 12:04:47.719: W/ActivityManager(518): No content provider found for permission revoke: file:///data/local/tmp/OpenCV Sample - native-activity.apk
05-22 12:04:47.734: W/ActivityManager(518): No content provider found for permission revoke: file:///data/local/tmp/OpenCV Sample - native-activity.apk
05-22 12:04:47.734: I/PackageManager(518): Copying native libraries to /data/app-lib/vmdl-1917142442
05-22 12:04:47.844: I/ActivityManager(518): Force stopping org.opencv.samples.NativeActivity appid=10009 user=-1: uninstall pkg
05-22 12:04:47.844: I/ActivityManager(518): Killing 1971:org.opencv.samples.NativeActivity/u0a9 (adj 11): stop org.opencv.samples.NativeActivity
05-22 12:04:47.859: D/InputMethodManagerService(518): --- calledFromForegroundUserOrSystemProcess ? calling uid = 1000 system uid = 1000 calling userId = 0, foreground user id = 0, calling pid = 518dalvik.system.NativeStart.run(Native Method)
05-22 12:04:47.961: I/PackageManager(518): Package org.opencv.samples.NativeActivity codePath changed from /data/app/org.opencv.samples.NativeActivity-2.apk to /data/app/org.opencv.samples.NativeActivity-1.apk; Retaining data and using new
05-22 12:04:47.984: I/PackageManager(518): Running dexopt on: org.opencv.samples.NativeActivity
05-22 12:04:48.031: I/dalvikvm(2026): No library specified. The standard exception handler will be used
05-22 12:04:48.234: D/dalvikvm(2026): DexOpt: load 29ms, verify+opt 121ms, 487548 bytes
05-22 12:04:48.266: I/ActivityManager(518): Force stopping org.opencv.samples.NativeActivity appid=10009 user=-1: update pkg
05-22 12:04:48.266: W/PackageManager(518): Code path for pkg : org.opencv.samples.NativeActivity changing from /data/app/org.opencv.samples.NativeActivity-2.apk to /data/app/org.opencv.samples.NativeActivity-1.apk
05-22 12:04:48.266: W/PackageManager(518): Resource path for pkg : org.opencv.samples.NativeActivity changing from /data/app/org.opencv.samples.NativeActivity-2.apk to /data/app/org.opencv.samples.NativeActivity-1.apk
05-22 12:04:48.508: I/ActivityManager(518): Force stopping org.opencv.samples.NativeActivity appid=10009 user=0: pkg removed
05-22 12:04:48.547: I/InputReader(518): Reconfiguring input devices. changes=0x00000010
05-22 12:04:48.555: I/NativeAppVoiceMenuHelper(830): Installed packages changed; invalidating trigger cache
05-22 12:04:48.555: I/NativeAppVoiceMenuHelper(830): Reloading triggers
05-22 12:04:48.555: I/VoiceTriggers(830): Loading voice triggers
05-22 12:04:48.570: D/VoiceTriggers(830): - ComponentInfo{com.google.glass.camera/com.google.glass.camera.TakePictureActivity}
05-22 12:04:48.570: D/VoiceTriggers(830): - ComponentInfo{com.google.glass.camera/com.google.glass.camera.RecordVideoActivity}
05-22 12:04:48.570: D/VoiceTriggers(830): - ComponentInfo{com.google.glass.maps/com.google.glass.maps.NavigationActivity}
05-22 12:04:48.578: D/VoiceTriggers(830): - ComponentInfo{com.google.glass.search/com.google.glass.search.VoiceSearchActivity}
05-22 12:04:48.578: D/VoiceTriggers(830): - ComponentInfo{com.google.android.glass.games/com.google.android.glass.sample.games.tennis.TennisSplashActivity}
05-22 12:04:48.578: D/VoiceTriggers(830): - ComponentInfo{com.google.android.glass.games/com.google.android.glass.sample.games.shapesplitter.ShapeSplitterSplashActivity}
05-22 12:04:48.586: I/InputReader(518): Reconfiguring input devices. changes=0x00000010
05-22 12:04:48.586: D/VoiceTriggers(830): - ComponentInfo{com.google.android.glass.games/com.google.android.glass.sample.games.bookbalance.BookBalanceSplashActivity}
05-22 12:04:48.594: D/VoiceTriggers(830): - ComponentInfo{com.google.android.glass.games/com.google.android.glass.sample.games.skeet.SkeetSplashActivity}
05-22 12:04:48.594: D/VoiceTriggers(830): - ComponentInfo{com.google.android.glass.games/com.google.android.glass.sample.games.matcher.MatcherSplashActivity}
05-22 12:04:48.594: D/VoiceTriggers(830): - ComponentInfo{com.questvisual.wordlens.glass/com.questvisual.wordlens.WordLensActivity}
05-22 12:04:48.602: I/VoiceInputHelper(830): Asked to reload identical config, ignoring.
05-22 12:04:48.625: D/InputMethodManagerService(518): --- re-buildInputMethodList reset = false
05-22 12:04:48.625: D/InputMethodManagerService(518): ------
05-22 12:04:48.625: D/InputMethodManagerService(518): com.android.server.InputMethodManagerService.buildInputMethodListLocked(InputMethodManagerService.java:2512)
05-22 12:04:48.625: D/InputMethodManagerService(518): com.android.server.InputMethodManagerService$MyPackageMonitor.onSomePackagesChanged(InputMethodManagerService.java:523)
05-22 12:04:48.625: D/InputMethodManagerService(518): com.android.internal.content.PackageMonitor.onReceive(PackageMonitor.java:397)
05-22 12:04:48.625: D/InputMethodManagerService(518): android.app.LoadedApk$ReceiverDispatcher$Args.run(LoadedApk.java:768)
05-22 12:04:48.625: D/InputMethodManagerService(518): android.os.Handler.handleCallback(Handler.java:733)
05-22 12:04:48.625: D/InputMethodManagerService(518): android.os.Handler.dispatchMessage(Handler.java:95)
05-22 12:04:48.625: D/InputMethodManagerService(518): android.os.Looper.loop(Looper.java:149)
05-22 12:04:48.625: D/InputMethodManagerService(518): android.os.HandlerThread.run(HandlerThread.java:61)
05-22 12:04:48.656: I/VoiceInputHelper(830): Asked to reload identical config, ignoring.
05-22 12:04:48.656: V/FormattingLoggers(830): TimingData [count=140, sinceCreation=637161ms, spentLogging=47ms].
05-22 12:04:48.656: I/VoiceInputHelper(830): Asked to reload identical config, ignoring.
05-22 12:04:48.687: D/dalvikvm(518): GC_EXPLICIT freed 1032K, 15% free 9953K/11600K, paused 16ms+16ms, total 168ms
05-22 12:04:48.711: D/dalvikvm(830): GC_CONCURRENT freed 1699K, 17% free 9072K/10852K, paused 3ms+6ms, total 149ms
05-22 12:04:48.711: D/PackageBroadcastService(1326): Received broadcast action=android.intent.action.PACKAGE_REMOVED and uri=org.opencv.samples.NativeActivity
05-22 12:04:48.727: I/InputReader(518): Reconfiguring input devices. changes=0x00000010
05-22 12:04:48.758: D/InputMethodManagerService(518): Checking ComponentInfo{com.android.inputmethod.latin/com.android.inputmethod.latin.LatinIME}
05-22 12:04:48.773: I/VoiceInputHelper(830): Asked to reload identical config, ignoring.
05-22 12:04:48.773: I/NativeAppVoiceMenuHelper(830): Installed packages changed; invalidating trigger cache
05-22 12:04:48.773: I/NativeAppVoiceMenuHelper(830): Reloading triggers
05-22 12:04:48.773: I/VoiceTriggers(830): Loading voice triggers
05-22 12:04:48.773: D/InputMethodManagerService(518): Found an input method InputMethodInfo{com.android.inputmethod.latin/.LatinIME, settings: com.android.inputmethod.latin.settings.SettingsActivity}
05-22 12:04:48.781: W/Searchables(518): No global search activity found
05-22 12:04:48.781: W/Searchables(518): No global search activity found
05-22 12:04:48.789: D/VoiceTriggers(830): - ComponentInfo{com.google.glass.camera/com.google.glass.camera.TakePictureActivity}
05-22 12:04:48.789: V/GmsNetworkLocationProvi(1294): DISABLE
05-22 12:04:48.789: D/VoiceTriggers(830): - ComponentInfo{com.google.glass.camera/com.google.glass.camera.RecordVideoActivity}
05-22 12:04:48.797: D/VoiceTriggers(830): - ComponentInfo{com.google.glass.maps/com.google.glass.maps.NavigationActivity}
05-22 12:04:48.797: D/VoiceTriggers(830): - ComponentInfo{com.google.glass.search/com.google.glass.search.VoiceSearchActivity}
05-22 12:04:48.805: D/VoiceTriggers(830): - ComponentInfo{com.google.android.glass.games/com.google.android.glass.sample.games.tennis.TennisSplashActivity}
05-22 12:04:48.805: E/StrictMode(830): A resource was acquired at attached stack trace but never released. See java.io.Closeable for information on avoiding resource leaks.
05-22 12:04:48.805: E/StrictMode(830): java.lang.Throwable: Explicit termination method 'release' not called
05-22 12:04:48.805: E/StrictMode(830): at dalvik.system.CloseGuard.open(CloseGuard.java:184)
05-22 12:04:48.805: E/StrictMode(830): at android.view.Surface.setNativeObjectLocked(Surface.java:404)
05-22 12:04:48.805: E/StrictMode(830): at android.view.Surface.(Surface.java:135)
05-22 12:04:48.805: E/StrictMode(830): at com.google.android.glass.timeline.HostedCard$1.onSurfaceTextureAvailable(HostedCard.java:177)
05-22 12:04:48.805: E/StrictMode(830): at android.view.TextureView.getHardwareLayer(TextureView.java:385)
05-22 12:04:48.805: E/StrictMode(830): at android.view.View.getDisplayList(View.java:13335)
05-22 12:04:48.805: E/StrictMode(830): at android.view.View.getDisplayList(View.java:13411)
05-22 12:04:48.805: E/StrictMode(830): at android.view.View.draw(View.java:14190)
05-22 12:04:48.805: E/StrictMode(830): at android.view.ViewGroup.drawChild(ViewGroup.java:3103)
05-22 12:04:48.805: E/StrictMode(830): at android.view.ViewGroup.dispatchDraw(ViewGroup.java:2940)
05-22 12:04:48.805: E/StrictMode(830): at android.view.View.getDisplayList(View.java:13364)
05-22 12:04:48.805: E/StrictMode(830): at android.view.View.getDisplayList(View.java:13411)
05-22 12:04:48.805: E/StrictMode(830): at android.view.View.draw(View.java:14190)
05-22 12:04:48.805: E/StrictMode(830): at android.view.ViewGroup.drawChild(ViewGroup.java:3103)
05-22 12:04:48.805: E/StrictMode(830): at android.view.ViewGroup.dispatchDraw(ViewGroup.java:2940)
05-22 12:04:48.805: E/StrictMode(830): at android.view.View.draw(View.java:14476)
05-22 12:04:48.805: E/StrictMode(830): at com.google.glass.home.timeline.TimelineView.draw(TimelineView.java:165)
05-22 12:04:48.805: E/StrictMode(830): at android.view.View.getDisplayList(View.java:13369)
05-22 12:04:48.805: E/StrictMode(830): at android.view.View.getDisplayList(View.java:13411)
05-22 12:04:48.805: E/StrictMode(830): at android.view.View.draw(View.java:14190)
05-22 12:04:48.805: E/StrictMode(830): at android.view.ViewGroup.drawChild(ViewGroup.java:3103)
05-22 12:04:48.805: E/StrictMode(830): at android.view.ViewGroup.dispatchDraw(ViewGroup.java:2940)
05-22 12:04:48.805: E/StrictMode(830): at android.view.View.draw(View.java:14476)
05-22 12:04:48.805: E/StrictMode(830): at android.widget.FrameLayout.draw(FrameLayout.java:472)
05-22 12:04:48.805: E/StrictMode(830): at android.view.View.getDisplayList(View.java:13369)
05-22 12:04:48.805: E/StrictMode(830): at android.view.View.getDisplayList(View.java:13411)
05-22 12:04:48.805: E/StrictMode(830): at android.view.View.draw(View.java:14190)
05-22 12:04:48.805: E/StrictMode(830): at android.view.ViewGroup.drawChild(ViewGroup.java:3103)
05-22 12:04:48.805: E/StrictMode(830): at android.view.ViewGroup.dispatchDraw(ViewGroup.java:2940)
05-22 12:04:48.805: E/StrictMode(830): at android.view.View.getDisplayList(View.java:13364)
05-22 12:04:48.805: E/StrictMode(830): at android.view.View.getDisplayList(View.java:13411)
05-22 12:04:48.805: E/StrictMode(830): at android.view.View.draw(View.java:14190)
05-22 12:04:48.805: E/StrictMode(830): at android.view.ViewGroup.drawChild(ViewGroup.java:3103)
05-22 12:04:48.805: E/StrictMode(830): at android.view.ViewGroup.dispatchDraw(ViewGroup.java:2940)
05-22 12:04:48.805: E/StrictMode(830): at android.view.View.getDisplayList(View.java:13364)
05-22 12:04:48.805: E/StrictMode(830): at android.view.View.getDisplayList(View.java:13411)
05-22 12:04:48.805: E/StrictMode(830): at android.view.View.draw(View.java:14190)
05-22 12:04:48.805: E/StrictMode(830): at android.view.ViewGroup.drawChild(ViewGroup.java:3103)
05-22 12:04:48.805: E/StrictMode(830): at android.view.ViewGroup.dispatchDraw(ViewGroup.java:2940)
05-22 12:04:48.805: E/StrictMode(830): at android.view.View.draw(View.java:14476)
05-22 12:04:48.805: E/StrictMode(830): at android.widget.FrameLayout.draw(FrameLayout.java:472)
05-22 12:04:48.805: E/StrictMode(830): at com.android.internal.policy.impl.PhoneWindow$DecorView.draw(PhoneWindow.java:2429)
05-22 12:04:48.805: E/StrictMode(830): at android.view.View.getDisplayList(View.java:13369)
05-22 12:04:48.805: E/StrictMode(830): at android.view.View.getDisplayList(View.java:13411)
05-22 12:04:48.805: E/StrictMode(830): at android.view.HardwareRenderer$GlRenderer.buildDisplayList(HardwareRenderer.java:1570)
05-22 12:04:48.805: E/StrictMode(830): at android.view.HardwareRenderer$GlRenderer.draw(HardwareRenderer.java:1449)
05-22 12:04:48.805: E/StrictMode(830): at android.view.ViewRootImpl.draw(ViewRootImpl.java:2406)
05-22 12:04:48.805: E/StrictMode(830): at android.view.ViewRootImpl.performDraw(ViewRootImpl.java:2278)
05-22 12:04:48.805: E/StrictMode(830): at android.view.ViewRootImpl.performTraversals(ViewRootImpl.java:1908)
05-22 12:04:48.805: E/StrictMode(830): at android.view.ViewRootImpl.doTraversal(ViewRootImpl.java:1025)
05-22 12:04:48.805: E/StrictMode(830): at android.view.ViewRootImpl$TraversalRunnable.run(ViewRootImpl.java:5699)
05-22 12:04:48.805: E/StrictMode(830): at android.view.Choreographer$CallbackRecord.run(Choreographer.java:771)
05-22 12:04:48.805: E/StrictMode(830): at android.view.Choreographer.doCallbacks(Choreographer.java:574)
05-22 12:04:48.805: E/StrictMode(830): at android.view.Choreographer.doFrame(Choreographer.java:544)
05-22 12:04:48.805: E/StrictMode(830): at android.view.Choreographer$FrameDisplayEventReceiver.run(Choreographer.java:757)
05-22 12:04:48.805: E/StrictMode(830): at android.os.Handler.handleCallback(Handler.java:733)
05-22 12:04:48.805: E/StrictMode(830): at android.os.Handler.dispatchMessage(Handler.java:95)
05-22 12:04:48.805: E/StrictMode(830): at android.os.Looper.loop(Looper.java:149)
05-22 12:04:48.805: E/StrictMode(830): at android.app.ActivityThread.main(ActivityThread.java:5061)
05-22 12:04:48.805: E/StrictMode(830): at java.lang.reflect.Method.invokeNative(Native Method)
05-22 12:04:48.805: E/StrictMode(830): at java.lang.reflect.Method.invoke(Method.java:515)
05-22 12:04:48.805: E/StrictMode(830): at com.android.internal.os.ZygoteInit$MethodAndArgsCaller.run(ZygoteInit.java:786)
05-22 12:04:48.805: E/StrictMode(830): at com.android.internal.os.ZygoteInit.main(ZygoteInit.java:602)
05-22 12:04:48.805: E/StrictMode(830): at dalvik.system.NativeStart.main(Native Method)
05-22 12:04:48.805: W/ContextImpl(1944): Calling a method in the system process without a qualified user: android.app.ContextImpl.startService:1493 android.content.ContextWrapper.startService:494 android.content.ContextWrapper.startService:494 com.android.keychain.KeyChainBroadcastReceiver.onReceive:12 android.app.ActivityThread.handleReceiver:2459
05-22 12:04:48.805: D/BackupManagerService(518): Received broadcast Intent { act=android.intent.action.PACKAGE_REMOVED dat=package:org.opencv.samples.NativeActivity flg=0x4000010 (has extras) }
05-22 12:04:48.812: D/VoiceTriggers(830): - ComponentInfo{com.google.android.glass.games/com.google.android.glass.sample.games.shapesplitter.ShapeSplitterSplashActivity}
05-22 12:04:48.820: D/BackupManagerService(518): Received broadcast Intent { act=android.intent.action.PACKAGE_ADDED dat=package:org.opencv.samples.NativeActivity flg=0x4000010 (has extras) }
05-22 12:04:48.820: V/BackupManagerService(518): removePackageParticipantsLocked: uid=10009 #1
05-22 12:04:48.820: D/VoiceTriggers(830): - ComponentInfo{com.google.android.glass.games/com.google.android.glass.sample.games.bookbalance.BookBalanceSplashActivity}
05-22 12:04:48.820: V/BackupManagerService(518): addPackageParticipantsLocked: #1
05-22 12:04:48.828: D/VoiceTriggers(830): - ComponentInfo{com.google.android.glass.games/com.google.android.glass.sample.games.skeet.SkeetSplashActivity}
05-22 12:04:48.828: D/VoiceTriggers(830): - ComponentInfo{com.google.android.glass.games/com.google.android.glass.sample.games.matcher.MatcherSplashActivity}
05-22 12:04:48.828: D/VoiceTriggers(830): - ComponentInfo{com.questvisual.wordlens.glass/com.questvisual.wordlens.WordLensActivity}
05-22 12:04:48.828: I/VoiceInputHelper(830): Asked to reload identical config, ignoring.
05-22 12:04:48.875: I/VoiceInputHelper(830): Asked to reload identical config, ignoring.
05-22 12:04:48.875: I/VoiceInputHelper(830): Asked to reload identical config, ignoring.
05-22 12:04:48.906: D/PackageBroadcastService(1326): Received broadcast action=android.intent.action.PACKAGE_ADDED and uri=org.opencv.samples.NativeActivity
05-22 12:04:48.914: I/FusedLocation(518): engine stopped (com.android.location.fused)
05-22 12:04:48.937: I/VoiceInputHelper(830): Asked to reload identical config, ignoring.
05-22 12:04:48.937: I/NativeAppVoiceMenuHelper(830): Installed packages changed; invalidating trigger cache
05-22 12:04:48.937: I/NativeAppVoiceMenuHelper(830): Reloading triggers
05-22 12:04:48.937: I/VoiceTriggers(830): Loading voice triggers
05-22 12:04:48.953: D/VoiceTriggers(830): - ComponentInfo{com.google.glass.camera/com.google.glass.camera.TakePictureActivity}
05-22 12:04:48.953: D/VoiceTriggers(830): - ComponentInfo{com.google.glass.camera/com.google.glass.camera.RecordVideoActivity}
05-22 12:04:48.953: D/VoiceTriggers(830): - ComponentInfo{com.google.glass.maps/com.google.glass.maps.NavigationActivity}
05-22 12:04:48.953: D/VoiceTriggers(830): - ComponentInfo{com.google.glass.search/com.google.glass.search.VoiceSearchActivity}
05-22 12:04:48.961: D/VoiceTriggers(830): - ComponentInfo{com.google.android.glass.games/com.google.android.glass.sample.games.tennis.TennisSplashActivity}
05-22 12:04:48.961: D/VoiceTriggers(830): - ComponentInfo{com.google.android.glass.games/com.google.android.glass.sample.games.shapesplitter.ShapeSplitterSplashActivity}
05-22 12:04:48.977: D/VoiceTriggers(830): - ComponentInfo{com.google.android.glass.games/com.google.android.glass.sample.games.bookbalance.BookBalanceSplashActivity}
05-22 12:04:48.977: D/VoiceTriggers(830): - ComponentInfo{com.google.android.glass.games/com.google.android.glass.sample.games.skeet.SkeetSplashActivity}
05-22 12:04:48.984: D/VoiceTriggers(830): - ComponentInfo{com.google.android.glass.games/com.google.android.glass.sample.games.matcher.MatcherSplashActivity}
05-22 12:04:48.984: D/VoiceTriggers(830): - ComponentInfo{com.questvisual.wordlens.glass/com.questvisual.wordlens.WordLensActivity}
05-22 12:04:48.992: I/VoiceInputHelper(830): Asked to reload identical config, ignoring.
05-22 12:04:49.031: D/PackageBroadcastService(1326): Received broadcast action=android.intent.action.PACKAGE_REPLACED and uri=org.opencv.samples.NativeActivity
05-22 12:04:49.047: I/VoiceInputHelper(830): Asked to reload identical config, ignoring.
05-22 12:04:49.047: I/VoiceInputHelper(830): Asked to reload identical config, ignoring.
05-22 12:04:49.086: I/VoiceInputHelper(830): Asked to reload identical config, ignoring.
05-22 12:04:49.141: V/GmsNetworkLocationProvi(1294): ENABLE
05-22 12:04:49.141: D/dalvikvm(518): GC_EXPLICIT freed 291K, 15% free 9922K/11600K, paused 96ms+22ms, total 410ms
05-22 12:04:49.148: V/GmsNetworkLocationProvi(1294): onSetRequest: ProviderRequestUnbundled, reportLocation is true and interval is 86400000
05-22 12:04:49.148: V/GmsNetworkLocationProvi(1294): SET-REQUEST
05-22 12:04:49.148: I/FusedLocation(518): engine started (com.android.location.fused)
05-22 12:04:49.148: V/GmsNetworkLocationProvi(1294): in Handler: ProviderRequestUnbundled, reportLocation is true and interval is 86400000
05-22 12:04:49.164: D/AndroidRuntime(2016): Shutting down VM
05-22 12:04:49.164: D/jdwp(2016): Got wake-up signal, bailing out of select
05-22 12:04:49.172: D/dalvikvm(2016): Debugger has detached; object registry had 1 entries
05-22 12:04:49.406: D/skia(2016): SkGraphics::Term() dlclose() BLTsville (CPU)
05-22 12:04:50.008: D/skia(2035): SkGraphics::Init() - BLTsville (CPU) dlopen success
05-22 12:04:50.008: D/AndroidRuntime(2035): >>>>>> AndroidRuntime START com.android.internal.os.RuntimeInit <<<<<<
05-22 12:04:50.016: D/AndroidRuntime(2035): CheckJNI is OFF
05-22 12:04:50.016: I/dalvikvm(2035): No library specified. The standard exception handler will be used
05-22 12:04:50.047: D/dalvikvm(2035): Trying to load lib libjavacore.so 0x0
05-22 12:04:50.055: D/dalvikvm(2035): Added shared lib libjavacore.so 0x0
05-22 12:04:50.062: D/dalvikvm(2035): Trying to load lib libnativehelper.so 0x0
05-22 12:04:50.062: D/dalvikvm(2035): Added shared lib libnativehelper.so 0x0
05-22 12:04:50.062: D/dalvikvm(2035): No JNI_OnLoad found in libnativehelper.so 0x0, skipping init
05-22 12:04:50.102: D/dalvikvm(2035): Extra Options: not specified
05-22 12:04:50.133: D/dalvikvm(2035): Note: class Landroid/app/ActivityManagerNative; has 179 unimplemented (abstract) methods
05-22 12:04:50.445: E/memtrack(2035): Couldn't load memtrack module (No such file or directory)
