05-22 12:04:52.070: I/DEBUG(121): 401073a8 403a7000 0000000a 0000000b 00000002
05-22 12:04:52.070: I/DEBUG(121): 401073b8 00000011 00000000 00000000 00000000
05-22 12:04:52.070: I/DEBUG(121): 401073c8 00000000 00000000 00000000 00000000
05-22 12:04:52.070: I/DEBUG(121): 401073d8 00000000 00000000 00000000 00000000
05-22 12:04:52.070: I/DEBUG(121): 401073e8 00000000 00000000 00000000 00000000
05-22 12:04:52.070: I/DEBUG(121): 401073f8 00000000 00000000 00000000 00000000
05-22 12:04:52.070: I/DEBUG(121): 40107408 00000000 00000000 00000000 00000000
05-22 12:04:52.070: I/DEBUG(121): 40107418 00000000 00000000 00000000 00000000
05-22 12:04:52.070: I/DEBUG(121): 40107428 00000000 00000000 00000000 00000000
05-22 12:04:52.070: I/DEBUG(121): 40107438 00000000 00000000 00000000 00000000
05-22 12:04:52.070: I/DEBUG(121): 40107448 00000000 00000000 00000000 00000000
05-22 12:04:52.070: I/DEBUG(121): 40107458 00000000 00000000 00000000 00000000
05-22 12:04:52.070: I/DEBUG(121): memory near ip:
05-22 12:04:52.070: I/DEBUG(121): 4031ce14 400f34e0 400ad671 400c6a50 400c694c
05-22 12:04:52.078: I/DEBUG(121): 4031ce24 4013e785 402d3e4d 40140557 40140409
05-22 12:04:52.078: I/DEBUG(121): 4031ce34 400a96e0 400ad079 400d92d8 400df2d9
05-22 12:04:52.078: I/DEBUG(121): 4031ce44 400d91bc 400cadb5 4013e683 4013e65d
05-22 12:04:52.078: I/DEBUG(121): 4031ce54 4013e9ad 4013e8f9 400c6eb8 4016c471
05-22 12:04:52.078: I/DEBUG(121): 4031ce64 400c70a8 4032c231 40140a3d 4013e12d
05-22 12:04:52.078: I/DEBUG(121): 4031ce74 4013e127 40140481 400c6dd8 400c6e9c
05-22 12:04:52.078: I/DEBUG(121): 4031ce84 400c6e5c 400c6728 4013e9df 4013e277
05-22 12:04:52.078: I/DEBUG(121): 4031ce94 400f47b0 400c70b8 4032c191 4032c7b9
05-22 12:04:52.078: I/DEBUG(121): 4031cea4 401408bd 4013e1a9 40140627 40140a45
05-22 12:04:52.078: I/DEBUG(121): 4031ceb4 402d57f7 400f36dc 400f36a4 402d3ec9
05-22 12:04:52.078: I/DEBUG(121): 4031cec4 402d48f5 40140663 400db088 402d486d
05-22 12:04:52.078: I/DEBUG(121): 4031ced4 402d47e5 40140913 4032c2c1 40114885
05-22 12:04:52.078: I/DEBUG(121): 4031cee4 4032c309 4032ce81 400dbc51 400db5c8
05-22 12:04:52.078: I/DEBUG(121): 4031cef4 400f30bd 400e4489 401148db 4032c72d
05-22 12:04:52.078: I/DEBUG(121): 4031cf04 4032c6df 402d47df 4032d691 403c7398
05-22 12:04:52.078: I/DEBUG(121): memory near sp:
05-22 12:04:52.078: I/DEBUG(121): 59e844a0 00004000 18a287cd 00000001 591414b0
05-22 12:04:52.078: I/DEBUG(121): 59e844b0 591e6008 59e8497c 18a287cd 403035fd
05-22 12:04:52.078: I/DEBUG(121): 59e844c0 00000034 00000003 59e87a34 400b43e9
05-22 12:04:52.078: I/DEBUG(121): 59e844d0 59e848ec 40107388 00000000 59d86ec8
05-22 12:04:52.078: I/DEBUG(121): 59e844e0 00000002 00000000 48617265 40107388
05-22 12:04:52.078: I/DEBUG(121): 59e844f0 5a0cbbd0 00000003 59e84980 400b43e9
05-22 12:04:52.078: I/DEBUG(121): 59e84500 59e8491c 74696e69 656d6143 6f436172
05-22 12:04:52.078: I/DEBUG(121): 59e84510 63656e6e 70203a74 69766572 66207765
05-22 12:04:52.078: I/DEBUG(121): 59e84520 616d726f 73692074 74657320 206f7420
05-22 12:04:52.078: I/DEBUG(121): 59e84530 78303436 00303834 74726f00 6f6d2c73
05-22 12:04:52.078: I/DEBUG(121): 59e84540 6e2c646f 74686769 726f702d 69617274
05-22 12:04:52.078: I/DEBUG(121): 59e84550 696e2c74 2d746867 6f646e69 30343032
05-22 12:04:52.078: I/DEBUG(121): 59e84560 77657269 3038346f 636f642c 6e656d75
05-22 12:04:52.078: I/DEBUG(121): 59e84570 61622c74 646f6372 75732c65 2d726570
05-22 12:04:52.078: I/DEBUG(121): 59e84580 6867696e 69632c74 6f2c656e 662d646c
05-22 12:04:52.078: I/DEBUG(121): 59e84590 2c6d6c69 69746361 622c6e6f 68636165
05-22 12:04:52.078: I/DEBUG(121): code around pc:
05-22 12:04:52.078: I/DEBUG(121): 40303620 a80d3568 9700447a ed2af7fb e9cda80d
05-22 12:04:52.078: I/DEBUG(121): 40303630 f7fdab0a a80afff1 fa08f7fe d05b1c79
05-22 12:04:52.078: I/DEBUG(121): 40303640 0000f8d8 d1642800 f506e056 46506aaa
05-22 12:04:52.078: I/DEBUG(121): 40303650 ffacf7ff 46504601 f7ff9104 f8d6ffa7
05-22 12:04:52.078: I/DEBUG(121): 40303660 22483558 0203fb02 e00f9b04 42b96b99
05-22 12:04:52.078: I/DEBUG(121): 40303670 4938d10b 4a382000 4500e9cd 97024479
05-22 12:04:52.078: I/DEBUG(121): 40303680 f8d6447a f7fb3568 3348ecc0 d1ed4293
05-22 12:04:52.078: I/DEBUG(121): 40303690 fb042428 1975f507 28036b28 3701d112
05-22 12:04:52.078: I/DEBUG(121): 403036a0 46419807 6207fb04 60549c06 64282400
05-22 12:04:52.078: I/DEBUG(121): 403036b0 30444628 fe25f7fe f206632c f7fe504c
05-22 12:04:52.078: I/DEBUG(121): 403036c0 e015f9c3 1049f895 b1113548 706b2300
05-22 12:04:52.078: I/DEBUG(121): 403036d0 4922e00d 0415f06f 90014a21 97004479
05-22 12:04:52.078: I/DEBUG(121): 403036e0 447a2006 3568f8d6 ec58f7fb 2401e000
05-22 12:04:52.078: I/DEBUG(121): 403036f0 f7fda80a e001fd0a 0415f06f f7fea808
05-22 12:04:52.078: I/DEBUG(121): 40303700 f8ddf9a5 f8d92434 46203000 d011429a
05-22 12:04:52.078: I/DEBUG(121): 40303710 f206e00e 900a506c fcfef7fd fb012128
05-22 12:04:52.078: I/DEBUG(121): code around lr:
05-22 12:04:52.086: I/DEBUG(121): 403014e4 f7fd4620 4620eb50 6803bd10 1c0cf853
05-22 12:04:52.086: I/DEBUG(121): 403014f4 e7f11840 4b06b508 447b4a06 f7fd5898
05-22 12:04:52.086: I/DEBUG(121): 40301504 b918edac 4008e8bd b9e4f00d bf00bd08
05-22 12:04:52.086: I/DEBUG(121): 40301514 0001b76a fffffedc 4604b538 4a104b0f
05-22 12:04:52.086: I/DEBUG(121): 40301524 f8df447b 589dc040 010cf105 f1056001
05-22 12:04:52.086: I/DEBUG(121): 40301534 612000b0 35504620 5f04f840 500cf853
05-22 12:04:52.086: I/DEBUG(121): 40301544 0114f105 ebd8f7fd 46201d29 fe0cf7fe
05-22 12:04:52.086: I/DEBUG(121): 40301554 0010f104 eb10f7fd bd384620 0001b744
05-22 12:04:52.086: I/DEBUG(121): 40301564 fffffee0 fffffee4 0004f1a0 6803e7d4
05-22 12:04:52.086: I/DEBUG(121): 40301574 1c0cf853 e7cf1840 4604b510 ffccf7ff
05-22 12:04:52.086: I/DEBUG(121): 40301584 f7fd4620 4620eb00 f1a0bd10 e7f30004
05-22 12:04:52.086: I/DEBUG(121): 40301594 f8536803 18401c0c 0000e7ee b5104903
05-22 12:04:52.086: I/DEBUG(121): 403015a4 46044479 eb1ef7fd bd104620 0000ea78
05-22 12:04:52.086: I/DEBUG(121): 403015b4 4606b5f0 f2ad4c13 4b134d14 447c460f
05-22 12:04:52.086: I/DEBUG(121): 403015c4 682858e5 040cf8cd ed52f7fd f44f4a0f
05-22 12:04:52.086: I/DEBUG(121): 403015d4 e88d6180 447a00c0 a8034603 ed4ef7fd
05-22 12:04:52.227: W/ActivityManager(518): Force finishing activity org.opencv.samples.NativeActivity/android.app.NativeActivity
05-22 12:04:52.258: W/CameraService(125): Disconnecting camera client 0xb72553a8 since the binder for it died (this pid 125)
05-22 12:04:52.258: D/CameraService(125): client disconnect requested for camera 0
05-22 12:04:52.258: D/CameraService-GoogleCamera(125): Metered = 0
05-22 12:04:52.258: D/libgcam(125): [gcam.cc:3310]: Gcam::Unpause
05-22 12:04:52.258: I/CameraService(125): Destroying camera 0
05-22 12:04:52.258: D/InputMethodManagerService(518): --- calledFromForegroundUserOrSystemProcess ? calling uid = 1000 system uid = 1000 calling userId = 0, foreground user id = 0, calling pid = 518dalvik.system.NativeStart.run(Native Method)
05-22 12:04:52.273: W/InputDispatcher(518): channel '41f1bd48 org.opencv.samples.NativeActivity/android.app.NativeActivity (server)' ~ Consumer closed input channel or an error occurred. events=0x9
05-22 12:04:52.273: E/InputDispatcher(518): channel '41f1bd48 org.opencv.samples.NativeActivity/android.app.NativeActivity (server)' ~ Channel is unrecoverably broken and will be disposed!
05-22 12:04:52.273: W/InputDispatcher(518): Attempted to unregister already unregistered input channel '41f1bd48 org.opencv.samples.NativeActivity/android.app.NativeActivity (server)'
05-22 12:04:52.273: I/WindowState(518): WIN DEATH: Window{41f1bd48 u0 org.opencv.samples.NativeActivity/android.app.NativeActivity}
05-22 12:04:52.289: D/CameraService(125): clear client disconnect requested for camera 0
05-22 12:04:52.289: D/CameraService(125): use preload camera 0
05-22 12:04:52.305: D/Zygote(123): Process 2045 terminated by signal (11)
05-22 12:04:52.367: D/dalvikvm(518): GC_FOR_ALLOC freed 513K, 13% free 10161K/11600K, paused 84ms, total 85ms
05-22 12:04:52.383: W/ActivityManager(518): Exception thrown during pause
05-22 12:04:52.383: W/ActivityManager(518): android.os.DeadObjectException
05-22 12:04:52.383: W/ActivityManager(518): at android.os.BinderProxy.transact(Native Method)
05-22 12:04:52.383: W/ActivityManager(518): at android.app.ApplicationThreadProxy.schedulePauseActivity(ApplicationThreadNative.java:667)
05-22 12:04:52.383: W/ActivityManager(518): at com.android.server.am.ActivityStack.startPausingLocked(ActivityStack.java:781)
05-22 12:04:52.383: W/ActivityManager(518): at com.android.server.am.ActivityStack.finishActivityLocked(ActivityStack.java:2511)
05-22 12:04:52.383: W/ActivityManager(518): at com.android.server.am.ActivityStack.finishTopRunningActivityLocked(ActivityStack.java:2385)
05-22 12:04:52.383: W/ActivityManager(518): at com.android.server.am.ActivityStackSupervisor.finishTopRunningActivityLocked(ActivityStackSupervisor.java:2137)
05-22 12:04:52.383: W/ActivityManager(518): at com.android.server.am.ActivityManagerService.handleAppCrashLocked(ActivityManagerService.java:9648)
05-22 12:04:52.383: W/ActivityManager(518): at com.android.server.am.ActivityManagerService.makeAppCrashingLocked(ActivityManagerService.java:9541)
05-22 12:04:52.383: W/ActivityManager(518): at com.android.server.am.ActivityManagerService.crashApplication(ActivityManagerService.java:10212)
05-22 12:04:52.383: W/ActivityManager(518): at com.android.server.am.ActivityManagerService.handleApplicationCrashInner(ActivityManagerService.java:9737)
05-22 12:04:52.383: W/ActivityManager(518): at com.android.server.am.NativeCrashListener$NativeCrashReporter.run(NativeCrashListener.java:86)
05-22 12:04:52.391: I/MainTimelineActivity[41b9aba8](830): onStart
05-22 12:04:52.391: D/CardScrollView(830): Activating.
05-22 12:04:52.391: I/ActivityManager(518): Process org.opencv.samples.NativeActivity (pid 2045) has died.
05-22 12:04:52.398: I/MainTimelineActivity[41b9aba8](830): onResume
05-22 12:04:52.398: W/VoiceEngine[41b95d30](892): Transition to VoiceConfig [] requested, but already in that config.
05-22 12:04:52.398: I/VoiceInputHelper(830): Attaching listener to VoiceService: MainTimelineActivity[41b9aba8]
05-22 12:04:52.398: V/FormattingLoggers(830): TimingData [count=160, sinceCreation=640905ms, spentLogging=59ms].
05-22 12:04:52.398: I/MainTimelineView(830): Updating cursor select args: [1403377492408]
05-22 12:04:52.398: I/MainTimelineView(830): Updating cursor select args: [1400785502409]
05-22 12:04:52.469: W/VoiceEngine[41b95d30](892): Transition to VoiceConfig [] requested, but already in that config.
05-22 12:04:52.469: I/VoiceInputHelper(830): Asked to reload identical config, ignoring.
05-22 12:04:52.469: I/VoiceInputHelper(830): Asked to reload identical config, ignoring.
05-22 12:04:52.469: W/MainTimelineActivity[41b9aba8](830): No config to unload named MESSAGING_CONTACTS
05-22 12:04:52.469: W/MainTimelineActivity[41b9aba8](830): No config to unload named PHONE_CALL_CONTACTS
05-22 12:04:52.469: W/MainTimelineActivity[41b9aba8](830): No config to unload named SHARE_TARGETS
05-22 12:04:52.469: W/MainTimelineActivity[41b9aba8](830): No config to unload named SEND_TARGETS
05-22 12:04:52.477: I/VoiceInputHelper(830): Asked to reload identical config, ignoring.
05-22 12:04:52.508: I/VoiceInputHelper(830): Asked to reload identical config, ignoring.
05-22 12:04:52.516: W/MainTimelineActivity[41b9aba8](830): No wake up time known.
05-22 12:04:52.516: I/MainTimelineView(830): New timeline database content loaded; updating views.
05-22 12:04:52.516: D/InputMethodManagerService(518): --- calledFromForegroundUserOrSystemProcess ? calling uid = 10010 system uid = 1000 calling userId = 0, foreground user id = 0, calling pid = 830com.android.server.InputMethodManagerService.windowGainedFocus(InputMethodManagerService.java:1882)
05-22 12:04:52.516: V/InputMethodManagerService(518): windowGainedFocus: android.os.BinderProxy@41b69620 controlFlags=#105 softInputMode=#20 windowFlags=#1810500
05-22 12:04:52.516: V/InputMethodManagerService(518): Unspecified window will hide input
05-22 12:04:52.516: V/InputMethodManagerService(518): unbindCurrentInputLocked: client = android.os.BinderProxy@41c94e68
05-22 12:04:52.516: W/InputMethodManagerService(518): Got RemoteException sending setActive(false) notification to pid 2045 uid 10009
05-22 12:04:52.516: V/InputMethodManagerService(518): Hide switching menu
05-22 12:04:52.516: V/InputMethodManagerService(518): switching to client: client = android.os.BinderProxy@41b69620 keyguard=false
05-22 12:04:52.516: V/InputMethodManagerService(518): Disabling: SessionState{uid 10009 pid 2045 method 41de8c98 session 0 channel null}
05-22 12:04:52.516: V/InputMethodManagerService(518): Enabling: SessionState{uid 10010 pid 830 method 41de8c98 session 41f00068 channel ClientState{41f4b110 uid 10010 pid 830} (server)}
05-22 12:04:52.523: W/CardScrollView(830): Rebinding view with mis-matched type: com.google.glass.home.timeline.TimelineApiAdapter$2{41ddaf40 V.ED.... ......ID 0,0-640,360}
05-22 12:04:52.523: W/CardScrollView(830): Rebinding view with mis-matched type: com.google.glass.timeline.ui.TimelineItemContainerView{41e51e10 V.E..... ..S..AID 0,0-640,360}
05-22 12:04:52.523: W/CardScrollView(830): Rebinding view with mis-matched type: HOME
05-22 12:04:52.523: W/CardScrollView(830): Rebinding view with mis-matched type: com.google.glass.timeline.ui.TimelineItemContainerView{41bc8178 V.E..... ......ID 0,0-640,360}
05-22 12:04:52.523: W/Binder(842): Caught a RuntimeException from the binder stub implementation.
05-22 12:04:52.523: W/Binder(842): java.lang.NullPointerException
05-22 12:04:52.523: W/Binder(842): at android.inputmethodservice.IInputMethodWrapper.setSessionEnabled(IInputMethodWrapper.java:280)
05-22 12:04:52.523: W/Binder(842): at com.android.internal.view.IInputMethod$Stub.onTransact(IInputMethod.java:129)
05-22 12:04:52.523: W/Binder(842): at android.os.Binder.execTransact(Binder.java:404)
05-22 12:04:52.523: W/Binder(842): at dalvik.system.NativeStart.run(Native Method)
05-22 12:04:52.555: I/MainTimelineView(830): New timeline database content loaded; updating views.
05-22 12:04:52.555: W/CardScrollView(830): Rebinding view with mis-matched type: com.google.glass.home.timeline.TimelineApiAdapter$2{41ddaf40 V.ED.... ......ID 0,0-640,360}
05-22 12:04:52.555: W/CardScrollView(830): Rebinding view with mis-matched type: com.google.glass.timeline.ui.TimelineItemContainerView{41e51e10 V.E..... ..S..A.. 0,0-640,360}
05-22 12:04:52.555: W/CardScrollView(830): Rebinding view with mis-matched type: HOME
05-22 12:04:52.562: W/CardScrollView(830): Rebinding view with mis-matched type: com.google.glass.timeline.ui.TimelineItemContainerView{41bc8178 V.E..... ......ID 0,0-640,360}
05-22 12:05:00.023: I/PowerManagerService(518): Going to sleep due to screen timeout...
05-22 12:05:00.281: D/SurfaceFlinger(122): Screen released, type=0 flinger=0xb80a0450
05-22 12:05:00.375: I/WindowManager(518): Screen turned off...
05-22 12:05:00.398: I/MainTimelineActivity[41b9aba8](830): onPause
05-22 12:05:00.398: I/MainTimelineActivity[41b9aba8](830): Removing listener from VoiceService: MainTimelineActivity[41b9aba8]
05-22 12:05:00.406: W/VoiceEngine[41b95d30](892): Transition to VoiceConfig [] requested, but already in that config.
05-22 12:05:00.414: D/CardScrollView(830): Deactivating.
05-22 12:05:00.414: I/MainTimelineActivity[41b9aba8](830): onStop
05-22 12:05:00.414: D/InputMethodManagerService(518): --- calledFromForegroundUserOrSystemProcess ? calling uid = 10010 system uid = 1000 calling userId = 0, foreground user id = 0, calling pid = 830com.android.server.InputMethodManagerService.startInput(InputMethodManagerService.java:1250)
05-22 12:05:00.437: I/HeadGestureManager(518): Unregistering listener: com.google.android.glass.server.SystemServerHub$4@41f57518 for head gesture: NUDGE
05-22 12:05:00.437: D/HeadGestureContainer(518): Stopping detector: com.google.android.glass.head.HeadNudgeUpDetector@41d0eb30 name=NUDGE
05-22 12:05:00.437: I/MPL-storeload(518): mpl state size = 5584
05-22 12:05:00.437: E/MPL-storeload(518): calData from inv_save_mpl_states, size=2
05-22 12:05:00.437: I/MPL-storeload(518): cal data size to write = 5584
05-22 12:05:00.445: I/MPL-storeload(518): Bytes written = 5584
05-22 12:05:00.445: I/HeadGestureManager(518): Registering listener: com.google.android.glass.server.SystemServerHub$4@41f57518 for head gesture: GLOBAL_LOOK_UP
05-22 12:05:00.453: D/RunnableDetector(518): run() is exiting!
05-22 12:05:00.562: V/GlassInputHub(518): Cancelling all event sequences.
05-22 12:05:00.562: V/GlassInputHub(518): Cancelling event sequence: Camera key.
05-22 12:05:00.562: V/GlassInputHub(518): Cancelling event sequence: Power key.
05-22 12:05:00.562: V/GlassInputHub(518): Cancelling event sequence: Viewfinder switch.
05-22 12:05:00.562: V/GlassInputHub(518): Cancelling event sequence: Touchpad.
05-22 12:05:00.578: I/VoiceEngine[41b95d30](892): Screen is off and current config does not allow screen off.
05-22 12:05:00.578: W/VoiceEngine[41b95d30](892): Transition to VoiceConfig [] requested, but already in that config.
05-22 12:05:00.602: I/GlassUserEventService[41b6b070](1187): Performance stats: [object: com.google.common.logging.GlassExtensionsNano$GlassUserEventPerformanceStats { batteryStateOfChargeUah_: 342000 totalKernelMs_: 838600 totalBytesSent_: 45428 boardTemperatureMilliCentigrade_: 37728 frequencyScalingGovernor_: 0 batteryChargeWhenFullUah_: 352000 qpassedFractional_: 0 qpassedInteger_: 0 reportedSoc_: 99 bitField0_: 927 batteryTemperatureMilliCentigrade_: 24100 unknownFieldData: null cachedSize: -1}]
05-22 12:05:05.437: I/AlarmManager(518): AlarmManager wakeup [pkg=com.android.keyguard, intent=Intent { act=com.android.internal.policy.impl.PhoneWindowManager.DELAYED_KEYGUARD flg=0x14 (has extras) }].
05-22 12:05:05.437: V/AlarmManager(518): triggered: act=com.android.internal.policy.impl.PhoneWindowManager.DELAYED_KEYGUARD flg=0x14
05-22 12:05:05.437: V/AlarmManager(518): Pkg: com.android.keyguard