01-20 12:42:26.912: E/mm-camera(197): isp_util_set_param_crop_region, No change in crop info, nothing to update
01-20 12:42:26.922: D/JavaCameraView(15756): Preview Frame received. Frame size: 1843200
01-20 12:42:26.932: E/mm-camera(197): af_util_cur_pos_after_lens_move: After move: FV: 5358162 CurPosition: 36
01-20 12:42:26.942: D/CameraBridge(15756): mStretch value: 1.125
01-20 12:42:26.982: E/mm-camera(197): module_faceproc_client_schedule_mode:1808] apply 3 report 2 new_mode 0
01-20 12:42:26.982: E/mm-camera(197): isp_util_set_param_crop_region, No change in crop info, nothing to update
01-20 12:42:26.992: D/JavaCameraView(15756): Preview Frame received. Frame size: 1843200
01-20 12:42:27.012: D/CameraBridge(15756): mStretch value: 1.125
01-20 12:42:27.052: E/mm-camera(197): module_faceproc_client_schedule_mode:1808] apply 0 report 3 new_mode 0
01-20 12:42:27.052: E/mm-camera(197): isp_util_set_param_crop_region, No change in crop info, nothing to update
01-20 12:42:27.062: D/JavaCameraView(15756): Preview Frame received. Frame size: 1843200
01-20 12:42:27.082: D/CameraBridge(15756): mStretch value: 1.125
01-20 12:42:27.082: E/mm-camera(197): af_util_cur_pos_after_lens_move: After move: FV: 5321698 CurPosition: 32
01-20 12:42:27.112: E/mm-camera(197): module_faceproc_client_schedule_mode:1808] apply 1 report 0 new_mode 0
01-20 12:42:27.122: E/mm-camera(197): isp_util_set_param_crop_region, No change in crop info, nothing to update
01-20 12:42:27.122: D/JavaCameraView(15756): Preview Frame received. Frame size: 1843200
01-20 12:42:27.152: D/CameraBridge(15756): mStretch value: 1.125
01-20 12:42:27.152: E/mm-camera(197): af_util_cur_pos_after_lens_move: After move: FV: 5405437 CurPosition: 28
01-20 12:42:27.162: I/OCVSample::Activity(15756): called onCreateOptionsMenu
01-20 12:42:27.182: E/mm-camera(197): module_faceproc_client_schedule_mode:1808] apply 2 report 1 new_mode 0
01-20 12:42:27.182: E/mm-camera(197): isp_util_set_param_crop_region, No change in crop info, nothing to update
01-20 12:42:27.192: D/JavaCameraView(15756): Preview Frame received. Frame size: 1843200
01-20 12:42:27.212: D/CameraBridge(15756): mStretch value: 1.125
01-20 12:42:27.212: E/mm-camera(197): af_util_cur_pos_after_lens_move: After move: FV: 5503797 CurPosition: 24
01-20 12:42:27.252: E/mm-camera(197): module_faceproc_client_schedule_mode:1808] apply 3 report 2 new_mode 0
01-20 12:42:27.252: E/mm-camera(197): isp_util_set_param_crop_region, No change in crop info, nothing to update
01-20 12:42:27.272: D/JavaCameraView(15756): Preview Frame received. Frame size: 1843200
01-20 12:42:27.282: E/mm-camera(197): af_util_cur_pos_after_lens_move: After move: FV: 7373551 CurPosition: 22
01-20 12:42:27.302: D/CameraBridge(15756): mStretch value: 1.125
01-20 12:42:27.322: E/mm-camera(197): module_faceproc_client_schedule_mode:1808] apply 0 report 3 new_mode 0
01-20 12:42:27.322: E/mm-camera(197): isp_util_set_param_crop_region, No change in crop info, nothing to update
01-20 12:42:27.352: E/mm-camera(197): af_util_cur_pos_after_lens_move: After move: FV: 8222120 CurPosition: 20
01-20 12:42:27.382: E/mm-camera(197): module_faceproc_client_schedule_mode:1808] apply 1 report 0 new_mode 0
01-20 12:42:27.392: E/mm-camera(197): isp_util_set_param_crop_region, No change in crop info, nothing to update
01-20 12:42:27.402: D/JavaCameraView(15756): Preview Frame received. Frame size: 1843200
01-20 12:42:27.422: D/CameraBridge(15756): mStretch value: 1.125
01-20 12:42:27.452: E/mm-camera(197): module_faceproc_client_schedule_mode:1808] apply 2 report 1 new_mode 0
01-20 12:42:27.452: E/mm-camera(197): isp_util_set_param_crop_region, No change in crop info, nothing to update
01-20 12:42:27.462: D/JavaCameraView(15756): Preview Frame received. Frame size: 1843200
01-20 12:42:27.472: D/CameraBridge(15756): mStretch value: 1.125
01-20 12:42:27.482: E/mm-camera(197): af_util_cur_pos_after_lens_move: After move: FV: 6143833 CurPosition: 21
01-20 12:42:27.522: D/JavaCameraView(15756): Preview Frame received. Frame size: 1843200
01-20 12:42:27.542: D/CameraBridge(15756): mStretch value: 1.125
01-20 12:42:27.552: E/mm-camera(197): af_util_cur_pos_after_lens_move: After move: FV: 6110915 CurPosition: 22
01-20 12:42:27.592: E/mm-camera(197): module_faceproc_client_schedule_mode:1808] apply 0 report 3 new_mode 0
01-20 12:42:27.592: E/mm-camera(197): isp_util_set_param_crop_region, No change in crop info, nothing to update
01-20 12:42:27.602: D/JavaCameraView(15756): Preview Frame received. Frame size: 1843200
01-20 12:42:27.612: E/mm-camera(197): af_util_cur_pos_after_lens_move: After move: FV: 6255469 CurPosition: 23
01-20 12:42:27.622: D/CameraBridge(15756): mStretch value: 1.125
01-20 12:42:27.652: E/mm-camera(197): module_faceproc_client_schedule_mode:1808] apply 1 report 0 new_mode 0
01-20 12:42:27.652: E/mm-camera(197): isp_util_set_param_crop_region, No change in crop info, nothing to update
01-20 12:42:27.662: D/JavaCameraView(15756): Preview Frame received. Frame size: 1843200
01-20 12:42:27.682: D/CameraBridge(15756): mStretch value: 1.125
01-20 12:42:27.682: E/mm-camera(197): af_util_cur_pos_after_lens_move: After move: FV: 5873970 CurPosition: 24
01-20 12:42:27.722: E/mm-camera(197): module_faceproc_client_schedule_mode:1808] apply 2 report 1 new_mode 0
01-20 12:42:27.722: E/mm-camera(197): isp_util_set_param_crop_region, No change in crop info, nothing to update
01-20 12:42:27.732: D/JavaCameraView(15756): Preview Frame received. Frame size: 1843200
01-20 12:42:27.752: D/CameraBridge(15756): mStretch value: 1.125
01-20 12:42:27.752: E/mm-camera(197): af_util_cur_pos_after_lens_move: After move: FV: 5575621 CurPosition: 22
01-20 12:42:27.752: E/mm-camera(197): af_util_update_focus_status: AF Status already updated to output!Return!
01-20 12:42:27.752: E/mm-camera(197): af_util_update_focus_status: AF Status already updated to output!Return!
01-20 12:42:27.792: E/mm-camera(197): module_faceproc_client_schedule_mode:1808] apply 3 report 2 new_mode 0
01-20 12:42:27.792: E/mm-camera(197): isp_util_set_param_crop_region, No change in crop info, nothing to update
01-20 12:42:27.792: D/JavaCameraView(15756): Preview Frame received. Frame size: 1843200
01-20 12:42:27.812: D/CameraBridge(15756): mStretch value: 1.125
01-20 12:42:27.822: I/FpsMeter(15756): 14,08 FPS@1280x960
01-20 12:42:27.822: D/FpsMeter(15756): 14,08 FPS@1280x960
01-20 12:42:27.852: E/mm-camera(197): module_faceproc_client_schedule_mode:1808] apply 0 report 3 new_mode 0
01-20 12:42:27.852: E/mm-camera(197): isp_util_set_param_crop_region, No change in crop info, nothing to update
01-20 12:42:27.862: D/JavaCameraView(15756): Preview Frame received. Frame size: 1843200
01-20 12:42:27.882: D/CameraBridge(15756): mStretch value: 1.125
01-20 12:42:27.902: D/FpsMeter(15756): 14,08 FPS@1280x960
01-20 12:42:27.922: E/mm-camera(197): module_faceproc_client_schedule_mode:1808] apply 1 report 0 new_mode 0
01-20 12:42:27.922: E/mm-camera(197): isp_util_set_param_crop_region, No change in crop info, nothing to update
01-20 12:42:27.932: D/JavaCameraView(15756): Preview Frame received. Frame size: 1843200
01-20 12:42:27.952: D/CameraBridge(15756): mStretch value: 1.125
01-20 12:42:27.962: D/FpsMeter(15756): 14,08 FPS@1280x960
01-20 12:42:27.992: E/mm-camera(197): module_faceproc_client_schedule_mode:1808] apply 2 report 1 new_mode 0
01-20 12:42:27.992: E/mm-camera(197): isp_util_set_param_crop_region, No change in crop info, nothing to update
01-20 12:42:28.002: D/JavaCameraView(15756): Preview Frame received. Frame size: 1843200
01-20 12:42:28.012: D/CameraBridge(15756): mStretch value: 1.125
01-20 12:42:28.022: D/FpsMeter(15756): 14,08 FPS@1280x960
01-20 12:42:28.052: D/dalvikvm(32460): GC_EXPLICIT freed 1847K, 15% free 38703K/45444K, paused 4ms+4ms, total 73ms
01-20 12:42:28.052: E/mm-camera(197): module_faceproc_client_schedule_mode:1808] apply 3 report 2 new_mode 0
01-20 12:42:28.052: E/mm-camera(197): isp_util_set_param_crop_region, No change in crop info, nothing to update
01-20 12:42:28.062: D/JavaCameraView(15756): Preview Frame received. Frame size: 1843200
01-20 12:42:28.082: D/CameraBridge(15756): mStretch value: 1.125
01-20 12:42:28.082: I/OCVSample::Activity(15756): called onOptionsItemSelected; selected item: Toggle Native/Java camera
01-20 12:42:28.092: D/FpsMeter(15756): 14,08 FPS@1280x960
01-20 12:42:28.092: D/JavaCameraView(15756): Disconnecting from camera
01-20 12:42:28.092: D/JavaCameraView(15756): Notify thread
01-20 12:42:28.092: D/JavaCameraView(15756): Wating for thread
01-20 12:42:28.092: D/JavaCameraView(15756): Finish processing thread
01-20 12:42:28.122: E/mm-camera(197): module_faceproc_client_schedule_mode:1808] apply 0 report 3 new_mode 0
01-20 12:42:28.122: E/mm-camera(197): isp_util_set_param_crop_region, No change in crop info, nothing to update
01-20 12:42:28.192: E/mm-camera(197): module_faceproc_client_schedule_mode:1808] apply 1 report 0 new_mode 0
01-20 12:42:28.192: E/mm-camera(197): isp_util_set_param_crop_region, No change in crop info, nothing to update
01-20 12:42:28.362: D/mm-camera-intf(13297): mm_stream_read_msm_frame: Stoping poll on stream 0xb7462f04 type :1
01-20 12:42:28.362: D/mm-camera-intf(13297): mm_stream_read_msm_frame: Stopped poll on stream 0xb7462f04 type :1
01-20 12:42:28.372: D/mm-camera-intf(13297): mm_stream_read_msm_frame: Stoping poll on stream 0xb7463d54 type :5
01-20 12:42:28.372: D/mm-camera-intf(13297): mm_stream_read_msm_frame: Stopped poll on stream 0xb7463d54 type :5
01-20 12:42:28.482: E/mm-camera-intf(13297): mm_camera_poll_thread_del_poll_fd: invalid handler 8704 (0)
01-20 12:42:28.482: E/mm-camera(197): mct_pipeline_process_set:command=8000009
01-20 12:42:28.482: E/mm-camera(197): mct_pipeline_process_set: stream_type = 1, streamid 2
01-20 12:42:28.482: E/mm-camera-sensor(197): module_sensor_module_process_event:1987 ide 10002 MCT_EVENT_CONTROL_STREAMOFF
01-20 12:42:28.482: E/mm-camera(197): port_isp_mct_ctrl_cmd: E, identity = 0x10002, STREAMOFF
01-20 12:42:28.482: E/mm-camera(197): cpp_module_handle_streamoff_event:2058, info: doing stream-off for identity 0x10002
01-20 12:42:28.482: E/mm-camera(197): module_faceproc_port_event_func:686] FD_STREAMOFF 0 10002
01-20 12:42:28.482: E/mm-camera-img(197): faceproc_comp_abort:608] state 2
01-20 12:42:28.482: E/mm-camera-img(197): Free Wmemory 0
01-20 12:42:28.482: E/mm-camera-img(197): faceproc_comp_abort:635] X
01-20 12:42:28.482: E/mm-camera(197): cpp_module_handle_streamoff_event:2112, info: stream-off done for identity 0x10002
01-20 12:42:28.482: E/mm-camera(197): isp_streamoff: E, session_id = 1, stream_id = 2, stream_type = 1
01-20 12:42:28.482: E/mm-camera(197): ispif_streamoff: session_id = 1, active_streams = 2
01-20 12:42:28.482: E/mm-camera(197): mct_pipeline_process_set: Stream on/off returned
01-20 12:42:28.502: D/QCamera3Stream(13297): static void* qcamera::QCamera3Stream::dataProcRoutine(void*): Exit
01-20 12:42:28.502: E/mm-camera-intf(13297): mm_camera_poll_thread_del_poll_fd: invalid handler 9216 (0)
01-20 12:42:28.502: E/mm-camera(197): mct_pipeline_process_set:command=8000009
01-20 12:42:28.502: E/mm-camera(197): mct_pipeline_process_set: stream_type = 6, streamid 3
01-20 12:42:28.502: E/mm-camera-sensor(197): module_sensor_module_process_event:1987 ide 10003 MCT_EVENT_CONTROL_STREAMOFF
01-20 12:42:28.502: E/mm-camera(197): port_isp_mct_ctrl_cmd: E, identity = 0x10003, STREAMOFF
01-20 12:42:28.502: E/mm-camera(197): cpp_module_handle_streamoff_event:2058, info: doing stream-off for identity 0x10003
01-20 12:42:28.502: E/mm-camera(197): cpp_module_handle_streamoff_event:2112, info: stream-off done for identity 0x10003
01-20 12:42:28.502: E/mm-camera(197): isp_streamoff: E, session_id = 1, stream_id = 3, stream_type = 6
01-20 12:42:28.502: E/mm-camera(197): isp_axi_util_subscribe_v4l2_event: event_type = 0x8000009, is_subscribe = 0
01-20 12:42:28.592: E/mm-camera(197): ispif_streamoff: session_id = 1, active_streams = 1
01-20 12:42:28.592: E/mm-camera(197): mct_pipeline_process_set: Stream on/off returned
01-20 12:42:28.632: D/QCamera3Stream(13297): static void* qcamera::QCamera3Stream::dataProcRoutine(void*): Exit
01-20 12:42:28.632: E/mm-camera-intf(13297): mm_camera_poll_thread_del_poll_fd: invalid handler 9728 (0)
01-20 12:42:28.632: E/mm-camera(197): mct_pipeline_process_set:command=8000009
01-20 12:42:28.632: E/mm-camera(197): mct_pipeline_process_set: stream_type = 5, streamid 4
01-20 12:42:28.632: E/mm-camera-sensor(197): module_sensor_module_process_event:1987 ide 10004 MCT_EVENT_CONTROL_STREAMOFF
01-20 12:42:28.632: E/mm-camera(197): port_isp_mct_ctrl_cmd: E, identity = 0x10004, STREAMOFF
01-20 12:42:28.632: E/mm-camera(197): cpp_module_handle_streamoff_event:2058, info: doing stream-off for identity 0x10004
01-20 12:42:28.632: E/mm-camera(197): module_faceproc_port_event_func:682] FD_STREAMOFF Not active 10004
01-20 12:42:28.632: E/mm-camera(197): cpp_module_handle_streamoff_event:2112, info: stream-off done for identity 0x10004
01-20 12:42:28.632: E/mm-camera(197): isp_streamoff: E, session_id = 1, stream_id = 4, stream_type = 5
01-20 12:42:28.632: E/mm-camera(197): isp_axi_util_subscribe_v4l2_event: event_type = 0x8000100, is_subscribe = 0
01-20 12:42:28.632: E/mm-camera(197): isp_axi_util_subscribe_v4l2_event: event_type = 0x8000009, is_subscribe = 0
01-20 12:42:28.722: E/mm-camera(197): stats_action_buf_config: cfg = 0, stats_mask = 0x5b8
01-20 12:42:28.732: E/mm-camera(197): isp_pipeline_util_reset: module id = 0, action = 0xb6e0a759
01-20 12:42:28.732: E/mm-camera(197): isp_pipeline_util_reset: module id = 1, action = 0xb6e11569
01-20 12:42:28.732: E/mm-camera(197): isp_pipeline_util_reset: module id = 2, action = 0xb6e21971
01-20 12:42:28.732: E/mm-camera(197): isp_pipeline_util_reset: module id = 3, action = 0xb6e1af6d
01-20 12:42:28.732: E/mm-camera(197): isp_pipeline_util_reset: module id = 4, action = 0xb6e06819
01-20 12:42:28.732: E/mm-camera(197): isp_pipeline_util_reset: module id = 5, action = 0xb6e0b225
01-20 12:42:28.732: E/mm-camera(197): isp_pipeline_util_reset: module id = 7, action = 0xb6e200e9
01-20 12:42:28.732: E/mm-camera(197): isp_pipeline_util_reset: module id = 8, action = 0xb6e1dab1
01-20 12:42:28.732: E/mm-camera(197): isp_pipeline_util_reset: module id = 10, action = 0xb6e0d4c1
01-20 12:42:28.732: E/mm-camera(197): isp_pipeline_util_reset: module id = 11, action = 0xb6e011b1
01-20 12:42:28.732: E/mm-camera(197): isp_pipeline_util_reset: module id = 12, action = 0xb6e03f19
01-20 12:42:28.732: E/mm-camera(197): isp_pipeline_util_reset: module id = 13, action = 0xb6e0eae1
01-20 12:42:28.732: E/mm-camera(197): isp_pipeline_util_reset: module id = 14, action = 0xb6e05051
01-20 12:42:28.732: E/mm-camera(197): isp_pipeline_util_reset: module id = 15, action = 0xb6e1e509
01-20 12:42:28.732: E/mm-camera(197): isp_pipeline_util_reset: module id = 16, action = 0xb6e08991
01-20 12:42:28.732: E/mm-camera(197): isp_pipeline_util_reset: module id = 17, action = 0xb6e02169
01-20 12:42:28.732: E/mm-camera(197): isp_pipeline_util_reset: module id = 18, action = 0xb6e19295
01-20 12:42:28.732: E/mm-camera(197): isp_pipeline_util_reset: module id = 19, action = 0xb6e074b1
01-20 12:42:28.732: E/mm-camera(197): isp_pipeline_util_reset: module id = 20, action = 0xb6e20555
01-20 12:42:28.732: E/mm-camera(197): isp_pipeline_util_reset: module id = 22, action = 0xb6e16855
01-20 12:42:28.792: E/mm-camera(197): ispif_streamoff: session_id = 1, active_streams = 0
01-20 12:42:28.792: E/mm-camera-sensor(197): module_sensor_module_process_event:2018 ide 10004 MCT_EVENT_CONTROL_STREAMOFF
01-20 12:42:28.792: E/mm-camera(197): mct_pipeline_process_set: Stream on/off returned
01-20 12:42:28.802: D/QCamera3Stream(13297): static void* qcamera::QCamera3Stream::dataProcRoutine(void*): Exit
01-20 12:42:28.802: E/mm-camera(197): mct_pipeline_process_set:command=800000b
01-20 12:42:28.802: E/mm-camera(197): mct_pipeline_process_set: stream_type = 1, streamid 2
01-20 12:42:28.802: E/mm-camera-sensor(197): port_sensor_caps_unreserve:169 ide 10002
01-20 12:42:28.802: E/mm-camera(197): cpp_port_check_caps_unreserve:170, identity=0x10002
01-20 12:42:28.802: E/mm-camera(197): cpp_port_check_caps_unreserve:179, identity=0x10002, unreserved
01-20 12:42:28.802: E/mm-camera(197): cpp_port_check_caps_unreserve:170, identity=0x10002
01-20 12:42:28.802: E/mm-camera(197): cpp_port_check_caps_unreserve:179, identity=0x10002, unreserved
01-20 12:42:28.802: E/QCamera3Channel(13297): virtual qcamera::QCamera3Channel::~QCamera3Channel(): deleting channel 8449
01-20 12:42:28.802: E/qomx_image_core(13297): OMX_Deinit:101] Complete
01-20 12:42:28.802: D/QCamera3PostProc(13297): int32_t qcamera::QCamera3PostProcessor::deinit(): Jpeg closed, rc = 0, mJpegClientHandle = 400
01-20 12:42:28.812: E/mm-camera(197): mct_pipeline_process_set:command=800000b
01-20 12:42:28.812: E/mm-camera(197): mct_pipeline_process_set: stream_type = 6, streamid 3
01-20 12:42:28.812: E/mm-camera-sensor(197): port_sensor_caps_unreserve:169 ide 10003
01-20 12:42:28.812: E/mm-camera(197): cpp_port_check_caps_unreserve:170, identity=0x10003
01-20 12:42:28.812: E/mm-camera(197): cpp_port_check_caps_unreserve:179, identity=0x10003, unreserved
01-20 12:42:28.812: E/QCamera3Channel(13297): virtual qcamera::QCamera3Channel::~QCamera3Channel(): deleting channel 8962
01-20 12:42:28.812: E/mm-camera(197): mct_pipeline_process_set:command=800000b
01-20 12:42:28.812: E/mm-camera(197): mct_pipeline_process_set: stream_type = 5, streamid 4
01-20 12:42:28.812: E/mm-camera-sensor(197): port_sensor_caps_unreserve:169 ide 10004
01-20 12:42:28.812: E/mm-camera(197): cpp_port_check_caps_unreserve:170, identity=0x10004
01-20 12:42:28.812: E/mm-camera(197): cpp_port_check_caps_unreserve:179, identity=0x10004, unreserved
01-20 12:42:28.812: E/mm-camera(197): cpp_port_check_caps_unreserve:170, identity=0x10004
01-20 12:42:28.812: E/mm-camera(197): cpp_port_check_caps_unreserve:179, identity=0x10004, unreserved
01-20 12:42:28.812: E/mm-camera-img(197): faceproc_comp_abort:608] state 1
01-20 12:42:28.812: E/mm-camera-img(197): faceproc_save_album:774] Error No album
01-20 12:42:28.812: E/mm-camera-img(197): faceproc_comp_eng_destroy: Album save failed -1
01-20 12:42:28.812: E/mm-camera(197): q3a_thread_aecawb_stop:308 MSG_STOP_THREAD
01-20 12:42:28.812: E/QCamera3Channel(13297): virtual qcamera::QCamera3Channel::~QCamera3Channel(): deleting channel 9475
01-20 12:42:28.812: E/mm-camera(197): mct_pipeline_process_set:command=8000009
01-20 12:42:28.812: E/mm-camera(197): mct_pipeline_process_set: stream_type = 8, streamid 1
01-20 12:42:28.812: E/mm-camera(197): mct_pipeline_process_set: Stream on/off returned
01-20 12:42:28.812: D/QCamera3Stream(13297): static void* qcamera::QCamera3Stream::dataProcRoutine(void*): Exit
01-20 12:42:28.812: E/mm-camera(197): mct_pipeline_process_set:command=800000b
01-20 12:42:28.812: E/mm-camera(197): mct_pipeline_process_set: stream_type = 8, streamid 1
01-20 12:42:28.822: E/QCamera3Channel(13297): virtual qcamera::QCamera3Channel::~QCamera3Channel(): deleting channel 7936
01-20 12:42:28.822: E/mm-camera(197): mct_pipeline_process_set:command=800000b
01-20 12:42:28.822: E/mm-camera(197): mct_pipeline_get_stream: no children
01-20 12:42:28.822: E/mm-camera(197): mct_pipeline_process_set:1370: Couldn't find stream
01-20 12:42:28.822: E/mm-camera-sensor(197): module_sensor_stop_session:630 session 1
01-20 12:42:28.892: E/mm-camera(197): stats_module_stop_session: list =0xb77477c0, remove port =0xb774ed40 name=stats_sink from module=0xb76af778, name=stats
01-20 12:42:28.892: E/mm-camera(197): stats_module_stop_session: 1 port =0xb774ed40 name=stats_sink
01-20 12:42:28.892: E/mm-camera(197): stats_module_stop_session: 2 port =0xb774ed40 name=stats_sink
01-20 12:42:28.892: I/mm-camera(197): gyro_module_stop_session: Enter
01-20 12:42:28.892: I/mm-camera(197): gyro_module_stop_session: Deinit DSPS
01-20 12:42:28.892: I/mm-camera(197): gyro_module_stop_session: Exit successful
01-20 12:42:28.892: E/mm-camera(197): stats_module_stop_session: 3 port =0xb774ed40 name=stats_sink
01-20 12:42:28.892: E/mm-camera(197): cpp_module_stop_session:453, info: stopping session 1 ...
01-20 12:42:28.892: E/mm-camera(197): cpp_thread_process_pipe_message:359, CPP_THREAD_MSG_ABORT: cpp_thread exiting..
01-20 12:42:28.892: E/mm-camera(197): cpp_module_stop_session:495, info: session 1 stopped.
01-20 12:42:28.892: E/mm-camera(197): c2d_module_stop_session:322, info: stopping session 1 ...
01-20 12:42:28.892: E/mm-camera(197): c2d_module_stop_session:327, info: stopping c2d_thread...
01-20 12:42:28.892: E/mm-camera(197): c2d_module_post_msg_to_thread:381, msg.type=1
01-20 12:42:28.892: E/mm-camera(197): c2d_thread_process_pipe_message:503, C2D_THREAD_MSG_ABORT: c2d_thread exiting..
01-20 12:42:28.892: E/mm-camera(197): c2d_module_stop_session:339, closing c2d subdev...
01-20 12:42:28.892: E/mm-camera(197): c2d_module_stop_session:361, info: session 1 stopped.
01-20 12:42:28.902: I/Camera2Client(13297): Camera 0: Closed
01-20 12:42:28.902: I/Camera2ClientBase(13297): Closed Camera 0
01-20 12:42:28.912: I/Choreographer(15756): Skipped 49 frames! The application may be doing too much work on its main thread.
01-20 12:42:28.922: D/CameraBridge(15756): call surfaceChanged event
01-20 12:42:28.922: D/OpenCV::camera(15756): CvCapture_Android::CvCapture_Android(0)
01-20 12:42:28.922: D/OpenCV::camera(15756): Library name: libopencv_java.so
01-20 12:42:28.922: D/OpenCV::camera(15756): Library base address: 0x74ee0000
01-20 12:42:28.942: D/OpenCV::camera(15756): Libraries folder found: /data/app-lib/org.opencv.engine-1/
01-20 12:42:28.942: D/OpenCV::camera(15756): CameraWrapperConnector::connectToLib: folderPath=/data/app-lib/org.opencv.engine-1/
01-20 12:42:28.942: E/OpenCV::camera(15756): ||libnative_camera_r4.3.0.so
01-20 12:42:28.942: E/OpenCV::camera(15756): ||libnative_camera_r4.0.3.so
01-20 12:42:28.942: E/OpenCV::camera(15756): ||libnative_camera_r4.4.0.so
01-20 12:42:28.942: E/OpenCV::camera(15756): ||libnative_camera_r2.3.3.so
01-20 12:42:28.942: E/OpenCV::camera(15756): ||libnative_camera_r4.2.0.so
01-20 12:42:28.942: E/OpenCV::camera(15756): ||libnative_camera_r2.2.0.so
01-20 12:42:28.942: E/OpenCV::camera(15756): ||libnative_camera_r4.0.0.so
01-20 12:42:28.942: E/OpenCV::camera(15756): ||libnative_camera_r4.1.1.so
01-20 12:42:28.942: E/OpenCV::camera(15756): ||libnative_camera_r3.0.1.so
01-20 12:42:28.942: D/OpenCV::camera(15756): try to load library 'libnative_camera_r4.4.0.so'
01-20 12:42:28.952: D/OpenCV::camera(15756): Loaded library '/data/app-lib/org.opencv.engine-1/libnative_camera_r4.4.0.so'
01-20 12:42:28.952: D/OpenCV_NativeCamera(15756): CameraHandler::initCameraConnect(0x755a28cd, 0, 0x758eec78, 0x0)
01-20 12:42:28.952: D/OpenCV_NativeCamera(15756): Current process name for camera init: org.opencv.samples.tutorial1
01-20 12:42:28.952: I/AwesomePlayer(13297): setDataSource_l(URL suppressed)
01-20 12:42:28.982: I/AwesomePlayer(13297): setDataSource_l(URL suppressed)
01-20 12:42:29.002: I/Camera2ClientBase(13297): Camera 0: Opened
01-20 12:42:29.002: E/mm-camera-intf(13297): mm_camera_open: dev name = /dev/video1, cam_idx = 1
01-20 12:42:29.002: E/mm-camera-sensor(197): module_sensor_start_session:577 session 1
01-20 12:42:29.012: E/mm-camera-sensor(197): eeprom_load_library:515 e_ctrl->eeprom_lib.func_tbl =0xb6ae3004
01-20 12:42:29.052: I/mm-camera(197): gyro_module_start_session: Enter
01-20 12:42:29.052: I/mm-camera(197): gyro_module_start_session: Init DSPS
01-20 12:42:29.052: I/mm-camera(197): gyro_module_start_session: Exit successful
01-20 12:42:29.052: I/mm-camera(197): gyro_module_get_port: Exit successful
01-20 12:42:29.052: E/mm-camera(197): cpp_module_start_session:352, info: starting session 1
01-20 12:42:29.072: E/mm-camera(197): cpp_thread_func:55: cpp_thread entering the polling loop...
01-20 12:42:29.072: E/mm-camera(197): cpp_module_start_session:422, info: cpp_thread created.
01-20 12:42:29.072: E/mm-camera(197): cpp_module_start_session:425, info: session 1 started.
01-20 12:42:29.072: E/mm-camera(197): c2d_module_start_session:246, info: starting session 1
01-20 12:42:29.072: E/mm-camera(197): c2d_module_start_session:284, info: c2d_thread created.
01-20 12:42:29.072: E/mm-camera(197): c2d_module_start_session:306, info: session 1 started.
01-20 12:42:29.072: E/mm-camera-sensor(197): module_module_set_session_data:2435 max delay 2 report dSelay 1
01-20 12:42:29.072: E/mm-camera(197): module_faceproc_set_session_data:1826] Per frame control 2 1
01-20 12:42:29.072: E/mm-camera(197): c2d_thread_func:39: c2d_thread entering the polling loop...
01-20 12:42:29.072: E/mm-camera-intf(13297): mm_camera_open: opened, break out while loop
01-20 12:42:29.072: I/Camera2-Parameters(13297): Camera 0: Disabling ZSL mode
01-20 12:42:29.082: D/OpenCV_NativeCamera(15756): Instantiated new CameraHandler (0x755a28cd, 0x758eec78)
01-20 12:42:29.082: I/OpenCV_NativeCamera(15756): initCameraConnect: [antibanding=auto;antibanding-values=off,60hz,50hz,auto;auto-exposure-lock=false;auto-exposure-lock-supported=true;auto-whitebalance-lock=false;auto-whitebalance-lock-supported=true;effect=none;effect-values=none,mono,negative,solarize,sepia,posterize,whiteboard,blackboard,aqua;exposure-compensation=0;exposure-compensation-step=0.166667;flash-mode=off;flash-mode-values=off,auto,on,torch,red-eye;focal-length=3.97;focus-areas=(0,0,0,0,0);focus-distances=Infinity,Infinity,Infinity;focus-mode=auto;focus-mode-values=infinity,auto,macro,continuous-video,continuous-picture;horizontal-view-angle=59.6295;jpeg-quality=90;jpeg-thumbnail-height=240;jpeg-thumbnail-quality=90;jpeg-thumbnail-size-values=512x288,480x288,256x154,432x288,320x240,176x144,0x0;jpeg-thumbnail-width=320;max-exposure-compensation=12;max-num-detected-faces-hw=5308677;max-num-detected-faces-sw=0;max-num-focus-areas=1;max-num-metering-areas=1;max-zoom=99;metering-areas=(0,0,0,0,0);min-exposure-compensation=-12;picture-format=jpeg;pi
01-20 12:42:29.082: D/OpenCV_NativeCamera(15756): Supported Cameras: (null)
01-20 12:42:29.082: D/OpenCV_NativeCamera(15756): Supported Picture Sizes: 3264x2448,3200x2400,2592x1944,2048x1536,1920x1080,1600x1200,1280x960,1280x768,1280x720,1024x768,800x600,800x480,720x480,640x480,352x288,320x240,176x144
01-20 12:42:29.082: D/OpenCV_NativeCamera(15756): Supported Picture Formats: jpeg
01-20 12:42:29.082: D/OpenCV_NativeCamera(15756): Supported Preview Sizes: 1920x1080,1280x960,1280x768,1280x720,1024x768,800x600,800x480,720x480,640x480,352x288,320x240,176x144
01-20 12:42:29.082: D/OpenCV_NativeCamera(15756): Supported Preview Formats: yuv420p,yuv420sp,
01-20 12:42:29.082: D/OpenCV_NativeCamera(15756): Supported Preview Frame Rates: 15,24,30
01-20 12:42:29.082: D/OpenCV_NativeCamera(15756): Supported Thumbnail Sizes: 512x288,480x288,256x154,432x288,320x240,176x144,0x0
01-20 12:42:29.082: D/OpenCV_NativeCamera(15756): Supported Whitebalance Modes: auto,incandescent,fluorescent,warm-fluorescent,daylight,cloudy-daylight,twilight,shade
01-20 12:42:29.082: D/OpenCV_NativeCamera(15756): Supported Effects: none,mono,negative,solarize,sepia,posterize,whiteboard,blackboard,aqua
01-20 12:42:29.082: D/OpenCV_NativeCamera(15756): Supported Scene Modes: auto,landscape,snow,beach,sunset,night,portrait,sports,steadyphoto,candlelight,fireworks,party,night-portrait,theatre,action
01-20 12:42:29.082: D/OpenCV_NativeCamera(15756): Supported Focus Modes: infinity,auto,macro,continuous-video,continuous-picture
01-20 12:42:29.082: D/OpenCV_NativeCamera(15756): Supported Antibanding Options: off,60hz,50hz,auto
01-20 12:42:29.082: D/OpenCV_NativeCamera(15756): Supported Flash Modes: off,auto,on,torch,red-eye
01-20 12:42:29.082: E/QCamera3HWI(13297): camera_metadata_t* qcamera::QCamera3HardwareInterface::translateCapabilityToMetadata(int): Setting focus mode to auto
01-20 12:42:29.082: E/QCamera3HWI(13297): camera_metadata_t* qcamera::QCamera3HardwareInterface::translateCapabilityToMetadata(int): Setting focus mode to auto
01-20 12:42:29.082: D/OpenCV_NativeCamera(15756): initCameraConnect: autofocus is set to mode "continuous-video"
01-20 12:42:29.082: D/OpenCV_NativeCamera(15756): initCameraConnect: preview format is set to yuv420sp
01-20 12:42:29.082: D/OpenCV_NativeCamera(15756): Starting preview
01-20 12:42:29.082: E/mm-camera(197): mct_pipeline_process_set:command=800000a
01-20 12:42:29.082: E/mm-camera(197): mct_pipeline_process_set:command=8000012
01-20 12:42:29.082: D/mm-camera(197): mct_stream_start_link: Metadata
01-20 12:42:29.082: E/mm-camera-intf(13297): mm_stream_get_v4l2_fmt: Unknown fmt=78
01-20 12:42:29.082: E/mm-camera(197): mct_pipeline_process_set:command=8000004
01-20 12:42:29.092: E/qomx_image_core(13297): OMX_Init:84] Complete 1
01-20 12:42:29.092: E/mm-camera(197): mct_pipeline_get_stream: stream not found in the list
01-20 12:42:29.092: E/mm-camera(197): mct_pipeline_process_set: Couldn't find preview stream; Storing for later
01-20 12:42:29.122: E/QCamera3Channel(13297): virtual int32_t qcamera::QCamera3RegularChannel::registerBuffers(uint32_t, const native_handle_t***): priv_handle->flags 0x420008 not supported
01-20 12:42:29.122: E/mm-camera(197): mct_pipeline_process_set:command=800000a
01-20 12:42:29.132: E/mm-camera(197): mct_pipeline_process_set:command=8000012
01-20 12:42:29.132: D/mm-camera(197): mct_stream_start_link: Regular/ZSL snapshot
01-20 12:42:29.132: D/mm-camera(197): mct_stream_link_modules: Linking modules sensor and iface
01-20 12:42:29.132: E/mm-camera-sensor(197): port_sensor_caps_reserve:115 ide 10002 stream type 3 w*h 1920*1080
01-20 12:42:29.132: D/mm-camera(197): mct_stream_link_modules: Linking modules iface and isp
01-20 12:42:29.132: D/mm-camera(197): mct_stream_link_modules: Linking modules isp and pproc
01-20 12:42:29.132: E/mm-camera(197): cpp_port_check_caps_reserve:77, identity=0x10002
01-20 12:42:29.132: E/mm-camera(197): cpp_port_check_caps_reserve:143, identity=0x10002, reserved
01-20 12:42:29.132: E/mm-camera(197): cpp_module_notify_add_stream:1289, info: success, identity=0x10002
01-20 12:42:29.132: D/mm-camera(197): mct_stream_link_modules: Linking modules isp and stats
01-20 12:42:29.132: E/mm-camera-sensor(197): sensor_get_output_dimension:1859 requested dim 3264 2448 stream mask 62
01-20 12:42:29.132: E/mm-camera-sensor(197): sensor_get_output_dimension:1879 pick res 0 dim 3280 2464
01-20 12:42:29.132: E/mm-camera(197): DBG: isp_util_save_stream_info, Stream 6, mapped to port 0
01-20 12:42:29.132: E/mm-camera(197): DBG: isp_util_save_stream_info, Stream 1, mapped to port 1
01-20 12:42:29.132: E/mm-camera(197): DBG: isp_util_save_stream_info, Stream 5, mapped to port 1
01-20 12:42:29.132: E/mm-camera(197): mct_pipeline_process_set:command=8000004
01-20 12:42:29.162: E/mm-camera(197): mct_pipeline_process_set:command=800000a
01-20 12:42:29.162: E/mm-camera(197): mct_pipeline_process_set:command=8000012
01-20 12:42:29.162: D/mm-camera(197): mct_stream_start_link: Regular/ZSL snapshot
01-20 12:42:29.162: D/mm-camera(197): mct_stream_link_modules: Linking modules sensor and iface
01-20 12:42:29.162: E/mm-camera-sensor(197): port_sensor_caps_reserve:115 ide 10003 stream type 6 w*h 3264*2448
01-20 12:42:29.162: D/mm-camera(197): mct_stream_link_modules: Linking modules iface and isp
01-20 12:42:29.162: D/mm-camera(197): mct_stream_link_modules: Linking modules isp and pproc
01-20 12:42:29.162: E/mm-camera(197): mct_get_compatible_dest_port: Check link failed
01-20 12:42:29.162: E/mm-camera(197): mct_get_compatible_dest_port: Check link failed
01-20 12:42:29.162: E/mm-camera(197): mct_get_compatible_dest_port: Check link failed
01-20 12:42:29.162: E/mm-camera(197): mct_get_compatible_dest_port: Check link failed
01-20 12:42:29.162: E/mm-camera(197): mct_get_compatible_dest_port: Check link failed
01-20 12:42:29.162: E/mm-camera(197): cpp_port_check_caps_reserve:77, identity=0x10003
01-20 12:42:29.162: E/mm-camera(197): cpp_port_check_caps_reserve:143, identity=0x10003, reserved
01-20 12:42:29.162: E/mm-camera(197): cpp_module_notify_add_stream:1289, info: success, identity=0x10003
01-20 12:42:29.162: D/mm-camera(197): mct_stream_link_modules: Linking modules isp and stats
01-20 12:42:29.162: E/mm-camera(197): mct_pipeline_process_set:command=8000004
01-20 12:42:29.202: E/mm-camera(197): mct_pipeline_process_set:command=800000a
01-20 12:42:29.202: E/mm-camera(197): mct_pipeline_process_set:command=8000012
01-20 12:42:29.202: D/mm-camera(197): mct_stream_start_link: Callback
01-20 12:42:29.202: D/mm-camera(197): mct_stream_link_modules: Linking modules sensor and iface
01-20 12:42:29.202: E/mm-camera-sensor(197): port_sensor_caps_reserve:115 ide 10004 stream type 5 w*h 1920*1080
01-20 12:42:29.202: D/mm-camera(197): mct_stream_link_modules: Linking modules iface and isp
01-20 12:42:29.202: D/mm-camera(197): mct_stream_link_modules: Linking modules isp and pproc
01-20 12:42:29.202: E/mm-camera(197): mct_get_compatible_dest_port: Check link failed
01-20 12:42:29.202: E/mm-camera(197): mct_get_compatible_dest_port: Check link failed
01-20 12:42:29.202: E/mm-camera(197): mct_get_compatible_dest_port: Check link failed
01-20 12:42:29.202: E/mm-camera(197): mct_get_compatible_dest_port: Check link failed
01-20 12:42:29.202: E/mm-camera(197): mct_get_compatible_dest_port: Check link failed
01-20 12:42:29.202: E/mm-camera(197): mct_get_compatible_dest_port: Check link failed
01-20 12:42:29.202: E/mm-camera(197): cpp_port_check_caps_reserve:77, identity=0x10004
01-20 12:42:29.202: E/mm-camera(197): cpp_port_check_caps_reserve:143, identity=0x10004, reserved
01-20 12:42:29.202: E/mm-camera(197): cpp_module_notify_add_stream:1289, info: success, identity=0x10004
01-20 12:42:29.202: D/mm-camera(197): mct_stream_link_modules: Linking modules pproc and faceproc
01-20 12:42:29.202: E/mm-camera(197): cpp_port_check_caps_reserve:77, identity=0x10004
01-20 12:42:29.202: E/mm-camera(197): cpp_port_check_caps_reserve:143, identity=0x10004, reserved
01-20 12:42:29.202: E/mm-camera(197): module_faceproc_client_create:1161] Face proc feature mask e 0
01-20 12:42:29.202: D/mm-camera(197): mct_stream_link_modules: Linking modules isp and stats
01-20 12:42:29.202: E/mm-camera(197): mct_pipeline_process_set:command=8000004
01-20 12:42:29.202: D/OpenCV_NativeCamera(15756): Preview started successfully
01-20 12:42:29.202: E/OpenCV::camera(15756): calling (*pGetPropertyC)(0x781b7b20, 2)
01-20 12:42:29.202: D/OpenCV_NativeCamera(15756): CameraHandler::getProperty(2)
01-20 12:42:29.222: D/dalvikvm(15756): GC_FOR_ALLOC freed 4850K, 1% free 18686K/18816K, paused 16ms, total 16ms
01-20 12:42:29.222: D/mm-camera-intf(13297): mm_stream_qbuf: Starting poll on stream 0xb74627dc type :8
01-20 12:42:29.232: D/mm-camera-intf(13297): mm_stream_qbuf: Started poll on stream 0xb74627dc type :8
01-20 12:42:29.232: E/mm-camera(197): mct_pipeline_process_set:command=8000008
01-20 12:42:29.232: E/mm-camera(197): mct_pipeline_process_set: stream_type = 8, streamid 1
01-20 12:42:29.232: E/mm-camera(197): mct_pipeline_process_set: Stream on/off returned
01-20 12:42:29.232: I/dalvikvm-heap(15756): Grow heap (frag case) to 22.964MB for 4915216-byte allocation
01-20 12:42:29.242: E/mm-camera(197): mct_pipeline_process_set:command=8000008
01-20 12:42:29.242: E/mm-camera(197): mct_pipeline_process_set: stream_type = 3, streamid 2
01-20 12:42:29.242: E/mm-camera-sensor(197): module_sensor_module_process_event:1960 ide 10002 MCT_EVENT_CONTROL_STREAMON
01-20 12:42:29.242: E/mm-camera-sensor(197): module_sensor_stream_on:821 ide 10002 SENSOR_START_STREAM
01-20 12:42:29.242: D/dalvikvm(15756): GC_FOR_ALLOC freed <1K, 1% free 23486K/23620K, paused 13ms, total 13ms
01-20 12:42:29.242: D/OpenCV_NativeCamera(15756): CameraHandler::setProperty(0, 1280.000000)
01-20 12:42:29.242: D/OpenCV_NativeCamera(15756): CameraHandler::setProperty(1, 960.000000)
01-20 12:42:29.242: I/NativeCameraView(15756): Selected camera frame size = (1280, 960)
01-20 12:42:29.252: D/OpenCV_NativeCamera(15756): CameraHandler::applyProperties()
01-20 12:42:29.322: E/mm-camera-sensor(197): module_sensor_stream_on:1035 SENSOR_SET_RESOLUTION 3264*2448 mask 68
01-20 12:42:29.322: E/mm-camera-sensor(197): sensor_set_resolution:1167 width 3264, height 2448
01-20 12:42:29.322: E/mm-camera-sensor(197): sensor_set_resolution:1169 stream mask 68 hfr mode 0 fps 0.000000
01-20 12:42:29.322: E/mm-camera-sensor(197): sensor_set_resolution:1178 cur res 8 new res 0
01-20 12:42:29.322: E/mm-camera(197): port_isp_module_event: E, identity = 0x10002, IFACE_SET_STREAM_CONFIG
01-20 12:42:29.322: E/mm-camera(197): isp_sink_port_stream_config: E, session_id = 1, stream_id = 2, stream_type = 3
01-20 12:42:29.322: E/mm-camera(197): isp_sink_port_stream_config: session_id = 1, stream_id = 2, is_split = 0
01-20 12:42:29.322: E/mm-camera(197): isp_sink_port_stream_config: old vfe_id_mask = 0x0, new vfe_id_mask = 0x1
01-20 12:42:29.322: E/mm-camera(197): port_isp_module_event: E, identity = 0x10003, IFACE_SET_STREAM_CONFIG
01-20 12:42:29.322: E/mm-camera(197): isp_sink_port_stream_config: E, session_id = 1, stream_id = 3, stream_type = 6
01-20 12:42:29.322: E/mm-camera(197): isp_sink_port_stream_config: session_id = 1, stream_id = 3, is_split = 0
01-20 12:42:29.322: E/mm-camera(197): isp_sink_port_stream_config: old vfe_id_mask = 0x1, new vfe_id_mask = 0x1
01-20 12:42:29.322: E/mm-camera(197): port_isp_module_event: E, identity = 0x10004, IFACE_SET_STREAM_CONFIG
01-20 12:42:29.322: E/mm-camera(197): isp_sink_port_stream_config: E, session_id = 1, stream_id = 4, stream_type = 5
01-20 12:42:29.322: E/mm-camera(197): isp_sink_port_stream_config: session_id = 1, stream_id = 4, is_split = 0
01-20 12:42:29.322: E/mm-camera(197): isp_sink_port_stream_config: old vfe_id_mask = 0x1, new vfe_id_mask = 0x1
01-20 12:42:29.332: E/mm-camera-sensor(197): eeprom_process:829 e_ctrl->eeprom_lib.func_tbl =0xb6ae3004
01-20 12:42:29.332: E/mm-camera-sensor(197): eeprom_autofocus_calibration:74 Region 0: code_per_step: 8 initial_code: 194 inf_pos: 7
01-20 12:42:29.332: E/mm-camera(197): port_isp_mct_ctrl_cmd: E, identity = 0x10002, STREAMON
01-20 12:42:29.332: E/mm-camera(197): cpp_module_handle_streamon_event:1983, identity=0x10002, stream-on done
01-20 12:42:29.332: E/mm-camera(197): isp_streamon: E, session_id = 1, stream_id = 2, stream_type = 3
01-20 12:42:29.332: E/mm-camera(197): isp_fmt_to_pix_pattern: format 30
01-20 12:42:29.332: E/mm-camera(197): isp_fmt_to_pix_pattern: format 30
01-20 12:42:29.332: E/mm-camera(197): isp_pipeline_set_effect: effect_mask = 0x1, contrast = 5, saturation = 0.500000, special effect = 0
01-20 12:42:29.332: E/mm-camera(197): isp_pipeline_set_effect: effect_mask = 0x9, contrast = 5, saturation = 0.500000, special effect = 0
01-20 12:42:29.332: E/mm-camera(197): isp_pipeline_set_effect: effect_mask = 0xd, contrast = 5, saturation = 0.500000, special effect = 0
01-20 12:42:29.332: E/mm-camera(197): isp_fmt_to_pix_pattern: format 30
01-20 12:42:29.332: E/mm-camera(197): isp_pipeline_set_effect: effect_mask = 0xd, contrast = 5, saturation = 0.500000, special effect = 0
01-20 12:42:29.332: E/mm-camera(197): wb_set_params: param_id is not supported in this module
01-20 12:42:29.332: E/mm-camera(197): isp_fmt_to_pix_pattern: format 30
01-20 12:42:29.332: W/InputMethodManagerService(32460): Window already focused, ignoring focus gain of: com.android.internal.view.IInputMethodClient$Stub$Proxy@42eb9f58 attribute=null, token = android.os.BinderProxy@4266a718
01-20 12:42:29.342: E/mm-camera(197): stats_action_buf_config: cfg = 1, stats_mask = 0x5b8
01-20 12:42:29.342: E/mm-camera(197): stats_action: stats mask = 0x5b8
01-20 12:42:29.342: E/mm-camera(197): isp_axi_util_subscribe_v4l2_event: event_type = 0x8000009, is_subscribe = 1
01-20 12:42:29.352: E/mm-camera(197): ispif_streamon: session_id = 1, active_streams = 1
01-20 12:42:29.352: E/mm-camera-sensor(197): module_sensor_stream_on:1021 ide 10002 SENSOR_START_STREAM
01-20 12:42:29.352: E/mm-camera(197): mct_pipeline_process_set: Stream on/off returned
01-20 12:42:29.392: E/mm-camera(197): mct_pipeline_process_set:command=8000008
01-20 12:42:29.392: E/mm-camera(197): mct_pipeline_process_set: stream_type = 6, streamid 3
01-20 12:42:29.392: E/mm-camera-sensor(197): module_sensor_module_process_event:1960 ide 10003 MCT_EVENT_CONTROL_STREAMON
01-20 12:42:29.392: E/mm-camera-sensor(197): module_sensor_stream_on:821 ide 10003 SENSOR_START_STREAM
01-20 12:42:29.392: E/mm-camera(197): port_isp_mct_ctrl_cmd: E, identity = 0x10003, STREAMON
01-20 12:42:29.392: E/mm-camera(197): cpp_module_handle_streamon_event:1983, identity=0x10003, stream-on done
01-20 12:42:29.392: E/mm-camera(197): isp_streamon: E, session_id = 1, stream_id = 3, stream_type = 6
01-20 12:42:29.392: E/mm-camera(197): isp_pipeline_set_effect: effect_mask = 0xd, contrast = 5, saturation = 0.500000, special effect = 0
01-20 12:42:29.392: E/mm-camera(197): wb_set_params: param_id is not supported in this module
01-20 12:42:29.392: E/mm-camera(197): isp_pipeline_set_effect: effect_mask = 0xd, contrast = 5, saturation = 0.500000, special effect = 0
01-20 12:42:29.392: E/mm-camera(197): wb_set_params: param_id is not supported in this module
01-20 12:42:29.392: E/mm-camera(197): isp_pipeline_set_effect: effect_mask = 0xd, contrast = 5, saturation = 0.500000, special effect = 0
01-20 12:42:29.392: E/mm-camera(197): wb_set_params: param_id is not supported in this module
01-20 12:42:29.392: E/mm-camera(197): isp_axi_util_subscribe_v4l2_event: event_type = 0x8000009, is_subscribe = 1
01-20 12:42:29.452: E/mm-camera(197): ispif_streamon: session_id = 1, active_streams = 2
01-20 12:42:29.452: E/mm-camera(197): mct_pipeline_process_set: Stream on/off returned
01-20 12:42:29.472: E/mm-camera(197): mct_pipeline_process_set:command=8000008
01-20 12:42:29.472: E/mm-camera(197): mct_pipeline_process_set: stream_type = 5, streamid 4
01-20 12:42:29.472: E/mm-camera-sensor(197): module_sensor_module_process_event:1960 ide 10004 MCT_EVENT_CONTROL_STREAMON
01-20 12:42:29.472: E/mm-camera-sensor(197): module_sensor_stream_on:821 ide 10004 SENSOR_START_STREAM
01-20 12:42:29.472: E/mm-camera(197): port_isp_mct_ctrl_cmd: E, identity = 0x10004, STREAMON
01-20 12:42:29.472: E/mm-camera(197): module_faceproc_port_event_func:662] FD_STREAMON 0 id 10004
01-20 12:42:29.472: E/mm-camera-img(197): faceproc_comp_cfg_debug:247] FaceProc cfg max_face_size 500
01-20 12:42:29.472: E/mm-camera-img(197): faceproc_comp_cfg_debug:250] FaceProc cfg max_num_face_to_detect 5
01-20 12:42:29.472: E/mm-camera-img(197): faceproc_comp_cfg_debug:253] FaceProc cfg min_face_size 50
01-20 12:42:29.472: E/mm-camera-img(197): faceproc_comp_eng_config:1466] ###min_face_size 90
01-20 12:42:29.472: E/mm-camera-img(197): Face Album FILE EXISTS
01-20 12:42:29.472: E/mm-camera(197): cpp_module_handle_streamon_event:1983, identity=0x10004, stream-on done
01-20 12:42:29.472: E/mm-camera(197): isp_streamon: E, session_id = 1, stream_id = 4, stream_type = 5
01-20 12:42:29.472: E/mm-camera(197): isp_pipeline_set_effect: effect_mask = 0xd, contrast = 5, saturation = 0.500000, special effect = 0
01-20 12:42:29.472: E/mm-camera(197): wb_set_params: param_id is not supported in this module
01-20 12:42:29.472: E/mm-camera(197): isp_pipeline_set_effect: effect_mask = 0xd, contrast = 5, saturation = 0.500000, special effect = 0
01-20 12:42:29.472: E/mm-camera(197): wb_set_params: param_id is not supported in this module
01-20 12:42:29.472: E/mm-camera(197): isp_pipeline_set_effect: effect_mask = 0xd, contrast = 5, saturation = 0.500000, special effect = 0
01-20 12:42:29.472: E/mm-camera(197): wb_set_params: param_id is not supported in this module
01-20 12:42:29.472: E/mm-camera(197): cpp_module_handle_isp_out_dim_event:419] Format not supported
01-20 12:42:29.472: E/mm-camera(197): cpp_module_process_downstream_event:920, failed
01-20 12:42:29.472: E/mm-camera(197): isp_ch_util_streamon: cannot find channel, session_id = 1, channel_id = 0
01-20 12:42:29.472: E/mm-camera(197): isp_ch_util_streamon: hw streamon error! sessid = 1 i = 0
01-20 12:42:29.472: E/mm-camera(197): ispif_streamon: session_id = 1, active_streams = 3
01-20 12:42:29.472: E/mm-camera(197): mct_pipeline_process_set: Stream on/off returned
01-20 12:42:29.472: D/mm-camera-intf(13297): mm_stream_qbuf: Starting poll on stream 0xb7463d54 type :5
01-20 12:42:29.472: D/mm-camera-intf(13297): mm_stream_qbuf: Started poll on stream 0xb7463d54 type :5
01-20 12:42:29.472: D/mm-camera-intf(13297): mm_stream_qbuf: Starting poll on stream 0xb7462f04 type :3
01-20 12:42:29.472: D/mm-camera-intf(13297): mm_stream_qbuf: Started poll on stream 0xb7462f04 type :3
01-20 12:42:29.492: E/mm-camera(197): module_faceproc_client_schedule_mode:1808] apply 3 report 2 new_mode 0
01-20 12:42:29.682: D/mm-camera-intf(13297): mm_stream_read_msm_frame: Stoping poll on stream 0xb7462f04 type :3
01-20 12:42:29.682: D/mm-camera-intf(13297): mm_stream_read_msm_frame: Stopped poll on stream 0xb7462f04 type :3
01-20 12:42:29.812: E/mm-camera(197): af_exhaustive_search: AEC not settled. Returning!
01-20 12:42:29.872: E/mm-camera(197): af_exhaustive_search: AEC not settled. Returning!
01-20 12:42:29.942: E/mm-camera(197): af_exhaustive_search: AEC not settled. Returning!
01-20 12:42:30.012: E/mm-camera(197): af_util_cur_pos_after_lens_move: After move: FV: 5325971 CurPosition: 36
01-20 12:42:30.152: E/mm-camera(197): af_util_cur_pos_after_lens_move: After move: FV: 5512195 CurPosition: 33
01-20 12:42:30.222: E/mm-camera(197): af_util_cur_pos_after_lens_move: After move: FV: 5521688 CurPosition: 30
01-20 12:42:30.282: E/mm-camera(197): af_util_cur_pos_after_lens_move: After move: FV: 5940858 CurPosition: 27
01-20 12:42:30.352: E/mm-camera(197): af_util_cur_pos_after_lens_move: After move: FV: 8050088 CurPosition: 24
01-20 12:42:30.422: E/mm-camera(197): af_util_cur_pos_after_lens_move: After move: FV: 9089727 CurPosition: 21
01-20 12:42:30.482: E/mm-camera(197): af_util_cur_pos_after_lens_move: After move: FV: 7179006 CurPosition: 18
01-20 12:42:30.552: E/mm-camera(197): af_util_cur_pos_after_lens_move: After move: FV: 5594305 CurPosition: 17
01-20 12:42:30.612: E/mm-camera(197): af_util_cur_pos_after_lens_move: After move: FV: 4012886 CurPosition: 18
01-20 12:42:30.682: E/mm-camera(197): af_util_cur_pos_after_lens_move: After move: FV: 4049248 CurPosition: 19
01-20 12:42:30.752: E/mm-camera(197): af_util_cur_pos_after_lens_move: After move: FV: 4974986 CurPosition: 20
01-20 12:42:30.822: E/mm-camera(197): af_util_cur_pos_after_lens_move: After move: FV: 5692385 CurPosition: 21
01-20 12:42:30.882: E/mm-camera(197): af_util_cur_pos_after_lens_move: After move: FV: 6275039 CurPosition: 22
01-20 12:42:30.942: E/qcom_sensors_hal(32460): hal_process_report_ind: Bad item quality: 11
01-20 12:42:30.952: E/mm-camera(197): af_util_cur_pos_after_lens_move: After move: FV: 4839394 CurPosition: 23
01-20 12:42:31.022: E/mm-camera(197): af_util_cur_pos_after_lens_move: After move: FV: 5881241 CurPosition: 21
01-20 12:42:31.022: E/mm-camera(197): af_util_update_focus_status: AF Status already updated to output!Return!
01-20 12:42:31.022: E/mm-camera(197): af_util_update_focus_status: AF Status already updated to output!Return!
01-20 12:42:34.252: E/Camera2Client(13297): stopPreviewL: Camera 0: Waiting to stop streaming failed: Connection timed out (-110)
01-20 12:42:39.262: E/Camera2-StreamingProcessor(13297): deletePreviewStream: Error waiting for preview to drain: Connection timed out (-110)
01-20 12:42:39.262: E/Camera2Client(13297): setPreviewWindowL: Unable to set new preview window: Connection timed out (-110)
01-20 12:42:39.262: E/OpenCV_NativeCamera(15756): applyProperties: failed setPreviewTexture call; camera might not work correctly
01-20 12:42:39.262: D/OpenCV_NativeCamera(15756): Starting preview
01-20 12:42:44.262: E/Camera2-StreamingProcessor(13297): updatePreviewStream: Camera 0: Error waiting for preview to drain: Connection timed out (-110)
01-20 12:42:44.262: E/Camera2Client(13297): startPreviewL: Camera 0: Unable to update preview stream: Connection timed out (-110)
01-20 12:42:44.262: E/OpenCV_NativeCamera(15756): initCameraConnect: startPreview() fails. Closing camera connection...
01-20 12:42:47.162: E/mm-camera(197): af_util_cur_pos_after_lens_move: After move: FV: 3722111 CurPosition: 36
01-20 12:42:47.242: E/mm-camera(197): af_util_cur_pos_after_lens_move: After move: FV: 5087286 CurPosition: 33
01-20 12:42:47.302: E/mm-camera(197): af_util_cur_pos_after_lens_move: After move: FV: 7053292 CurPosition: 30
01-20 12:42:47.372: E/mm-camera(197): af_util_cur_pos_after_lens_move: After move: FV: 4592045 CurPosition: 27
01-20 12:42:47.442: E/mm-camera(197): af_util_cur_pos_after_lens_move: After move: FV: 3748798 CurPosition: 28
01-20 12:42:47.502: E/mm-camera(197): af_util_cur_pos_after_lens_move: After move: FV: 3198196 CurPosition: 29
01-20 12:42:47.572: E/mm-camera(197): af_util_cur_pos_after_lens_move: After move: FV: 2661332 CurPosition: 27
01-20 12:42:47.572: E/mm-camera(197): af_util_update_focus_status: AF Status already updated to output!Return!
01-20 12:42:47.572: E/mm-camera(197): af_util_update_focus_status: AF Status already updated to output!Return!
01-20 12:42:48.812: V/BufferedAnalyticsState(6476): Not ready for upload, 142 seconds left.
01-20 12:42:49.262: E/Camera2Client(13297): stopPreviewL: Camera 0: Waiting to stop streaming failed: Connection timed out (-110)
01-20 12:42:49.782: E/mm-camera(197): af_util_cur_pos_after_lens_move: After move: FV: 4279293 CurPosition: 36
01-20 12:42:49.922: E/mm-camera(197): af_util_cur_pos_after_lens_move: After move: FV: 4265016 CurPosition: 33
01-20 12:42:49.982: E/mm-camera(197): af_util_cur_pos_after_lens_move: After move: FV: 4914416 CurPosition: 30
