01-20 12:42:25.372: I/ActivityManager(32460): START u0 {act=android.intent.action.MAIN cat=[android.intent.category.LAUNCHER] flg=0x10200000 cmp=org.opencv.samples.tutorial1/.Tutorial1Activity} from pid 312
01-20 12:42:25.442: D/dalvikvm(15756): Late-enabling CheckJNI
01-20 12:42:25.442: I/ActivityManager(32460): Start proc org.opencv.samples.tutorial1 for activity org.opencv.samples.tutorial1/.Tutorial1Activity: pid=15756 uid=10158 gids={50158}
01-20 12:42:25.482: I/dalvikvm(15756): Enabling JNI app bug workarounds for target SDK version 8...
01-20 12:42:25.502: I/InputReader(32460): Reconfiguring input devices. changes=0x00000004
01-20 12:42:25.502: I/InputReader(32460): Device reconfigured: id=4, name='touch_dev', size 1080x1920, orientation 1, mode 1, display id 0
01-20 12:42:25.502: I/ActivityManager(32460): Config changes=480 {1.0 250mcc20mnc ru_RU ldltr sw360dp w598dp h335dp 480dpi nrml land finger -keyb/v/h -nav/h s.30}
01-20 12:42:25.532: D/PhoneStatusBar(32544): mSettingsPanelGravity = 55
01-20 12:42:25.552: I/OCVSample::Activity(15756): Instantiated new class org.opencv.samples.tutorial1.Tutorial1Activity
01-20 12:42:25.562: I/OCVSample::Activity(15756): called onCreate
01-20 12:42:25.562: D/CameraBridge(15756): Attr count: 6
01-20 12:42:25.562: D/dalvikvm(32544): GC_FOR_ALLOC freed 6423K, 52% free 24795K/51196K, paused 15ms, total 15ms
01-20 12:42:25.572: I/dalvikvm-heap(32544): Grow heap (frag case) to 40.065MB for 16588816-byte allocation
01-20 12:42:25.572: D/CameraBridge(15756): Attr count: 6
01-20 12:42:25.572: W/ContextImpl(15756): Implicit intents with startService are not safe: Intent { act=org.opencv.engine.BIND } android.content.ContextWrapper.bindService:517 org.opencv.android.AsyncServiceHelper.initOpenCV:24 org.opencv.android.OpenCVLoader.initAsync:64
01-20 12:42:25.572: I/OpenCVEngine/Service(14891): Service starting
01-20 12:42:25.572: I/OpenCVEngine/Service(14891): Engine binder component creating
01-20 12:42:25.572: D/OpenCVEngine/JNI(14891): Java_org_opencv_engine_BinderConnector_Init
01-20 12:42:25.572: I/OpenCVEngine/JNI(14891): Creating new component
01-20 12:42:25.572: I/OpenCVEngine/JNI(14891): New component created successfully
01-20 12:42:25.582: I/OpenCVEngine/Service(14891): Service started successfully
01-20 12:42:25.582: I/OpenCVEngine/Service(14891): Service onBind called for intent Intent { act=org.opencv.engine.BIND }
01-20 12:42:25.592: D/OpenCVManager/Helper(15756): Service connection created
01-20 12:42:25.592: D/OpenCVEngine(14891): OpenCVEngine::OnTransact(1,16)
01-20 12:42:25.592: D/OpenCVEngine(14891): OpenCVEngine OCVE_GET_ENGINE_VERSION request
01-20 12:42:25.592: D/dalvikvm(32544): GC_CONCURRENT freed 8K, 20% free 40987K/51196K, paused 5ms+1ms, total 21ms
01-20 12:42:25.592: D/dalvikvm(32544): WAIT_FOR_CONCURRENT_GC blocked 13ms
01-20 12:42:25.592: D/OpenCVEngine(14891): OpenCVEngine::GetVersion()
01-20 12:42:25.592: D/OpenCVManager/Helper(15756): Trying to get library path
01-20 12:42:25.592: D/OpenCVEngine(14891): OpenCVEngine::OnTransact(2,16)
01-20 12:42:25.592: D/OpenCVEngine(14891): OpenCVEngine OCVE_GET_LIB_PATH_BY_VERSION request
01-20 12:42:25.592: D/OpenCVEngine(14891): OpenCVEngine::GetLibPathByVersion(2.4.3)
01-20 12:42:25.592: D/OpenCVEngine(14891): OpenCVEngine::GetLibPathByVersion(2.4.3) impl
01-20 12:42:25.592: D/OpenCVEngine(14891): PackageInfo::PackageInfo: package arch ARMv7
01-20 12:42:25.592: D/JavaBasedPackageManager(14891): JavaBasedPackageManager::GetInstalledPackages() begin
01-20 12:42:25.612: D/dalvikvm(483): GC_FOR_ALLOC freed 5612K, 22% free 20591K/26128K, paused 20ms, total 20ms
01-20 12:42:25.612: I/dalvikvm-heap(483): Grow heap (frag case) to 21.806MB for 1751056-byte allocation
01-20 12:42:25.612: D/JavaBasedPackageManager(14891): Package info conversion
01-20 12:42:25.612: D/OpenCVEngine(14891): PackageInfo::PackageInfo("org.opencv.engine", "/data/app-lib/org.opencv.engine-1", "2.16")
01-20 12:42:25.612: D/OpenCVEngine(14891): Trying to load info library "/data/app-lib/org.opencv.engine-1/libopencv_info.so"
01-20 12:42:25.612: I/OpenCVEngine(14891): OpenCV package "org.opencv.lib_v24_armv7a_neon" revision "8.0.1" found
01-20 12:42:25.612: D/JavaBasedPackageManager(14891): JavaBasedPackageManager::GetInstalledPackages() end
01-20 12:42:25.612: D/CommonPackageManager(14891): Check version "2040300" compatibility with "2040800"
01-20 12:42:25.612: D/CommonPackageManager(14891): Compatible
01-20 12:42:25.612: D/CommonPackageManager(14891): !!! Calculating rating for ARM
01-20 12:42:25.612: D/CommonPackageManager(14891): Checking (0, 67108864) against (0,268435470)
01-20 12:42:25.612: D/CommonPackageManager(14891): Checking (0, 134217728) against (0,268435470)
01-20 12:42:25.612: D/CommonPackageManager(14891): Checking (0, 134217729) against (0,268435470)
01-20 12:42:25.612: D/CommonPackageManager(14891): Checking (0, 134217730) against (0,268435470)
01-20 12:42:25.612: D/CommonPackageManager(14891): Checking (0, 134217731) against (0,268435470)
01-20 12:42:25.612: D/CommonPackageManager(14891): Checking (0, 268435456) against (0,268435470)
01-20 12:42:25.612: D/CommonPackageManager(14891): Checking (0, 268435457) against (0,268435470)
01-20 12:42:25.612: D/CommonPackageManager(14891): Checking (2, 268435457) against (0,268435470)
01-20 12:42:25.612: D/CommonPackageManager(14891): Checking (0, 268435458) against (0,268435470)
01-20 12:42:25.612: D/CommonPackageManager(14891): Checking (0, 268435459) against (0,268435470)
01-20 12:42:25.612: D/CommonPackageManager(14891): Checking (0, 268435464) against (0,268435470)
01-20 12:42:25.612: D/CommonPackageManager(14891): Checking (0, 268435465) against (0,268435470)
01-20 12:42:25.612: D/CommonPackageManager(14891): Checking (0, 268435466) against (0,268435470)
01-20 12:42:25.612: D/CommonPackageManager(14891): Checking (0, 268435467) against (0,268435470)
01-20 12:42:25.612: D/CommonPackageManager(14891): Checking (0, 268435468) against (0,268435470)
01-20 12:42:25.612: D/CommonPackageManager(14891): Checking (0, 268435470) against (0,268435470)
01-20 12:42:25.612: D/CommonPackageManager(14891): Rating found: 15
01-20 12:42:25.612: D/CommonPackageManager(14891): Current hardware platform rating 15 for (0,268435470)
01-20 12:42:25.612: D/CommonPackageManager(14891): !!! Calculating rating for ARM
01-20 12:42:25.612: D/CommonPackageManager(14891): Checking (0, 67108864) against (0,268435464)
01-20 12:42:25.612: D/CommonPackageManager(14891): Checking (0, 134217728) against (0,268435464)
01-20 12:42:25.612: D/CommonPackageManager(14891): Checking (0, 134217729) against (0,268435464)
01-20 12:42:25.612: D/CommonPackageManager(14891): Checking (0, 134217730) against (0,268435464)
01-20 12:42:25.612: D/CommonPackageManager(14891): Checking (0, 134217731) against (0,268435464)
01-20 12:42:25.612: D/CommonPackageManager(14891): Checking (0, 268435456) against (0,268435464)
01-20 12:42:25.612: D/CommonPackageManager(14891): Checking (0, 268435457) against (0,268435464)
01-20 12:42:25.612: D/CommonPackageManager(14891): Checking (2, 268435457) against (0,268435464)
01-20 12:42:25.612: D/CommonPackageManager(14891): Checking (0, 268435458) against (0,268435464)
01-20 12:42:25.612: D/CommonPackageManager(14891): Checking (0, 268435459) against (0,268435464)
01-20 12:42:25.612: D/CommonPackageManager(14891): Checking (0, 268435464) against (0,268435464)
01-20 12:42:25.612: D/CommonPackageManager(14891): Rating found: 10
01-20 12:42:25.612: D/CommonPackageManager(14891): Package "org.opencv.lib_v24_armv7a_neon" rating 10 for (0,268435464)
01-20 12:42:25.612: D/OpenCVEngine(14891): Fixing permissions for folder: "/data/app-lib/org.opencv.engine-1"
01-20 12:42:25.612: D/OpenCVEngine(14891): Fix permissions for "."
01-20 12:42:25.612: D/OpenCVEngine(14891): Fix permissions for ".."
01-20 12:42:25.612: D/OpenCVEngine(14891): Fix permissions for "libopencv_java.so"
01-20 12:42:25.612: D/OpenCVEngine(14891): Fix permissions for "libOpenCVEngine.so"
01-20 12:42:25.612: D/OpenCVEngine(14891): Fix permissions for "libnative_camera_r4.3.0.so"
01-20 12:42:25.612: D/OpenCVEngine(14891): Fix permissions for "libnative_camera_r4.0.3.so"
01-20 12:42:25.612: D/OpenCVEngine(14891): Fix permissions for "libOpenCVEngine_jni.so"
01-20 12:42:25.612: D/OpenCVEngine(14891): Fix permissions for "libnative_camera_r4.4.0.so"
01-20 12:42:25.612: D/OpenCVEngine(14891): Fix permissions for "libnative_camera_r2.3.3.so"
01-20 12:42:25.612: D/OpenCVEngine(14891): Fix permissions for "libnative_camera_r4.2.0.so"
01-20 12:42:25.612: D/OpenCVEngine(14891): Fix permissions for "libnative_camera_r2.2.0.so"
01-20 12:42:25.612: D/OpenCVEngine(14891): Fix permissions for "libopencv_dynamicuda.so"
01-20 12:42:25.612: D/OpenCVEngine(14891): Fix permissions for "libnative_camera_r4.0.0.so"
01-20 12:42:25.612: D/OpenCVEngine(14891): Fix permissions for "libnative_camera_r4.1.1.so"
01-20 12:42:25.612: D/OpenCVEngine(14891): Fix permissions for "libopencv_info.so"
01-20 12:42:25.612: D/OpenCVEngine(14891): Fix permissions for "libnative_camera_r3.0.1.so"
01-20 12:42:25.612: D/OpenCVManager/Helper(15756): Trying to get library list
01-20 12:42:25.612: D/OpenCVEngine(14891): OpenCVEngine::OnTransact(4,16)
01-20 12:42:25.612: D/OpenCVEngine(14891): OpenCVEngine OCVE_GET_LIB_LIST request
01-20 12:42:25.612: D/OpenCVEngine(14891): OpenCVEngine::GetLibraryList(2.4.3)
01-20 12:42:25.612: D/OpenCVEngine(14891): PackageInfo::PackageInfo: package arch ARMv7
01-20 12:42:25.612: D/JavaBasedPackageManager(14891): JavaBasedPackageManager::GetInstalledPackages() begin
01-20 12:42:25.632: D/dalvikvm(14891): GC_CONCURRENT freed 514K, 4% free 16914K/17464K, paused 1ms+1ms, total 9ms
01-20 12:42:25.632: D/dalvikvm(14891): WAIT_FOR_CONCURRENT_GC blocked 3ms
01-20 12:42:25.642: D/dalvikvm(483): GC_CONCURRENT freed 3K, 15% free 22298K/26128K, paused 9ms+1ms, total 27ms
01-20 12:42:25.642: D/dalvikvm(483): WAIT_FOR_CONCURRENT_GC blocked 16ms
01-20 12:42:25.642: D/dalvikvm(483): WAIT_FOR_CONCURRENT_GC blocked 4ms
01-20 12:42:25.642: D/JavaBasedPackageManager(14891): Package info conversion
01-20 12:42:25.642: D/OpenCVEngine(14891): PackageInfo::PackageInfo("org.opencv.engine", "/data/app-lib/org.opencv.engine-1", "2.16")
01-20 12:42:25.642: D/OpenCVEngine(14891): Trying to load info library "/data/app-lib/org.opencv.engine-1/libopencv_info.so"
01-20 12:42:25.642: I/OpenCVEngine(14891): OpenCV package "org.opencv.lib_v24_armv7a_neon" revision "8.0.1" found
01-20 12:42:25.642: D/JavaBasedPackageManager(14891): JavaBasedPackageManager::GetInstalledPackages() end
01-20 12:42:25.642: D/CommonPackageManager(14891): Check version "2040300" compatibility with "2040800"
01-20 12:42:25.642: D/CommonPackageManager(14891): Compatible
01-20 12:42:25.642: D/CommonPackageManager(14891): !!! Calculating rating for ARM
01-20 12:42:25.642: D/CommonPackageManager(14891): Checking (0, 67108864) against (0,268435470)
01-20 12:42:25.642: D/CommonPackageManager(14891): Checking (0, 134217728) against (0,268435470)
01-20 12:42:25.642: D/CommonPackageManager(14891): Checking (0, 134217729) against (0,268435470)
01-20 12:42:25.642: D/CommonPackageManager(14891): Checking (0, 134217730) against (0,268435470)
01-20 12:42:25.642: D/CommonPackageManager(14891): Checking (0, 134217731) against (0,268435470)
01-20 12:42:25.642: D/CommonPackageManager(14891): Checking (0, 268435456) against (0,268435470)
01-20 12:42:25.642: D/CommonPackageManager(14891): Checking (0, 268435457) against (0,268435470)
01-20 12:42:25.642: D/CommonPackageManager(14891): Checking (2, 268435457) against (0,268435470)
01-20 12:42:25.642: D/CommonPackageManager(14891): Checking (0, 268435458) against (0,268435470)
01-20 12:42:25.642: D/CommonPackageManager(14891): Checking (0, 268435459) against (0,268435470)
01-20 12:42:25.642: D/CommonPackageManager(14891): Checking (0, 268435464) against (0,268435470)
01-20 12:42:25.642: D/CommonPackageManager(14891): Checking (0, 268435465) against (0,268435470)
01-20 12:42:25.642: D/CommonPackageManager(14891): Checking (0, 268435466) against (0,268435470)
01-20 12:42:25.642: D/CommonPackageManager(14891): Checking (0, 268435467) against (0,268435470)
01-20 12:42:25.642: D/CommonPackageManager(14891): Checking (0, 268435468) against (0,268435470)
01-20 12:42:25.642: D/CommonPackageManager(14891): Checking (0, 268435470) against (0,268435470)
01-20 12:42:25.642: D/CommonPackageManager(14891): Rating found: 15
01-20 12:42:25.642: D/CommonPackageManager(14891): Current hardware platform rating 15 for (0,268435470)
01-20 12:42:25.642: D/CommonPackageManager(14891): !!! Calculating rating for ARM
01-20 12:42:25.642: D/CommonPackageManager(14891): Checking (0, 67108864) against (0,268435464)
01-20 12:42:25.642: D/CommonPackageManager(14891): Checking (0, 134217728) against (0,268435464)
01-20 12:42:25.642: D/CommonPackageManager(14891): Checking (0, 134217729) against (0,268435464)
01-20 12:42:25.642: D/CommonPackageManager(14891): Checking (0, 134217730) against (0,268435464)
01-20 12:42:25.642: D/CommonPackageManager(14891): Checking (0, 134217731) against (0,268435464)
01-20 12:42:25.642: D/CommonPackageManager(14891): Checking (0, 268435456) against (0,268435464)
01-20 12:42:25.642: D/CommonPackageManager(14891): Checking (0, 268435457) against (0,268435464)
01-20 12:42:25.642: D/CommonPackageManager(14891): Checking (2, 268435457) against (0,268435464)
01-20 12:42:25.642: D/CommonPackageManager(14891): Checking (0, 268435458) against (0,268435464)
01-20 12:42:25.642: D/CommonPackageManager(14891): Checking (0, 268435459) against (0,268435464)
01-20 12:42:25.642: D/CommonPackageManager(14891): Checking (0, 268435464) against (0,268435464)
01-20 12:42:25.642: D/CommonPackageManager(14891): Rating found: 10
01-20 12:42:25.642: D/CommonPackageManager(14891): Package "org.opencv.lib_v24_armv7a_neon" rating 10 for (0,268435464)
01-20 12:42:25.642: D/OpenCVEngine(14891): Trying to load info library "/data/app-lib/org.opencv.engine-1/libopencv_info.so"
01-20 12:42:25.642: D/OpenCVManager/Helper(15756): Library list: ""
01-20 12:42:25.642: D/OpenCVManager/Helper(15756): First attempt to load libs
01-20 12:42:25.642: D/OpenCVManager/Helper(15756): Trying to init OpenCV libs
01-20 12:42:25.642: D/OpenCVManager/Helper(15756): Trying to load library /data/app-lib/org.opencv.engine-1/libopencv_java.so
01-20 12:42:25.642: D/dalvikvm(15756): Trying to load lib /data/app-lib/org.opencv.engine-1/libopencv_java.so 0x42603b50
01-20 12:42:25.652: D/dalvikvm(15756): Added shared lib /data/app-lib/org.opencv.engine-1/libopencv_java.so 0x42603b50
01-20 12:42:25.652: D/OpenCVManager/Helper(15756): OpenCV libs init was ok!
01-20 12:42:25.652: D/OpenCVManager/Helper(15756): First attempt to load libs is OK
01-20 12:42:25.652: I/OpenCVManager/Helper(15756): General configuration for OpenCV 2.4.8 =====================================
01-20 12:42:25.652: I/OpenCVManager/Helper(15756): Version control: 2.4.8
01-20 12:42:25.652: I/OpenCVManager/Helper(15756): Platform:
01-20 12:42:25.652: I/OpenCVManager/Helper(15756): Host: Linux 3.2.0-56-generic x86_64
01-20 12:42:25.652: I/OpenCVManager/Helper(15756): Target: Linux 1 armv7-a
01-20 12:42:25.652: I/OpenCVManager/Helper(15756): CMake: 2.8.12
01-20 12:42:25.652: I/OpenCVManager/Helper(15756): CMake generator: Ninja
01-20 12:42:25.652: I/OpenCVManager/Helper(15756): CMake build tool: /usr/local/bin/ninja
01-20 12:42:25.652: I/OpenCVManager/Helper(15756): Configuration: Release
01-20 12:42:25.652: I/OpenCVManager/Helper(15756): C/C++:
01-20 12:42:25.652: I/OpenCVManager/Helper(15756): Built as dynamic libs?: NO
01-20 12:42:25.652: I/OpenCVManager/Helper(15756): C++ Compiler: /opt/android-ndk-r8c/toolchains/arm-linux-androideabi-4.6/prebuilt/linux-x86/bin/arm-linux-androideabi-g++ (ver 4.6)
01-20 12:42:25.652: I/OpenCVManager/Helper(15756): C++ flags (Release): -fexceptions -frtti -Wno-psabi --sysroot=/opt/android-ndk-r8c/platforms/android-9/arch-arm -fpic -funwind-tables -finline-limit=64 -fsigned-char -no-canonical-prefixes -march=armv7-a -mfloat-abi=softfp -mfpu=neon -fdata-sections -ffunction-sections -Wa,--noexecstack -fweb -fwrapv -frename-registers -fsched2-use-superblocks -fsched2-use-traces -fsched-stalled-insns-dep=100 -fsched-stalled-insns=2 -fno-tree-vectorize -fsigned-char -W -Wall -Werror=return-type -Werror=address -Werror=sequence-point -Wformat -Werror=format-security -Wmissing-declarations -Wundef -Winit-self -Wpointer-arith -Wshadow -Wsign-promo -Wno-narrowing -fdiagnostics-show-option -fomit-frame-pointer -mfpu=neon -mthumb -fomit-frame-pointer -fno-strict-aliasing -O3 -DNDEBUG -DNDEBUG
01-20 12:42:25.652: I/OpenCVManager/Helper(15756): C++ flags (Debug): -fexceptions -frtti -Wno-psabi --sysroot=/opt/android-ndk-r8c/platforms/android-9/arch-arm -fpic -funwind-tables -finline-limit=64 -fsigned-char -no-canonical-prefixes -march=armv7-a -mfloat-abi=softfp -mfpu=neon -fdata-sections -ffunction-sections -Wa,--noexecstack -fweb -fwrapv -frename-registers -fsched2-use-superblocks -fsched2-use-traces -fsched-stalled-insns-dep=100 -fsched-stalled-insns=2 -fno-tree-vectorize -fsigned-char -W -Wall -Werror=return-type -Werror=address -Werror=sequence-point -Wformat -Werror=format-security -Wmissing-declarations -Wundef -Winit-self -Wpointer-arith -Wshadow -Wsign-promo -Wno-narrowing -fdiagnostics-show-option -fomit-frame-pointer -mfpu=neon -marm -fno-omit-frame-pointer -fno-strict-aliasing -O0 -g -DDEBUG -D_DEBUG -O0 -DDEBUG -D_DEBUG
01-20 12:42:25.652: I/OpenCVManager/Helper(15756): C Compiler: /opt/android-ndk-r8c/toolchains/arm-linux-androideabi-4.6/prebuilt/linux-x86/bin/arm-linux-androideabi-gcc
01-20 12:42:25.652: I/OpenCVManager/Helper(15756): C flags (Release): -fexceptions -Wno-psabi --sysroot=/opt/android-ndk-r8c/platforms/android-9/arch-arm -fpic -funwind-tables -finline-limit=64 -fsigned-char -no-canonical-prefixes -march=armv7-a -mfloat-abi=softfp -mfpu=neon -fdata-sections -ffunction-sections -Wa,--noexecstack -fweb -fwrapv -frename-registers -fsched2-use-superblocks -fsched2-use-traces -fsched-stalled-insns-dep=100 -fsched-stalled-insns=2 -fno-tree-vectorize -fsigned-char -W -Wall -Werror=return-type -Werror=address -Werror=sequence-point -Wformat -Werror=format-security -Wmissing-declarations -Wmissing-prototypes -Wstrict-prototypes -Wundef -Winit-self -Wpointer-arith -Wshadow -Wno-narrowing -fdiagnostics-show-option -fomit-frame-pointer -mfpu=neon -mthumb -fomit-frame-pointer -fno-strict-aliasing -O3 -DNDEBUG -DNDEBUG
01-20 12:42:25.652: I/OpenCVManager/Helper(15756): C flags (Debug): -fexceptions -Wno-psabi --sysroot=/opt/android-ndk-r8c/platforms/android-9/arch-arm -fpic -funwind-tables -finline-limit=64 -fsigned-char -no-canonical-prefixes -march=armv7-a -mfloat-abi=softfp -mfpu=neon -fdata-sections -ffunction-sections -Wa,--noexecstack -fweb -fwrapv -frename-registers -fsched2-use-superblocks -fsched2-use-traces -fsched-stalled-insns-dep=100 -fsched-stalled-insns=2 -fno-tree-vectorize -fsigned-char -W -Wall -Werror=return-type -Werror=address -Werror=sequence-point -Wformat -Werror=format-security -Wmissing-declarations -Wmissing-prototypes -Wstrict-prototypes -Wundef -Winit-self -Wpointer-arith -Wshadow -Wno-narrowing -fdiagnostics-show-option -fomit-frame-pointer -mfpu=neon -marm -fno-omit-frame-pointer -fno-strict-aliasing -O0 -g -DDEBUG -D_DEBUG -O0 -DDEBUG -D_DEBUG
01-20 12:42:25.652: I/OpenCVManager/Helper(15756): Linker flags (Release): -Wl,--fix-cortex-a8 -Wl,--no-undefined -Wl,-allow-shlib-undefined -Wl,--gc-sections -fuse-ld=gold -Wl,-z,noexecstack -Wl,-z,relro -Wl,-z,now
01-20 12:42:25.652: I/OpenCVManager/Helper(15756): Linker flags (Debug): -Wl,--fix-cortex-a8 -Wl,--no-undefined -Wl,-allow-shlib-undefined -Wl,--gc-sections -fuse-ld=gold -Wl,-z,noexecstack -Wl,-z,relro -Wl,-z,now
01-20 12:42:25.652: I/OpenCVManager/Helper(15756): Precompiled headers: NO
01-20 12:42:25.652: I/OpenCVManager/Helper(15756): OpenCV modules:
01-20 12:42:25.652: I/OpenCVManager/Helper(15756): To be built: core androidcamera flann imgproc highgui features2d calib3d ml objdetect video contrib photo java dynamicuda legacy gpu ocl stitching videostab
01-20 12:42:25.652: I/OpenCVManager/Helper(15756): Disabled: ts world
01-20 12:42:25.652: I/OpenCVManager/Helper(15756): Disabled by dependency: -
01-20 12:42:25.652: I/OpenCVManager/Helper(15756): Unavailable: nonfree python superres facedetect imuvstab tegra vstab
01-20 12:42:25.652: I/OpenCVManager/Helper(15756): Android:
01-20 12:42:25.652: I/OpenCVManager/Helper(15756): Android ABI: armeabi-v7a with NEON
01-20 12:42:25.652: I/OpenCVManager/Helper(15756): STL type: gnustl_static
01-20 12:42:25.652: I/OpenCVManager/Helper(15756): Native API level: android-9
01-20 12:42:25.652: I/OpenCVManager/Helper(15756): SDK target: android-11
01-20 12:42:25.652: I/OpenCVManager/Helper(15756): Android NDK: /opt/android-ndk-r8c (toolchain: arm-linux-androideabi-4.6)
01-20 12:42:25.652: I/OpenCVManager/Helper(15756): android tool: /opt/android-sdk-linux/tools/android (Android SDK Tools, revision 22.)
01-20 12:42:25.652: I/OpenCVManager/Helper(15756): Google Play package: YES
01-20 12:42:25.652: I/OpenCVManager/Helper(15756): Android examples: YES
01-20 12:42:25.652: I/OpenCVManager/Helper(15756): GUI:
01-20 12:42:25.652: I/OpenCVManager/Helper(15756): GTK+ 2.x: NO
01-20 12:42:25.652: I/OpenCVManager/Helper(15756): GThread : NO
01-20 12:42:25.652: I/OpenCVManager/Helper(15756): GtkGlExt: NO
01-20 12:42:25.652: I/OpenCVManager/Helper(15756): OpenGL support: NO
01-20 12:42:25.652: I/OpenCVManager/Helper(15756): Media I/O:
01-20 12:42:25.652: I/OpenCVManager/Helper(15756): ZLib: z (ver 1.2.3)
01-20 12:42:25.652: I/OpenCVManager/Helper(15756): JPEG: build (ver 62)
01-20 12:42:25.652: I/OpenCVManager/Helper(15756): PNG: build (ver 1.5.12)
01-20 12:42:25.652: I/OpenCVManager/Helper(15756): TIFF: build (ver 42 - 4.0.2)
01-20 12:42:25.652: I/OpenCVManager/Helper(15756): JPEG 2000: build (ver 1.900.1)
01-20 12:42:25.652: I/OpenCVManager/Helper(15756): OpenEXR: build (ver 1.7.1)
01-20 12:42:25.652: I/OpenCVManager/Helper(15756): Video I/O:
01-20 12:42:25.652: I/OpenCVManager/Helper(15756): AndroidNativeCamera: YES, use prebuilt libraries
01-20 12:42:25.652: I/OpenCVManager/Helper(15756): Other third-party libraries:
01-20 12:42:25.652: I/OpenCVManager/Helper(15756): Use IPP: NO
01-20 12:42:25.652: I/OpenCVManager/Helper(15756): Use Eigen: YES (ver 3.1.2)
01-20 12:42:25.652: I/OpenCVManager/Helper(15756): Use TBB: YES (ver 4.1 interface 6102)
01-20 12:42:25.652: I/OpenCVManager/Helper(15756): Use OpenMP: NO
01-20 12:42:25.652: I/OpenCVManager/Helper(15756): Use GCD NO
01-20 12:42:25.652: I/OpenCVManager/Helper(15756): Use Concurrency NO
01-20 12:42:25.652: I/OpenCVManager/Helper(15756): Use C=: NO
01-20 12:42:25.652: I/OpenCVManager/Helper(15756): Use Cuda: YES (ver 6.0)
01-20 12:42:25.652: I/OpenCVManager/Helper(15756): Use OpenCL: YES
01-20 12:42:25.662: I/OpenCVManager/Helper(15756): NVIDIA CUDA
01-20 12:42:25.662: I/OpenCVManager/Helper(15756): Use CUFFT: YES
01-20 12:42:25.662: I/OpenCVManager/Helper(15756): Use CUBLAS: NO
01-20 12:42:25.662: I/OpenCVManager/Helper(15756): USE NVCUVID: NO
01-20 12:42:25.662: I/OpenCVManager/Helper(15756): NVIDIA GPU arch: 32
01-20 12:42:25.662: I/OpenCVManager/Helper(15756): NVIDIA PTX archs:
01-20 12:42:25.662: I/OpenCVManager/Helper(15756): Use fast math: NO
01-20 12:42:25.662: I/OpenCVManager/Helper(15756): OpenCL:
01-20 12:42:25.662: I/OpenCVManager/Helper(15756): Version: dynamic
01-20 12:42:25.662: I/OpenCVManager/Helper(15756): Include path: /home/reports/ci/slave_desktop/50-SDK/opencv/3rdparty/include/opencl/1.2
01-20 12:42:25.662: I/OpenCVManager/Helper(15756): Use AMD FFT: NO
01-20 12:42:25.662: I/OpenCVManager/Helper(15756): Use AMD BLAS: NO
01-20 12:42:25.662: I/OpenCVManager/Helper(15756): Python:
01-20 12:42:25.662: I/OpenCVManager/Helper(15756): Interpreter: /usr/bin/python2 (ver 2.7.3)
01-20 12:42:25.662: I/OpenCVManager/Helper(15756): Java:
01-20 12:42:25.662: I/OpenCVManager/Helper(15756): ant: /usr/bin/ant (ver 1.8.2)
01-20 12:42:25.662: I/OpenCVManager/Helper(15756): Java tests: NO
01-20 12:42:25.662: I/OpenCVManager/Helper(15756): Documentation:
01-20 12:42:25.662: I/OpenCVManager/Helper(15756): Build Documentation: YES
01-20 12:42:25.662: I/OpenCVManager/Helper(15756): Sphinx: /usr/local/bin/sphinx-build (ver 1.1.3)
01-20 12:42:25.662: I/OpenCVManager/Helper(15756): PdfLaTeX compiler: /usr/bin/pdflatex
01-20 12:42:25.662: I/OpenCVManager/Helper(15756): Tests and samples:
01-20 12:42:25.662: I/OpenCVManager/Helper(15756): Tests: NO
01-20 12:42:25.662: I/OpenCVManager/Helper(15756): Performance tests: NO
01-20 12:42:25.662: I/OpenCVManager/Helper(15756): C/C++ Examples: NO
01-20 12:42:25.662: I/OpenCVManager/Helper(15756): Install path: /home/reports/ci/slave_desktop/50-SDK/build/builds/o4t/install
01-20 12:42:25.662: I/OpenCVManager/Helper(15756): cvconfig.h is in: /home/reports/ci/slave_desktop/50-SDK/build/builds/o4t
01-20 12:42:25.662: I/OpenCVManager/Helper(15756): -----------------------------------------------------------------
01-20 12:42:25.662: I/OpenCVManager/Helper(15756): General configuration for OpenCV4Tegra =====================================
01-20 12:42:25.662: I/OpenCVManager/Helper(15756): inner version 2.4.8
01-20 12:42:25.662: I/OpenCVManager/Helper(15756): memory allocator YES
01-20 12:42:25.662: I/OpenCVManager/Helper(15756): hardware link YES
01-20 12:42:25.662: I/OpenCVManager/Helper(15756): compact sources YES
01-20 12:42:25.662: I/OpenCVManager/Helper(15756): logging enabled NO
01-20 12:42:25.662: I/OpenCVManager/Helper(15756): -----------------------------------------------------------------
01-20 12:42:25.662: D/OpenCVManager/Helper(15756): Init finished with status 0
01-20 12:42:25.662: D/OpenCVManager/Helper(15756): Unbind from service
01-20 12:42:25.662: D/OpenCVManager/Helper(15756): Calling using callback
01-20 12:42:25.662: I/OCVSample::Activity(15756): OpenCV loaded successfully
01-20 12:42:25.662: I/OpenCVEngine/Service(14891): Service onUnbind called for intent Intent { act=org.opencv.engine.BIND }
01-20 12:42:25.672: D/CameraBridge(15756): call surfaceChanged event
01-20 12:42:25.672: D/JavaCameraView(15756): Connecting to camera
01-20 12:42:25.672: D/JavaCameraView(15756): Initialize java camera
01-20 12:42:25.672: D/JavaCameraView(15756): Trying to open camera with old open()
01-20 12:42:25.672: I/AwesomePlayer(13297): setDataSource_l(URL suppressed)
01-20 12:42:25.672: D/dalvikvm(483): GC_FOR_ALLOC freed 5K, 15% free 22293K/26128K, paused 20ms, total 20ms
01-20 12:42:25.682: I/dalvikvm-heap(483): Grow heap (frag case) to 23.468MB for 1751056-byte allocation
01-20 12:42:25.692: D/dalvikvm(483): GC_FOR_ALLOC freed 0K, 14% free 24003K/27840K, paused 15ms, total 15ms
01-20 12:42:25.692: I/AwesomePlayer(13297): setDataSource_l(URL suppressed)
01-20 12:42:25.712: I/Camera2ClientBase(13297): Camera 0: Opened
01-20 12:42:25.712: E/mm-camera-intf(13297): mm_camera_open: dev name = /dev/video1, cam_idx = 1
01-20 12:42:25.712: E/mm-camera-sensor(197): module_sensor_start_session:577 session 1
01-20 12:42:25.722: D/dalvikvm(483): GC_FOR_ALLOC freed <1K, 14% free 24003K/27840K, paused 14ms, total 14ms
01-20 12:42:25.722: E/mm-camera-sensor(197): eeprom_load_library:515 e_ctrl->eeprom_lib.func_tbl =0xb6ae3004
01-20 12:42:25.722: I/dalvikvm-heap(483): Grow heap (frag case) to 25.138MB for 1751056-byte allocation
01-20 12:42:25.742: D/dalvikvm(483): GC_FOR_ALLOC freed <1K, 13% free 25713K/29552K, paused 15ms, total 15ms
01-20 12:42:25.742: W/ResourceType(483): Failure getting entry for 0x7f090050 (t=8 e=80) in package 0 (error -75)
01-20 12:42:25.752: I/mm-camera(197): gyro_module_start_session: Enter
01-20 12:42:25.752: I/mm-camera(197): gyro_module_start_session: Init DSPS
01-20 12:42:25.752: I/mm-camera(197): gyro_module_start_session: Exit successful
01-20 12:42:25.752: I/mm-camera(197): gyro_module_get_port: Exit successful
01-20 12:42:25.752: E/mm-camera(197): cpp_module_start_session:352, info: starting session 1
01-20 12:42:25.772: E/mm-camera(197): cpp_module_start_session:422, info: cpp_thread created.
01-20 12:42:25.772: E/mm-camera(197): cpp_module_start_session:425, info: session 1 started.
01-20 12:42:25.772: E/mm-camera(197): c2d_module_start_session:246, info: starting session 1
01-20 12:42:25.772: E/mm-camera(197): c2d_module_start_session:284, info: c2d_thread created.
01-20 12:42:25.772: E/mm-camera(197): cpp_thread_func:55: cpp_thread entering the polling loop...
01-20 12:42:25.772: E/mm-camera(197): c2d_module_start_session:306, info: session 1 started.
01-20 12:42:25.772: E/mm-camera-sensor(197): module_module_set_session_data:2435 max delay 2 report dSelay 1
01-20 12:42:25.772: E/mm-camera(197): c2d_thread_func:39: c2d_thread entering the polling loop...
01-20 12:42:25.772: E/mm-camera(197): module_faceproc_set_session_data:1826] Per frame control 2 1
01-20 12:42:25.772: E/mm-camera-intf(13297): mm_camera_open: opened, break out while loop
01-20 12:42:25.772: I/Camera2-Parameters(13297): Camera 0: Disabling ZSL mode
01-20 12:42:25.782: D/JavaCameraView(15756): getSupportedPreviewSizes()
01-20 12:42:25.782: D/JavaCameraView(15756): Set preview size to 1280x960
01-20 12:42:25.782: E/QCamera3HWI(13297): camera_metadata_t* qcamera::QCamera3HardwareInterface::translateCapabilityToMetadata(int): Setting focus mode to auto
01-20 12:42:25.782: E/QCamera3HWI(13297): camera_metadata_t* qcamera::QCamera3HardwareInterface::translateCapabilityToMetadata(int): Setting focus mode to auto
01-20 12:42:25.792: D/dalvikvm(15756): GC_FOR_ALLOC freed 145K, 2% free 16839K/17016K, paused 14ms, total 14ms
01-20 12:42:25.802: I/dalvikvm-heap(15756): Grow heap (frag case) to 18.230MB for 1843216-byte allocation
01-20 12:42:25.812: D/dalvikvm(15756): GC_FOR_ALLOC freed <1K, 1% free 18638K/18820K, paused 11ms, total 11ms
01-20 12:42:25.812: I/Adreno-EGL(15756): <qeglDrvAPI_eglInitialize:320>: EGL 1.4 QUALCOMM Build: I0404c4692afb8623f95c43aeb6d5e13ed4b30ddbDate: 11/06/13
01-20 12:42:25.812: W/Adreno-EGL(15756): <qeglDrvAPI_eglCreateContext:2347>: EGL_BAD_CONFIG
01-20 12:42:25.812: E/OpenCV_for_Tegra(15756): Cannot create OpenGL context
01-20 12:42:25.822: D/dalvikvm(32460): GC_FOR_ALLOC freed 3799K, 22% free 38808K/49676K, paused 59ms, total 59ms
01-20 12:42:25.822: D/dalvikvm(15756): GC_FOR_ALLOC freed 1K, 1% free 18640K/18820K, paused 12ms, total 12ms
01-20 12:42:25.832: I/dalvikvm-heap(15756): Grow heap (frag case) to 22.918MB for 4915216-byte allocation
01-20 12:42:25.842: D/dalvikvm(15756): GC_FOR_ALLOC freed 0K, 1% free 23440K/23624K, paused 10ms, total 10ms
01-20 12:42:25.842: D/JavaCameraView(15756): startPreview
01-20 12:42:25.852: E/mm-camera(197): mct_pipeline_process_set:command=800000a
01-20 12:42:25.852: E/mm-camera(197): mct_pipeline_process_set:command=8000012
01-20 12:42:25.852: D/mm-camera(197): mct_stream_start_link: Metadata
01-20 12:42:25.852: E/mm-camera-intf(13297): mm_stream_get_v4l2_fmt: Unknown fmt=78
01-20 12:42:25.852: E/mm-camera(197): mct_pipeline_process_set:command=8000004
01-20 12:42:25.852: E/qomx_image_core(13297): OMX_Init:84] Complete 1
01-20 12:42:25.852: E/mm-camera(197): mct_pipeline_get_stream: stream not found in the list
01-20 12:42:25.852: E/mm-camera(197): mct_pipeline_process_set: Couldn't find preview stream; Storing for later
01-20 12:42:25.862: D/dalvikvm(312): GC_FOR_ALLOC freed 4782K, 19% free 40109K/49308K, paused 28ms, total 28ms
01-20 12:42:25.872: V/PhoneStatusBar(32544): setLightsOn(true)
01-20 12:42:25.882: E/mm-camera(197): mct_pipeline_process_set:command=800000a
01-20 12:42:25.882: E/mm-camera(197): mct_pipeline_process_set:command=8000012
01-20 12:42:25.882: D/mm-camera(197): mct_stream_start_link: Preview/Postview
01-20 12:42:25.882: D/mm-camera(197): mct_stream_link_modules: Linking modules sensor and iface
01-20 12:42:25.882: E/mm-camera-sensor(197): port_sensor_caps_reserve:115 ide 10002 stream type 1 w*h 1280*960
01-20 12:42:25.882: D/mm-camera(197): mct_stream_link_modules: Linking modules iface and isp
01-20 12:42:25.882: D/mm-camera(197): mct_stream_link_modules: Linking modules isp and pproc
01-20 12:42:25.882: E/mm-camera(197): cpp_port_check_caps_reserve:77, identity=0x10002
01-20 12:42:25.882: E/mm-camera(197): cpp_port_check_caps_reserve:143, identity=0x10002, reserved
01-20 12:42:25.882: E/mm-camera(197): cpp_module_notify_add_stream:1289, info: success, identity=0x10002
01-20 12:42:25.882: D/mm-camera(197): mct_stream_link_modules: Linking modules pproc and faceproc
01-20 12:42:25.882: E/mm-camera(197): cpp_port_check_caps_reserve:77, identity=0x10002
01-20 12:42:25.882: E/mm-camera(197): cpp_port_check_caps_reserve:143, identity=0x10002, reserved
01-20 12:42:25.882: E/mm-camera(197): module_faceproc_client_create:1161] Face proc feature mask e 0
01-20 12:42:25.882: D/mm-camera(197): mct_stream_link_modules: Linking modules isp and stats
01-20 12:42:25.892: E/mm-camera-sensor(197): sensor_get_output_dimension:1859 requested dim 3264 2448 stream mask 62
01-20 12:42:25.892: E/mm-camera-sensor(197): sensor_get_output_dimension:1879 pick res 0 dim 3280 2464
01-20 12:42:25.892: E/mm-camera(197): DBG: isp_util_save_stream_info, Stream 6, mapped to port 0
01-20 12:42:25.892: E/mm-camera(197): DBG: isp_util_save_stream_info, Stream 1, mapped to port 1
01-20 12:42:25.892: E/mm-camera(197): DBG: isp_util_save_stream_info, Stream 5, mapped to port 1
01-20 12:42:25.892: E/mm-camera(197): mct_pipeline_process_set:command=8000004
01-20 12:42:25.912: E/mm-camera(197): mct_pipeline_process_set:command=800000a
01-20 12:42:25.912: E/mm-camera(197): mct_pipeline_process_set:command=8000012
01-20 12:42:25.912: D/mm-camera(197): mct_stream_start_link: Regular/ZSL snapshot
01-20 12:42:25.912: D/mm-camera(197): mct_stream_link_modules: Linking modules sensor and iface
01-20 12:42:25.912: E/mm-camera-sensor(197): port_sensor_caps_reserve:115 ide 10003 stream type 6 w*h 3264*2448
01-20 12:42:25.912: D/mm-camera(197): mct_stream_link_modules: Linking modules iface and isp
01-20 12:42:25.912: D/mm-camera(197): mct_stream_link_modules: Linking modules isp and pproc
01-20 12:42:25.912: E/mm-camera(197): mct_get_compatible_dest_port: Check link failed
01-20 12:42:25.912: E/mm-camera(197): mct_get_compatible_dest_port: Check link failed
01-20 12:42:25.912: E/mm-camera(197): mct_get_compatible_dest_port: Check link failed
01-20 12:42:25.912: E/mm-camera(197): mct_get_compatible_dest_port: Check link failed
01-20 12:42:25.912: E/mm-camera(197): mct_get_compatible_dest_port: Check link failed
01-20 12:42:25.912: E/mm-camera(197): cpp_port_check_caps_reserve:77, identity=0x10003
01-20 12:42:25.912: E/mm-camera(197): cpp_port_check_caps_reserve:143, identity=0x10003, reserved
01-20 12:42:25.912: E/mm-camera(197): cpp_module_notify_add_stream:1289, info: success, identity=0x10003
01-20 12:42:25.912: D/mm-camera(197): mct_stream_link_modules: Linking modules isp and stats
01-20 12:42:25.912: E/mm-camera(197): mct_pipeline_process_set:command=8000004
01-20 12:42:25.932: E/mm-camera(197): mct_pipeline_process_set:command=800000a
01-20 12:42:25.932: E/mm-camera(197): mct_pipeline_process_set:command=8000012
01-20 12:42:25.932: D/mm-camera(197): mct_stream_start_link: Callback
01-20 12:42:25.932: D/mm-camera(197): mct_stream_link_modules: Linking modules sensor and iface
01-20 12:42:25.932: E/mm-camera-sensor(197): port_sensor_caps_reserve:115 ide 10004 stream type 5 w*h 1280*960
01-20 12:42:25.932: D/mm-camera(197): mct_stream_link_modules: Linking modules iface and isp
01-20 12:42:25.932: D/mm-camera(197): mct_stream_link_modules: Linking modules isp and pproc
01-20 12:42:25.932: E/mm-camera(197): mct_get_compatible_dest_port: Check link failed
01-20 12:42:25.932: E/mm-camera(197): mct_get_compatible_dest_port: Check link failed
01-20 12:42:25.932: E/mm-camera(197): mct_get_compatible_dest_port: Check link failed
01-20 12:42:25.932: E/mm-camera(197): mct_get_compatible_dest_port: Check link failed
01-20 12:42:25.932: E/mm-camera(197): cpp_port_check_caps_reserve:77, identity=0x10004
01-20 12:42:25.932: E/mm-camera(197): cpp_port_check_caps_reserve:143, identity=0x10004, reserved
01-20 12:42:25.932: E/mm-camera(197): cpp_module_notify_add_stream:1289, info: success, identity=0x10004
01-20 12:42:25.932: D/mm-camera(197): mct_stream_link_modules: Linking modules pproc and faceproc
01-20 12:42:25.932: E/mm-camera(197): cpp_port_check_caps_reserve:77, identity=0x10004
01-20 12:42:25.932: E/mm-camera(197): cpp_port_check_caps_reserve:143, identity=0x10004, reserved
01-20 12:42:25.932: D/mm-camera(197): mct_stream_link_modules: Linking modules isp and stats
01-20 12:42:25.932: E/mm-camera(197): mct_pipeline_process_set:command=8000004
01-20 12:42:25.932: D/JavaCameraView(15756): Starting processing thread
01-20 12:42:25.942: D/mm-camera-intf(13297): mm_stream_qbuf: Starting poll on stream 0xb74627dc type :8
01-20 12:42:25.942: D/mm-camera-intf(13297): mm_stream_qbuf: Started poll on stream 0xb74627dc type :8
01-20 12:42:25.942: E/mm-camera(197): mct_pipeline_process_set:command=8000008
01-20 12:42:25.942: E/mm-camera(197): mct_pipeline_process_set: stream_type = 8, streamid 1
01-20 12:42:25.942: E/mm-camera(197): mct_pipeline_process_set: Stream on/off returned
01-20 12:42:25.952: W/IInputConnectionWrapper(312): showStatusIcon on inactive InputConnection
01-20 12:42:25.952: E/mm-camera(197): mct_pipeline_process_set:command=8000008
01-20 12:42:25.952: E/mm-camera(197): mct_pipeline_process_set: stream_type = 1, streamid 2
01-20 12:42:25.952: E/mm-camera-sensor(197): module_sensor_module_process_event:1960 ide 10002 MCT_EVENT_CONTROL_STREAMON
01-20 12:42:25.952: E/mm-camera-sensor(197): module_sensor_stream_on:821 ide 10002 SENSOR_START_STREAM
01-20 12:42:25.952: I/ActivityManager(32460): Displayed org.opencv.samples.tutorial1/.Tutorial1Activity: +518ms
01-20 12:42:25.972: I/WindowManager(32460): Screen frozen for +489ms due to Window{42645728 u0 Starting org.opencv.samples.tutorial1}
01-20 12:42:26.022: E/mm-camera-sensor(197): module_sensor_stream_on:1035 SENSOR_SET_RESOLUTION 3264*2448 mask 62
01-20 12:42:26.022: E/mm-camera-sensor(197): sensor_set_resolution:1167 width 3264, height 2448
01-20 12:42:26.022: E/mm-camera-sensor(197): sensor_set_resolution:1169 stream mask 62 hfr mode 0 fps 0.000000
01-20 12:42:26.022: E/mm-camera-sensor(197): sensor_set_resolution:1178 cur res 8 new res 0
01-20 12:42:26.022: E/mm-camera(197): port_isp_module_event: E, identity = 0x10002, IFACE_SET_STREAM_CONFIG
01-20 12:42:26.022: E/mm-camera(197): isp_sink_port_stream_config: E, session_id = 1, stream_id = 2, stream_type = 1
01-20 12:42:26.022: E/mm-camera(197): isp_sink_port_stream_config: session_id = 1, stream_id = 2, is_split = 0
01-20 12:42:26.022: E/mm-camera(197): isp_sink_port_stream_config: old vfe_id_mask = 0x0, new vfe_id_mask = 0x1
01-20 12:42:26.022: E/mm-camera(197): port_isp_module_event: E, identity = 0x10003, IFACE_SET_STREAM_CONFIG
01-20 12:42:26.022: E/mm-camera(197): isp_sink_port_stream_config: E, session_id = 1, stream_id = 3, stream_type = 6
01-20 12:42:26.022: E/mm-camera(197): isp_sink_port_stream_config: session_id = 1, stream_id = 3, is_split = 0
01-20 12:42:26.022: E/mm-camera(197): isp_sink_port_stream_config: old vfe_id_mask = 0x1, new vfe_id_mask = 0x1
01-20 12:42:26.022: E/mm-camera(197): port_isp_module_event: E, identity = 0x10004, IFACE_SET_STREAM_CONFIG
01-20 12:42:26.022: E/mm-camera(197): isp_sink_port_stream_config: E, session_id = 1, stream_id = 4, stream_type = 5
01-20 12:42:26.022: E/mm-camera(197): isp_sink_port_stream_config: session_id = 1, stream_id = 4, is_split = 0
01-20 12:42:26.022: E/mm-camera(197): isp_sink_port_stream_config: old vfe_id_mask = 0x1, new vfe_id_mask = 0x1
01-20 12:42:26.022: E/mm-camera-sensor(197): eeprom_process:829 e_ctrl->eeprom_lib.func_tbl =0xb6ae3004
01-20 12:42:26.022: E/mm-camera-sensor(197): eeprom_autofocus_calibration:74 Region 0: code_per_step: 8 initial_code: 194 inf_pos: 7
01-20 12:42:26.022: E/mm-camera(197): port_isp_mct_ctrl_cmd: E, identity = 0x10002, STREAMON
01-20 12:42:26.022: E/mm-camera(197): module_faceproc_port_event_func:662] FD_STREAMON 0 id 10002
01-20 12:42:26.022: E/mm-camera-img(197): faceproc_comp_cfg_debug:247] FaceProc cfg max_face_size 500
01-20 12:42:26.022: E/mm-camera-img(197): faceproc_comp_cfg_debug:250] FaceProc cfg max_num_face_to_detect 5
01-20 12:42:26.022: E/mm-camera-img(197): faceproc_comp_cfg_debug:253] FaceProc cfg min_face_size 50
01-20 12:42:26.022: E/mm-camera-img(197): faceproc_comp_eng_config:1466] ###min_face_size 90
01-20 12:42:26.022: E/mm-camera-img(197): Face Album FILE EXISTS
01-20 12:42:26.022: E/mm-camera(197): cpp_module_handle_streamon_event:1983, identity=0x10002, stream-on done
01-20 12:42:26.022: E/mm-camera(197): isp_streamon: E, session_id = 1, stream_id = 2, stream_type = 1
01-20 12:42:26.022: E/mm-camera(197): isp_fmt_to_pix_pattern: format 30
01-20 12:42:26.022: E/mm-camera(197): isp_fmt_to_pix_pattern: format 30
01-20 12:42:26.022: E/mm-camera(197): isp_pipeline_set_effect: effect_mask = 0x1, contrast = 5, saturation = 0.500000, special effect = 0
01-20 12:42:26.022: E/mm-camera(197): isp_pipeline_set_effect: effect_mask = 0x9, contrast = 5, saturation = 0.500000, special effect = 0
01-20 12:42:26.022: E/mm-camera(197): isp_pipeline_set_effect: effect_mask = 0xd, contrast = 5, saturation = 0.500000, special effect = 0
01-20 12:42:26.022: E/mm-camera(197): module_faceproc_port_event_func:825] MCT_EVENT_MODULE_ISP_OUTPUT_DIM stream info 1280x960 identity 10002 10002
01-20 12:42:26.032: E/mm-camera(197): isp_fmt_to_pix_pattern: format 30
01-20 12:42:26.032: E/mm-camera(197): isp_pipeline_set_effect: effect_mask = 0xd, contrast = 5, saturation = 0.500000, special effect = 0
01-20 12:42:26.032: E/mm-camera(197): wb_set_params: param_id is not supported in this module
01-20 12:42:26.032: E/mm-camera(197): isp_fmt_to_pix_pattern: format 30
01-20 12:42:26.032: E/mm-camera(197): stats_action_buf_config: cfg = 1, stats_mask = 0x5b8
01-20 12:42:26.042: E/mm-camera(197): stats_action: stats mask = 0x5b8
01-20 12:42:26.042: E/mm-camera(197): isp_axi_util_subscribe_v4l2_event: event_type = 0x8000100, is_subscribe = 1
01-20 12:42:26.042: E/mm-camera(197): isp_axi_util_subscribe_v4l2_event: event_type = 0x8000009, is_subscribe = 1
01-20 12:42:26.042: E/mm-camera(197): ispif_streamon: session_id = 1, active_streams = 1
01-20 12:42:26.042: E/mm-camera-sensor(197): module_sensor_stream_on:1021 ide 10002 SENSOR_START_STREAM
01-20 12:42:26.042: E/mm-camera(197): mct_pipeline_process_set: Stream on/off returned
01-20 12:42:26.062: E/mm-camera(197): mct_pipeline_process_set:command=8000008
01-20 12:42:26.062: E/mm-camera(197): mct_pipeline_process_set: stream_type = 6, streamid 3
01-20 12:42:26.062: E/mm-camera-sensor(197): module_sensor_module_process_event:1960 ide 10003 MCT_EVENT_CONTROL_STREAMON
01-20 12:42:26.062: E/mm-camera-sensor(197): module_sensor_stream_on:821 ide 10003 SENSOR_START_STREAM
01-20 12:42:26.062: E/mm-camera(197): port_isp_mct_ctrl_cmd: E, identity = 0x10003, STREAMON
01-20 12:42:26.062: E/mm-camera(197): cpp_module_handle_streamon_event:1983, identity=0x10003, stream-on done
01-20 12:42:26.062: E/mm-camera(197): isp_streamon: E, session_id = 1, stream_id = 3, stream_type = 6
01-20 12:42:26.062: E/mm-camera(197): isp_pipeline_set_effect: effect_mask = 0xd, contrast = 5, saturation = 0.500000, special effect = 0
01-20 12:42:26.062: E/mm-camera(197): wb_set_params: param_id is not supported in this module
01-20 12:42:26.062: E/mm-camera(197): isp_pipeline_set_effect: effect_mask = 0xd, contrast = 5, saturation = 0.500000, special effect = 0
01-20 12:42:26.062: E/mm-camera(197): wb_set_params: param_id is not supported in this module
01-20 12:42:26.062: E/mm-camera(197): isp_pipeline_set_effect: effect_mask = 0xd, contrast = 5, saturation = 0.500000, special effect = 0
01-20 12:42:26.062: E/mm-camera(197): wb_set_params: param_id is not supported in this module
01-20 12:42:26.062: E/mm-camera(197): isp_axi_util_subscribe_v4l2_event: event_type = 0x8000009, is_subscribe = 1
01-20 12:42:26.112: E/mm-camera(197): ispif_streamon: session_id = 1, active_streams = 2
01-20 12:42:26.112: E/mm-camera(197): mct_pipeline_process_set: Stream on/off returned
01-20 12:42:26.122: E/mm-camera(197): mct_pipeline_process_set:command=8000008
01-20 12:42:26.122: E/mm-camera(197): mct_pipeline_process_set: stream_type = 5, streamid 4
01-20 12:42:26.122: E/mm-camera-sensor(197): module_sensor_module_process_event:1960 ide 10004 MCT_EVENT_CONTROL_STREAMON
01-20 12:42:26.122: E/mm-camera-sensor(197): module_sensor_stream_on:821 ide 10004 SENSOR_START_STREAM
01-20 12:42:26.122: E/mm-camera(197): port_isp_mct_ctrl_cmd: E, identity = 0x10004, STREAMON
01-20 12:42:26.122: E/mm-camera(197): module_faceproc_port_event_func:667] FD_STREAMON for stream 10004
01-20 12:42:26.122: E/mm-camera(197): cpp_module_handle_streamon_event:1983, identity=0x10004, stream-on done
01-20 12:42:26.122: E/mm-camera(197): isp_streamon: E, session_id = 1, stream_id = 4, stream_type = 5
01-20 12:42:26.122: E/mm-camera(197): isp_pipeline_set_effect: effect_mask = 0xd, contrast = 5, saturation = 0.500000, special effect = 0
01-20 12:42:26.122: E/mm-camera(197): wb_set_params: param_id is not supported in this module
01-20 12:42:26.122: E/mm-camera(197): isp_pipeline_set_effect: effect_mask = 0xd, contrast = 5, saturation = 0.500000, special effect = 0
01-20 12:42:26.122: E/mm-camera(197): wb_set_params: param_id is not supported in this module
01-20 12:42:26.122: E/mm-camera(197): isp_pipeline_set_effect: effect_mask = 0xd, contrast = 5, saturation = 0.500000, special effect = 0
01-20 12:42:26.122: E/mm-camera(197): wb_set_params: param_id is not supported in this module
01-20 12:42:26.122: E/mm-camera(197): module_faceproc_port_event_func:825] MCT_EVENT_MODULE_ISP_OUTPUT_DIM stream info 1280x960 identity 10004 10002
01-20 12:42:26.122: E/mm-camera(197): isp_ch_util_streamon: session_id = 1, channel_id = 2, already active.
01-20 12:42:26.122: E/mm-camera(197): ispif_streamon: session_id = 1, active_streams = 3
01-20 12:42:26.122: E/mm-camera(197): mct_pipeline_process_set: Stream on/off returned
01-20 12:42:26.132: D/mm-camera-intf(13297): mm_stream_qbuf: Starting poll on stream 0xb7463d54 type :5
01-20 12:42:26.132: D/mm-camera-intf(13297): mm_stream_qbuf: Started poll on stream 0xb7463d54 type :5
01-20 12:42:26.142: D/mm-camera-intf(13297): mm_stream_qbuf: Starting poll on stream 0xb7462f04 type :1
01-20 12:42:26.142: D/mm-camera-intf(13297): mm_stream_qbuf: Started poll on stream 0xb7462f04 type :1
01-20 12:42:26.152: E/mm-camera(197): module_faceproc_client_schedule_mode:1808] apply 2 report 1 new_mode 0
01-20 12:42:26.332: D/JavaCameraView(15756): Preview Frame received. Frame size: 1843200
01-20 12:42:26.382: D/CameraBridge(15756): mStretch value: 1.125
01-20 12:42:26.392: D/JavaCameraView(15756): Preview Frame received. Frame size: 1843200
01-20 12:42:26.452: D/JavaCameraView(15756): Preview Frame received. Frame size: 1843200
01-20 12:42:26.482: D/CameraBridge(15756): mStretch value: 1.125
01-20 12:42:26.512: E/mm-camera(197): module_faceproc_client_schedule_mode:1808] apply 0 report 3 new_mode 0
01-20 12:42:26.512: E/mm-camera(197): isp_util_set_param_crop_region, No change in crop info, nothing to update
01-20 12:42:26.522: D/JavaCameraView(15756): Preview Frame received. Frame size: 1843200
01-20 12:42:26.542: D/CameraBridge(15756): mStretch value: 1.125
01-20 12:42:26.582: E/mm-camera(197): module_faceproc_client_schedule_mode:1808] apply 1 report 0 new_mode 0
01-20 12:42:26.582: E/mm-camera(197): isp_util_set_param_crop_region, No change in crop info, nothing to update
01-20 12:42:26.592: D/JavaCameraView(15756): Preview Frame received. Frame size: 1843200
01-20 12:42:26.602: D/CameraBridge(15756): mStretch value: 1.125
01-20 12:42:26.652: E/mm-camera(197): module_faceproc_client_schedule_mode:1808] apply 2 report 1 new_mode 0
01-20 12:42:26.652: E/mm-camera(197): isp_util_set_param_crop_region, No change in crop info, nothing to update
01-20 12:42:26.662: D/JavaCameraView(15756): Preview Frame received. Frame size: 1843200
01-20 12:42:26.672: E/mm-camera(197): af_exhaustive_search: AEC not settled. Returning!
01-20 12:42:26.682: D/CameraBridge(15756): mStretch value: 1.125
01-20 12:42:26.712: E/mm-camera(197): module_faceproc_client_schedule_mode:1808] apply 3 report 2 new_mode 0
01-20 12:42:26.712: E/mm-camera(197): isp_util_set_param_crop_region, No change in crop info, nothing to update
01-20 12:42:26.722: D/JavaCameraView(15756): Preview Frame received. Frame size: 1843200
01-20 12:42:26.732: E/mm-camera(197): af_exhaustive_search: AEC not settled. Returning!
01-20 12:42:26.742: D/CameraBridge(15756): mStretch value: 1.125
01-20 12:42:26.782: E/mm-camera(197): module_faceproc_client_schedule_mode:1808] apply 0 report 3 new_mode 0
01-20 12:42:26.782: E/mm-camera(197): isp_util_set_param_crop_region, No change in crop info, nothing to update
01-20 12:42:26.792: D/JavaCameraView(15756): Preview Frame received. Frame size: 1843200
01-20 12:42:26.802: E/mm-camera(197): af_exhaustive_search: AEC not settled. Returning!
01-20 12:42:26.812: D/CameraBridge(15756): mStretch value: 1.125
01-20 12:42:26.852: E/mm-camera(197): module_faceproc_client_schedule_mode:1808] apply 1 report 0 new_mode 0
01-20 12:42:26.852: E/mm-camera(197): isp_util_set_param_crop_region, No change in crop info, nothing to update
01-20 12:42:26.852: D/JavaCameraView(15756): Preview Frame received. Frame size: 1843200
01-20 12:42:26.872: D/CameraBridge(15756): mStretch value: 1.125
01-20 12:42:26.872: E/mm-camera(197): af_exhaustive_search: AEC not settled. Returning!
01-20 12:42:26.912: E/mm-camera(197): module_faceproc_client_schedule_mode:1808] apply 2 report 1 new_mode 0
