D/MtkCam/ResManager( 5296): [uninit] Last user(0)
D/ResMgrDrv( 5296): [Uninit]Last user(0)
I/MtkCam/MtkCamUtils( 5296): {CamProfile}[DefaultCamDevice::onUninit] Resource -: (3-th) ===> [start-->now: 19 ms] [last-->now: 1 ms]
I/MtkCam/MtkCamUtils( 5296): {CamProfile}[DefaultCamDevice::onUninit] : (4-th) ===> [start-->now: 19 ms] [last-->now: 0 ms]
D/MtkCam/CamDevice( 5296): (11402)(Default:0)[onUninit] -
I/CameraClient( 5296): Destroying camera 0
I/MtkCam/CamDevice( 5296): [CamDeviceManager::closeDevice] + device(0x42a273a0), ICamDevice(0x42a27398)
D/MtkCam/MtkCamUtils( 5296): [CamPropertyMap::set] pid/tid=5296/11402 (client.appmode)=()
D/MtkCam/CamDevice( 5296): (11402)(Default:0)[CamDevice::~CamDevice]
I/MtkCam/CamDevice( 5296): [CamDeviceManager::closeDevice] - status(0)
D/CameraService( 5296): CameraService::removeClient E (pid 5296)
D/CameraService( 5296): CameraService::removeClient X (pid 5296)
D/CameraClient( 5296): disconnect X (pid 5296)
D/CameraClient( 5296): CameraClient::~CameraClient X (pid 5296, this 0x425d6158)
D/CameraService( 5296): CameraService::releaseSound ref=1
D/MediaPlayerService( 5296): disconnect(184) from pid 5296
I/AwesomePlayer( 5296): stop extractor in reset
D/AwesomePlayer( 5296): reset_l
D/AEE/AED (26188): put_in_archive: Archive file /sdcard/mtklog/aee_exp/temp/db.j26188/PROCESS_CMDLINE, size 76
D/AEE/AED (26188): put_in_archive: Archive file /sdcard/mtklog/aee_exp/temp/db.j26188/PROCESS_ENVIRONMENT, size 955
D/AEE/AED (26188): put_in_archive: Archive file /sdcard/mtklog/aee_exp/temp/db.j26188/PROCESS_SCHED, size 2379
D/dalvikvm( 5299): pre gc
D/dalvikvm( 5299): Zygote::ForkAndSpecialize +
D/AEE/AED (26188): put_in_archive: Archive file /sdcard/mtklog/aee_exp/temp/db.j26188/PROCESS_SHOWMAP, size 0
D/dalvikvm( 5299): Zygote::ForkAndSpecialize : 26259
D/dalvikvm(26259): Zygote::ForkAndSpecialize : 0
D/dalvikvm( 5299): create interp thread : stack size=32KB
D/dalvikvm( 5299): create new thread
D/dalvikvm( 5299): new thread created
D/dalvikvm(26259): zygote get new systemTid : 26259
D/dalvikvm( 5299): update thread list
D/dalvikvm(26259): Late-enabling CheckJNI
D/dalvikvm( 5299): threadid=2: interp stack at 0x5a652000
D/dalvikvm( 5299): threadid=2: created from interp
D/dalvikvm( 5299): start new thread
D/dalvikvm( 5299): threadid=2: notify debugger
D/dalvikvm( 5299): threadid=2 (ReferenceQueueDaemon): calling run()
D/dalvikvm( 5299): create interp thread : stack size=32KB
D/dalvikvm( 5299): create new thread
D/dalvikvm(26259): threadid=2: interp stack at 0x5a752000
D/dalvikvm( 5299): new thread created
D/dalvikvm( 5299): update thread list
D/dalvikvm( 5299): threadid=3: interp stack at 0x5a75a000
D/dalvikvm( 5299): threadid=3: created from interp
D/dalvikvm( 5299): start new thread
D/dalvikvm( 5299): threadid=3: notify debugger
D/dalvikvm( 5299): threadid=3 (FinalizerDaemon): calling run()
D/dalvikvm( 5299): create interp thread : stack size=32KB
D/dalvikvm( 5299): create new thread
D/dalvikvm( 5299): new thread created
D/dalvikvm( 5299): update thread list
D/dalvikvm( 5299): threadid=4: interp stack at 0x5a862000
D/dalvikvm( 5299): threadid=4: created from interp
D/dalvikvm( 5299): start new thread
D/dalvikvm(26259): threadid=3: interp stack at 0x5a85a000
D/dalvikvm( 5299): threadid=4: notify debugger
D/dalvikvm( 5299): threadid=4 (FinalizerWatchdogDaemon): calling run()
D/dalvikvm(26259): Elevating priority from 0 to -8
D/jdwp (26259): prepping for JDWP over ADB
D/jdwp (26259): ADB transport startup
D/dalvikvm(26259): threadid=4: interp stack at 0x5a962000
I/ActivityManager( 5535): Start proc org.opencv.samples.NativeActivity for activity org.opencv.samples.NativeActivity/.CvNativeActivity: pid=26259 uid=10134 gids={50134, 1006, 1028}
D/jdwp (26259): JDWP: thread running
D/IPCThreadState( 5535): [DN #5] BR_CLEAR_DEATH_NOTIFICATION_DONE cookie 0x5b973600
D/jdwp (26259): acceptConnection
D/ADB_SERVICES( 9881): Adding socket 40 pid 26259 to jdwp process list
D/jdwp (26259): trying to receive file descriptor from ADB
D/dalvikvm(26259): threadid=5: interp stack at 0x5d32f000
D/dalvikvm(26259): zygote get thread init done
D/dalvikvm(26259): create interp thread : stack size=32KB
D/dalvikvm(26259): create new thread
D/dalvikvm(26259): new thread created
D/dalvikvm(26259): update thread list
D/dalvikvm(26259): threadid=6: interp stack at 0x5d337000
D/dalvikvm(26259): threadid=6: created from interp
D/dalvikvm(26259): start new thread
D/dalvikvm(26259): create interp thread : stack size=32KB
D/dalvikvm(26259): create new thread
D/dalvikvm(26259): new thread created
D/dalvikvm(26259): update thread list
D/dalvikvm(26259): threadid=7: interp stack at 0x5d43f000
D/dalvikvm(26259): threadid=7: created from interp
D/dalvikvm(26259): start new thread
D/dalvikvm(26259): create interp thread : stack size=32KB
D/dalvikvm(26259): create new thread
D/dalvikvm(26259): new thread created
D/dalvikvm(26259): update thread list
D/dalvikvm(26259): threadid=7: notify debugger
D/dalvikvm(26259): threadid=7 (FinalizerDaemon): calling run()
D/dalvikvm(26259): threadid=8: interp stack at 0x5d547000
D/dalvikvm(26259): threadid=8: created from interp
D/dalvikvm(26259): start new thread
D/dalvikvm(26259): threadid=6: notify debugger
D/dalvikvm(26259): threadid=6 (ReferenceQueueDaemon): calling run()
D/AEE/AED (26188): put_in_archive: Archive file /sdcard/mtklog/aee_exp/temp/db.j26188/PROCESS_MAPS, size 58120
D/MtkOmxAudioDecBase( 5296): SendCommand cmd=OMX_CommandStateSet
D/MtkOmxAudioDecBase( 5296): set MTK_OMX_IDLE_PENDING
D/MtkOmxAudioDecBase( 5296): # Got general command (OMX_CommandStateSet)
D/MtkOmxAudioDecBase( 5296): Request [OMX_StateExecuting]-> [OMX_StateIdle]
D/MtkOmxAudioDecBase( 5296): FlushInputPort -> mNumPendingInput(0)
D/MtkOmxAudioDecBase( 5296): -FlushInputPort
D/MtkOmxAudioDecBase( 5296): FlushOutputPort -> mNumPendingOutput(0)
D/MtkOmxAudioDecBase( 5296): -FlushOutputPort -> mNumPendingOutput(0)
D/MtkOmxVorbisDec( 5296): DeinitAudioDecoder(Vorbis)
D/MtkOmxAudioDecBase( 5296): SendCommand cmd=OMX_CommandStateSet
D/MtkOmxAudioDecBase( 5296): set MTK_OMX_LOADED_PENDING
D/MtkOmxAudioDecBase( 5296): FreeBuffer input (0x42A24C10)
D/MtkOmxAudioDecBase( 5296): # Got general command (OMX_CommandStateSet)
D/MtkOmxAudioDecBase( 5296): Request [OMX_StateIdle]-> [OMX_StateLoaded]
D/MtkOmxAudioDecBase( 5296): wait on mInPortFreeDoneSem(0), mOutPortFreeDoneSem(0)
D/MtkOmxAudioDecBase( 5296): FreeBuffer input (0x42914810)
D/MtkOmxAudioDecBase( 5296): FreeBuffer input (0x42A18F40)
D/MtkOmxAudioDecBase( 5296): FreeBuffer input (0x440712D0)
D/MtkOmxAudioDecBase( 5296): FreeBuffer input (0x42A39990)
D/MtkOmxAudioDecBase( 5296): FreeBuffer all input buffers have been freed!!! signal mInPortFreeDoneSem(1)
D/MtkOmxAudioDecBase( 5296): FreeBuffer output (0x44071470)
D/MtkOmxAudioDecBase( 5296): FreeBuffer output (0x41BF12D8)
D/MtkOmxAudioDecBase( 5296): FreeBuffer output (0x43BF0648)
D/MtkOmxAudioDecBase( 5296): FreeBuffer output (0x44D9CFC8)
D/MtkOmxAudioDecBase( 5296): FreeBuffer all output buffers have been freed!!! signal mOutPortFreeDoneSem(1)
D/MtkOmxAudioDecBase( 5296): GetState (mState=OMX_StateLoaded)
D/MtkOmxCore( 5296): Mtk_OMX_FreeHandle
D/MtkOmxAudioDecBase( 5296): +ComponentDeInit
D/MtkOmxAudioDecBase( 5296): MtkOmxAudioDecodeThread terminated pOmxAudioDec=0x42A54898
D/MtkOmxAudioDecBase( 5296): MtkOmxAudioCommandThread terminated
D/MtkOmxAudioDecBase( 5296): -ComponentDeInit
D/MtkOmxVorbisDec( 5296): ~MtkOmxVorbisDec this= 0x42A54898
D/MtkOmxAudioDecBase( 5296): ~MtkOmxAudioDecBase this= 0x42A54898
D/MtkOmxCore( 5296): free_inst_handle dlclose(0x400C4A68), free(0x42A5489C)
D/dalvikvm(26259): threadid=8: notify debugger
D/dalvikvm(26259): threadid=8 (FinalizerWatchdogDaemon): calling run()
D/OMX ( 5296): @@ OMX::CbDisp(0x42A1E040)::loop(26176) terminated
I/SurfaceTextureClient( 133): [STC::queueBuffer] (this:0x42ee4978) fps:2.06, dur:1456.37, max:600.39, min:307.29
I/BufferQueue( 133): [FramebufferSurface](this:0x42ee7008,api:1) [release] fps:2.06, dur:1456.41, max:600.44, min:307.29
I/BufferQueue( 133): [FramebufferSurface](this:0x42ee7008,api:1) [queue] fps:2.06, dur:1456.42, max:600.46, min:307.29
I/BufferQueue( 133): [Starting org.opencv.samples.NativeActivity](this:0x43520a58,api:0) consumerDisconnect
D/Zygote ( 5299): Process 26148 terminated by signal (11)
I/Zygote ( 5299): Process 26148 dumped core
D/OMX ( 5296): @@ OMX::CbDisp::CbDisp(0x42A1E040), tid(11402), WOULD_BLOCK(0)
D/OMXCodec( 5296): !@@!>> destroy tid (11402)
I/AwesomePlayer( 5296): set flag for stopped
D/AwesomePlayer( 5296): reset_l
I/AwesomePlayer( 5296): set flag for stopped
D/AwesomePlayer( 5296): reset_l
D/AudioSink( 5296): close
D/MediaPlayerService( 5296): disconnect(184) from pid 5296
D/MediaPlayerService( 5296): [184]~Client
D/AudioFlinger( 5296): releasing 207 from 5296
W/AudioFlinger( 5296): session id 207 not found for pid 5296
D/MediaPlayerService( 5296): disconnect(185) from pid 5296
I/AwesomePlayer( 5296): stop extractor in reset
D/AwesomePlayer( 5296): reset_l
D/MtkOmxAudioDecBase( 5296): SendCommand cmd=OMX_CommandStateSet
D/MtkOmxAudioDecBase( 5296): set MTK_OMX_IDLE_PENDING
D/MtkOmxAudioDecBase( 5296): # Got general command (OMX_CommandStateSet)
D/MtkOmxAudioDecBase( 5296): Request [OMX_StateExecuting]-> [OMX_StateIdle]
D/MtkOmxAudioDecBase( 5296): FlushInputPort -> mNumPendingInput(0)
D/MtkOmxAudioDecBase( 5296): -FlushInputPort
D/MtkOmxAudioDecBase( 5296): FlushOutputPort -> mNumPendingOutput(0)
D/MtkOmxAudioDecBase( 5296): -FlushOutputPort -> mNumPendingOutput(0)
D/MtkOmxVorbisDec( 5296): DeinitAudioDecoder(Vorbis)
D/MtkOmxAudioDecBase( 5296): SendCommand cmd=OMX_CommandStateSet
D/MtkOmxAudioDecBase( 5296): set MTK_OMX_LOADED_PENDING
D/MtkOmxAudioDecBase( 5296): # Got general command (OMX_CommandStateSet)
D/MtkOmxAudioDecBase( 5296): Request [OMX_StateIdle]-> [OMX_StateLoaded]
D/MtkOmxAudioDecBase( 5296): wait on mInPortFreeDoneSem(0), mOutPortFreeDoneSem(0)
D/MtkOmxAudioDecBase( 5296): FreeBuffer input (0x42914560)
D/MtkOmxAudioDecBase( 5296): FreeBuffer input (0x42A17A68)
D/MtkOmxAudioDecBase( 5296): FreeBuffer input (0x42A17988)
D/MtkOmxAudioDecBase( 5296): FreeBuffer input (0x450FDA40)
D/MtkOmxAudioDecBase( 5296): FreeBuffer input (0x42806F28)
D/MtkOmxAudioDecBase( 5296): FreeBuffer all input buffers have been freed!!! signal mInPortFreeDoneSem(0)
D/MtkOmxAudioDecBase( 5296): FreeBuffer output (0x42914A80)
D/MtkOmxAudioDecBase( 5296): FreeBuffer output (0x42915B98)
D/MtkOmxAudioDecBase( 5296): FreeBuffer output (0x42A17688)
D/MtkOmxAudioDecBase( 5296): FreeBuffer output (0x425D8CB8)
D/MtkOmxAudioDecBase( 5296): FreeBuffer all output buffers have been freed!!! signal mOutPortFreeDoneSem(0)
D/MtkOmxAudioDecBase( 5296): GetState (mState=OMX_StateLoaded)
D/MtkOmxCore( 5296): Mtk_OMX_FreeHandle
D/MtkOmxAudioDecBase( 5296): +ComponentDeInit
D/MtkOmxAudioDecBase( 5296): MtkOmxAudioDecodeThread terminated pOmxAudioDec=0x42A207F0
D/MtkOmxAudioDecBase( 5296): MtkOmxAudioCommandThread terminated
D/MtkOmxAudioDecBase( 5296): -ComponentDeInit
D/MtkOmxVorbisDec( 5296): ~MtkOmxVorbisDec this= 0x42A207F0
D/MtkOmxAudioDecBase( 5296): ~MtkOmxAudioDecBase this= 0x42A207F0
D/MtkOmxCore( 5296): free_inst_handle dlclose(0x400C4A68), free(0x42A207F4)
D/OMX ( 5296): @@ OMX::CbDisp(0x42A3B500)::loop(26181) terminated
D/OMX ( 5296): @@ OMX::CbDisp::CbDisp(0x42A3B500), tid(11402), WOULD_BLOCK(0)
D/OMXCodec( 5296): !@@!>> destroy tid (11402)
I/AwesomePlayer( 5296): set flag for stopped
D/AwesomePlayer( 5296): reset_l
I/AwesomePlayer( 5296): set flag for stopped
D/AwesomePlayer( 5296): reset_l
D/AudioSink( 5296): close
D/MediaPlayerService( 5296): disconnect(185) from pid 5296
D/MediaPlayerService( 5296): [185]~Client
D/AudioFlinger( 5296): releasing 208 from 5296
W/AudioFlinger( 5296): session id 208 not found for pid 5296
D/CameraService( 5296): CameraService::removeClient E (pid 5296)
D/CameraService( 5296): CameraService::removeClient X (pid 5296)
I/BufferQueue( 133): [Starting org.opencv.samples.NativeActivity](this:0x43520a58,api:0) ~BufferQueue
I/dalvikvm(26259): Turning on JNI app bug workarounds for target SDK version 9...
D/dalvikvm(26259): threadid=9: interp stack at 0x5d94d000
D/dalvikvm(26259): threadid=10: interp stack at 0x5da55000
D/AEE/AED (26188): put_in_archive: Archive file /sdcard/mtklog/aee_exp/temp/db.j26188/THREAD_STATE, size 763
D/AEE/AED (26188): put_in_archive: Archive file /sdcard/mtklog/aee_exp/temp/db.j26188/THREAD_SCHED, size 2379
V/ActivityManager( 5535): Binding process pid 26259 to record ProcessRecord{427248d0 26259:org.opencv.samples.NativeActivity/u0a10134}
V/ActivityManager( 5535): New death recipient com.android.server.am.ActivityManagerService$AppDeathRecipient@42699270 for thread android.os.BinderProxy@425c8968
V/ActivityManager( 5535): New app record ProcessRecord{427248d0 26259:org.opencv.samples.NativeActivity/u0a10134} thread=android.os.BinderProxy@425c8968 pid=26259
D/InputReader( 5535): InputReader:: getSwitchState lock
D/InputReader( 5535): InputReader::getStateLocked:: return
V/ActivityManager( 5535): ACT-Launching: ActivityRecord{426a6c80 u0 org.opencv.samples.NativeActivity/.CvNativeActivity}
D/IPCThreadState( 5535): [DN #5] BR_CLEAR_DEATH_NOTIFICATION_DONE cookie 0x6601cb88
D/dalvikvm(26259): open_cached_dex_file : /data/app/org.opencv.samples.NativeActivity-2.apk /data/dalvik-cache/data@app@org.opencv.samples.NativeActivity-2.apk@classes.dex
I/OCVSample::Activity(26259): Instantiated new class org.opencv.samples.NativeActivity.CvNativeActivity
D/AEE/AED (26188): put_in_archive: Archive file /sdcard/mtklog/aee_exp/temp/db.j26188/SYS_ANDROID_LOG, size 575268
I/OpenCVEngine/Service(25477): Service starting
I/OpenCVEngine/Service(25477): Engine binder component creating
D/OpenCVEngine/JNI(25477): Java_org_opencv_engine_BinderConnector_Init
I/OpenCVEngine/JNI(25477): Creating new component
I/OpenCVEngine/JNI(25477): New component created successfully
I/OpenCVEngine/Service(25477): Service started successfully
I/OpenCVEngine/Service(25477): Service onBind called for intent Intent { act=org.opencv.engine.BIND }
D/skia (26259): Flag is not 10
D/AEE/AED (26188): put_in_archive: Archive file /sdcard/mtklog/aee_exp/temp/db.j26188/SYS_ANDROID_EVENT_LOG, size 303909
I/SurfaceFlinger( 133): EventThread Client Pid (26259) created
D/OpenCVManager/Helper(26259): Service connection created
D/OpenCVEngine(25477): OpenCVEngine::OnTransact(1,16)
D/OpenCVEngine(25477): OpenCVEngine OCVE_GET_ENGINE_VERSION request
D/OpenCVEngine(25477): OpenCVEngine::GetVersion()
D/OpenCVManager/Helper(26259): Trying to get library path
D/AEE/AED (26188): put_in_archive: Archive file /sdcard/mtklog/aee_exp/temp/db.j26188/SYS_ANDROID_RADIO_LOG, size 308142
D/OpenCVEngine(25477): OpenCVEngine::OnTransact(2,16)
D/OpenCVEngine(25477): OpenCVEngine OCVE_GET_LIB_PATH_BY_VERSION request
D/OpenCVEngine(25477): OpenCVEngine::GetLibPathByVersion(2.4.3)
D/OpenCVEngine(25477): OpenCVEngine::GetLibPathByVersion(2.4.3) impl
D/OpenCVEngine(25477): PackageInfo::PackageInfo: package arch ARMv7
D/JavaBasedPackageManager(25477): JavaBasedPackageManager::GetInstalledPackages() begin
D/AEE/AED (26188): put_in_archive: Archive file /sdcard/mtklog/aee_exp/temp/db.j26188/SYS_EVENT_LOG_TAGS, size 13978
D/AEE/AED (26188): put_in_archive: Archive file /sdcard/mtklog/aee_exp/temp/db.j26188/SYS_MEMORY_INFO, size 1036
I/SurfaceTextureClient( 5719): [STC::queueBuffer] (this:0x5dd8ce08) fps:1.92, dur:1563.99, max:750.63, min:262.48
I/BufferQueue( 133): [StatusBar](this:0x43515e58,api:1) [queue] fps:1.92, dur:1562.47, max:750.71, min:262.49
D/AEE/AED (26188): put_in_archive: Archive file /sdcard/mtklog/aee_exp/temp/db.j26188/SYS_PROC_SCHED_DEBUG, size 8697
D/AEE/AED (26188): put_in_archive: Archive file /sdcard/mtklog/aee_exp/temp/db.j26188/SYS_CPU_INFO, size 2323
D/AEE/AED (26188): put_in_archive: Archive file /sdcard/mtklog/aee_exp/temp/db.j26188/SYS_PROCRANK, size 0
I/BufferQueue( 133): [StatusBar](this:0x43515e58,api:1) [release] fps:1.92, dur:1560.80, max:704.77, min:307.27
D/AEE/AED (26188): put_in_archive: Archive file /sdcard/mtklog/aee_exp/temp/db.j26188/SCREEN.png, size 0
D/JavaBasedPackageManager(25477): Package info conversion
D/OpenCVEngine(25477): PackageInfo::PackageInfo("org.opencv.engine", "/data/app-lib/org.opencv.engine-1", "2.16")
D/OpenCVEngine(25477): Trying to load info library "/data/app-lib/org.opencv.engine-1/libopencv_info.so"
D/AEE/AED (26188): put_in_archive: Archive file /sdcard/mtklog/aee_exp/temp/db.j26188/SYS_VIRTUAL_MEMORY_STATS, size 1622
I/OpenCVEngine(25477): OpenCV package "org.opencv.lib_v24_armv5" revision "8.0.1" found
D/OpenCVEngine(25477): PackageInfo::PackageInfo("org.opencv.lib_v24_armv7a", "/data/app-lib/org.opencv.lib_v24_armv7a-1", "8.0.1")
D/JavaBasedPackageManager(25477): JavaBasedPackageManager::GetInstalledPackages() end
D/CommonPackageManager(25477): Check version "2040300" compatibility with "2040800"
D/CommonPackageManager(25477): Compatible
D/CommonPackageManager(25477): Check version "2040300" compatibility with "2040800"
D/CommonPackageManager(25477): Compatible
D/CommonPackageManager(25477): !!! Calculating rating for ARM
D/CommonPackageManager(25477): Checking (0, 67108864) against (0,268435470)
D/CommonPackageManager(25477): Checking (0, 134217728) against (0,268435470)
D/CommonPackageManager(25477): Checking (0, 134217729) against (0,268435470)
D/CommonPackageManager(25477): Checking (0, 134217730) against (0,268435470)
D/CommonPackageManager(25477): Checking (0, 134217731) against (0,268435470)
D/CommonPackageManager(25477): Checking (0, 268435456) against (0,268435470)
D/CommonPackageManager(25477): Checking (0, 268435457) against (0,268435470)
D/CommonPackageManager(25477): Checking (2, 268435457) against (0,268435470)
D/CommonPackageManager(25477): Checking (0, 268435458) against (0,268435470)
D/CommonPackageManager(25477): Checking (0, 268435459) against (0,268435470)
D/CommonPackageManager(25477): Checking (0, 268435464) against (0,268435470)
D/CommonPackageManager(25477): Checking (0, 268435465) against (0,268435470)
D/CommonPackageManager(25477): Checking (0, 268435466) against (0,268435470)
D/CommonPackageManager(25477): Checking (0, 268435467) against (0,268435470)
D/CommonPackageManager(25477): Checking (0, 268435468) against (0,268435470)
D/CommonPackageManager(25477): Checking (0, 268435470) against (0,268435470)
D/CommonPackageManager(25477): Rating found: 15
D/CommonPackageManager(25477): Current hardware platform rating 15 for (0,268435470)
D/CommonPackageManager(25477): !!! Calculating rating for ARM
D/CommonPackageManager(25477): Checking (0, 67108864) against (0,67108864)
D/CommonPackageManager(25477): Rating found: 0
D/CommonPackageManager(25477): Package "org.opencv.lib_v24_armv5" rating 0 for (0,67108864)
D/CommonPackageManager(25477): !!! Calculating rating for ARM
D/CommonPackageManager(25477): Checking (0, 67108864) against (0,268435456)
D/CommonPackageManager(25477): Checking (0, 134217728) against (0,268435456)
D/CommonPackageManager(25477): Checking (0, 134217729) against (0,268435456)
D/CommonPackageManager(25477): Checking (0, 134217730) against (0,268435456)
D/CommonPackageManager(25477): Checking (0, 134217731) against (0,268435456)
D/CommonPackageManager(25477): Checking (0, 268435456) against (0,268435456)
D/CommonPackageManager(25477): Rating found: 5
D/CommonPackageManager(25477): Package "org.opencv.lib_v24_armv7a" rating 5 for (0,268435456)
D/OpenCVEngine(25477): Fixing permissions for folder: "/data/app-lib/org.opencv.lib_v24_armv7a-1"
D/OpenCVEngine(25477): Fix permissions for "."
D/OpenCVEngine(25477): Fix permissions for ".."
D/OpenCVEngine(25477): Fix permissions for "libopencv_java.so"
D/OpenCVEngine(25477): Fix permissions for "libnative_camera_r4.4.0.so"
D/OpenCVEngine(25477): Fix permissions for "libnative_camera_r2.3.3.so"
D/OpenCVEngine(25477): Fix permissions for "libnative_camera_r4.2.0.so"
D/OpenCVEngine(25477): Fix permissions for "libnative_camera_r4.3.0.so"
D/OpenCVEngine(25477): Fix permissions for "libnative_camera_r2.2.0.so"
D/OpenCVEngine(25477): Fix permissions for "libnative_camera_r4.0.0.so"
D/OpenCVEngine(25477): Fix permissions for "libnative_camera_r4.0.3.so"
D/OpenCVEngine(25477): Fix permissions for "libnative_camera_r4.1.1.so"
D/OpenCVEngine(25477): Fix permissions for "libnative_camera_r3.0.1.so"
D/OpenCVManager/Helper(26259): Trying to get library list
D/OpenCVEngine(25477): OpenCVEngine::OnTransact(4,16)
D/OpenCVEngine(25477): OpenCVEngine OCVE_GET_LIB_LIST request
D/OpenCVEngine(25477): OpenCVEngine::GetLibraryList(2.4.3)
D/OpenCVEngine(25477): PackageInfo::PackageInfo: package arch ARMv7
D/JavaBasedPackageManager(25477): JavaBasedPackageManager::GetInstalledPackages() begin
D/AEE/AED (26188): put_in_archive: Archive file /sdcard/mtklog/aee_exp/temp/db.j26188/SYS_VMALLOC_INFO, size 37716
D/AEE/AED (26188): put_in_archive: Archive file /sdcard/mtklog/aee_exp/temp/db.j26188/SYS_ZONEINFO, size 2331
D/AEE/AED (26188): put_in_archive: Archive file /sdcard/mtklog/aee_exp/temp/db.j26188/SYS_BUDDY_INFO, size 200
D/AEE/AED (26188): put_in_archive: Archive file /sdcard/mtklog/aee_exp/temp/db.j26188/SYS_NETWORK_STATE, size 2941
D/AEE/AED (26188): put_in_archive: Archive file /sdcard/mtklog/aee_exp/temp/db.j26188/SYS_PROPERTIES, size 10564
D/JavaBasedPackageManager(25477): Package info conversion
D/OpenCVEngine(25477): PackageInfo::PackageInfo("org.opencv.engine", "/data/app-lib/org.opencv.engine-1", "2.16")
D/OpenCVEngine(25477): Trying to load info library "/data/app-lib/org.opencv.engine-1/libopencv_info.so"
I/OpenCVEngine(25477): OpenCV package "org.opencv.lib_v24_armv5" revision "8.0.1" found
D/OpenCVEngine(25477): PackageInfo::PackageInfo("org.opencv.lib_v24_armv7a", "/data/app-lib/org.opencv.lib_v24_armv7a-1", "8.0.1")
D/JavaBasedPackageManager(25477): JavaBasedPackageManager::GetInstalledPackages() end
D/CommonPackageManager(25477): Check version "2040300" compatibility with "2040800"
D/CommonPackageManager(25477): Compatible
D/CommonPackageManager(25477): Check version "2040300" compatibility with "2040800"
D/CommonPackageManager(25477): Compatible
D/CommonPackageManager(25477): !!! Calculating rating for ARM
D/CommonPackageManager(25477): Checking (0, 67108864) against (0,268435470)
D/CommonPackageManager(25477): Checking (0, 134217728) against (0,268435470)
D/CommonPackageManager(25477): Checking (0, 134217729) against (0,268435470)
D/CommonPackageManager(25477): Checking (0, 134217730) against (0,268435470)
D/CommonPackageManager(25477): Checking (0, 134217731) against (0,268435470)
D/CommonPackageManager(25477): Checking (0, 268435456) against (0,268435470)
D/CommonPackageManager(25477): Checking (0, 268435457) against (0,268435470)
D/CommonPackageManager(25477): Checking (2, 268435457) against (0,268435470)
D/CommonPackageManager(25477): Checking (0, 268435458) against (0,268435470)
D/CommonPackageManager(25477): Checking (0, 268435459) against (0,268435470)
D/CommonPackageManager(25477): Checking (0, 268435464) against (0,268435470)
D/CommonPackageManager(25477): Checking (0, 268435465) against (0,268435470)
D/CommonPackageManager(25477): Checking (0, 268435466) against (0,268435470)
D/CommonPackageManager(25477): Checking (0, 268435467) against (0,268435470)
D/CommonPackageManager(25477): Checking (0, 268435468) against (0,268435470)
D/CommonPackageManager(25477): Checking (0, 268435470) against (0,268435470)
D/CommonPackageManager(25477): Rating found: 15
D/CommonPackageManager(25477): Current hardware platform rating 15 for (0,268435470)
D/CommonPackageManager(25477): !!! Calculating rating for ARM
D/CommonPackageManager(25477): Checking (0, 67108864) against (0,67108864)
D/CommonPackageManager(25477): Rating found: 0
D/CommonPackageManager(25477): Package "org.opencv.lib_v24_armv5" rating 0 for (0,67108864)
D/CommonPackageManager(25477): !!! Calculating rating for ARM
D/CommonPackageManager(25477): Checking (0, 67108864) against (0,268435456)
D/CommonPackageManager(25477): Checking (0, 134217728) against (0,268435456)
D/CommonPackageManager(25477): Checking (0, 134217729) against (0,268435456)
D/CommonPackageManager(25477): Checking (0, 134217730) against (0,268435456)
D/CommonPackageManager(25477): Checking (0, 134217731) against (0,268435456)
D/CommonPackageManager(25477): Checking (0, 268435456) against (0,268435456)
D/CommonPackageManager(25477): Rating found: 5
D/CommonPackageManager(25477): Package "org.opencv.lib_v24_armv7a" rating 5 for (0,268435456)
D/OpenCVEngine(25477): Trying to load info library "/data/app-lib/org.opencv.lib_v24_armv7a-1/libopencv_info.so"
I/OpenCVEngine(25477): Info library not found in package
D/OpenCVManager/Helper(26259): Library list: ""
D/OpenCVManager/Helper(26259): First attempt to load libs
D/OpenCVManager/Helper(26259): Trying to init OpenCV libs
D/OpenCVManager/Helper(26259): Trying to load library /data/app-lib/org.opencv.lib_v24_armv7a-1/libopencv_java.so
D/dalvikvm(26259): Trying to load lib /data/app-lib/org.opencv.lib_v24_armv7a-1/libopencv_java.so 0x423167f0
D/AEE/AED (26188): put_in_archive: Archive file /sdcard/mtklog/aee_exp/temp/db.j26188/SYS_KERNEL_LOG, size 130907
D/AEE/AED (26188): put_in_archive: Archive file /sdcard/mtklog/aee_exp/temp/db.j26188/SYS_KERNEL_CPUFREQ, size 68
D/AEE/AED (26188): put_in_archive: Archive file /sdcard/mtklog/aee_exp/temp/db.j26188/SYS_PROCESSES_AND_THREADS, size 80537
D/AEE/AED (26188): put_in_archive: Archive file /sdcard/mtklog/aee_exp/temp/db.j26188/SYS_LIBRANK, size 0
D/AEE/AED (26188): put_in_archive: Archive file /sdcard/mtklog/aee_exp/temp/db.j26188/SYS_FILE_SYSTEMS, size 891
D/dalvikvm(26259): Added shared lib /data/app-lib/org.opencv.lib_v24_armv7a-1/libopencv_java.so 0x423167f0
D/OpenCVManager/Helper(26259): OpenCV libs init was ok!
D/OpenCVManager/Helper(26259): First attempt to load libs is OK
I/OpenCVManager/Helper(26259): General configuration for OpenCV 2.4.8 =====================================
I/OpenCVManager/Helper(26259): Version control: 2.4.8
I/OpenCVManager/Helper(26259): Platform:
I/OpenCVManager/Helper(26259): Host: Linux 3.2.0-56-generic x86_64
I/OpenCVManager/Helper(26259): Target: Linux 1 armv7-a
I/OpenCVManager/Helper(26259): CMake: 2.8.12
I/OpenCVManager/Helper(26259): CMake generator: Ninja
I/OpenCVManager/Helper(26259): CMake build tool: /usr/local/bin/ninja
I/OpenCVManager/Helper(26259): Configuration: Release
I/OpenCVManager/Helper(26259): C/C++:
I/OpenCVManager/Helper(26259): Built as dynamic libs?: NO
I/OpenCVManager/Helper(26259): C++ Compiler: /opt/android-ndk-r8c/toolchains/arm-linux-androideabi-4.6/prebuilt/linux-x86/bin/arm-linux-androideabi-g++ (ver 4.6)
I/OpenCVManager/Helper(26259): C++ flags (Release): -fexceptions -frtti -Wno-psabi --sysroot=/opt/android-ndk-r8c/platforms/android-8/arch-arm -fpic -funwind-tables -finline-limit=64 -fsigned-char -no-canonical-prefixes -march=armv7-a -mfloat-abi=softfp -mfpu=vfpv3-d16 -fdata-sections -ffunction-sections -Wa,--noexecstack -fsigned-char -W -Wall -Werror=return-type -Werror=address -Werror=sequence-point -Wformat -Werror=format-security -Wmissing-declarations -Wundef -Winit-self -Wpointer-arith -Wshadow -Wsign-promo -Wno-narrowing -fdiagnostics-show-option -fomit-frame-pointer -mthumb -fomit-frame-pointer -fno-strict-aliasing -O3 -DNDEBUG -DNDEBUG
I/OpenCVManager/Helper(26259): C++ flags (Debug): -fexceptions -frtti -Wno-psabi --sysroot=/opt/android-ndk-r8c/platforms/android-8/arch-arm -fpic -funwind-tables -finline-limit=64 -fsigned-char -no-canonical-prefixes -march=armv7-a -mfloat-abi=softfp -mfpu=vfpv3-d16 -fdata-sections -ffunction-sections -Wa,--noexecstack -fsigned-char -W -Wall -Werror=return-type -Werror=address -Werror=sequence-point -Wformat -Werror=format-security -Wmissing-declarations -Wundef -Winit-self -Wpointer-arith -Wshadow -Wsign-promo -Wno-narrowing -fdiagnostics-show-option -fomit-frame-pointer -marm -fno-omit-frame-pointer -fno-strict-aliasing -O0 -g -DDEBUG -D_DEBUG -O0 -DDEBUG -D_DEBUG
I/OpenCVManager/Helper(26259): C Compiler: /opt/android-ndk-r8c/toolchains/arm-linux-androideabi-4.6/prebuilt/linux-x86/bin/arm-linux-androideabi-gcc
I/OpenCVManager/Helper(26259): C flags (Release): -fexceptions -Wno-psabi --sysroot=/opt/android-ndk-r8c/platforms/android-8/arch-arm -fpic -funwind-tables -finline-limit=64 -fsigned-char -no-canonical-prefixes -march=armv7-a -mfloat-abi=softfp -mfpu=vfpv3-d16 -fdata-sections -ffunction-sections -Wa,--noexecstack -fsigned-char -W -Wall -Werror=return-type -Werror=address -Werror=sequence-point -Wformat -Werror=format-security -Wmissing-declarations -Wmissing-prototypes -Wstrict-prototypes -Wundef -Winit-self -Wpointer-arith -Wshadow -Wno-narrowing -fdiagnostics-show-option -fomit-frame-pointer -mthumb -fomit-frame-pointer -fno-strict-aliasing -O3 -DNDEBUG -DNDEBUG
I/OpenCVManager/Helper(26259): C flags (Debug): -fexceptions -Wno-psabi --sysroot=/opt/android-ndk-r8c/platforms/android-8/arch-arm -fpic -funwind-tables -finline-limit=64 -fsigned-char -no-canonical-prefixes -march=armv7-a -mfloat-abi=softfp -mfpu=vfpv3-d16 -fdata-sections -ffunction-sections -Wa,--noexecstack -fsigned-char -W -Wall -Werror=return-type -Werror=address -Werror=sequence-point -Wformat -Werror=format-security -Wmissing-declarations -Wmissing-prototypes -Wstrict-prototypes -Wundef -Winit-self -Wpointer-arith -Wshadow -Wno-narrowing -fdiagnostics-show-option -fomit-frame-pointer -marm -fno-omit-frame-pointer -fno-strict-aliasing -O0 -g -DDEBUG -D_DEBUG -O0 -DDEBUG -D_DEBUG
I/OpenCVManager/Helper(26259): Linker flags (Release): -Wl,--fix-cortex-a8 -Wl,--no-undefined -Wl,--gc-sections -fuse-ld=gold -Wl,-z,noexecstack -Wl,-z,relro -Wl,-z,now
I/OpenCVManager/Helper(26259): Linker flags (Debug): -Wl,--fix-cortex-a8 -Wl,--no-undefined -Wl,--gc-sections -fuse-ld=gold -Wl,-z,noexecstack -Wl,-z,relro -Wl,-z,now
I/OpenCVManager/Helper(26259): Precompiled headers: YES
I/OpenCVManager/Helper(26259): OpenCV modules:
I/OpenCVManager/Helper(26259): To be built: core androidcamera flann imgproc highgui features2d calib3d ml objdetect video contrib photo java legacy ocl stitching ts videostab
I/OpenCVManager/Helper(26259): Disabled: gpu world
I/OpenCVManager/Helper(26259): Disabled by dependency: -
I/OpenCVManager/Helper(26259): Unavailable: dynamicuda nonfree python superres
I/OpenCVManager/Helper(26259): Android:
I/OpenCVManager/Helper(26259): Android ABI: armeabi-v7a
I/OpenCVManager/Helper(26259): STL type: gnustl_static
I/OpenCVManager/Helper(26259): Native API level: android-8
I/OpenCVManager/Helper(26259): SDK target: android-11
I/OpenCVManager/Helper(26259): Android NDK: /opt/android-ndk-r8c (toolchain: arm-linux-androideabi-4.6)
I/OpenCVManager/Helper(26259): android tool: /opt/android-sdk-linux/tools/android (Android SDK Tools, revision 22.)
I/OpenCVManager/Helper(26259): Google Play package: YES
I/OpenCVManager/Helper(26259): Android examples: YES
I/OpenCVManager/Helper(26259): GUI:
I/OpenCVManager/Helper(26259): GTK+ 2.x: NO
I/OpenCVManager/Helper(26259): GThread : NO
I/OpenCVManager/Helper(26259): GtkGlExt: NO
I/OpenCVManager/Helper(26259): OpenGL support: NO
I/OpenCVManager/Helper(26259): Media I/O:
I/OpenCVManager/Helper(26259): ZLib: z (ver 1.2.3)
I/OpenCVManager/Helper(26259): JPEG: build (ver 62)
I/OpenCVManager/Helper(26259): PNG: build (ver 1.5.12)
I/OpenCVManager/Helper(26259): TIFF: build (ver 42 - 4.0.2)
I/OpenCVManager/Helper(26259): JPEG 2000: build (ver 1.900.1)
I/OpenCVManager/Helper(26259): OpenEXR: build (ver 1.7.1)
I/OpenCVManager/Helper(26259): Video I/O:
I/OpenCVManager/Helper(26259): AndroidNativeCamera: YES, use prebuilt libraries
I/OpenCVManager/Helper(26259): Other third-party libraries:
I/OpenCVManager/Helper(26259): Use IPP: NO
I/OpenCVManager/Helper(26259): Use Eigen: YES (ver 3.1.2)
I/OpenCVManager/Helper(26259): Use TBB: YES (ver 4.1 interface 6102)
I/OpenCVManager/Helper(26259): Use OpenMP: NO
I/OpenCVManager/Helper(26259): Use GCD NO
I/OpenCVManager/Helper(26259): Use Concurrency NO
I/OpenCVManager/Helper(26259): Use C=: NO
I/OpenCVManager/Helper(26259): Use Cuda: NO
I/OpenCVManager/Helper(26259): Use OpenCL: YES
I/OpenCVManager/Helper(26259): OpenCL:
I/OpenCVManager/Helper(26259): Version: dynamic
I/OpenCVManager/Helper(26259): Include path: /home/reports/ci/slave_desktop/50-SDK/opencv/3rdparty/include/opencl/1.2
I/OpenCVManager/Helper(26259): Use AMD FFT: NO
I/OpenCVManager/Helper(26259): Use AMD BLAS: NO
I/OpenCVManager/Helper(26259): Python:
I/OpenCVManager/Helper(26259): Interpreter: /usr/bin/python2 (ver 2.7.3)
I/OpenCVManager/Helper(26259): Java:
I/OpenCVManager/Helper(26259): ant: /usr/bin/ant (ver 1.8.2)
I/OpenCVManager/Helper(26259): Java tests: NO
I/OpenCVManager/Helper(26259): Documentation:
I/OpenCVManager/Helper(26259): Build Documentation: YES
I/OpenCVManager/Helper(26259): Sphinx: /usr/local/bin/sphinx-build (ver 1.1.3)
I/OpenCVManager/Helper(26259): PdfLaTeX compiler: /usr/bin/pdflatex
I/OpenCVManager/Helper(26259): Tests and samples:
I/OpenCVManager/Helper(26259): Tests: NO
I/OpenCVManager/Helper(26259): Performance tests: NO
I/OpenCVManager/Helper(26259): C/C++ Examples: NO
I/OpenCVManager/Helper(26259): Install path: /home/reports/ci/slave_desktop/50-SDK/build/builds/o4a/install
I/OpenCVManager/Helper(26259): cvconfig.h is in: /home/reports/ci/slave_desktop/50-SDK/build/builds/o4a
I/OpenCVManager/Helper(26259): -----------------------------------------------------------------
D/OpenCVManager/Helper(26259): Init finished with status 0
D/OpenCVManager/Helper(26259): Unbind from service
D/IPCThreadState(26259): [DN #5] BR_CLEAR_DEATH_NOTIFICATION_DONE cookie 0x5d211068
D/OpenCVManager/Helper(26259): Calling using callback
I/OCVSample::Activity(26259): OpenCV loaded successfully
D/dalvikvm(26259): Trying to load lib /data/app-lib/org.opencv.samples.NativeActivity-2/libnative_activity.so 0x423167f0
D/dalvikvm(26259): Added shared lib /data/app-lib/org.opencv.samples.NativeActivity-2/libnative_activity.so 0x423167f0
D/dalvikvm(26259): No JNI_OnLoad found in /data/app-lib/org.opencv.samples.NativeActivity-2/libnative_activity.so 0x423167f0, skipping init
I/ActivityManager( 5535): START u0 {cmp=org.opencv.samples.NativeActivity/android.app.NativeActivity} from pid 26259
I/OpenCVEngine/Service(25477): Service onUnbind called for intent Intent { act=org.opencv.engine.BIND }
D/PowerManagerService( 5535): acquireWakeLockInternal: lock=1111143720, flags=0x1, tag="ActivityManager-Launch", ws=null, uid=1000, pid=5535
D/PowerManagerService( 5535): updateWakeLockSummaryLocked: mWakefulness=Awake, mWakeLockSummary=0x1
D/PowerManagerService( 5535): newScreenState = 2
D/PowerManagerDisplayController( 5535): requestPowerState: screenState=2, useProximitySensor=false, screenBrightness=255, screenAutoBrightnessAdjustment=0.0, useAutoBrightness=false, useEcoBrightness=false, blockScreenOn=false, waitForNegativeProximity=false
I/PowerManagerService( 5535): setBrightness mButtonLight, screenBrightness=255
D/PowerManagerService( 5535): updateScreenStateLocked: mDisplayReady=true, newScreenState=2, mWakefulness=1, mWakeLockSummary=0x1, mUserActivitySummary=0x5, mBootCompleted=true
D/PowerManagerService( 5535): handleSandman: canDream=true, mWakefulness=Awake
I/BufferQueue( 133): [unnamed-133-727](this:0x43520a58,api:0) BufferQueue
I/BufferQueue( 133): [unnamed-133-727](this:0x43520a58,api:0) consumerConnect
I/BufferQueue( 133): [unnamed-133-727](this:0x43520a58,api:0) setConsumerName: unnamed-133-727
I/SurfaceTexture( 133): [unnamed-133-727](this:0x43525960,api:0) SurfaceTexture
I/BufferQueue( 133): [unnamed-133-727](this:0x43520a58,api:0) setSynchronousMode: enabled=1
I/BufferQueue( 133): [unnamed-133-727](this:0x43520a58,api:0) setDefaultBufferSize: w=1, h=1
I/BufferQueue( 133): [org.opencv.samples.NativeActivity/org.opencv.samples.NativeActivity.CvNativeActivity](this:0x43520a58,api:0) setConsumerName: org.opencv.samples.NativeActivity/org.opencv.samples.NativeActivity.CvNativeActivity
V/WindowManager( 5535): Changing focus from null to Window{42853420 u0 org.opencv.samples.NativeActivity/org.opencv.samples.NativeActivity.CvNativeActivity}
D/AEE/AED (26188): put_in_archive: Archive file /sdcard/mtklog/aee_exp/temp/db.j26188/SYS_PACKAGE_SETTINGS, size 255216
V/PhoneStatusBar( 5719): setLightsOn(true)
D/AEE/AED (26188): put_in_archive: Archive file /sdcard/mtklog/aee_exp/temp/db.j26188/SYS_PACKAGE_UID_ERRORS, size 270
D/AEE/AED (26188): put_in_archive: Archive file /sdcard/mtklog/aee_exp/temp/db.j26188/SYS_BACKLIGHTS, size 92
I/BufferQueue( 133): [org.opencv.samples.NativeActivity/org.opencv.samples.NativeActivity.CvNativeActivity](this:0x43520a58,api:0) setDefaultBufferSize: w=1920, h=1080
D/AEE/AED (26188): put_in_archive: Archive file /sdcard/mtklog/aee_exp/temp/db.j26188/SYS_VERSION_INFO, size 4384
I/WindowManager( 5535): Gaining focus: Window{42853420 u0 org.opencv.samples.NativeActivity/org.opencv.samples.NativeActivity.CvNativeActivity}
D/AEE/AED (26188): put_in_archive: Archive file /sdcard/mtklog/aee_exp/temp/db.j26188/DUMPSYS_GFXINFO, size 20227
D/libEGL (26259): loaded /vendor/lib/egl/libEGL_mtk.so
D/libEGL (26259): loaded /vendor/lib/egl/libGLESv1_CM_mtk.so
D/libEGL (26259): loaded /vendor/lib/egl/libGLESv2_mtk.so
D/AEE/AED (26188): put_in_archive: Archive file /sdcard/mtklog/aee_exp/temp/db.j26188/NE_JBT_TRACES, size 183012
D/AEE/AED (26188): put_in_archive: Archive file /sdcard/mtklog/aee_exp/temp/db.j26188/SYS_LOW_MEMORY_KILLER, size 48
I/BufferQueue( 133): [org.opencv.samples.NativeActivity/org.opencv.samples.NativeActivity.CvNativeActivity](this:0x43520a58,api:0) connect: api=1
I/BufferQueue( 133): [org.opencv.samples.NativeActivity/org.opencv.samples.NativeActivity.CvNativeActivity](this:0x43520a58,api:1) setSynchronousMode: enabled=1
I/BufferQueue( 133): [org.opencv.samples.NativeActivity/org.opencv.samples.NativeActivity.CvNativeActivity](this:0x43520a58,api:1) setSynchronousMode: enabled=1
D/AEE/AED (26188): put_in_archive: Archive file /sdcard/mtklog/aee_exp/temp/db.j26188/SYS_PROC_MEM, size 0
I/BufferQueue( 133): [org.opencv.samples.NativeActivity/org.opencv.samples.NativeActivity.CvNativeActivity](this:0x43520a58,api:1) new GraphicBuffer needed
D/BufferQueue( 133): [OLD] gb:NULL
D/AEE/AED (26188): put_in_archive: Archive file /sdcard/mtklog/aee_exp/temp/db.j26188/_exp_detail.txt, size 83093
I/GraphicBuffer( 133): allocate buffer (w:1088 h:1920 f:5) err(0)
I/BufferQueue( 133): [NEW] gb=0x4324d7f8, handle=0x4351de60, w=1080, h=1920, s=1088, fmt=5
D/AEE/AED (26188): put_in_archive: Archive file /sdcard/mtklog/aee_exp/temp/db.j26188/ZZ_INTERNAL, size 113
I/AEE/AED (26188): aed_report_archive: pack /sdcard/mtklog/aee_exp/temp/db.j26188/CURRENT.dbg completed
I/AEE/AED (26188): *** INDEX: '/sdcard/mtklog/aee_exp/db.05' from /sdcard/mtklog/aee_exp/temp/db.j26188 ***
I/AEE/AED (26188): aed_report_complete: OK find db slot /sdcard/mtklog/aee_exp/db.05
D/AEE/AED (26272): notify_ok: am broadcast calling for /sdcard/mtklog/aee_exp/db.05
D/OpenGLRenderer(26259): Enabling debug mode 0
D/InputReader( 5535): InputReader:: getSwitchState lock
D/InputReader( 5535): InputReader::getStateLocked:: return
V/ActivityManager( 5535): ACT-Launching: ActivityRecord{425bbd48 u0 org.opencv.samples.NativeActivity/android.app.NativeActivity}
V/WindowManager( 5535): Changing focus from Window{42853420 u0 org.opencv.samples.NativeActivity/org.opencv.samples.NativeActivity.CvNativeActivity} to null
I/WindowManager( 5535): Losing focus: Window{42853420 u0 org.opencv.samples.NativeActivity/org.opencv.samples.NativeActivity.CvNativeActivity}
D/dalvikvm( 5535): create interp thread : stack size=32KB
D/dalvikvm( 5535): create new thread
D/dalvikvm( 5535): new thread created
D/dalvikvm( 5535): update thread list
D/dalvikvm( 5535): threadid=96: interp stack at 0x6292e000
D/dalvikvm( 5535): threadid=96: created from interp
D/dalvikvm( 5535): start new thread
D/dalvikvm( 5535): threadid=96: notify debugger
D/dalvikvm( 5535): threadid=96 (Thread-3392): calling run()
D/dalvikvm( 5535): threadid=96: exiting
D/dalvikvm( 5535): threadid=96: bye!
V/InputMethodManager(26259): onWindowFocus: null softInputMode=288 first=true flags=#9010100
V/InputMethodManager(26259): START INPUT: com.android.internal.policy.impl.PhoneWindow$DecorView{423307c8 V.E..... R.....ID 0,0-1920,1080} ic=null tba=android.view.inputmethod.EditorInfo@42362b28 controlFlags=#104
V/InputMethodManagerService( 5535): windowGainedFocus: android.os.BinderProxy@42425eb8 controlFlags=#104 softInputMode=#120 windowFlags=#9010100
W/WindowManager( 5535): No new IME target
W/InputMethodManagerService( 5535): Focus gain on non-focused client com.android.internal.view.IInputMethodClient$Stub$Proxy@428492b8 (uid=10134 pid=26259)
V/InputMethodManager(26259): Starting input: Bind result=null
W/InputMethodManager(26259): startInputInner : InputBindResult == null
D/AEE/AED (26188): all finished dumping /sdcard/mtklog/aee_exp/db.05.
D/AEE/AED ( 126): $===AEE===AEE===AEE===$
D/AEE/AED ( 126): p 0 poll events 1 revents 0
D/AEE/AED ( 126): not know revents:0
D/AEE/AED ( 126): p 1 poll events 1 revents 0
D/AEE/AED ( 126): not know revents:0
D/AEE/AED ( 126): p 2 poll events 1 revents 0
D/AEE/AED ( 126): not know revents:0
D/AEE/AED ( 126): p 3 poll events 1 revents 0
D/AEE/AED ( 126): not know revents:0
D/AEE/AED ( 126): p 4 poll events 1 revents 0
D/AEE/AED ( 126): not know revents:0
D/NetworkControllerGemini( 5719): refreshViews(0), DataConnected=false simColorId = 0
D/NetworkControllerGemini( 5719): refreshViews(0), set parameters to signal cluster view.
D/NetworkControllerGemini( 5719): refreshViews(0), tempPhoneSignalIconId.0 = 2130837950 tempPhoneSignalIconId.1 = 0 tempMobileActivityIconId= 0 tempDataTypeIconId= 2130837873
D/SignalClusterViewGemini( 5719): setMobileDataIndicators(0), visible=true, strengthIcon[0] ~ [1] 2130837950 ~ 0
D/SignalClusterViewGemini( 5719): isSimInserted(0), SimInserted=true
D/SignalClusterViewGemini( 5719): isSimInserted(1), SimInserted=true
D/NetworkControllerGemini( 5719): refreshViews(0), tempPhoneSignalIconId.0 = 2130837950 tempPhoneSignalIconId.1 = 0 tempMobileActivityIconId= 0 tempDataTypeIconId= 2130837873
D/SignalClusterViewGemini( 5719): setShowSimIndicator(0), showSimIndicator=false simIndicatorResource = 0
D/SignalClusterViewGemini( 5719): setDataConnected(0), dataConnected=false
D/SignalClusterViewGemini( 5719): setDataNetType3G(0), dataNetType=Type_3G
D/SignalClusterViewGemini( 5719): apply : mShowSimIndicator = false mSimIndicatorResource = 0 mShowSimIndicatorGemini = false mSimIndicatorResourceGemini = 0
D/SignalClusterViewGemini( 5719): apply, mMobileVisible=true mMobileActivityId=0 mMobileTypeId=2130837873 mMobileStrengthId[0] = 2130837950 mMobileStrengthId[1] = 0
D/SignalClusterViewGemini( 5719): isSimInserted(0), SimInserted=true
D/SignalClusterViewGemini( 5719): mDataNetType =Type_3G resId= 0 simColorId = 0
D/SignalClusterViewGemini( 5719): apply, mMobileVisibleGemini=true mMobileActivityIdGemini=0 mMobileTypeIdGemini=0 mMobileStrengthIdGemini[0] = 2130837938 mMobileStrengthIdGemini[1] = 0
D/SignalClusterViewGemini( 5719): isSimInserted(1), SimInserted=true
D/SignalClusterViewGemini( 5719): apply, mMobileVisible=true, mWifiVisible=true, mIsAirplaneMode=false
W/ResourceType( 5719): No package identifier when getting value for resource number 0x00000000
D/SignalClusterViewGemini( 5719): isSimInserted(0), SimInserted=true
D/SignalClusterViewGemini( 5719): isSimInserted(1), SimInserted=true
D/NetworkControllerGemini( 5719): refreshViews(1), DataConnected=false simColorId = 2
D/SignalClusterViewGemini( 5719): setShowSimIndicator(1), showSimIndicator=false simIndicatorResource = 0
D/SignalClusterViewGemini( 5719): setDataConnected(1), dataConnected=false
D/SignalClusterViewGemini( 5719): setDataNetType3G(1), dataNetType=Type_G
D/SignalClusterViewGemini( 5719): apply : mShowSimIndicator = false mSimIndicatorResource = 0 mShowSimIndicatorGemini = false mSimIndicatorResourceGemini = 0
D/SignalClusterViewGemini( 5719): apply, mMobileVisible=true mMobileActivityId=0 mMobileTypeId=2130837873 mMobileStrengthId[0] = 2130837950 mMobileStrengthId[1] = 0
D/SignalClusterViewGemini( 5719): isSimInserted(0), SimInserted=true
D/SignalClusterViewGemini( 5719): mDataNetType =Type_3G resId= 0 simColorId = 0
D/SignalClusterViewGemini( 5719): apply, mMobileVisibleGemini=true mMobileActivityIdGemini=0 mMobileTypeIdGemini=0 mMobileStrengthIdGemini[0] = 2130837938 mMobileStrengthIdGemini[1] = 0
D/SignalClusterViewGemini( 5719): isSimInserted(1), SimInserted=true
D/SignalClusterViewGemini( 5719): apply, mMobileVisible=true, mWifiVisible=true, mIsAirplaneMode=false
W/ResourceType( 5719): No package identifier when getting value for resource number 0x00000000
D/SignalClusterViewGemini( 5719): isSimInserted(0), SimInserted=true
D/SignalClusterViewGemini( 5719): isSimInserted(1), SimInserted=true
I/BufferQueue( 133): [org.opencv.samples.NativeActivity/org.opencv.samples.NativeActivity.CvNativeActivity](this:0x43520a58,api:1) new GraphicBuffer needed
D/BufferQueue( 133): [OLD] gb:NULL
I/GraphicBuffer( 133): allocate buffer (w:1088 h:1920 f:5) err(0)
I/SurfaceTexture( 133): [org.opencv.samples.NativeActivity/org.opencv.samples.NativeActivity.CvNativeActivity](this:0x43525960,api:1) [void* android::SurfaceTexture::createImage(EGLDisplay, const android::sp&)]
D/SurfaceTexture( 133): GraphicBuffer: gb=0x4324d7f8 handle=0x4351de60
I/BufferQueue( 133): [NEW] gb=0x435223c8, handle=0x4324e5a0, w=1080, h=1920, s=1088, fmt=5
D/SurfaceTexture( 133): EGLImage: dpy=0x1, img=0x43240208
V/threaded_app(26259): Creating: 0x5d1d13f8
V/threaded_app(26259): Config: mcc=250 mnc=99 lang=en cnt=US orien=2 touch=3 dens=480 keys=1 nav=2 keysHid=3 navHid=0 sdk=17 size=2 long=2 modetype=1 modenight=1
V/threaded_app(26259): Start: 0x5d1d13f8
V/threaded_app(26259): activityState=10
V/threaded_app(26259): Resume: 0x5d1d13f8
V/threaded_app(26259): activityState=11
V/threaded_app(26259): InputQueueCreated: 0x5d1d13f8 -- 0x5d228758
V/threaded_app(26259): APP_CMD_INPUT_CHANGED
V/threaded_app(26259): Attaching input queue to looper
I/BufferQueue( 133): [unnamed-133-728](this:0x43523f10,api:0) BufferQueue
I/BufferQueue( 133): [unnamed-133-728](this:0x43523f10,api:0) consumerConnect
I/BufferQueue( 133): [unnamed-133-728](this:0x43523f10,api:0) setConsumerName: unnamed-133-728
I/SurfaceTexture( 133): [unnamed-133-728](this:0x43524948,api:0) SurfaceTexture
I/BufferQueue( 133): [unnamed-133-728](this:0x43523f10,api:0) setSynchronousMode: enabled=1
I/BufferQueue( 133): [unnamed-133-728](this:0x43523f10,api:0) setDefaultBufferSize: w=1, h=1
I/BufferQueue( 133): [org.opencv.samples.NativeActivity/android.app.NativeActivity](this:0x43523f10,api:0) setConsumerName: org.opencv.samples.NativeActivity/android.app.NativeActivity
V/WindowManager( 5535): Changing focus from null to Window{4292abb8 u0 org.opencv.samples.NativeActivity/android.app.NativeActivity}
V/PhoneStatusBar( 5719): setLightsOn(true)
I/ANRManager( 5535): [DumpNative]DumpThread native process =133
D/AEE/RTT_LIB( 5535): aee_exception_running: send req
D/AEE/AED ( 126): $===AEE===AEE===AEE===$
D/AEE/AED ( 126): p 0 poll events 1 revents 1
D/AEE/AED ( 126): requesting from: pid=5535 cmd=10
D/AEE/AED ( 126): Go RTT_AEE_GET_EXCEPTION_RUNNING
D/AEE/AED ( 126): p 1 poll events 1 revents 0
D/AEE/AED ( 126): not know revents:0
D/AEE/AED ( 126): p 2 poll events 1 revents 0
D/AEE/AED ( 126): not know revents:0
D/AEE/AED ( 126): p 3 poll events 1 revents 0
D/AEE/AED ( 126): not know revents:0
D/AEE/AED ( 126): p 4 poll events 1 revents 0
D/AEE/AED ( 126): not know revents:0
D/AEE/RTT_LIB( 5535): Rtt waiting finish the job...
D/AEE/RTT_LIB( 5535): Rtt send req done
I/ANRManager( 5535): [coredump] coredump's pid = -1
I/ANRManager( 5535): [coredump] coredump's pid = -1
I/ANRManager( 5535): [coredump] coredump's pid = -1
I/ANRManager( 5535): [coredump] coredump's pid = -1
D/AEE/AED ( 126): $===AEE===AEE===AEE===$
D/AEE/AED ( 126): p 0 poll events 1 revents 0
D/AEE/AED ( 126): not know revents:0
D/AEE/AED ( 126): p 1 poll events 1 revents 0
D/AEE/AED ( 126): not know revents:0
D/AEE/AED ( 126): p 2 poll events 1 revents 0
D/AEE/AED ( 126): not know revents:0
D/AEE/AED ( 126): p 3 poll events 1 revents 0
D/AEE/AED ( 126): not know revents:0
D/AEE/AED ( 126): p 4 poll events 1 revents 0
D/AEE/AED ( 126): not know revents:0
D/AEE/AED ( 126): $===AEE===AEE===AEE===$
D/AEE/AED ( 126): p 0 poll events 1 revents 0
D/AEE/AED ( 126): not know revents:0
D/AEE/AED ( 126): p 1 poll events 1 revents 0
D/AEE/AED ( 126): not know revents:0
D/AEE/AED ( 126): p 2 poll events 1 revents 1
D/AEE/AED ( 126): aed_main_fork_worker: generator 0x75d168, worker 0xbeec6a48, recv_fd 15
D/AEE/AED ( 126): p 3 poll events 1 revents 0
D/AEE/AED ( 126): not know revents:0
D/AEE/AED ( 126): p 4 poll events 1 revents 0
D/AEE/AED ( 126): not know revents:0
I/DEBUG (26278): handle_request(15)
I/DEBUG (26278): BOOM: pid=5296 uid=1013 gid=1005 tid=5296
I/BufferQueue( 133): [org.opencv.samples.NativeActivity/android.app.NativeActivity](this:0x43523f10,api:0) setDefaultBufferSize: w=1920, h=1080
I/WindowManager( 5535): Gaining focus: Window{4292abb8 u0 org.opencv.samples.NativeActivity/android.app.NativeActivity}
V/threaded_app(26259): NativeWindowCreated: 0x5d1d13f8 -- 0x5f323b18
V/threaded_app(26259): APP_CMD_INIT_WINDOW
I/OCV:libnative_activity(26259): APP_CMD_INIT_WINDOW
D/OpenCV::camera(26259): CvCapture_Android::CvCapture_Android(0)
D/OpenCV::camera(26259): Library name: libopencv_java.so
D/OpenCV::camera(26259): Library base address: 0x5dad8000
V/threaded_app(26259): WindowFocusChanged: 0x5d1d13f8 -- 1
V/InputMethodManager(26259): onWindowFocus: null softInputMode=272 first=true flags=#9010100
V/InputMethodManager(26259): START INPUT: com.android.internal.policy.impl.PhoneWindow$DecorView{42372450 V.E..... R.....ID 0,0-1920,1080} ic=null tba=android.view.inputmethod.EditorInfo@42394690 controlFlags=#104
