I/SurfaceFlinger( 133): [virtual void android::LayerScreenshot::setGeometry(const android::sp&, android::HWComposer::HWCLayerInterface&)] add:983, count:1
I/SurfaceFlinger( 133): [static bool android::LayerScreenshot::isFrozen()] LayerScreenshot top:983 (orient:0, alpha:255)
D/SurfaceFlinger( 133): Freeze screen...
I/SurfaceFlinger( 133): [SurfaceFlinger] fps:9.877566,dur:1012.40,max:497.38,min:16.88
I/SurfaceTextureClient( 133): [STC::queueBuffer] (this:0x42ee4978) fps:9.88, dur:1012.44, max:497.39, min:16.91
I/BufferQueue( 133): [FramebufferSurface](this:0x42ee7008,api:1) [release] fps:9.88, dur:1012.46, max:497.37, min:16.92
I/BufferQueue( 133): [FramebufferSurface](this:0x42ee7008,api:1) [queue] fps:9.88, dur:1012.47, max:497.36, min:16.92
D/AudioFlinger( 5296): releasing 205 from 5296
W/AudioFlinger( 5296): session id 205 not found for pid 5296
D/MediaPlayerService( 5296): disconnect(183) from pid 5296
I/AwesomePlayer( 5296): stop extractor in reset
D/AwesomePlayer( 5296): reset_l
D/MtkOmxAudioDecBase( 5296): SendCommand cmd=OMX_CommandStateSet
D/MtkOmxAudioDecBase( 5296): set MTK_OMX_IDLE_PENDING
D/MtkOmxAudioDecBase( 5296): # Got general command (OMX_CommandStateSet)
D/MtkOmxAudioDecBase( 5296): Request [OMX_StateExecuting]-> [OMX_StateIdle]
D/MtkOmxAudioDecBase( 5296): FlushInputPort -> mNumPendingInput(0)
D/MtkOmxAudioDecBase( 5296): -FlushInputPort
D/MtkOmxAudioDecBase( 5296): FlushOutputPort -> mNumPendingOutput(0)
D/MtkOmxAudioDecBase( 5296): -FlushOutputPort -> mNumPendingOutput(0)
D/MtkOmxVorbisDec( 5296): DeinitAudioDecoder(Vorbis)
D/MtkOmxAudioDecBase( 5296): SendCommand cmd=OMX_CommandStateSet
D/MtkOmxAudioDecBase( 5296): set MTK_OMX_LOADED_PENDING
D/MtkOmxAudioDecBase( 5296): # Got general command (OMX_CommandStateSet)
D/MtkOmxAudioDecBase( 5296): FreeBuffer input (0x425D8CB8)
D/MtkOmxAudioDecBase( 5296): Request [OMX_StateIdle]-> [OMX_StateLoaded]
D/MtkOmxAudioDecBase( 5296): wait on mInPortFreeDoneSem(0), mOutPortFreeDoneSem(0)
D/MtkOmxAudioDecBase( 5296): FreeBuffer input (0x42A179E8)
D/MtkOmxAudioDecBase( 5296): FreeBuffer input (0x42A35508)
D/MtkOmxAudioDecBase( 5296): FreeBuffer input (0x42A35428)
D/MtkOmxAudioDecBase( 5296): FreeBuffer input (0x42806E40)
D/MtkOmxAudioDecBase( 5296): FreeBuffer all input buffers have been freed!!! signal mInPortFreeDoneSem(1)
D/MtkOmxAudioDecBase( 5296): FreeBuffer output (0x42A27308)
D/MtkOmxAudioDecBase( 5296): FreeBuffer output (0x42914AB0)
D/MtkOmxAudioDecBase( 5296): FreeBuffer output (0x42A17700)
D/MtkOmxAudioDecBase( 5296): FreeBuffer output (0x42806ED8)
D/MtkOmxAudioDecBase( 5296): FreeBuffer all output buffers have been freed!!! signal mOutPortFreeDoneSem(1)
D/MtkOmxAudioDecBase( 5296): GetState (mState=OMX_StateLoaded)
D/MtkOmxCore( 5296): Mtk_OMX_FreeHandle
D/MtkOmxAudioDecBase( 5296): +ComponentDeInit
D/MtkOmxAudioDecBase( 5296): MtkOmxAudioDecodeThread terminated pOmxAudioDec=0x42A207F0
D/MtkOmxAudioDecBase( 5296): MtkOmxAudioCommandThread terminated
D/MtkOmxAudioDecBase( 5296): -ComponentDeInit
D/MtkOmxVorbisDec( 5296): ~MtkOmxVorbisDec this= 0x42A207F0
D/MtkOmxAudioDecBase( 5296): ~MtkOmxAudioDecBase this= 0x42A207F0
D/MtkOmxCore( 5296): free_inst_handle dlclose(0x400C4A68), free(0x42A207F4)
D/OMX ( 5296): @@ OMX::CbDisp(0x43C46DF8)::loop(26078) terminated
D/OMX ( 5296): @@ OMX::CbDisp::CbDisp(0x43C46DF8), tid(11305), WOULD_BLOCK(0)
D/OMXCodec( 5296): !@@!>> destroy tid (11305)
I/AwesomePlayer( 5296): set flag for stopped
D/AwesomePlayer( 5296): reset_l
I/AwesomePlayer( 5296): set flag for stopped
D/AwesomePlayer( 5296): reset_l
D/AudioSink( 5296): close
D/MediaPlayerService( 5296): disconnect(183) from pid 5296
D/MediaPlayerService( 5296): [183]~Client
D/AudioFlinger( 5296): releasing 206 from 5296
W/AudioFlinger( 5296): session id 206 not found for pid 5296
D/CameraService( 5296): CameraService::removeClient E (pid 5296)
D/CameraService( 5296): CameraService::removeClient X (pid 5296)
D/IPCThreadState( 5296): [DN #5] BR_CLEAR_DEATH_NOTIFICATION_DONE cookie 0x42a35e30
D/AEE/AED (26090): all finished dumping /sdcard/mtklog/aee_exp/db.04.
D/AEE/AED ( 126): $===AEE===AEE===AEE===$
D/AEE/AED ( 126): p 0 poll events 1 revents 0
D/AEE/AED ( 126): not know revents:0
D/AEE/AED ( 126): p 1 poll events 1 revents 0
D/AEE/AED ( 126): not know revents:0
D/AEE/AED ( 126): p 2 poll events 1 revents 0
D/AEE/AED ( 126): not know revents:0
D/AEE/AED ( 126): p 3 poll events 1 revents 0
D/AEE/AED ( 126): not know revents:0
D/AEE/AED ( 126): p 4 poll events 1 revents 0
D/AEE/AED ( 126): not know revents:0
D/Launcher.Model( 5877): onReceive intent=Intent { act=android.intent.action.CONFIGURATION_CHANGED flg=0x60000010 }
D/Launcher( 5877): Launcher, notifyOrientationChanged: mOrientationChanged = true, mPaused = true
D/Launcher.Model( 5877): onReceive intent=Intent { act=android.intent.action.CONFIGURATION_CHANGED flg=0x60000010 }
D/Launcher( 5877): Launcher, notifyOrientationChanged: mOrientationChanged = true, mPaused = true
D/OpenGLRenderer( 5719): Flushing caches (mode 0)
D/PhoneGlobals( 5783): updateProximitySensorMode: state = IDLE
D/KeyguardUpdateMonitor( 5535): received broadcast android.intent.action.CONFIGURATION_CHANGED
V/ActivityManager( 5535): Binding process pid 26148 to record ProcessRecord{42ce3f68 26148:org.opencv.samples.NativeActivity/u0a10134}
V/ActivityManager( 5535): New death recipient com.android.server.am.ActivityManagerService$AppDeathRecipient@430e5908 for thread android.os.BinderProxy@42f9dd68
V/ActivityManager( 5535): New app record ProcessRecord{42ce3f68 26148:org.opencv.samples.NativeActivity/u0a10134} thread=android.os.BinderProxy@42f9dd68 pid=26148
D/InputReader( 5535): InputReader:: getSwitchState lock
D/InputReader( 5535): InputReader::getStateLocked:: return
V/ActivityManager( 5535): ACT-Launching: ActivityRecord{426a6c80 u0 org.opencv.samples.NativeActivity/.CvNativeActivity}
D/NetworkPolicy( 5535): onRecv: MSG_FOREGROUND_ACTIVITIES_CHANGED pid:uid:act=26148:10134:true
V/NetworkStats( 5535): setKernelCounterSet uid=10134 set=1
D/ConnectivityService( 5535): onUidRulesChanged(uid=10134, uidRules=0)
D/NetworkControllerGemini( 5719): onReceive, intent action is android.intent.action.CONFIGURATION_CHANGED
D/NetworkControllerGemini( 5719): refreshViews(0), DataConnected=false simColorId = 0
D/SignalClusterViewGemini( 5719): setShowSimIndicator(0), showSimIndicator=false simIndicatorResource = 0
D/SignalClusterViewGemini( 5719): setDataConnected(0), dataConnected=false
D/SignalClusterViewGemini( 5719): setDataNetType3G(0), dataNetType=Type_3G
D/skia ( 5719): Flag is not 10
V/Keyboard( 5797): keyboard's display metrics:DisplayMetrics{density=3.0, width=1080, height=1920, scaledDensity=2.6999998, xdpi=480.0, ydpi=480.0}, mDisplayWidth=1080
D/dalvikvm(26148): open_cached_dex_file : /data/app/org.opencv.samples.NativeActivity-2.apk /data/dalvik-cache/data@app@org.opencv.samples.NativeActivity-2.apk@classes.dex
D/skia ( 5719): Flag is not 10
D/SignalClusterViewGemini( 5719): apply : mShowSimIndicator = false mSimIndicatorResource = 0 mShowSimIndicatorGemini = false mSimIndicatorResourceGemini = 0
D/skia ( 5719): Flag is not 10
D/SignalClusterViewGemini( 5719): apply, mMobileVisible=true mMobileActivityId=0 mMobileTypeId=2130837873 mMobileStrengthId[0] = 2130837950 mMobileStrengthId[1] = 0
D/skia ( 5719): Flag is not 10
D/PhoneGlobals( 5783): updateProximitySensorMode: mBeginningCall = false
D/PhoneGlobals( 5783): updateProximitySensorMode: screenOnImmediately = false
D/PhoneGlobals( 5783): updateProximitySensorMode: isRingingWhenActive = false
D/PhoneGlobals( 5783): updateProximitySensorMode: lock already released.
D/ExtensionManager( 5783): PhoneGlobalsBroadcastReceiverExtension()
D/PhonePluginExtensionContainer( 5783): getPhoneGlobalsBroadcastReceiverExtension() D/PhoneGlobalsBroadcastReceiverExtensionContainer( 5783): onReceive(), sub extension list is null, just return
D/PhoneGlobals( 5783): PhoneGlobalsBroadcastReceiver -----action=android.intent.action.CONFIGURATION_CHANGED
D/SignalClusterViewGemini( 5719): isSimInserted(0), SimInserted=true
D/SignalClusterViewGemini( 5719): mDataNetType =Type_3G resId= 0 simColorId = 0
D/SignalClusterViewGemini( 5719): apply, mMobileVisibleGemini=true mMobileActivityIdGemini=0 mMobileTypeIdGemini=0 mMobileStrengthIdGemini[0] = 2130837938 mMobileStrengthIdGemini[1] = 0
D/SignalClusterViewGemini( 5719): isSimInserted(1), SimInserted=true
D/SignalClusterViewGemini( 5719): apply, mMobileVisible=true, mWifiVisible=true, mIsAirplaneMode=false
W/ResourceType( 5719): No package identifier when getting value for resource number 0x00000000
D/SignalClusterViewGemini( 5719): isSimInserted(0), SimInserted=true
D/SignalClusterViewGemini( 5719): isSimInserted(1), SimInserted=true
D/NetworkControllerGemini( 5719): refreshViews(1), DataConnected=false simColorId = 2
D/SignalClusterViewGemini( 5719): setShowSimIndicator(1), showSimIndicator=false simIndicatorResource = 0
D/SignalClusterViewGemini( 5719): setDataConnected(1), dataConnected=false
D/SignalClusterViewGemini( 5719): setDataNetType3G(1), dataNetType=Type_G
D/SignalClusterViewGemini( 5719): apply : mShowSimIndicator = false mSimIndicatorResource = 0 mShowSimIndicatorGemini = false mSimIndicatorResourceGemini = 0
D/SignalClusterViewGemini( 5719): apply, mMobileVisible=true mMobileActivityId=0 mMobileTypeId=2130837873 mMobileStrengthId[0] = 2130837950 mMobileStrengthId[1] = 0
D/SignalClusterViewGemini( 5719): isSimInserted(0), SimInserted=true
D/SignalClusterViewGemini( 5719): mDataNetType =Type_3G resId= 0 simColorId = 0
D/SignalClusterViewGemini( 5719): apply, mMobileVisibleGemini=true mMobileActivityIdGemini=0 mMobileTypeIdGemini=0 mMobileStrengthIdGemini[0] = 2130837938 mMobileStrengthIdGemini[1] = 0
I/OCVSample::Activity(26148): Instantiated new class org.opencv.samples.NativeActivity.CvNativeActivity
D/SignalClusterViewGemini( 5719): isSimInserted(1), SimInserted=true
D/SignalClusterViewGemini( 5719): apply, mMobileVisible=true, mWifiVisible=true, mIsAirplaneMode=false
W/ResourceType( 5719): No package identifier when getting value for resource number 0x00000000
V/ActivityManager( 5535): Broadcast sticky: Intent { act=android.provider.Telephony.SPN_STRINGS_UPDATED flg=0x10 (has extras) } ordered=false userid=0
D/KeyguardUpdateMonitor( 5535): received broadcast android.provider.Telephony.SPN_STRINGS_UPDATED
D/KeyguardUpdateMonitor( 5535): EXTRA_SHOW_PLMN = TRUE
D/KeyguardUpdateMonitor( 5535): SPN_STRINGS_UPDATED_ACTION, update sim2, plmn=No service, spn=null
D/KeyguardUpdateMonitor( 5535): handleCarrierInfoUpdate: plmn = null, spn = Beeline
D/SignalClusterViewGemini( 5719): isSimInserted(0), SimInserted=true
D/SignalClusterViewGemini( 5719): isSimInserted(1), SimInserted=true
D/skia ( 5797): Flag is not 10
I/OpenCVEngine/Service(25477): Service starting
I/OpenCVEngine/Service(25477): Engine binder component creating
D/OpenCVEngine/JNI(25477): Java_org_opencv_engine_BinderConnector_Init
I/OpenCVEngine/JNI(25477): Creating new component
I/OpenCVEngine/JNI(25477): New component created successfully
I/OpenCVEngine/Service(25477): Service started successfully
D/PhoneStatusBar( 5719): onReceive, action=android.intent.action.CONFIGURATION_CHANGED
D/PhoneStatusBar( 5719): updateResources
I/OpenCVEngine/Service(25477): Service onBind called for intent Intent { act=org.opencv.engine.BIND }
D/skia ( 5797): Flag is not 10
D/skia ( 5797): Flag is not 10
D/skia ( 5797): Flag is not 10
D/skia ( 5719): Flag is not 10
D/skia (26148): Flag is not 10
D/skia ( 5719): Flag is not 10
V/Provider/Settings( 5719): from settings cache , name = vibrate_when_ringing , value = 1
D/skia ( 5719): Flag is not 10
D/skia ( 5719): Flag is not 10
D/PhoneGlobals( 5783): updateProximitySensorMode: state = IDLE
D/PhoneGlobals( 5783): updateProximitySensorMode: mBeginningCall = false
D/PhoneGlobals( 5783): updateProximitySensorMode: screenOnImmediately = false
D/PhoneGlobals( 5783): updateProximitySensorMode: isRingingWhenActive = false
D/PhoneGlobals( 5783): updateProximitySensorMode: lock already released.
D/dalvikvm( 5797): GC_CONCURRENT freed 2074K (6377), 25% free 10082K/13428K, paused 2ms+2ms, total 20ms
D/dalvikvm( 5797): WAIT_FOR_CONCURRENT_GC blocked 13ms
D/ExtensionManager( 5783): PhoneGlobalsBroadcastReceiverExtension()
D/PhonePluginExtensionContainer( 5783): getPhoneGlobalsBroadcastReceiverExtension() D/PhoneGlobalsBroadcastReceiverExtensionContainer( 5783): onReceive(), sub extension list is null, just return
D/PhoneGlobals( 5783): PhoneGlobalsBroadcastReceiver -----action=android.intent.action.CONFIGURATION_CHANGED
D/skia ( 5719): Flag is not 10
I/SurfaceFlinger( 133): EventThread Client Pid (26148) created
V/ActivityManager( 5535): Broadcast sticky: Intent { act=android.provider.Telephony.SPN_STRINGS_UPDATED flg=0x10 (has extras) } ordered=false userid=0
D/KeyguardUpdateMonitor( 5535): received broadcast android.provider.Telephony.SPN_STRINGS_UPDATED
D/ExtensionManager( 5783): PhoneGlobalsBroadcastReceiverExtension()
D/PhonePluginExtensionContainer( 5783): getPhoneGlobalsBroadcastReceiverExtension() D/PhoneGlobalsBroadcastReceiverExtensionContainer( 5783): onReceive(), sub extension list is null, just return
D/PhoneGlobals( 5783): PhoneGlobalsBroadcastReceiver -----action=android.provider.Telephony.SPN_STRINGS_UPDATED
D/KeyguardUpdateMonitor( 5535): EXTRA_SHOW_PLMN = TRUE
D/PhoneGlobals( 5783): [SPN_STRINGS_UPDATED_ACTION]index = 1
D/PhoneGlobals( 5783): [SPN_STRINGS_UPDATED_ACTION]plmn = No service
D/KeyguardUpdateMonitor( 5535): SPN_STRINGS_UPDATED_ACTION, update sim2, plmn=No service, spn=null
D/KeyguardUpdateMonitor( 5535): handleCarrierInfoUpdate: plmn = null, spn = Beeline
D/skia ( 5719): Flag is not 10
D/ExtensionManager( 5783): PhoneGlobalsBroadcastReceiverExtension()
D/PhonePluginExtensionContainer( 5783): getPhoneGlobalsBroadcastReceiverExtension() D/PhoneGlobalsBroadcastReceiverExtensionContainer( 5783): onReceive(), sub extension list is null, just return
D/PhoneGlobals( 5783): PhoneGlobalsBroadcastReceiver -----action=android.provider.Telephony.SPN_STRINGS_UPDATED
D/PhoneGlobals( 5783): [SPN_STRINGS_UPDATED_ACTION]index = 1
D/PhoneGlobals( 5783): [SPN_STRINGS_UPDATED_ACTION]plmn = No service
D/OpenCVManager/Helper(26148): Service connection created
D/OpenCVEngine(25477): OpenCVEngine::OnTransact(1,16)
D/OpenCVEngine(25477): OpenCVEngine OCVE_GET_ENGINE_VERSION request
D/OpenCVEngine(25477): OpenCVEngine::GetVersion()
D/OpenCVManager/Helper(26148): Trying to get library path
D/OpenCVEngine(25477): OpenCVEngine::OnTransact(2,16)
D/OpenCVEngine(25477): OpenCVEngine OCVE_GET_LIB_PATH_BY_VERSION request
D/OpenCVEngine(25477): OpenCVEngine::GetLibPathByVersion(2.4.3)
D/OpenCVEngine(25477): OpenCVEngine::GetLibPathByVersion(2.4.3) impl
D/OpenCVEngine(25477): PackageInfo::PackageInfo: package arch ARMv7
D/JavaBasedPackageManager(25477): JavaBasedPackageManager::GetInstalledPackages() begin
D/skia ( 5719): Flag is not 10
D/skia ( 5797): Flag is not 10
D/skia ( 5719): Flag is not 10
D/skia ( 5719): Flag is not 10
D/skia ( 5797): Flag is not 10
D/skia ( 5719): Flag is not 10
D/skia ( 5797): Flag is not 10
D/skia ( 5719): Flag is not 10
D/skia ( 5797): Flag is not 10
D/skia ( 5719): Flag is not 10
V/Provider/Settings( 5719): from settings cache , name = gravitybox_expanded_desktop_state , value = null
D/skia ( 5719): Flag is not 10
D/skia ( 5719): Flag is not 10
D/skia ( 5719): Flag is not 10
V/Provider/Settings( 5719): from settings cache , name = screen_brightness_mode , value = 0
D/skia ( 5797): Flag is not 10
D/skia ( 5797): Flag is not 10
D/skia ( 5719): Flag is not 10
V/Provider/Settings( 5719): get setting for user -2 by user 0 so skipping cache
V/SettingsProvider( 5535): access setting for user 0
D/SettingsProvider( 5535): call request for 0
V/SettingsProvider( 5535): call(system:accelerometer_rotation) for 0
D/SettingsProvider( 5535): lookupValue table system cache contains Key accelerometer_rotation , value = Bundle[{value=0}]
V/Provider/Settings( 5719): from db cache, name = accelerometer_rotation , value = 0
I/Provider/Settings( 5719): call-query of user -2 by 0 so not updating cache
D/skia ( 5719): Flag is not 10
D/skia ( 5797): Flag is not 10
D/skia ( 5797): Flag is not 10
D/skia ( 5797): Flag is not 10
D/skia ( 5797): Flag is not 10
D/skia ( 5797): Flag is not 10
D/skia ( 5797): Flag is not 10
D/skia ( 5719): Flag is not 10
D/skia ( 5797): Flag is not 10
D/JavaBasedPackageManager(25477): Package info conversion
D/OpenCVEngine(25477): PackageInfo::PackageInfo("org.opencv.engine", "/data/app-lib/org.opencv.engine-1", "2.16")
D/OpenCVEngine(25477): Trying to load info library "/data/app-lib/org.opencv.engine-1/libopencv_info.so"
I/OpenCVEngine(25477): OpenCV package "org.opencv.lib_v24_armv5" revision "8.0.1" found
D/skia ( 5797): Flag is not 10
D/OpenCVEngine(25477): PackageInfo::PackageInfo("org.opencv.lib_v24_armv7a", "/data/app-lib/org.opencv.lib_v24_armv7a-1", "8.0.1")
D/JavaBasedPackageManager(25477): JavaBasedPackageManager::GetInstalledPackages() end
D/CommonPackageManager(25477): Check version "2040300" compatibility with "2040800"
D/CommonPackageManager(25477): Compatible
D/CommonPackageManager(25477): Check version "2040300" compatibility with "2040800"
D/CommonPackageManager(25477): Compatible
D/CommonPackageManager(25477): !!! Calculating rating for ARM
D/CommonPackageManager(25477): Checking (0, 67108864) against (0,268435470)
D/CommonPackageManager(25477): Checking (0, 134217728) against (0,268435470)
D/CommonPackageManager(25477): Checking (0, 134217729) against (0,268435470)
D/CommonPackageManager(25477): Checking (0, 134217730) against (0,268435470)
D/CommonPackageManager(25477): Checking (0, 134217731) against (0,268435470)
D/CommonPackageManager(25477): Checking (0, 268435456) against (0,268435470)
D/CommonPackageManager(25477): Checking (0, 268435457) against (0,268435470)
D/CommonPackageManager(25477): Checking (2, 268435457) against (0,268435470)
D/CommonPackageManager(25477): Checking (0, 268435458) against (0,268435470)
D/CommonPackageManager(25477): Checking (0, 268435459) against (0,268435470)
D/CommonPackageManager(25477): Checking (0, 268435464) against (0,268435470)
D/CommonPackageManager(25477): Checking (0, 268435465) against (0,268435470)
D/CommonPackageManager(25477): Checking (0, 268435466) against (0,268435470)
D/CommonPackageManager(25477): Checking (0, 268435467) against (0,268435470)
D/CommonPackageManager(25477): Checking (0, 268435468) against (0,268435470)
D/CommonPackageManager(25477): Checking (0, 268435470) against (0,268435470)
D/CommonPackageManager(25477): Rating found: 15
D/CommonPackageManager(25477): Current hardware platform rating 15 for (0,268435470)
D/CommonPackageManager(25477): !!! Calculating rating for ARM
D/CommonPackageManager(25477): Checking (0, 67108864) against (0,67108864)
D/CommonPackageManager(25477): Rating found: 0
D/CommonPackageManager(25477): Package "org.opencv.lib_v24_armv5" rating 0 for (0,67108864)
D/CommonPackageManager(25477): !!! Calculating rating for ARM
D/CommonPackageManager(25477): Checking (0, 67108864) against (0,268435456)
D/CommonPackageManager(25477): Checking (0, 134217728) against (0,268435456)
D/CommonPackageManager(25477): Checking (0, 134217729) against (0,268435456)
D/CommonPackageManager(25477): Checking (0, 134217730) against (0,268435456)
D/CommonPackageManager(25477): Checking (0, 134217731) against (0,268435456)
D/CommonPackageManager(25477): Checking (0, 268435456) against (0,268435456)
D/CommonPackageManager(25477): Rating found: 5
D/CommonPackageManager(25477): Package "org.opencv.lib_v24_armv7a" rating 5 for (0,268435456)
D/OpenCVEngine(25477): Fixing permissions for folder: "/data/app-lib/org.opencv.lib_v24_armv7a-1"
D/OpenCVEngine(25477): Fix permissions for "."
D/OpenCVEngine(25477): Fix permissions for ".."
D/OpenCVEngine(25477): Fix permissions for "libopencv_java.so"
D/OpenCVEngine(25477): Fix permissions for "libnative_camera_r4.4.0.so"
D/OpenCVEngine(25477): Fix permissions for "libnative_camera_r2.3.3.so"
D/OpenCVEngine(25477): Fix permissions for "libnative_camera_r4.2.0.so"
D/OpenCVEngine(25477): Fix permissions for "libnative_camera_r4.3.0.so"
D/OpenCVEngine(25477): Fix permissions for "libnative_camera_r2.2.0.so"
D/OpenCVEngine(25477): Fix permissions for "libnative_camera_r4.0.0.so"
D/OpenCVEngine(25477): Fix permissions for "libnative_camera_r4.0.3.so"
D/OpenCVEngine(25477): Fix permissions for "libnative_camera_r4.1.1.so"
D/OpenCVEngine(25477): Fix permissions for "libnative_camera_r3.0.1.so"
D/skia ( 5797): Flag is not 10
D/OpenCVManager/Helper(26148): Trying to get library list
D/OpenCVEngine(25477): OpenCVEngine::OnTransact(4,16)
D/OpenCVEngine(25477): OpenCVEngine OCVE_GET_LIB_LIST request
D/OpenCVEngine(25477): OpenCVEngine::GetLibraryList(2.4.3)
D/OpenCVEngine(25477): PackageInfo::PackageInfo: package arch ARMv7
D/JavaBasedPackageManager(25477): JavaBasedPackageManager::GetInstalledPackages() begin
D/skia ( 5797): Flag is not 10
D/skia ( 5797): Flag is not 10
D/skia ( 5797): Flag is not 10
D/PowerUI ( 5719): action = android.intent.action.CONFIGURATION_CHANGED
D/Clock ( 5719): action =android.intent.action.CONFIGURATION_CHANGED
V/Provider/Settings( 5719): from settings cache , name = time_12_24 , value = 24
V/Provider/Settings( 5719): from settings cache , name = time_12_24 , value = 24
D/skia ( 5797): Flag is not 10
D/dalvikvm(25477): GC_CONCURRENT freed 1213K (20463), 21% free 6191K/7800K, paused 2ms+2ms, total 19ms
D/skia ( 5797): Flag is not 10
D/InputReader( 5535): AP_PROF:AppLaunch_dispatchPtr:Down:10889537
I/AP_PROF ( 5535): unable to open /proc/mtprof/status entry
D/Clock ( 5719): action =android.intent.action.CONFIGURATION_CHANGED
V/Provider/Settings( 5719): from settings cache , name = time_12_24 , value = 24
V/Provider/Settings( 5719): from settings cache , name = time_12_24 , value = 24
V/Provider/Settings( 5719): from settings cache , name = time_12_24 , value = 24
V/Provider/Settings( 5719): from settings cache , name = time_12_24 , value = 24
V/Provider/Settings( 5719): from settings cache , name = time_12_24 , value = 24
V/Provider/Settings( 5719): from settings cache , name = time_12_24 , value = 24
D/ContactsProvider(25953): query process pond for dialer search: content://com.android.contacts/profile
D/ContactsProvider(25953): revised match: 19000
D/JavaBasedPackageManager(25477): Package info conversion
D/OpenCVEngine(25477): PackageInfo::PackageInfo("org.opencv.engine", "/data/app-lib/org.opencv.engine-1", "2.16")
D/OpenCVEngine(25477): Trying to load info library "/data/app-lib/org.opencv.engine-1/libopencv_info.so"
I/OpenCVEngine(25477): OpenCV package "org.opencv.lib_v24_armv5" revision "8.0.1" found
D/OpenCVEngine(25477): PackageInfo::PackageInfo("org.opencv.lib_v24_armv7a", "/data/app-lib/org.opencv.lib_v24_armv7a-1", "8.0.1")
D/JavaBasedPackageManager(25477): JavaBasedPackageManager::GetInstalledPackages() end
D/CommonPackageManager(25477): Check version "2040300" compatibility with "2040800"
D/CommonPackageManager(25477): Compatible
D/CommonPackageManager(25477): Check version "2040300" compatibility with "2040800"
D/CommonPackageManager(25477): Compatible
D/CommonPackageManager(25477): !!! Calculating rating for ARM
D/CommonPackageManager(25477): Checking (0, 67108864) against (0,268435470)
D/CommonPackageManager(25477): Checking (0, 134217728) against (0,268435470)
D/CommonPackageManager(25477): Checking (0, 134217729) against (0,268435470)
D/CommonPackageManager(25477): Checking (0, 134217730) against (0,268435470)
D/CommonPackageManager(25477): Checking (0, 134217731) against (0,268435470)
D/CommonPackageManager(25477): Checking (0, 268435456) against (0,268435470)
D/CommonPackageManager(25477): Checking (0, 268435457) against (0,268435470)
D/CommonPackageManager(25477): Checking (2, 268435457) against (0,268435470)
D/CommonPackageManager(25477): Checking (0, 268435458) against (0,268435470)
D/CommonPackageManager(25477): Checking (0, 268435459) against (0,268435470)
D/CommonPackageManager(25477): Checking (0, 268435464) against (0,268435470)
D/CommonPackageManager(25477): Checking (0, 268435465) against (0,268435470)
D/CommonPackageManager(25477): Checking (0, 268435466) against (0,268435470)
D/CommonPackageManager(25477): Checking (0, 268435467) against (0,268435470)
D/CommonPackageManager(25477): Checking (0, 268435468) against (0,268435470)
D/CommonPackageManager(25477): Checking (0, 268435470) against (0,268435470)
D/CommonPackageManager(25477): Rating found: 15
D/CommonPackageManager(25477): Current hardware platform rating 15 for (0,268435470)
D/CommonPackageManager(25477): !!! Calculating rating for ARM
D/CommonPackageManager(25477): Checking (0, 67108864) against (0,67108864)
D/CommonPackageManager(25477): Rating found: 0
D/CommonPackageManager(25477): Package "org.opencv.lib_v24_armv5" rating 0 for (0,67108864)
D/CommonPackageManager(25477): !!! Calculating rating for ARM
D/CommonPackageManager(25477): Checking (0, 67108864) against (0,268435456)
D/CommonPackageManager(25477): Checking (0, 134217728) against (0,268435456)
D/CommonPackageManager(25477): Checking (0, 134217729) against (0,268435456)
D/CommonPackageManager(25477): Checking (0, 134217730) against (0,268435456)
D/CommonPackageManager(25477): Checking (0, 134217731) against (0,268435456)
D/CommonPackageManager(25477): Checking (0, 268435456) against (0,268435456)
D/CommonPackageManager(25477): Rating found: 5
D/CommonPackageManager(25477): Package "org.opencv.lib_v24_armv7a" rating 5 for (0,268435456)
D/OpenCVEngine(25477): Trying to load info library "/data/app-lib/org.opencv.lib_v24_armv7a-1/libopencv_info.so"
I/OpenCVEngine(25477): Info library not found in package
D/OpenGLRenderer( 5719): Flushing caches (mode 0)
D/OpenCVManager/Helper(26148): Library list: ""
D/OpenCVManager/Helper(26148): First attempt to load libs
D/OpenCVManager/Helper(26148): Trying to init OpenCV libs
D/OpenCVManager/Helper(26148): Trying to load library /data/app-lib/org.opencv.lib_v24_armv7a-1/libopencv_java.so
D/dalvikvm(26148): Trying to load lib /data/app-lib/org.opencv.lib_v24_armv7a-1/libopencv_java.so 0x4231fb78
D/NetworkControllerGemini( 5719): onReceive, intent action is android.intent.action.CONFIGURATION_CHANGED
D/NetworkControllerGemini( 5719): refreshViews(0), DataConnected=false simColorId = 0
D/SignalClusterViewGemini( 5719): setShowSimIndicator(0), showSimIndicator=false simIndicatorResource = 0
D/SignalClusterViewGemini( 5719): setDataConnected(0), dataConnected=false
D/SignalClusterViewGemini( 5719): setDataNetType3G(0), dataNetType=Type_3G
D/skia ( 5719): Flag is not 10
D/skia ( 5719): Flag is not 10
D/SignalClusterViewGemini( 5719): apply : mShowSimIndicator = false mSimIndicatorResource = 0 mShowSimIndicatorGemini = false mSimIndicatorResourceGemini = 0
D/skia ( 5719): Flag is not 10
D/SignalClusterViewGemini( 5719): apply, mMobileVisible=true mMobileActivityId=0 mMobileTypeId=2130837873 mMobileStrengthId[0] = 2130837950 mMobileStrengthId[1] = 0
D/skia ( 5719): Flag is not 10
D/SignalClusterViewGemini( 5719): isSimInserted(0), SimInserted=true
V/Provider/Settings( 5797): from settings cache , name = fancy_ime_animations , value = null
D/SignalClusterViewGemini( 5719): mDataNetType =Type_3G resId= 0 simColorId = 0
D/SignalClusterViewGemini( 5719): apply, mMobileVisibleGemini=true mMobileActivityIdGemini=0 mMobileTypeIdGemini=0 mMobileStrengthIdGemini[0] = 2130837938 mMobileStrengthIdGemini[1] = 0
D/SignalClusterViewGemini( 5719): isSimInserted(1), SimInserted=true
D/SignalClusterViewGemini( 5719): apply, mMobileVisible=true, mWifiVisible=true, mIsAirplaneMode=false
I/PCKeyboard( 5797): onConfigurationChanged()
V/Keyboard( 5797): keyboard's display metrics:DisplayMetrics{density=3.0, width=1920, height=1080, scaledDensity=2.6999998, xdpi=480.0, ydpi=480.0}, mDisplayWidth=1920
W/ResourceType( 5719): No package identifier when getting value for resource number 0x00000000
D/SignalClusterViewGemini( 5719): isSimInserted(0), SimInserted=true
D/SignalClusterViewGemini( 5719): isSimInserted(1), SimInserted=true
D/NetworkControllerGemini( 5719): refreshViews(1), DataConnected=false simColorId = 2
D/SignalClusterViewGemini( 5719): setShowSimIndicator(1), showSimIndicator=false simIndicatorResource = 0
D/SignalClusterViewGemini( 5719): setDataConnected(1), dataConnected=false
D/SignalClusterViewGemini( 5719): setDataNetType3G(1), dataNetType=Type_G
D/SignalClusterViewGemini( 5719): apply : mShowSimIndicator = false mSimIndicatorResource = 0 mShowSimIndicatorGemini = false mSimIndicatorResourceGemini = 0
D/SignalClusterViewGemini( 5719): apply, mMobileVisible=true mMobileActivityId=0 mMobileTypeId=2130837873 mMobileStrengthId[0] = 2130837950 mMobileStrengthId[1] = 0
D/SignalClusterViewGemini( 5719): isSimInserted(0), SimInserted=true
D/SignalClusterViewGemini( 5719): mDataNetType =Type_3G resId= 0 simColorId = 0
D/SignalClusterViewGemini( 5719): apply, mMobileVisibleGemini=true mMobileActivityIdGemini=0 mMobileTypeIdGemini=0 mMobileStrengthIdGemini[0] = 2130837938 mMobileStrengthIdGemini[1] = 0
D/SignalClusterViewGemini( 5719): isSimInserted(1), SimInserted=true
D/SignalClusterViewGemini( 5719): apply, mMobileVisible=true, mWifiVisible=true, mIsAirplaneMode=false
W/ResourceType( 5719): No package identifier when getting value for resource number 0x00000000
D/SignalClusterViewGemini( 5719): isSimInserted(0), SimInserted=true
D/InputReader( 5535): AP_PROF:AppLaunch_dispatchPtr:Up:10889565
D/SignalClusterViewGemini( 5719): isSimInserted(1), SimInserted=true
D/PhoneStatusBar( 5719): onReceive, action=android.intent.action.CONFIGURATION_CHANGED
D/PhoneStatusBar( 5719): updateResources
D/skia ( 5719): Flag is not 10
D/skia ( 5719): Flag is not 10
V/Provider/Settings( 5719): from settings cache , name = vibrate_when_ringing , value = 1
D/skia ( 5719): Flag is not 10
D/skia ( 5719): Flag is not 10
D/skia ( 5719): Flag is not 10
D/QuickSettings( 5719): current user is owner.
D/skia ( 5719): Flag is not 10
D/IPCThreadState(25953): [DN #5] BR_CLEAR_DEATH_NOTIFICATION_DONE cookie 0x5e0130b8
D/skia ( 5719): Flag is not 10
D/IPCThreadState( 5535): [DN #5] BR_CLEAR_DEATH_NOTIFICATION_DONE cookie 0x65c8e4e0
D/skia ( 5719): Flag is not 10
D/dalvikvm( 5797): GC_CONCURRENT freed 2116K (7947), 26% free 9945K/13428K, paused 2ms+2ms, total 19ms
D/skia ( 5719): Flag is not 10
D/skia ( 5719): Flag is not 10
D/skia ( 5797): Flag is not 10
D/skia ( 5797): Flag is not 10
D/dalvikvm(26148): Added shared lib /data/app-lib/org.opencv.lib_v24_armv7a-1/libopencv_java.so 0x4231fb78
D/OpenCVManager/Helper(26148): OpenCV libs init was ok!
D/OpenCVManager/Helper(26148): First attempt to load libs is OK
I/OpenCVManager/Helper(26148): General configuration for OpenCV 2.4.8 =====================================
I/OpenCVManager/Helper(26148): Version control: 2.4.8
I/OpenCVManager/Helper(26148): Platform:
I/OpenCVManager/Helper(26148): Host: Linux 3.2.0-56-generic x86_64
I/OpenCVManager/Helper(26148): Target: Linux 1 armv7-a
I/OpenCVManager/Helper(26148): CMake: 2.8.12
I/OpenCVManager/Helper(26148): CMake generator: Ninja
I/OpenCVManager/Helper(26148): CMake build tool: /usr/local/bin/ninja
I/OpenCVManager/Helper(26148): Configuration: Release
I/OpenCVManager/Helper(26148): C/C++:
I/OpenCVManager/Helper(26148): Built as dynamic libs?: NO
I/OpenCVManager/Helper(26148): C++ Compiler: /opt/android-ndk-r8c/toolchains/arm-linux-androideabi-4.6/prebuilt/linux-x86/bin/arm-linux-androideabi-g++ (ver 4.6)
I/OpenCVManager/Helper(26148): C++ flags (Release): -fexceptions -frtti -Wno-psabi --sysroot=/opt/android-ndk-r8c/platforms/android-8/arch-arm -fpic -funwind-tables -finline-limit=64 -fsigned-char -no-canonical-prefixes -march=armv7-a -mfloat-abi=softfp -mfpu=vfpv3-d16 -fdata-sections -ffunction-sections -Wa,--noexecstack -fsigned-char -W -Wall -Werror=return-type -Werror=address -Werror=sequence-point -Wformat -Werror=format-security -Wmissing-declarations -Wundef -Winit-self -Wpointer-arith -Wshadow -Wsign-promo -Wno-narrowing -fdiagnostics-show-option -fomit-frame-pointer -mthumb -fomit-frame-pointer -fno-strict-aliasing -O3 -DNDEBUG -DNDEBUG
I/OpenCVManager/Helper(26148): C++ flags (Debug): -fexceptions -frtti -Wno-psabi --sysroot=/opt/android-ndk-r8c/platforms/android-8/arch-arm -fpic -funwind-tables -finline-limit=64 -fsigned-char -no-canonical-prefixes -march=armv7-a -mfloat-abi=softfp -mfpu=vfpv3-d16 -fdata-sections -ffunction-sections -Wa,--noexecstack -fsigned-char -W -Wall -Werror=return-type -Werror=address -Werror=sequence-point -Wformat -Werror=format-security -Wmissing-declarations -Wundef -Winit-self -Wpointer-arith -Wshadow -Wsign-promo -Wno-narrowing -fdiagnostics-show-option -fomit-frame-pointer -marm -fno-omit-frame-pointer -fno-strict-aliasing -O0 -g -DDEBUG -D_DEBUG -O0 -DDEBUG -D_DEBUG
I/OpenCVManager/Helper(26148): C Compiler: /opt/android-ndk-r8c/toolchains/arm-linux-androideabi-4.6/prebuilt/linux-x86/bin/arm-linux-androideabi-gcc
I/OpenCVManager/Helper(26148): C flags (Release): -fexceptions -Wno-psabi --sysroot=/opt/android-ndk-r8c/platforms/android-8/arch-arm -fpic -funwind-tables -finline-limit=64 -fsigned-char -no-canonical-prefixes -march=armv7-a -mfloat-abi=softfp -mfpu=vfpv3-d16 -fdata-sections -ffunction-sections -Wa,--noexecstack -fsigned-char -W -Wall -Werror=return-type -Werror=address -Werror=sequence-point -Wformat -Werror=format-security -Wmissing-declarations -Wmissing-prototypes -Wstrict-prototypes -Wundef -Winit-self -Wpointer-arith -Wshadow -Wno-narrowing -fdiagnostics-show-option -fomit-frame-pointer -mthumb -fomit-frame-pointer -fno-strict-aliasing -O3 -DNDEBUG -DNDEBUG
I/OpenCVManager/Helper(26148): C flags (Debug): -fexceptions -Wno-psabi --sysroot=/opt/android-ndk-r8c/platforms/android-8/arch-arm -fpic -funwind-tables -finline-limit=64 -fsigned-char -no-canonical-prefixes -march=armv7-a -mfloat-abi=softfp -mfpu=vfpv3-d16 -fdata-sections -ffunction-sections -Wa,--noexecstack -fsigned-char -W -Wall -Werror=return-type -Werror=address -Werror=sequence-point -Wformat -Werror=format-security -Wmissing-declarations -Wmissing-prototypes -Wstrict-prototypes -Wundef -Winit-self -Wpointer-arith -Wshadow -Wno-narrowing -fdiagnostics-show-option -fomit-frame-pointer -marm -fno-omit-frame-pointer -fno-strict-aliasing -O0 -g -DDEBUG -D_DEBUG -O0 -DDEBUG -D_DEBUG
I/OpenCVManager/Helper(26148): Linker flags (Release): -Wl,--fix-cortex-a8 -Wl,--no-undefined -Wl,--gc-sections -fuse-ld=gold -Wl,-z,noexecstack -Wl,-z,relro -Wl,-z,now
I/OpenCVManager/Helper(26148): Linker flags (Debug): -Wl,--fix-cortex-a8 -Wl,--no-undefined -Wl,--gc-sections -fuse-ld=gold -Wl,-z,noexecstack -Wl,-z,relro -Wl,-z,now
I/OpenCVManager/Helper(26148): Precompiled headers: YES
I/OpenCVManager/Helper(26148): OpenCV modules:
I/OpenCVManager/Helper(26148): To be built: core androidcamera flann imgproc highgui features2d calib3d ml objdetect video contrib photo java legacy ocl stitching ts videostab
I/OpenCVManager/Helper(26148): Disabled: gpu world
I/OpenCVManager/Helper(26148): Disabled by dependency: -
I/OpenCVManager/Helper(26148): Unavailable: dynamicuda nonfree python superres
I/OpenCVManager/Helper(26148): Android:
I/OpenCVManager/Helper(26148): Android ABI: armeabi-v7a
I/OpenCVManager/Helper(26148): STL type: gnustl_static
I/OpenCVManager/Helper(26148): Native API level: android-8
I/OpenCVManager/Helper(26148): SDK target: android-11
I/OpenCVManager/Helper(26148): Android NDK: /opt/android-ndk-r8c (toolchain: arm-linux-androideabi-4.6)
I/OpenCVManager/Helper(26148): android tool: /opt/android-sdk-linux/tools/android (Android SDK Tools, revision 22.)
I/OpenCVManager/Helper(26148): Google Play package: YES
I/OpenCVManager/Helper(26148): Android examples: YES
I/OpenCVManager/Helper(26148): GUI:
I/OpenCVManager/Helper(26148): GTK+ 2.x: NO
I/OpenCVManager/Helper(26148): GThread : NO
I/OpenCVManager/Helper(26148): GtkGlExt: NO
I/OpenCVManager/Helper(26148): OpenGL support: NO
I/OpenCVManager/Helper(26148): Media I/O:
I/OpenCVManager/Helper(26148): ZLib: z (ver 1.2.3)
I/OpenCVManager/Helper(26148): JPEG: build (ver 62)
I/OpenCVManager/Helper(26148): PNG: build (ver 1.5.12)
I/OpenCVManager/Helper(26148): TIFF: build (ver 42 - 4.0.2)
I/OpenCVManager/Helper(26148): JPEG 2000: build (ver 1.900.1)
I/OpenCVManager/Helper(26148): OpenEXR: build (ver 1.7.1)
I/OpenCVManager/Helper(26148): Video I/O:
I/OpenCVManager/Helper(26148): AndroidNativeCamera: YES, use prebuilt libraries
I/OpenCVManager/Helper(26148): Other third-party libraries:
I/OpenCVManager/Helper(26148): Use IPP: NO
I/OpenCVManager/Helper(26148): Use Eigen: YES (ver 3.1.2)
I/OpenCVManager/Helper(26148): Use TBB: YES (ver 4.1 interface 6102)
I/OpenCVManager/Helper(26148): Use OpenMP: NO
I/OpenCVManager/Helper(26148): Use GCD NO
I/OpenCVManager/Helper(26148): Use Concurrency NO
I/OpenCVManager/Helper(26148): Use C=: NO
I/OpenCVManager/Helper(26148): Use Cuda: NO
I/OpenCVManager/Helper(26148): Use OpenCL: YES
I/OpenCVManager/Helper(26148): OpenCL:
I/OpenCVManager/Helper(26148): Version: dynamic
I/OpenCVManager/Helper(26148): Include path: /home/reports/ci/slave_desktop/50-SDK/opencv/3rdparty/include/opencl/1.2
I/OpenCVManager/Helper(26148): Use AMD FFT: NO
I/OpenCVManager/Helper(26148): Use AMD BLAS: NO
I/OpenCVManager/Helper(26148): Python:
I/OpenCVManager/Helper(26148): Interpreter: /usr/bin/python2 (ver 2.7.3)
I/OpenCVManager/Helper(26148): Java:
I/OpenCVManager/Helper(26148): ant: /usr/bin/ant (ver 1.8.2)
I/OpenCVManager/Helper(26148): Java tests: NO
I/OpenCVManager/Helper(26148): Documentation:
I/OpenCVManager/Helper(26148): Build Documentation: YES
I/OpenCVManager/Helper(26148): Sphinx: /usr/local/bin/sphinx-build (ver 1.1.3)
I/OpenCVManager/Helper(26148): PdfLaTeX compiler: /usr/bin/pdflatex
I/OpenCVManager/Helper(26148): Tests and samples:
I/OpenCVManager/Helper(26148): Tests: NO
I/OpenCVManager/Helper(26148): Performance tests: NO
I/OpenCVManager/Helper(26148): C/C++ Examples: NO
I/OpenCVManager/Helper(26148): Install path: /home/reports/ci/slave_desktop/50-SDK/build/builds/o4a/install
I/OpenCVManager/Helper(26148): cvconfig.h is in: /home/reports/ci/slave_desktop/50-SDK/build/builds/o4a
I/OpenCVManager/Helper(26148): -----------------------------------------------------------------
D/OpenCVManager/Helper(26148): Init finished with status 0
D/OpenCVManager/Helper(26148): Unbind from service
D/IPCThreadState(26148): [DN #5] BR_CLEAR_DEATH_NOTIFICATION_DONE cookie 0x5d211410
D/OpenCVManager/Helper(26148): Calling using callback
I/OpenCVEngine/Service(25477): Service onUnbind called for intent Intent { act=org.opencv.engine.BIND }
I/OCVSample::Activity(26148): OpenCV loaded successfully
D/dalvikvm(26148): Trying to load lib /data/app-lib/org.opencv.samples.NativeActivity-2/libnative_activity.so 0x4231fb78
D/skia ( 5797): Flag is not 10
D/skia ( 5797): Flag is not 10
D/dalvikvm(26148): Added shared lib /data/app-lib/org.opencv.samples.NativeActivity-2/libnative_activity.so 0x4231fb78
D/dalvikvm(26148): No JNI_OnLoad found in /data/app-lib/org.opencv.samples.NativeActivity-2/libnative_activity.so 0x4231fb78, skipping init
I/ActivityManager( 5535): START u0 {cmp=org.opencv.samples.NativeActivity/android.app.NativeActivity} from pid 26148
D/skia ( 5797): Flag is not 10
D/skia ( 5797): Flag is not 10
D/skia ( 5797): Flag is not 10
D/skia ( 5797): Flag is not 10
D/skia ( 5797): Flag is not 10
D/skia ( 5797): Flag is not 10
D/skia ( 5797): Flag is not 10
D/skia ( 5797): Flag is not 10
D/skia ( 5797): Flag is not 10
D/skia ( 5797): Flag is not 10
D/skia ( 5797): Flag is not 10
D/skia ( 5797): Flag is not 10
D/skia ( 5797): Flag is not 10
D/skia ( 5797): Flag is not 10
D/skia ( 5797): Flag is not 10
D/skia ( 5797): Flag is not 10
D/dalvikvm( 5719): GC_CONCURRENT freed 23828K (76927), 48% free 46620K/88132K, paused 3ms+7ms, total 48ms
D/dalvikvm( 5719): WAIT_FOR_CONCURRENT_GC blocked 43ms
D/skia ( 5797): Flag is not 10
D/skia ( 5719): Flag is not 10
D/skia ( 5797): Flag is not 10
D/skia ( 5719): Flag is not 10
V/Provider/Settings( 5719): from settings cache , name = gravitybox_expanded_desktop_state , value = null
D/skia ( 5719): Flag is not 10
D/skia ( 5719): Flag is not 10
D/skia ( 5719): Flag is not 10
V/Provider/Settings( 5719): from settings cache , name = screen_brightness_mode , value = 0
D/skia ( 5719): Flag is not 10
V/Provider/Settings( 5719): get setting for user -2 by user 0 so skipping cache
V/SettingsProvider( 5535): access setting for user 0
D/SettingsProvider( 5535): call request for 0
V/SettingsProvider( 5535): call(system:accelerometer_rotation) for 0
D/SettingsProvider( 5535): lookupValue table system cache contains Key accelerometer_rotation , value = Bundle[{value=0}]
V/Provider/Settings( 5719): from db cache, name = accelerometer_rotation , value = 0
I/Provider/Settings( 5719): call-query of user -2 by 0 so not updating cache
D/skia ( 5719): Flag is not 10
V/Provider/Settings( 5797): from settings cache , name = fancy_ime_animations , value = null
D/PowerManagerService( 5535): acquireWakeLockInternal: lock=1111143720, flags=0x1, tag="ActivityManager-Launch", ws=null, uid=1000, pid=5535
D/PowerManagerService( 5535): updateWakeLockSummaryLocked: mWakefulness=Awake, mWakeLockSummary=0x1
D/PowerManagerService( 5535): newScreenState = 2
D/PowerManagerDisplayController( 5535): requestPowerState: screenState=2, useProximitySensor=false, screenBrightness=255, screenAutoBrightnessAdjustment=0.0, useAutoBrightness=false, useEcoBrightness=false, blockScreenOn=false, waitForNegativeProximity=false
I/PowerManagerService( 5535): setBrightness mButtonLight 0.
D/PowerManagerService( 5535): updateScreenStateLocked: mDisplayReady=true, newScreenState=2, mWakefulness=1, mWakeLockSummary=0x1, mUserActivitySummary=0x1, mBootCompleted=true
D/PowerManagerService( 5535): handleSandman: canDream=true, mWakefulness=Awake
D/dalvikvm( 5797): GC_CONCURRENT freed 2025K (5587), 27% free 9876K/13428K, paused 1ms+1ms, total 16ms
D/skia ( 5719): Flag is not 10
I/BufferQueue( 133): [unnamed-133-725](this:0x43523f10,api:0) BufferQueue
I/BufferQueue( 133): [unnamed-133-725](this:0x43523f10,api:0) consumerConnect
I/BufferQueue( 133): [unnamed-133-725](this:0x43523f10,api:0) setConsumerName: unnamed-133-725
I/SurfaceTexture( 133): [unnamed-133-725](this:0x43524948,api:0) SurfaceTexture
I/BufferQueue( 133): [unnamed-133-725](this:0x43523f10,api:0) setSynchronousMode: enabled=1
I/BufferQueue( 133): [unnamed-133-725](this:0x43523f10,api:0) setDefaultBufferSize: w=1, h=1
I/BufferQueue( 133): [org.opencv.samples.NativeActivity/org.opencv.samples.NativeActivity.CvNativeActivity](this:0x43523f10,api:0) setConsumerName: org.opencv.samples.NativeActivity/org.opencv.samples.NativeActivity.CvNativeActivity
V/WindowManager( 5535): Changing focus from null to Window{42b6ef90 u0 org.opencv.samples.NativeActivity/org.opencv.samples.NativeActivity.CvNativeActivity}
D/ContactsProvider(25953): query process pond for dialer search: content://com.android.contacts/profile
D/ContactsProvider(25953): revised match: 19000
D/PowerUI ( 5719): action = android.intent.action.CONFIGURATION_CHANGED
D/Clock ( 5719): action =android.intent.action.CONFIGURATION_CHANGED
V/Provider/Settings( 5719): from settings cache , name = time_12_24 , value = 24
V/Provider/Settings( 5719): from settings cache , name = time_12_24 , value = 24
D/QuickSettings( 5719): current user is owner.
D/IPCThreadState(25953): [DN #5] BR_CLEAR_DEATH_NOTIFICATION_DONE cookie 0x5e178ce0
D/Clock ( 5719): action =android.intent.action.CONFIGURATION_CHANGED
V/Provider/Settings( 5719): from settings cache , name = time_12_24 , value = 24
D/IPCThreadState( 5535): [DN #5] BR_CLEAR_DEATH_NOTIFICATION_DONE cookie 0x62fab9a0
V/Provider/Settings( 5719): from settings cache , name = time_12_24 , value = 24
V/Provider/Settings( 5719): from settings cache , name = time_12_24 , value = 24
I/BufferQueue( 133): [org.opencv.samples.NativeActivity/org.opencv.samples.NativeActivity.CvNativeActivity](this:0x43523f10,api:0) setDefaultBufferSize: w=1920, h=1080
V/Provider/Settings( 5719): from settings cache , name = time_12_24 , value = 24
I/SurfaceFlinger( 133): [virtual void android::LayerScreenshot::setGeometry(const android::sp&, android::HWComposer::HWCLayerInterface&)] add:983, count:1
I/SurfaceFlinger( 133): [static bool android::LayerScreenshot::isFrozen()] LayerScreenshot top:983 (orient:0, alpha:255)
D/SurfaceFlinger( 133): Freeze screen...
I/WindowManager( 5535): Gaining focus: Window{42b6ef90 u0 org.opencv.samples.NativeActivity/org.opencv.samples.NativeActivity.CvNativeActivity}
V/Provider/Settings( 5719): from settings cache , name = time_12_24 , value = 24
V/Provider/Settings( 5719): from settings cache , name = time_12_24 , value = 24
D/libEGL (26148): loaded /vendor/lib/egl/libEGL_mtk.so
D/libEGL (26148): loaded /vendor/lib/egl/libGLESv1_CM_mtk.so
D/libEGL (26148): loaded /vendor/lib/egl/libGLESv2_mtk.so
I/BufferQueue( 133): [org.opencv.samples.NativeActivity/org.opencv.samples.NativeActivity.CvNativeActivity](this:0x43523f10,api:0) connect: api=1
I/BufferQueue( 133): [org.opencv.samples.NativeActivity/org.opencv.samples.NativeActivity.CvNativeActivity](this:0x43523f10,api:1) setSynchronousMode: enabled=1
I/BufferQueue( 133): [org.opencv.samples.NativeActivity/org.opencv.samples.NativeActivity.CvNativeActivity](this:0x43523f10,api:1) setSynchronousMode: enabled=1
I/BufferQueue( 133): [org.opencv.samples.NativeActivity/org.opencv.samples.NativeActivity.CvNativeActivity](this:0x43523f10,api:1) new GraphicBuffer needed
D/BufferQueue( 133): [OLD] gb:NULL
I/SurfaceTextureClient( 5719): [STC::queueBuffer] (this:0x5dd8ce08) fps:1.43, dur:1398.00, max:900.79, min:497.22
I/BufferQueue( 133): [StatusBar](this:0x43515e58,api:1) [queue] fps:1.43, dur:1397.42, max:900.94, min:496.48
I/GraphicBuffer( 133): allocate buffer (w:1088 h:1920 f:5) err(0)
I/BufferQueue( 133): [NEW] gb=0x4351a658, handle=0x43239d98, w=1080, h=1920, s=1088, fmt=5
I/BufferQueue( 133): [StatusBar](this:0x43515e58,api:1) [release] fps:1.44, dur:1389.38, max:891.99, min:497.38
I/SurfaceFlinger( 133): [virtual void android::LayerScreenshot::setGeometry(const android::sp&, android::HWComposer::HWCLayerInterface&)] add:983, count:1
I/SurfaceFlinger( 133): [static bool android::LayerScreenshot::isFrozen()] LayerScreenshot top:983 (orient:0, alpha:255)
D/SurfaceFlinger( 133): Freeze screen...
D/NetworkControllerGemini( 5719): onReceive, intent action is android.provider.Telephony.SPN_STRINGS_UPDATED
D/NetworkControllerGemini( 5719): updateNetworkName(1), showSpn=false spn=null showPlmn=true plmn=No service
D/NetworkControllerGemini( 5719): updateNetworkName(1), mNetworkNameGemini=No service
D/NetworkControllerGemini( 5719): refreshViews(1), DataConnected=false simColorId = 2
D/SignalClusterViewGemini( 5719): setShowSimIndicator(1), showSimIndicator=false simIndicatorResource = 0
D/SignalClusterViewGemini( 5719): setDataConnected(1), dataConnected=false
D/SignalClusterViewGemini( 5719): setDataNetType3G(1), dataNetType=Type_G
D/skia ( 5719): Flag is not 10
D/skia ( 5719): Flag is not 10
D/SignalClusterViewGemini( 5719): apply : mShowSimIndicator = false mSimIndicatorResource = 0 mShowSimIndicatorGemini = false mSimIndicatorResourceGemini = 0
D/skia ( 5719): Flag is not 10
D/SignalClusterViewGemini( 5719): apply, mMobileVisible=true mMobileActivityId=0 mMobileTypeId=2130837873 mMobileStrengthId[0] = 2130837950 mMobileStrengthId[1] = 0
D/skia ( 5719): Flag is not 10
D/SignalClusterViewGemini( 5719): isSimInserted(0), SimInserted=true
D/SignalClusterViewGemini( 5719): mDataNetType =Type_3G resId= 0 simColorId = 0
D/SignalClusterViewGemini( 5719): apply, mMobileVisibleGemini=true mMobileActivityIdGemini=0 mMobileTypeIdGemini=0 mMobileStrengthIdGemini[0] = 2130837938 mMobileStrengthIdGemini[1] = 0
D/SignalClusterViewGemini( 5719): isSimInserted(1), SimInserted=true
D/SignalClusterViewGemini( 5719): apply, mMobileVisible=true, mWifiVisible=true, mIsAirplaneMode=false
W/ResourceType( 5719): No package identifier when getting value for resource number 0x00000000
D/SignalClusterViewGemini( 5719): isSimInserted(0), SimInserted=true
D/SignalClusterViewGemini( 5719): isSimInserted(1), SimInserted=true
D/PhoneStatusBar( 5719): onReceive, action=android.provider.Telephony.SPN_STRINGS_UPDATED
D/CarrierLabelGemini( 5719): updateNetworkName, showSpn=false spn=null showPlmn=true plmn=No service
D/NetworkControllerGemini( 5719): onReceive, intent action is android.provider.Telephony.SPN_STRINGS_UPDATED
D/NetworkControllerGemini( 5719): updateNetworkName(1), showSpn=false spn=null showPlmn=true plmn=No service
D/NetworkControllerGemini( 5719): updateNetworkName(1), mNetworkNameGemini=No service
D/NetworkControllerGemini( 5719): refreshViews(1), DataConnected=false simColorId = 2
D/SignalClusterViewGemini( 5719): setShowSimIndicator(1), showSimIndicator=false simIndicatorResource = 0
D/SignalClusterViewGemini( 5719): setDataConnected(1), dataConnected=false
D/SignalClusterViewGemini( 5719): setDataNetType3G(1), dataNetType=Type_G
D/SignalClusterViewGemini( 5719): apply : mShowSimIndicator = false mSimIndicatorResource = 0 mShowSimIndicatorGemini = false mSimIndicatorResourceGemini = 0
D/SignalClusterViewGemini( 5719): apply, mMobileVisible=true mMobileActivityId=0 mMobileTypeId=2130837873 mMobileStrengthId[0] = 2130837950 mMobileStrengthId[1] = 0
D/SignalClusterViewGemini( 5719): isSimInserted(0), SimInserted=true
D/SignalClusterViewGemini( 5719): mDataNetType =Type_3G resId= 0 simColorId = 0
D/SignalClusterViewGemini( 5719): apply, mMobileVisibleGemini=true mMobileActivityIdGemini=0 mMobileTypeIdGemini=0 mMobileStrengthIdGemini[0] = 2130837938 mMobileStrengthIdGemini[1] = 0
D/SignalClusterViewGemini( 5719): isSimInserted(1), SimInserted=true
D/SignalClusterViewGemini( 5719): apply, mMobileVisible=true, mWifiVisible=true, mIsAirplaneMode=false
