I/hdmi ( 5535): [HDMI] JNI com.mediatek.hdmi.HDMINative.enableHDMIPOWER(0)
D/PowerManagerService( 5535): blankAllDisplays ...
D/PowerManagerService( 5535): blankAllDisplays out ...
D/PowerManagerDisplayState( 5535): mTask: on = false, mActualOn = false, backlight = 0, mActualBacklight = 0
D/PowerManagerDisplayController( 5535): mProximity = -1
D/PowerManagerDisplayController( 5535): setScreenOn true
D/PowerManagerDisplayController( 5535): updatePowerState: mustNotify=true, mScreenOnWasBlocked=false, mElectronBeamOnAnimator=false, mElectronBeamOffAnimator=false, waitUntilClean=true
D/PowerManagerDisplayController( 5535): Display ready!
D/PowerManagerService( 5535): newScreenState = 0
D/PowerManagerDisplayController( 5535): requestPowerState: screenState=0, useProximitySensor=false, screenBrightness=255, screenAutoBrightnessAdjustment=0.0, useAutoBrightness=false, useEcoBrightness=false, blockScreenOn=false, waitForNegativeProximity=false
I/PowerManagerService( 5535): setBrightness mButtonLight 0.
D/PowerManagerService( 5535): updateScreenStateLocked: mDisplayReady=true, newScreenState=0, mWakefulness=0, mWakeLockSummary=0x0, mUserActivitySummary=0x0, mBootCompleted=true
D/PowerManagerNotifier( 5535): onGoToSleepFinished
D/PowerManagerNotifier( 5535): sendNextBroadcast, mBroadcastedPowerState=1, mActualPowerState=2
D/PowerManagerNotifier( 5535): Sending go to sleep broadcast.
D/KeyguardViewMediator( 5535): >>>onScreenTurnedOff(3) ---ScreenOff Before--synchronized (this)
D/KeyguardViewMediator( 5535): onScreenTurnedOff(3) ---ScreenOff mScreenOn = false; Before--boolean lockImmediately
D/PowerManagerService( 5535): updateSuspendBlockerLocked: Releasing suspend blocker.
D/KeyguardViewMediator( 5535): onScreenTurnedOff(3) ---ScreenOff mScreenOn = false; After--boolean lockImmediately=true, mExitSecureCallback=null, mShowing=false
D/SettingsProvider( 5535): call request for 0
V/SettingsProvider( 5535): call(system:screen_off_timeout) for 0
D/SettingsProvider( 5535): lookupValue table system cache contains Key screen_off_timeout , value = Bundle[{value=30000}]
V/Provider/Settings( 5535): from db cache, name = screen_off_timeout , value = 30000
V/Provider/Settings( 5535): from settings cache , name = lock_screen_lock_after_timeout , value = null
D/KeyguardViewMediator( 5535): doKeyguardLaterLocked enter displayTimeout=30000, lockAfterTimeout=5000, policyTimeout=0, timeout=5000
V/AlarmManager( 5535): Native set alarm :Alarm{42f4c0f0 type 2 android}
D/KeyguardViewMediator( 5535): setting alarm to turn off keyguard, seq = 14
D/KeyguardViewMediator( 5535): <<>>onScreenTurnedOn, ---ScreenOn seq = 14seq will be change in synchronized Before--synchronized (this)
D/KeyguardViewMediator( 5535): onScreenTurnedOn, seq = 15
D/KeyguardViewMediator( 5535): notifyScreenOnLocked
V/ActivityManager( 5535): Broadcast: Intent { act=android.intent.action.USER_PRESENT flg=0x28000010 } ordered=false userid=0
D/KeyguardViewMediator( 5535): handleMessage enter msg name=NOTIFY_SCREEN_ON
D/KeyguardViewMediator( 5535): handleNotifyScreenOn
D/KeyguardViewManager( 5535): onScreenTurnedOn()
D/KeyguardViewManager( 5535): onScreenTurnedOn mKeyguardView=null showListener.onShown
I/WindowManager( 5535): Lock screen displayed!
D/PowerManager_performance_N( 5535): mScreenOnListener.
D/PowerManagerService( 5535): Screen on unblocked: mNestCount=0
D/KeyguardViewMediator( 5535): handleMessage exit msg name=NOTIFY_SCREEN_ON
D/ConnectivityService( 5535): getActiveNetworkInfo:NetworkInfo: type: WIFI[], state: CONNECTED/CONNECTED, reason: (unspecified), extra: "ASUS", roaming: false, failover: false, isAvailable: true, simId: 0/10065
D/KeyguardViewMediator( 5535): <<&)]
D/SurfaceTexture( 133): GraphicBuffer: gb=0x43523878 handle=0x43523900
D/SurfaceTexture( 133): EGLImage: dpy=0x1, img=0x4324fff8
I/BufferQueue( 133): [PieTriggerBOTTOM](this:0x4323ead8,api:2) [release] fps:0.01, dur:199373.47, max:199373.47, min:199373.47
V/Provider/Settings( 5719): from settings cache , name = default_input_method , value = org.pocketworkstation.pckeyboard/.LatinIME
V/ActivityManager( 5535): Broadcast: Intent { act=notif_in_use_cancel flg=0x10 } ordered=false userid=0
D/dalvikvm( 5952): threadid=43: interp stack at 0x6041d000
V/Provider/Settings( 5535): from settings cache , name = selected_input_method_subtype , value = -1
D/dalvikvm( 5877): threadid=25: interp stack at 0x5de78000
V/Provider/Settings(25747): from settings cache , name = next_alarm_formatted , value =
D/YouTube (24330): apps.youtube.app.prefetch.g.onReceive:366 Received: android.intent.action.USER_PRESENT
D/PhoneStatusBar( 5719): onReceive, action=android.intent.action.SCREEN_ON
D/dalvikvm(24330): threadid=31: interp stack at 0x5f7f2000
D/DRM/UserPreReceiver(20627): onReceive : USER_PRESENT received.
D/DrmManagerClient(20627): create DrmManagerClient instance & create event threads.
V/DrmManagerClient(20627): create info handler thread.
D/dalvikvm(20627): create interp thread : stack size=32KB
D/dalvikvm(20627): create new thread
D/dalvikvm(20627): new thread created
D/dalvikvm(20627): update thread list
D/dalvikvm(20627): threadid=18: interp stack at 0x5e2b0000
D/dalvikvm(20627): threadid=18: created from interp
D/dalvikvm(20627): start new thread
D/dalvikvm(20627): threadid=18: notify debugger
D/dalvikvm(20627): threadid=18 (DrmManagerClient.InfoHandler): calling run()
V/Provider/Settings( 5535): from settings cache , name = location_providers_allowed , value = network
D/PowerManagerService( 5535): acquireWakeLockInternal: lock=1122868704, flags=0x1, tag="GeofencerStateMachine", ws=null, uid=10014, pid=5892
D/PowerManagerService( 5535): updateWakeLockSummaryLocked: mWakefulness=Awake, mWakeLockSummary=0x1
D/PowerManagerService( 5535): newScreenState = 2
D/PowerManagerDisplayController( 5535): requestPowerState: screenState=2, useProximitySensor=false, screenBrightness=255, screenAutoBrightnessAdjustment=0.0, useAutoBrightness=false, useEcoBrightness=false, blockScreenOn=false, waitForNegativeProximity=false
I/PowerManagerService( 5535): setBrightness mButtonLight 0.
D/PowerManagerService( 5535): updateScreenStateLocked: mDisplayReady=false, newScreenState=2, mWakefulness=1, mWakeLockSummary=0x1, mUserActivitySummary=0x1, mBootCompleted=true
D/PowerManagerService( 5535): releaseWakeLockInternal: lock=1122868704, flags=0x0
D/PowerManagerService( 5535): updateWakeLockSummaryLocked: mWakefulness=Awake, mWakeLockSummary=0x0
D/PowerManagerService( 5535): newScreenState = 2
D/PowerManagerDisplayController( 5535): requestPowerState: screenState=2, useProximitySensor=false, screenBrightness=255, screenAutoBrightnessAdjustment=0.0, useAutoBrightness=false, useEcoBrightness=false, blockScreenOn=false, waitForNegativeProximity=false
I/PowerManagerService( 5535): setBrightness mButtonLight 0.
D/PowerManagerService( 5535): updateScreenStateLocked: mDisplayReady=false, newScreenState=2, mWakefulness=1, mWakeLockSummary=0x0, mUserActivitySummary=0x1, mBootCompleted=true
D/IPCThreadState( 5535): [DN #5] BR_CLEAR_DEATH_NOTIFICATION_DONE cookie 0x5d1e8358
V/DrmManagerClient(20627): create event handler thread.
D/dalvikvm(20627): create interp thread : stack size=32KB
D/dalvikvm(20627): create new thread
D/dalvikvm(20627): new thread created
D/dalvikvm(20627): update thread list
D/dalvikvm(20627): threadid=25: interp stack at 0x5e2b8000
D/dalvikvm(20627): threadid=25: created from interp
D/dalvikvm(20627): start new thread
D/dalvikvm(20627): threadid=25: notify debugger
D/dalvikvm(20627): threadid=25 (DrmManagerClient.EventHandler): calling run()
D/PowerManagerService( 5535): acquireWakeLockInternal: lock=1122119432, flags=0x1, tag="RILJ", ws=null, uid=1001, pid=5783
D/PowerManagerService( 5535): updateWakeLockSummaryLocked: mWakefulness=Awake, mWakeLockSummary=0x1
D/PowerManagerService( 5535): newScreenState = 2
D/PowerManagerDisplayController( 5535): requestPowerState: screenState=2, useProximitySensor=false, screenBrightness=255, screenAutoBrightnessAdjustment=0.0, useAutoBrightness=false, useEcoBrightness=false, blockScreenOn=false, waitForNegativeProximity=false
I/PowerManagerService( 5535): setBrightness mButtonLight 0.
D/PowerManagerService( 5535): updateScreenStateLocked: mDisplayReady=false, newScreenState=2, mWakefulness=1, mWakeLockSummary=0x1, mUserActivitySummary=0x1, mBootCompleted=true
D/PowerManagerService( 5535): acquireWakeLockInternal: lock=1125078776, flags=0x1, tag="RILJ", ws=null, uid=1001, pid=5783
D/PowerManagerService( 5535): updateWakeLockSummaryLocked: mWakefulness=Awake, mWakeLockSummary=0x1
D/PowerManagerService( 5535): newScreenState = 2
D/PowerManagerDisplayController( 5535): requestPowerState: screenState=2, useProximitySensor=false, screenBrightness=255, screenAutoBrightnessAdjustment=0.0, useAutoBrightness=false, useEcoBrightness=false, blockScreenOn=false, waitForNegativeProximity=false
I/PowerManagerService( 5535): setBrightness mButtonLight 0.
D/PowerManagerService( 5535): updateScreenStateLocked: mDisplayReady=false, newScreenState=2, mWakefulness=1, mWakeLockSummary=0x1, mUserActivitySummary=0x1, mBootCompleted=true
D/PowerManagerService( 5535): acquireWakeLockInternal: lock=1122119432, flags=0x1, tag="RILJ", ws=null, uid=1001, pid=5783
D/PowerManagerService( 5535): updateWakeLockSummaryLocked: mWakefulness=Awake, mWakeLockSummary=0x1
D/PowerManagerService( 5535): newScreenState = 2
D/PowerManagerDisplayController( 5535): requestPowerState: screenState=2, useProximitySensor=false, screenBrightness=255, screenAutoBrightnessAdjustment=0.0, useAutoBrightness=false, useEcoBrightness=false, blockScreenOn=false, waitForNegativeProximity=false
I/PowerManagerService( 5535): setBrightness mButtonLight 0.
D/PowerManagerService( 5535): updateScreenStateLocked: mDisplayReady=false, newScreenState=2, mWakefulness=1, mWakeLockSummary=0x1, mUserActivitySummary=0x1, mBootCompleted=true
D/PowerManagerService( 5535): acquireWakeLockInternal: lock=1122119432, flags=0x1, tag="RILJ", ws=null, uid=1001, pid=5783
D/PowerManagerService( 5535): updateWakeLockSummaryLocked: mWakefulness=Awake, mWakeLockSummary=0x1
D/PowerManagerService( 5535): newScreenState = 2
D/PowerManagerDisplayController( 5535): requestPowerState: screenState=2, useProximitySensor=false, screenBrightness=255, screenAutoBrightnessAdjustment=0.0, useAutoBrightness=false, useEcoBrightness=false, blockScreenOn=false, waitForNegativeProximity=false
I/PowerManagerService( 5535): setBrightness mButtonLight 0.
D/PowerManagerService( 5535): updateScreenStateLocked: mDisplayReady=false, newScreenState=2, mWakefulness=1, mWakeLockSummary=0x1, mUserActivitySummary=0x1, mBootCompleted=true
D/PowerManagerService( 5535): acquireWakeLockInternal: lock=1122119432, flags=0x1, tag="RILJ", ws=null, uid=1001, pid=5783
D/PowerManagerService( 5535): updateWakeLockSummaryLocked: mWakefulness=Awake, mWakeLockSummary=0x1
D/PowerManagerService( 5535): newScreenState = 2
D/PowerManagerDisplayController( 5535): requestPowerState: screenState=2, useProximitySensor=false, screenBrightness=255, screenAutoBrightnessAdjustment=0.0, useAutoBrightness=false, useEcoBrightness=false, blockScreenOn=false, waitForNegativeProximity=false
I/PowerManagerService( 5535): setBrightness mButtonLight 0.
D/PowerManagerService( 5535): updateScreenStateLocked: mDisplayReady=false, newScreenState=2, mWakefulness=1, mWakeLockSummary=0x1, mUserActivitySummary=0x1, mBootCompleted=true
D/PowerManagerService( 5535): acquireWakeLockInternal: lock=1122119432, flags=0x1, tag="RILJ", ws=null, uid=1001, pid=5783
D/PowerManagerService( 5535): updateWakeLockSummaryLocked: mWakefulness=Awake, mWakeLockSummary=0x1
D/PowerManagerService( 5535): newScreenState = 2
D/PowerManagerDisplayController( 5535): requestPowerState: screenState=2, useProximitySensor=false, screenBrightness=255, screenAutoBrightnessAdjustment=0.0, useAutoBrightness=false, useEcoBrightness=false, blockScreenOn=false, waitForNegativeProximity=false
I/PowerManagerService( 5535): setBrightness mButtonLight 0.
D/PowerManagerService( 5535): updateScreenStateLocked: mDisplayReady=false, newScreenState=2, mWakefulness=1, mWakeLockSummary=0x1, mUserActivitySummary=0x1, mBootCompleted=true
V/ActivityManager( 5535): Broadcast sticky: Intent { act=android.provider.Telephony.SPN_STRINGS_UPDATED flg=0x10 (has extras) } ordered=false userid=0
D/KeyguardUpdateMonitor( 5535): received broadcast android.provider.Telephony.SPN_STRINGS_UPDATED
D/KeyguardUpdateMonitor( 5535): EXTRA_SHOW_PLMN = TRUE
D/KeyguardUpdateMonitor( 5535): SPN_STRINGS_UPDATED_ACTION, update sim2, plmn=No service, spn=null
D/KeyguardUpdateMonitor( 5535): handleCarrierInfoUpdate: plmn = null, spn = Beeline
D/NetworkControllerGemini( 5719): onReceive, intent action is android.provider.Telephony.SPN_STRINGS_UPDATED
D/NetworkControllerGemini( 5719): updateNetworkName(1), showSpn=false spn=null showPlmn=true plmn=No service
D/NetworkControllerGemini( 5719): updateNetworkName(1), mNetworkNameGemini=No service
D/NetworkControllerGemini( 5719): refreshViews(1), DataConnected=false simColorId = 2
D/SignalClusterViewGemini( 5719): setShowSimIndicator(1), showSimIndicator=false simIndicatorResource = 0
D/SignalClusterViewGemini( 5719): setDataConnected(1), dataConnected=false
D/SignalClusterViewGemini( 5719): setDataNetType3G(1), dataNetType=Type_G
D/PowerManagerService( 5535): acquireWakeLockInternal: lock=1122119432, flags=0x1, tag="RILJ", ws=null, uid=1001, pid=5783
D/PowerManagerService( 5535): updateWakeLockSummaryLocked: mWakefulness=Awake, mWakeLockSummary=0x1
D/PowerManagerService( 5535): newScreenState = 2
D/PowerManagerDisplayController( 5535): requestPowerState: screenState=2, useProximitySensor=false, screenBrightness=255, screenAutoBrightnessAdjustment=0.0, useAutoBrightness=false, useEcoBrightness=false, blockScreenOn=false, waitForNegativeProximity=false
D/SignalClusterViewGemini( 5719): apply : mShowSimIndicator = false mSimIndicatorResource = 0 mShowSimIndicatorGemini = false mSimIndicatorResourceGemini = 0
I/PowerManagerService( 5535): setBrightness mButtonLight 0.
D/SignalClusterViewGemini( 5719): apply, mMobileVisible=true mMobileActivityId=0 mMobileTypeId=2130837873 mMobileStrengthId[0] = 2130837950 mMobileStrengthId[1] = 0
D/PowerManagerService( 5535): updateScreenStateLocked: mDisplayReady=false, newScreenState=2, mWakefulness=1, mWakeLockSummary=0x1, mUserActivitySummary=0x1, mBootCompleted=true
D/PowerManagerService( 5535): acquireWakeLockInternal: lock=1122119432, flags=0x1, tag="RILJ", ws=null, uid=1001, pid=5783
D/PowerManagerService( 5535): updateWakeLockSummaryLocked: mWakefulness=Awake, mWakeLockSummary=0x1
D/PowerManagerService( 5535): newScreenState = 2
D/PowerManagerDisplayController( 5535): requestPowerState: screenState=2, useProximitySensor=false, screenBrightness=255, screenAutoBrightnessAdjustment=0.0, useAutoBrightness=false, useEcoBrightness=false, blockScreenOn=false, waitForNegativeProximity=false
I/PowerManagerService( 5535): setBrightness mButtonLight 0.
D/PowerManagerService( 5535): updateScreenStateLocked: mDisplayReady=false, newScreenState=2, mWakefulness=1, mWakeLockSummary=0x1, mUserActivitySummary=0x1, mBootCompleted=true
D/SignalClusterViewGemini( 5719): isSimInserted(0), SimInserted=true
D/PowerManagerService( 5535): acquireWakeLockInternal: lock=1122119432, flags=0x1, tag="RILJ", ws=null, uid=1001, pid=5783
D/SignalClusterViewGemini( 5719): mDataNetType =Type_3G resId= 0 simColorId = 0
D/PowerManagerService( 5535): updateWakeLockSummaryLocked: mWakefulness=Awake, mWakeLockSummary=0x1
D/PowerManagerService( 5535): newScreenState = 2
D/PowerManagerDisplayController( 5535): requestPowerState: screenState=2, useProximitySensor=false, screenBrightness=255, screenAutoBrightnessAdjustment=0.0, useAutoBrightness=false, useEcoBrightness=false, blockScreenOn=false, waitForNegativeProximity=false
D/SignalClusterViewGemini( 5719): apply, mMobileVisibleGemini=true mMobileActivityIdGemini=0 mMobileTypeIdGemini=0 mMobileStrengthIdGemini[0] = 2130837938 mMobileStrengthIdGemini[1] = 0
I/PowerManagerService( 5535): setBrightness mButtonLight 0.
D/PowerManagerService( 5535): updateScreenStateLocked: mDisplayReady=false, newScreenState=2, mWakefulness=1, mWakeLockSummary=0x1, mUserActivitySummary=0x1, mBootCompleted=true
D/SignalClusterViewGemini( 5719): isSimInserted(1), SimInserted=true
D/PowerManagerService( 5535): acquireWakeLockInternal: lock=1122119432, flags=0x1, tag="RILJ", ws=null, uid=1001, pid=5783
D/PowerManagerService( 5535): updateWakeLockSummaryLocked: mWakefulness=Awake, mWakeLockSummary=0x1
D/PowerManagerService( 5535): newScreenState = 2
D/PowerManagerDisplayController( 5535): requestPowerState: screenState=2, useProximitySensor=false, screenBrightness=255, screenAutoBrightnessAdjustment=0.0, useAutoBrightness=false, useEcoBrightness=false, blockScreenOn=false, waitForNegativeProximity=false
D/SignalClusterViewGemini( 5719): apply, mMobileVisible=true, mWifiVisible=true, mIsAirplaneMode=false
I/PowerManagerService( 5535): setBrightness mButtonLight 0.
D/PowerManagerService( 5535): updateScreenStateLocked: mDisplayReady=false, newScreenState=2, mWakefulness=1, mWakeLockSummary=0x1, mUserActivitySummary=0x1, mBootCompleted=true
D/PowerManagerService( 5535): releaseWakeLockInternal: lock=1125078776, flags=0x0
D/PowerManagerService( 5535): updateWakeLockSummaryLocked: mWakefulness=Awake, mWakeLockSummary=0x1
D/PowerManagerService( 5535): newScreenState = 2
D/PowerManagerDisplayController( 5535): requestPowerState: screenState=2, useProximitySensor=false, screenBrightness=255, screenAutoBrightnessAdjustment=0.0, useAutoBrightness=false, useEcoBrightness=false, blockScreenOn=false, waitForNegativeProximity=false
I/PowerManagerService( 5535): setBrightness mButtonLight 0.
D/PowerManagerService( 5535): updateScreenStateLocked: mDisplayReady=false, newScreenState=2, mWakefulness=1, mWakeLockSummary=0x1, mUserActivitySummary=0x1, mBootCompleted=true
D/IPCThreadState( 5535): [DN #5] BR_CLEAR_DEATH_NOTIFICATION_DONE cookie 0x5fede4b0
D/PowerManagerService( 5535): acquireWakeLockInternal: lock=1122119432, flags=0x1, tag="RILJ", ws=null, uid=1001, pid=5783
D/PowerManagerService( 5535): updateWakeLockSummaryLocked: mWakefulness=Awake, mWakeLockSummary=0x1
D/PowerManagerService( 5535): newScreenState = 2
D/PowerManagerDisplayController( 5535): requestPowerState: screenState=2, useProximitySensor=false, screenBrightness=255, screenAutoBrightnessAdjustment=0.0, useAutoBrightness=false, useEcoBrightness=false, blockScreenOn=false, waitForNegativeProximity=false
I/PowerManagerService( 5535): setBrightness mButtonLight 0.
D/PowerManagerService( 5535): updateScreenStateLocked: mDisplayReady=false, newScreenState=2, mWakefulness=1, mWakeLockSummary=0x1, mUserActivitySummary=0x1, mBootCompleted=true
W/ResourceType( 5719): No package identifier when getting value for resource number 0x00000000
D/SignalClusterViewGemini( 5719): isSimInserted(0), SimInserted=true
D/SignalClusterViewGemini( 5719): isSimInserted(1), SimInserted=true
D/PhoneStatusBar( 5719): onReceive, action=android.provider.Telephony.SPN_STRINGS_UPDATED
D/CarrierLabelGemini( 5719): updateNetworkName, showSpn=false spn=null showPlmn=true plmn=No service
V/ActivityManager( 5535): Activity idle: Token{43a2b1a8 ActivityRecord{43a2b068 u0 com.android.deskclock/.DeskClock}}
I/libPerfService( 5535): 1: set: 1
D/ExtensionManager( 5783): PhoneGlobalsBroadcastReceiverExtension()
D/PhonePluginExtensionContainer( 5783): getPhoneGlobalsBroadcastReceiverExtension() D/PhoneGlobalsBroadcastReceiverExtensionContainer( 5783): onReceive(), sub extension list is null, just return
D/PhoneGlobals( 5783): PhoneGlobalsBroadcastReceiver -----action=android.provider.Telephony.SPN_STRINGS_UPDATED
D/PhoneGlobals( 5783): [SPN_STRINGS_UPDATED_ACTION]index = 1
D/PhoneGlobals( 5783): [SPN_STRINGS_UPDATED_ACTION]plmn = No service
V/ActivityManager( 5535): Broadcast sticky: Intent { act=android.intent.action.SIG_STR flg=0x10 (has extras) } ordered=false userid=-1
D/TelephonyManager( 5892): getDefaultSim is sim1
D/TelephonyManager( 5892): getDefaultSim is sim1
D/Bluetooth HS/HF( 5783): [BT][HFG] [API] mStateReceiver.onReceive(android.intent.action.SIG_STR)
D/Bluetooth HS/HF( 5783): [BT][HFG] [API] mHandler.handleMessage(10) D/DrmManager(Native)( 136): DrmManager::addUniqueId() : server side generate unique id [650]
D/WVMDrmPlugIn( 136): WVMDrmPlugin::onInitialize : 650
D/WVMDrmPlugIn( 136): WVMDrmPlugin::onSetOnInfoListener : add 650
D/NetworkControllerGemini( 5719): PhoneStateListener:onSignalStrengthsChanged, sim1 before.
D/NetworkControllerGemini( 5719): PhoneStateListener:onSignalStrengthsChanged, signalStrength=4
D/NetworkControllerGemini( 5719): updateDataNetType(0), DataNetType=3.
D/NetworkControllerGemini( 5719): updateDataNetType(0), simColorId=0
D/TelephonyManagerEx( 5719): isNetworkRoaming
D/NetworkControllerGemini( 5719): updateDataNetType(0), DataNetType3G=Type_3G tempDataTypeIconId= 2130837873.
D/NetworkControllerGemini( 5719): isSimInserted(0), SimInserted=true
D/NetworkControllerGemini( 5719): updateTelephonySignalStrength(0), regState=1
D/NetworkControllerGemini( 5719): updateTelephonySignalStrength(0), hasService=true
D/TelephonyManagerEx( 5719): isNetworkRoaming
D/NetworkControllerGemini( 5719): updateTelephonySignalStrength(0), isRoaming=false, mInetCondition=1
D/NetworkControllerGemini( 5719): updateTelephonySignalStrength(0), simColorId=0
D/NetworkControllerGemini( 5719): updateTelephonySignalStrength(0), tempDataNetType = Type_3G , simColorId=0 tempPhoneSignalIconId[0] = 2130837955 tempPhoneSignalIconId[1] = 0
D/NetworkControllerGemini( 5719): updateTelephonySignalStrength(0) tempSIMCUSignVisible= true
D/NetworkControllerGemini( 5719): updateTelephonySignalStrength(0) mSIMCUSignVisible = true
D/NetworkControllerGemini( 5719): updateTelephonySignalStrength(0) mSIMCUSignVisible = true
D/NetworkControllerGemini( 5719): refreshViews(0), DataConnected=false simColorId = 0
D/NetworkControllerGemini( 5719): refreshViews(0), set parameters to signal cluster view.
D/NetworkControllerGemini( 5719): refreshViews(0), tempPhoneSignalIconId.0 = 2130837955 tempPhoneSignalIconId.1 = 0 tempMobileActivityIconId= 0 tempDataTypeIconId= 2130837873
D/SignalClusterViewGemini( 5719): setMobileDataIndicators(0), visible=true, strengthIcon[0] ~ [1] 2130837955 ~ 0
D/SignalClusterViewGemini( 5719): isSimInserted(0), SimInserted=true
D/SignalClusterViewGemini( 5719): isSimInserted(1), SimInserted=true
D/NetworkControllerGemini( 5719): refreshViews(0), tempPhoneSignalIconId.0 = 2130837955 tempPhoneSignalIconId.1 = 0 tempMobileActivityIconId= 0 tempDataTypeIconId= 2130837873
D/SignalClusterViewGemini( 5719): setShowSimIndicator(0), showSimIndicator=false simIndicatorResource = 0
D/SignalClusterViewGemini( 5719): setDataConnected(0), dataConnected=false
D/SignalClusterViewGemini( 5719): setDataNetType3G(0), dataNetType=Type_3G
D/DrmMtkPlugIn( 136): DrmMtkPlugIn::onInitialize : 650
D/DrmMtkPlugIn( 136): DrmMtkPlugIn::onSetOnInfoListener : 650
D/SignalClusterViewGemini( 5719): apply : mShowSimIndicator = false mSimIndicatorResource = 0 mShowSimIndicatorGemini = false mSimIndicatorResourceGemini = 0
D/SignalClusterViewGemini( 5719): apply, mMobileVisible=true mMobileActivityId=0 mMobileTypeId=2130837873 mMobileStrengthId[0] = 2130837955 mMobileStrengthId[1] = 0
D/DrmManagerClient(20627): event handler processes extra drm info. >>
D/SignalClusterViewGemini( 5719): isSimInserted(0), SimInserted=true
D/SignalClusterViewGemini( 5719): mDataNetType =Type_3G resId= 0 simColorId = 0
D/SignalClusterViewGemini( 5719): apply, mMobileVisibleGemini=true mMobileActivityIdGemini=0 mMobileTypeIdGemini=0 mMobileStrengthIdGemini[0] = 2130837938 mMobileStrengthIdGemini[1] = 0
D/SignalClusterViewGemini( 5719): isSimInserted(1), SimInserted=true
D/SignalClusterViewGemini( 5719): apply, mMobileVisible=true, mWifiVisible=true, mIsAirplaneMode=false
W/ResourceType( 5719): No package identifier when getting value for resource number 0x00000000
D/SignalClusterViewGemini( 5719): isSimInserted(0), SimInserted=true
D/SignalClusterViewGemini( 5719): isSimInserted(1), SimInserted=true
D/NetworkControllerGemini( 5719): PhoneStateListener:onSignalStrengthsChanged, sim1 after.
D/DrmMtkPlugIn( 136): DrmMtkPlugIn::onProcessDrmInfo - Enter : 650
D/DrmMtkPlugIn( 136): DrmMtkPlugIn::onProcessDrmInfo - received update time base
D/YouTube MDX(24330): Recieved intent android.intent.action.SCREEN_ON
D/PowerManagerNotifier( 5535): sendNextBroadcast, mBroadcastedPowerState=1, mActualPowerState=1
D/PowerManagerNotifier( 5535): finishPendingBroadcastLocked.
V/ActivityManager( 5535): Broadcast sticky: Intent { act=android.provider.Telephony.SPN_STRINGS_UPDATED flg=0x10 (has extras) } ordered=false userid=0
D/KeyguardUpdateMonitor( 5535): received broadcast android.provider.Telephony.SPN_STRINGS_UPDATED
D/KeyguardUpdateMonitor( 5535): EXTRA_SHOW_PLMN = FALSE
D/KeyguardUpdateMonitor( 5535): SPN_STRINGS_UPDATED_ACTION, update sim1, plmn=null, spn=Beeline
D/KeyguardUpdateMonitor( 5535): handleCarrierInfoUpdate: plmn = null, spn = Beeline
D/PowerManagerService( 5535): releaseWakeLockInternal: lock=1122119432, flags=0x0
D/NetworkControllerGemini( 5719): onReceive, intent action is android.provider.Telephony.SPN_STRINGS_UPDATED
D/PowerManagerService( 5535): updateWakeLockSummaryLocked: mWakefulness=Awake, mWakeLockSummary=0x0
D/PowerManagerService( 5535): newScreenState = 2
D/NetworkControllerGemini( 5719): updateNetworkName(0), showSpn=true spn=Beeline showPlmn=false plmn=Beeline
D/NetworkControllerGemini( 5719): updateNetworkName(0), mNetworkName=Beeline
D/PowerManagerDisplayController( 5535): requestPowerState: screenState=2, useProximitySensor=false, screenBrightness=255, screenAutoBrightnessAdjustment=0.0, useAutoBrightness=false, useEcoBrightness=false, blockScreenOn=false, waitForNegativeProximity=false
D/NetworkControllerGemini( 5719): refreshViews(0), DataConnected=false simColorId = 0
D/SignalClusterViewGemini( 5719): setShowSimIndicator(0), showSimIndicator=false simIndicatorResource = 0
D/SignalClusterViewGemini( 5719): setDataConnected(0), dataConnected=false
D/SignalClusterViewGemini( 5719): setDataNetType3G(0), dataNetType=Type_3G
I/PowerManagerService( 5535): setBrightness mButtonLight 0.
D/PowerManagerService( 5535): updateScreenStateLocked: mDisplayReady=false, newScreenState=2, mWakefulness=1, mWakeLockSummary=0x0, mUserActivitySummary=0x1, mBootCompleted=true
D/IPCThreadState( 5535): [DN #5] BR_CLEAR_DEATH_NOTIFICATION_DONE cookie 0x6295d278
D/DrmMtkUtil/SecureTimer( 136): updateTimeBase()
D/ExtensionManager( 5783): PhoneGlobalsBroadcastReceiverExtension()
D/PhonePluginExtensionContainer( 5783): getPhoneGlobalsBroadcastReceiverExtension() D/PhoneGlobalsBroadcastReceiverExtensionContainer( 5783): onReceive(), sub extension list is null, just return
D/PhoneGlobals( 5783): PhoneGlobalsBroadcastReceiver -----action=android.provider.Telephony.SPN_STRINGS_UPDATED
D/DrmMtkUtil/SecureTimer( 136): save() : save secure timer.
D/SignalClusterViewGemini( 5719): apply : mShowSimIndicator = false mSimIndicatorResource = 0 mShowSimIndicatorGemini = false mSimIndicatorResourceGemini = 0
D/SignalClusterViewGemini( 5719): apply, mMobileVisible=true mMobileActivityId=0 mMobileTypeId=2130837873 mMobileStrengthId[0] = 2130837955 mMobileStrengthId[1] = 0
D/SignalClusterViewGemini( 5719): isSimInserted(0), SimInserted=true
D/SignalClusterViewGemini( 5719): mDataNetType =Type_3G resId= 0 simColorId = 0
D/SignalClusterViewGemini( 5719): apply, mMobileVisibleGemini=true mMobileActivityIdGemini=0 mMobileTypeIdGemini=0 mMobileStrengthIdGemini[0] = 2130837938 mMobileStrengthIdGemini[1] = 0
D/SignalClusterViewGemini( 5719): isSimInserted(1), SimInserted=true
D/SignalClusterViewGemini( 5719): apply, mMobileVisible=true, mWifiVisible=true, mIsAirplaneMode=false
W/ResourceType( 5719): No package identifier when getting value for resource number 0x00000000
D/SignalClusterViewGemini( 5719): isSimInserted(0), SimInserted=true
D/SignalClusterViewGemini( 5719): isSimInserted(1), SimInserted=true
D/PhoneStatusBar( 5719): onReceive, action=android.provider.Telephony.SPN_STRINGS_UPDATED
D/CarrierLabelGemini( 5719): updateNetworkName, showSpn=true spn=Beeline showPlmn=false plmn=Beeline
V/DrmMtkUtil/DrmUtil( 136): readId ---->
V/DrmMtkUtil/DrmUtil( 136): readId: result [352838041463594]
V/DrmMtkUtil/DrmUtil( 136): checkDir ----> [/data/drm/st/]
D/dalvikvm( 5783): GC_CONCURRENT freed 2030K (31850), 23% free 10119K/13020K, paused 2ms+3ms, total 52ms
D/DrmMtkPlugIn( 136): DrmMtkPlugIn::onProcessDrmInfo - Exit
D/PowerManagerService-JNI( 5535): Excessive delay in autosuspend_disable() while turning screen on: 827ms
D/PowerManagerService( 5535): unblankAllDisplays 1
D/SurfaceFlinger( 133): Screen acquired, type=0 flinger=0x40e74510
I/hwcomposer_v1.0( 133): [HWC] Blank(0) Display(0)
I/SurfaceFlinger( 133): [SurfaceFlinger] fps:1.750756,dur:3998.27,max:3189.20,min:24.81
I/SurfaceTextureClient( 133): [STC::queueBuffer] (this:0x42ee4978) fps:0.74, dur:39016.01, max:38449.70, min:15.90
I/SurfaceTextureClient( 133): [STC::queueBuffer] this:0x42ee4978, api:1, last queue time elapsed:38449.70
I/BufferQueue( 133): [FramebufferSurface](this:0x42ee7008,api:1) [release] fps:0.74, dur:39015.97, max:38449.73, min:15.90
I/BufferQueue( 133): [FramebufferSurface](this:0x42ee7008,api:1) [queue] fps:0.74, dur:39015.93, max:38449.74, min:15.90
D/PowerManagerService( 5535): unblankAllDisplays 2
I/TV/JNI ( 5535): [TVOut] jboolean tvoutPowerEnable(JNIEnv*, jobject, jboolean)(1) ret = 0
I/hdmi ( 5535): [HDMI] JNI com.mediatek.hdmi.HDMINative.enableHDMIPOWER(1)
D/PowerManager_performance( 5535): unblankAllDisplays out ...
D/PowerManagerDisplayState( 5535): mTask: on = true, mActualOn = true, backlight = 0, mActualBacklight = 0
D/PowerManagerDisplayController( 5535): mProximity = -1
D/PowerManagerDisplayController( 5535): setScreenOn true
D/PowerManagerDisplayController( 5535): Unblocked screen on after 894 ms
D/PowerManagerDisplayState( 5535): setElectronBeamLevel: level=1.0
D/BufferQueue( 133): [ElectronBeam](this:0x43520a58,api:1) cancelBuffer: slot=0
I/BufferQueue( 133): [ElectronBeam](this:0x43520a58,api:1) disconnect: api=1
I/SurfaceTexture( 133): [ElectronBeam] [virtual android::status_t android::SurfaceTexture::forceAuxConversionLocked()] mCurrentTexture:3, mCurrentBuf:0x43526228
I/BufferQueue( 133): [ElectronBeam](this:0x43520a58,api:0) getReleasedBuffers: returning mask 0xffffffff
I/SurfaceTexture( 133): [ElectronBeam](this:0x43524948,api:0) destroying EGLImage dpy=0x1 img=0x43522480
I/SurfaceTexture( 133): [ElectronBeam](this:0x43524948,api:0) destroying EGLImage dpy=0x1 img=0x43520258
I/SurfaceTexture( 133): [ElectronBeam](this:0x43524948,api:0) destroying EGLImage dpy=0x1 img=0x435227f8
I/SurfaceTexture( 133): [ElectronBeam](this:0x43524948,api:0) destroying EGLImage dpy=0x1 img=0x435152c0
D/PowerManagerDisplayController( 5535): updatePowerState: mustNotify=true, mScreenOnWasBlocked=false, mElectronBeamOnAnimator=false, mElectronBeamOffAnimator=false, waitUntilClean=false
D/PowerManagerService( 5535): handleSandman: canDream=true, mWakefulness=Awake
D/PowerManagerDisplayState( 5535): Requesting new screen state: on=true, backlight=255, mChangeInProgress=false
D/PowerManagerDisplayController( 5535): sendMessage.
D/PowerManagerDisplayState( 5535): on mTask
D/PowerManagerDisplayState( 5535): mTask: on = true, mActualOn = true, backlight = 255, mActualBacklight = 0
D/PowerManagerDisplayState( 5535): mTask: on = true, onChanged = false, backlightChanged = true, backlight = 255
D/LightsService( 5535): setLight_native: light=0, colorARGB=0xffffffff, flashMode=0, onMS=0, offMS=0, brightnessMode=0
D/lights ( 5535): write_int open fd=306
D/PowerManagerDisplayState( 5535): mTask: on = true, mActualOn = true, backlight = 255, mActualBacklight = 255
D/PowerManagerDisplayController( 5535): mProximity = -1
D/PowerManagerDisplayController( 5535): setScreenOn true
D/PowerManagerDisplayController( 5535): updatePowerState: mustNotify=true, mScreenOnWasBlocked=false, mElectronBeamOnAnimator=false, mElectronBeamOffAnimator=false, waitUntilClean=true
D/PowerManagerDisplayController( 5535): Display ready!
D/PowerManagerService( 5535): newScreenState = 2
D/PowerManagerDisplayController( 5535): requestPowerState: screenState=2, useProximitySensor=false, screenBrightness=255, screenAutoBrightnessAdjustment=0.0, useAutoBrightness=false, useEcoBrightness=false, blockScreenOn=false, waitForNegativeProximity=false
I/PowerManagerService( 5535): setBrightness mButtonLight 0.
D/PowerManagerService( 5535): updateScreenStateLocked: mDisplayReady=true, newScreenState=2, mWakefulness=1, mWakeLockSummary=0x0, mUserActivitySummary=0x1, mBootCompleted=true
D/PowerManagerNotifier( 5535): onWakeUpFinished
I/BufferQueue( 133): [ElectronBeam](this:0x43520a58,api:0) consumerDisconnect
I/BufferQueue( 133): [ElectronBeam](this:0x43520a58,api:0) ~BufferQueue
D/Settings/BW(24502): ReadCodeTask:file size: 4096
D/NetworkControllerGemini( 5719): refreshViews(0), DataConnected=false simColorId = 0
D/NetworkControllerGemini( 5719): refreshViews(0), set parameters to signal cluster view.
D/NetworkControllerGemini( 5719): refreshViews(0), tempPhoneSignalIconId.0 = 2130837955 tempPhoneSignalIconId.1 = 0 tempMobileActivityIconId= 0 tempDataTypeIconId= 2130837873
D/SignalClusterViewGemini( 5719): setMobileDataIndicators(0), visible=true, strengthIcon[0] ~ [1] 2130837955 ~ 0
D/SignalClusterViewGemini( 5719): isSimInserted(0), SimInserted=true
D/SignalClusterViewGemini( 5719): isSimInserted(1), SimInserted=true
D/NetworkControllerGemini( 5719): refreshViews(0), tempPhoneSignalIconId.0 = 2130837955 tempPhoneSignalIconId.1 = 0 tempMobileActivityIconId= 0 tempDataTypeIconId= 2130837873
D/SignalClusterViewGemini( 5719): setShowSimIndicator(0), showSimIndicator=false simIndicatorResource = 0
D/SignalClusterViewGemini( 5719): setDataConnected(0), dataConnected=false
D/SignalClusterViewGemini( 5719): setDataNetType3G(0), dataNetType=Type_3G
D/SignalClusterViewGemini( 5719): apply : mShowSimIndicator = false mSimIndicatorResource = 0 mShowSimIndicatorGemini = false mSimIndicatorResourceGemini = 0
D/SignalClusterViewGemini( 5719): apply, mMobileVisible=true mMobileActivityId=0 mMobileTypeId=2130837873 mMobileStrengthId[0] = 2130837955 mMobileStrengthId[1] = 0
D/SignalClusterViewGemini( 5719): isSimInserted(0), SimInserted=true
D/SignalClusterViewGemini( 5719): mDataNetType =Type_3G resId= 0 simColorId = 0
D/SignalClusterViewGemini( 5719): apply, mMobileVisibleGemini=true mMobileActivityIdGemini=0 mMobileTypeIdGemini=0 mMobileStrengthIdGemini[0] = 2130837938 mMobileStrengthIdGemini[1] = 0
D/SignalClusterViewGemini( 5719): isSimInserted(1), SimInserted=true
D/SignalClusterViewGemini( 5719): apply, mMobileVisible=true, mWifiVisible=true, mIsAirplaneMode=false
W/ResourceType( 5719): No package identifier when getting value for resource number 0x00000000
W/ResourceType( 5719): No package identifier when getting value for resource number 0x00000000
D/SignalClusterViewGemini( 5719): isSimInserted(0), SimInserted=true
D/SignalClusterViewGemini( 5719): isSimInserted(1), SimInserted=true
D/NetworkControllerGemini( 5719): refreshViews(1), DataConnected=false simColorId = 2
D/SignalClusterViewGemini( 5719): setShowSimIndicator(1), showSimIndicator=false simIndicatorResource = 0
D/SignalClusterViewGemini( 5719): setDataConnected(1), dataConnected=false
D/SignalClusterViewGemini( 5719): setDataNetType3G(1), dataNetType=Type_G
D/SignalClusterViewGemini( 5719): apply : mShowSimIndicator = false mSimIndicatorResource = 0 mShowSimIndicatorGemini = false mSimIndicatorResourceGemini = 0
D/SignalClusterViewGemini( 5719): apply, mMobileVisible=true mMobileActivityId=0 mMobileTypeId=2130837873 mMobileStrengthId[0] = 2130837955 mMobileStrengthId[1] = 0
D/SignalClusterViewGemini( 5719): isSimInserted(0), SimInserted=true
D/SignalClusterViewGemini( 5719): mDataNetType =Type_3G resId= 0 simColorId = 0
D/SignalClusterViewGemini( 5719): apply, mMobileVisibleGemini=true mMobileActivityIdGemini=0 mMobileTypeIdGemini=0 mMobileStrengthIdGemini[0] = 2130837938 mMobileStrengthIdGemini[1] = 0
D/SignalClusterViewGemini( 5719): isSimInserted(1), SimInserted=true
D/SignalClusterViewGemini( 5719): apply, mMobileVisible=true, mWifiVisible=true, mIsAirplaneMode=false
W/ResourceType( 5719): No package identifier when getting value for resource number 0x00000000
W/ResourceType( 5719): No package identifier when getting value for resource number 0x00000000
D/SignalClusterViewGemini( 5719): isSimInserted(0), SimInserted=true
D/SignalClusterViewGemini( 5719): isSimInserted(1), SimInserted=true
I/SurfaceTextureClient( 5719): [STC::queueBuffer] (this:0x5dd8ce08) fps:4.74, dur:1054.92, max:846.64, min:26.98
I/BufferQueue( 133): [StatusBar](this:0x43515e58,api:1) [queue] fps:4.90, dur:1019.54, max:846.63, min:27.04
I/BufferQueue( 133): [StatusBar](this:0x43515e58,api:1) [release] fps:5.00, dur:1000.51, max:831.72, min:24.04
I/SurfaceTextureClient(25747): [STC::queueBuffer] (this:0x5eda7318) fps:2.89, dur:1038.81, max:830.79, min:76.00
I/BufferQueue( 133): [com.android.deskclock/com.android.deskclock.DeskClock](this:0x43523f10,api:1) [queue] fps:2.89, dur:1038.80, max:830.72, min:76.09
I/BufferQueue( 133): [com.android.deskclock/com.android.deskclock.DeskClock](this:0x43523f10,api:1) [release] fps:2.85, dur:1052.04, max:823.76, min:91.11
I/SurfaceFlinger( 133): [SurfaceFlinger] fps:6.064296,dur:1154.30,max:874.70,min:17.05
I/SurfaceTextureClient( 5719): [STC::queueBuffer] (this:0x5dd8ce08) fps:1.97, dur:1017.81, max:1011.64, min:6.17
I/BufferQueue( 133): [StatusBar](this:0x43515e58,api:1) [queue] fps:1.96, dur:1017.87, max:1011.70, min:6.17
I/BufferQueue( 133): [StatusBar](this:0x43515e58,api:1) [release] fps:1.94, dur:1028.99, max:1011.86, min:17.13
I/SurfaceTextureClient(25747): [STC::queueBuffer] (this:0x5eda7318) fps:1.98, dur:1011.88, max:874.68, min:137.20
I/BufferQueue( 133): [com.android.deskclock/com.android.deskclock.DeskClock](this:0x43523f10,api:1) [queue] fps:1.98, dur:1011.93, max:874.69, min:137.24
I/BufferQueue( 133): [com.android.deskclock/com.android.deskclock.DeskClock](this:0x43523f10,api:1) [release] fps:1.98, dur:1011.84, max:874.66, min:137.18
V/AlarmManager( 5535): Native set alarm :Alarm{427cfbc8 type 2 com.android.phone}
I/AlarmManager( 5535): reset poweroff alarm none
V/ActivityManager( 5535): Broadcast: Intent { act=com.android.internal.policy.impl.PhoneWindowManager.DELAYED_KEYGUARD flg=0x14 (has extras) } ordered=true userid=0
D/PowerManagerService( 5535): acquireWakeLockInternal: lock=1116000144, flags=0x1, tag="AlarmManager", ws={WorkSource: uids=[1000]}, uid=1000, pid=5535
D/PowerManagerService( 5535): updateWakeLockSummaryLocked: mWakefulness=Awake, mWakeLockSummary=0x1
D/PowerManagerService( 5535): newScreenState = 2
D/PowerManagerDisplayController( 5535): requestPowerState: screenState=2, useProximitySensor=false, screenBrightness=255, screenAutoBrightnessAdjustment=0.0, useAutoBrightness=false, useEcoBrightness=false, blockScreenOn=false, waitForNegativeProximity=false
I/PowerManagerService( 5535): setBrightness mButtonLight 0.
D/PowerManagerService( 5535): updateScreenStateLocked: mDisplayReady=true, newScreenState=2, mWakefulness=1, mWakeLockSummary=0x1, mUserActivitySummary=0x1, mBootCompleted=true
D/PowerManagerService( 5535): handleSandman: canDream=true, mWakefulness=Awake
D/ActivityThread( 5535): BDC-Calling onReceive: intent=Intent { act=com.android.internal.policy.impl.PhoneWindowManager.DELAYED_KEYGUARD flg=0x14 (has extras) }, ordered=true, receiver=com.android.internal.policy.impl.keyguard.KeyguardViewMediator$3@425c86c8, IIntentReceiver=426f5a98
D/KeyguardViewMediator( 5535): received DELAYED_KEYGUARD_ACTION with seq = 14, mDelayedShowingSequence = 15
D/ActivityThread( 5535): BDC-Calling finishReceiver: IIntentReceiver=426f5a98
D/PowerManagerService( 5535): releaseWakeLockInternal: lock=1116000144, flags=0x0
D/PowerManagerService( 5535): updateWakeLockSummaryLocked: mWakefulness=Awake, mWakeLockSummary=0x0
D/PowerManagerService( 5535): newScreenState = 2
D/PowerManagerDisplayController( 5535): requestPowerState: screenState=2, useProximitySensor=false, screenBrightness=255, screenAutoBrightnessAdjustment=0.0, useAutoBrightness=false, useEcoBrightness=false, blockScreenOn=false, waitForNegativeProximity=false
I/PowerManagerService( 5535): setBrightness mButtonLight 0.
D/PowerManagerService( 5535): updateScreenStateLocked: mDisplayReady=true, newScreenState=2, mWakefulness=1, mWakeLockSummary=0x0, mUserActivitySummary=0x1, mBootCompleted=true
D/PowerManagerService( 5535): handleSandman: canDream=true, mWakefulness=Awake
D/StateMachine( 5535): handleMessage: E msg.what=131155
D/StateMachine( 5535): processMsg: ConnectedState
D/WifiStateMachine( 5535): ConnectedState{ what=131155 when=-3ms arg1=32 target=Handler (com.android.internal.util.StateMachine$SmHandler) {4277a800} }
D/StateMachine( 5535): processMsg: L2ConnectedState
D/WifiStateMachine( 5535): L2ConnectedState{ what=131155 when=-3ms arg1=32 target=Handler (com.android.internal.util.StateMachine$SmHandler) {4277a800} }
D/WifiNative-wlan0( 5535): doString: SIGNAL_POLL
D/WifiCommon( 5535): [wlan0] SET "SIGNAL_POLL"
D/wpa_supplicant( 5621): RX ctrl_iface - hexdump(len=11): 53 49 47 4e 41 4c 5f 50 4f 4c 4c
D/wpa_supplicant( 5621): wlan0: Control interface command 'SIGNAL_POLL'
D/wpa_supplicant( 5621): nl80211: survey data missing!
I/WifiStateMachine( 5535): fetchRssiAndLinkSpeedNative, newRssi:-72, newLinkSpeed:39
D/StateMachine( 5535): handleMessage: X
D/NetworkControllerGemini( 5719): refreshViews(0), DataConnected=false simColorId = 0
D/NetworkControllerGemini( 5719): refreshViews(0), set parameters to signal cluster view.
D/NetworkControllerGemini( 5719): refreshViews(0), tempPhoneSignalIconId.0 = 2130837955 tempPhoneSignalIconId.1 = 0 tempMobileActivityIconId= 0 tempDataTypeIconId= 2130837873
D/SignalClusterViewGemini( 5719): setMobileDataIndicators(0), visible=true, strengthIcon[0] ~ [1] 2130837955 ~ 0
D/SignalClusterViewGemini( 5719): isSimInserted(0), SimInserted=true
D/SignalClusterViewGemini( 5719): isSimInserted(1), SimInserted=true
D/NetworkControllerGemini( 5719): refreshViews(0), tempPhoneSignalIconId.0 = 2130837955 tempPhoneSignalIconId.1 = 0 tempMobileActivityIconId= 0 tempDataTypeIconId= 2130837873
D/SignalClusterViewGemini( 5719): setShowSimIndicator(0), showSimIndicator=false simIndicatorResource = 0
D/SignalClusterViewGemini( 5719): setDataConnected(0), dataConnected=false
D/SignalClusterViewGemini( 5719): setDataNetType3G(0), dataNetType=Type_3G
D/SignalClusterViewGemini( 5719): apply : mShowSimIndicator = false mSimIndicatorResource = 0 mShowSimIndicatorGemini = false mSimIndicatorResourceGemini = 0
D/SignalClusterViewGemini( 5719): apply, mMobileVisible=true mMobileActivityId=0 mMobileTypeId=2130837873 mMobileStrengthId[0] = 2130837955 mMobileStrengthId[1] = 0
D/SignalClusterViewGemini( 5719): isSimInserted(0), SimInserted=true
D/SignalClusterViewGemini( 5719): mDataNetType =Type_3G resId= 0 simColorId = 0
D/SignalClusterViewGemini( 5719): apply, mMobileVisibleGemini=true mMobileActivityIdGemini=0 mMobileTypeIdGemini=0 mMobileStrengthIdGemini[0] = 2130837938 mMobileStrengthIdGemini[1] = 0
D/SignalClusterViewGemini( 5719): isSimInserted(1), SimInserted=true
D/SignalClusterViewGemini( 5719): apply, mMobileVisible=true, mWifiVisible=true, mIsAirplaneMode=false
W/ResourceType( 5719): No package identifier when getting value for resource number 0x00000000
D/SignalClusterViewGemini( 5719): isSimInserted(0), SimInserted=true
D/SignalClusterViewGemini( 5719): isSimInserted(1), SimInserted=true
D/NetworkControllerGemini( 5719): refreshViews(1), DataConnected=false simColorId = 2
D/SignalClusterViewGemini( 5719): setShowSimIndicator(1), showSimIndicator=false simIndicatorResource = 0
D/SignalClusterViewGemini( 5719): setDataConnected(1), dataConnected=false
D/SignalClusterViewGemini( 5719): setDataNetType3G(1), dataNetType=Type_G
D/SignalClusterViewGemini( 5719): apply : mShowSimIndicator = false mSimIndicatorResource = 0 mShowSimIndicatorGemini = false mSimIndicatorResourceGemini = 0
D/SignalClusterViewGemini( 5719): apply, mMobileVisible=true mMobileActivityId=0 mMobileTypeId=2130837873 mMobileStrengthId[0] = 2130837955 mMobileStrengthId[1] = 0
D/SignalClusterViewGemini( 5719): isSimInserted(0), SimInserted=true
D/SignalClusterViewGemini( 5719): mDataNetType =Type_3G resId= 0 simColorId = 0
D/SignalClusterViewGemini( 5719): apply, mMobileVisibleGemini=true mMobileActivityIdGemini=0 mMobileTypeIdGemini=0 mMobileStrengthIdGemini[0] = 2130837938 mMobileStrengthIdGemini[1] = 0
D/SignalClusterViewGemini( 5719): isSimInserted(1), SimInserted=true
D/SignalClusterViewGemini( 5719): apply, mMobileVisible=true, mWifiVisible=true, mIsAirplaneMode=false
W/ResourceType( 5719): No package identifier when getting value for resource number 0x00000000
D/SignalClusterViewGemini( 5719): isSimInserted(0), SimInserted=true
D/SignalClusterViewGemini( 5719): isSimInserted(1), SimInserted=true
I/SurfaceFlinger( 133): [SurfaceFlinger] fps:3.719562,dur:1075.40,max:857.73,min:36.53
I/SurfaceTextureClient(25747): [STC::queueBuffer] (this:0x5eda7318) fps:1.60, dur:1869.91, max:874.58, min:137.71
I/BufferQueue( 133): [com.android.deskclock/com.android.deskclock.DeskClock](this:0x43523f10,api:1) [queue] fps:1.60, dur:1869.91, max:874.56, min:137.73
I/BufferQueue( 133): [com.android.deskclock/com.android.deskclock.DeskClock](this:0x43523f10,api:1) [release] fps:1.60, dur:1870.29, max:875.49, min:137.23
D/NetworkControllerGemini( 5719): refreshViews(0), DataConnected=false simColorId = 0
D/NetworkControllerGemini( 5719): refreshViews(0), set parameters to signal cluster view.
D/NetworkControllerGemini( 5719): refreshViews(0), tempPhoneSignalIconId.0 = 2130837955 tempPhoneSignalIconId.1 = 0 tempMobileActivityIconId= 0 tempDataTypeIconId= 2130837873
D/SignalClusterViewGemini( 5719): setMobileDataIndicators(0), visible=true, strengthIcon[0] ~ [1] 2130837955 ~ 0
D/SignalClusterViewGemini( 5719): isSimInserted(0), SimInserted=true
D/SignalClusterViewGemini( 5719): isSimInserted(1), SimInserted=true
D/NetworkControllerGemini( 5719): refreshViews(0), tempPhoneSignalIconId.0 = 2130837955 tempPhoneSignalIconId.1 = 0 tempMobileActivityIconId= 0 tempDataTypeIconId= 2130837873
D/SignalClusterViewGemini( 5719): setShowSimIndicator(0), showSimIndicator=false simIndicatorResource = 0
D/SignalClusterViewGemini( 5719): setDataConnected(0), dataConnected=false
D/SignalClusterViewGemini( 5719): setDataNetType3G(0), dataNetType=Type_3G
D/SignalClusterViewGemini( 5719): apply : mShowSimIndicator = false mSimIndicatorResource = 0 mShowSimIndicatorGemini = false mSimIndicatorResourceGemini = 0
D/SignalClusterViewGemini( 5719): apply, mMobileVisible=true mMobileActivityId=0 mMobileTypeId=2130837873 mMobileStrengthId[0] = 2130837955 mMobileStrengthId[1] = 0
D/SignalClusterViewGemini( 5719): isSimInserted(0), SimInserted=true
D/SignalClusterViewGemini( 5719): mDataNetType =Type_3G resId= 0 simColorId = 0
D/SignalClusterViewGemini( 5719): apply, mMobileVisibleGemini=true mMobileActivityIdGemini=0 mMobileTypeIdGemini=0 mMobileStrengthIdGemini[0] = 2130837938 mMobileStrengthIdGemini[1] = 0
D/SignalClusterViewGemini( 5719): isSimInserted(1), SimInserted=true
D/SignalClusterViewGemini( 5719): apply, mMobileVisible=true, mWifiVisible=true, mIsAirplaneMode=false
W/ResourceType( 5719): No package identifier when getting value for resource number 0x00000000
W/ResourceType( 5719): No package identifier when getting value for resource number 0x00000000
D/SignalClusterViewGemini( 5719): isSimInserted(0), SimInserted=true
D/SignalClusterViewGemini( 5719): isSimInserted(1), SimInserted=true
D/NetworkControllerGemini( 5719): refreshViews(1), DataConnected=false simColorId = 2
D/SignalClusterViewGemini( 5719): setShowSimIndicator(1), showSimIndicator=false simIndicatorResource = 0
D/SignalClusterViewGemini( 5719): setDataConnected(1), dataConnected=false
D/SignalClusterViewGemini( 5719): setDataNetType3G(1), dataNetType=Type_G
D/SignalClusterViewGemini( 5719): apply : mShowSimIndicator = false mSimIndicatorResource = 0 mShowSimIndicatorGemini = false mSimIndicatorResourceGemini = 0
D/SignalClusterViewGemini( 5719): apply, mMobileVisible=true mMobileActivityId=0 mMobileTypeId=2130837873 mMobileStrengthId[0] = 2130837955 mMobileStrengthId[1] = 0
D/SignalClusterViewGemini( 5719): isSimInserted(0), SimInserted=true
D/SignalClusterViewGemini( 5719): mDataNetType =Type_3G resId= 0 simColorId = 0
D/SignalClusterViewGemini( 5719): apply, mMobileVisibleGemini=true mMobileActivityIdGemini=0 mMobileTypeIdGemini=0 mMobileStrengthIdGemini[0] = 2130837938 mMobileStrengthIdGemini[1] = 0
D/SignalClusterViewGemini( 5719): isSimInserted(1), SimInserted=true
D/SignalClusterViewGemini( 5719): apply, mMobileVisible=true, mWifiVisible=true, mIsAirplaneMode=false
W/ResourceType( 5719): No package identifier when getting value for resource number 0x00000000
W/ResourceType( 5719): No package identifier when getting value for resource number 0x00000000
D/SignalClusterViewGemini( 5719): isSimInserted(0), SimInserted=true
D/SignalClusterViewGemini( 5719): isSimInserted(1), SimInserted=true
I/SurfaceTextureClient( 5719): [STC::queueBuffer] (this:0x5dd8ce08) fps:1.49, dur:2011.13, max:1015.81, min:16.29
I/BufferQueue( 133): [StatusBar](this:0x43515e58,api:1) [queue] fps:1.49, dur:2011.21, max:1015.93, min:16.27
I/BufferQueue( 133): [StatusBar](this:0x43515e58,api:1) [release] fps:1.49, dur:2007.38, max:1012.63, min:17.15
I/SurfaceFlinger( 133): [SurfaceFlinger] fps:3.884247,dur:1029.80,max:874.60,min:17.12
V/ActivityManager( 5535): Broadcast sticky: Intent { act=android.intent.action.SIG_STR flg=0x10 (has extras) } ordered=false userid=-1
