D/lsc_mgr ( 5296): [getScenarioResolution] SensorOP 4 GrabX GrabY SrcW SrcH CropW CropH SubW SubH DataFmt (4, 4, 3996, 2998, 3992, 2994, 0, 0, 0)
D/lsc_mgr ( 5296): [LscMgr:ConfigUpdate] LSCScenario 1, sensorOp 4 DMA/EN/W/H/XNum/YNum/OffX/OffY/LW/LH/Addr(1, 1, 125, 94, 15, 15, 0, 0, 121, 87, 0x01f40000)
D/lsc_mgr ( 5296): [getSensorScenarioByLscScenario]
D/AtvSensorDrv( 5296): [getInstance][AtvSensorDrv] getInstance
D/ImgSensorDrv( 5296): [getInstance][ImgSensorDrv] getInstance
D/SensorHal( 5296): [sendCommand] SENSOR_CMD_GET_SENSOR_INFO
D/ImgSensorDrv( 5296): [getInstance][ImgSensorDrv] getInstance
D/SensorHal( 5296): [sendCommand] SENSOR_CMD_GET_SENSOR_SUBSAMPLING_INFO
D/lsc_mgr ( 5296): acdk ACDK_SCENARIO_ID_CAMERA_CAPTURE_JPEG, sensor SENSOR_CMD_GET_SENSOR_FULL_RANGE
D/ImgSensorDrv( 5296): [getInstance][ImgSensorDrv] getInstance
D/SensorHal( 5296): [sendCommand] SENSOR_CMD_GET_SENSOR_FULL_RANGE
D/lsc_mgr ( 5296): [getScenarioResolution] SensorOP 1 GrabX GrabY SrcW SrcH CropW CropH SubW SubH DataFmt (4, 4, 3996, 2998, 3992, 2994, 0, 0, 0)
D/lsc_mgr ( 5296): [LscMgr:ConfigUpdate] LSCScenario 2, sensorOp 1 DMA/EN/W/H/XNum/YNum/OffX/OffY/LW/LH/Addr(1, 1, 125, 94, 15, 15, 0, 0, 121, 87, 0x01f80000)
D/lsc_mgr ( 5296): [getSensorScenarioByLscScenario]
D/AtvSensorDrv( 5296): [getInstance][AtvSensorDrv] getInstance
D/ImgSensorDrv( 5296): [getInstance][ImgSensorDrv] getInstance
D/SensorHal( 5296): [sendCommand] SENSOR_CMD_GET_SENSOR_INFO
D/ImgSensorDrv( 5296): [getInstance][ImgSensorDrv] getInstance
D/SensorHal( 5296): [sendCommand] SENSOR_CMD_GET_SENSOR_SUBSAMPLING_INFO
D/lsc_mgr ( 5296): acdk ACDK_SCENARIO_ID_VIDEO_PREVIEW, sensor SENSOR_CMD_GET_SENSOR_VIDEO_RANGE
D/ImgSensorDrv( 5296): [getInstance][ImgSensorDrv] getInstance
D/SensorHal( 5296): [sendCommand] SENSOR_CMD_GET_SENSOR_VIDEO_RANGE
D/lsc_mgr ( 5296): [getScenarioResolution] SensorOP 2 GrabX GrabY SrcW SrcH CropW CropH SubW SubH DataFmt (2, 2, 1998, 1498, 1996, 1496, 0, 0, 0)
D/lsc_mgr ( 5296): [LscMgr:ConfigUpdate] LSCScenario 3, sensorOp 2 DMA/EN/W/H/XNum/YNum/OffX/OffY/LW/LH/Addr(1, 1, 62, 47, 15, 15, 0, 0, 68, 43, 0x02000000)
D/lsc_mgr ( 5296): [getSensorScenarioByLscScenario]
D/AtvSensorDrv( 5296): [getInstance][AtvSensorDrv] getInstance
D/ImgSensorDrv( 5296): [getInstance][ImgSensorDrv] getInstance
D/SensorHal( 5296): [sendCommand] SENSOR_CMD_GET_SENSOR_INFO
D/ImgSensorDrv( 5296): [getInstance][ImgSensorDrv] getInstance
D/SensorHal( 5296): [sendCommand] SENSOR_CMD_GET_SENSOR_SUBSAMPLING_INFO
D/lsc_mgr ( 5296): acdk ACDK_SCENARIO_ID_VIDEO_PREVIEW, sensor SENSOR_CMD_GET_SENSOR_VIDEO_RANGE
D/ImgSensorDrv( 5296): [getInstance][ImgSensorDrv] getInstance
D/SensorHal( 5296): [sendCommand] SENSOR_CMD_GET_SENSOR_VIDEO_RANGE
D/lsc_mgr ( 5296): [getScenarioResolution] SensorOP 2 GrabX GrabY SrcW SrcH CropW CropH SubW SubH DataFmt (2, 2, 1998, 1498, 1996, 1496, 0, 0, 0)
D/lsc_mgr ( 5296): [LscMgr:ConfigUpdate] LSCScenario 4, sensorOp 2 DMA/EN/W/H/XNum/YNum/OffX/OffY/LW/LH/Addr(1, 1, 62, 47, 15, 15, 0, 0, 68, 43, 0x02040000)
D/lsc_mgr ( 5296): [getSensorScenarioByLscScenario]
D/AtvSensorDrv( 5296): [getInstance][AtvSensorDrv] getInstance
D/ImgSensorDrv( 5296): [getInstance][ImgSensorDrv] getInstance
D/SensorHal( 5296): [sendCommand] SENSOR_CMD_GET_SENSOR_INFO
D/ImgSensorDrv( 5296): [getInstance][ImgSensorDrv] getInstance
D/SensorHal( 5296): [sendCommand] SENSOR_CMD_GET_SENSOR_SUBSAMPLING_INFO
D/lsc_mgr ( 5296): acdk ACDK_SCENARIO_ID_CAMERA_CAPTURE_JPEG, sensor SENSOR_CMD_GET_SENSOR_FULL_RANGE
D/ImgSensorDrv( 5296): [getInstance][ImgSensorDrv] getInstance
D/SensorHal( 5296): [sendCommand] SENSOR_CMD_GET_SENSOR_FULL_RANGE
D/lsc_mgr ( 5296): [getScenarioResolution] SensorOP 1 GrabX GrabY SrcW SrcH CropW CropH SubW SubH DataFmt (4, 4, 3996, 2998, 3992, 2994, 0, 0, 0)
D/lsc_mgr ( 5296): [LscMgr:ConfigUpdate] LSCScenario 5, sensorOp 1 DMA/EN/W/H/XNum/YNum/OffX/OffY/LW/LH/Addr(1, 1, 125, 94, 15, 15, 0, 0, 121, 87, 0x020c0000)
D/lsc_mgr ( 5296): [LscMgr] ConfigUpdate Again!
D/lsc_mgr ( 5296): [LscMgr:loadTSFLut] 0x00180a01/0x20100000/0x00002400/0x09602e06
D/lsc_mgr ( 5296): [LscMgr] loadTSFLut Done!
D/lsc_mgr ( 5296): [LscMgr] Init TSF table!
D/lsc_mgr ( 5296): [LscMgr:changeTSFState] old/new state 0/1
D/lsc_mgr ( 5296): [LscMgr] Normal mode!
D/lsc_mgr ( 5296): [setIspProfile] PrevLscScenario 0, LscScenario 0
D/lsc_mgr ( 5296): [LscMgr:SetTBAToISP] TSF enable 0, state 1
D/lsc_mgr ( 5296): [getCTIdx] Shading idx= 0
D/lsc_mgr ( 5296): [getCTIdx] Shading idx= 0
D/lsc_mgr ( 5296): [LscMgr] SetTBAToISP m_eLscScenario 0, TableSize 16384, CCT 0x0, phyAddr 0x1f00000, XSize 0x3fff m_eSensorOp 0
D/lsc_mgr ( 5296): [LscMgr:enableLsc] Meta 0, Shading param 0x2, 0x1f00000, 0x20, 0x0,0xf03e ,0xf02f ,0x44002b ,0x20202020, 0x0
I/IspDrv ( 5296): {IspDrv} [createInstance] fgIsGdmaMode: 0.
D/lsc_mgr ( 5296): [getCTIdx] Shading idx= 0
D/paramctrl_validate( 5296): [validatePerFrame](ParamChangeCount, fgForce)=(2, 1)
D/isp_tuning_custom( 5296): [IspCamInfo][dump](eIspProfile, eIdx_Scene)=(0, 0)
D/isp_tuning_custom( 5296): [RAWIspCamInfo][dump](eIdx_ISO, u4ISOValue, i4ZoomRatio_x100, i4LightValue_x10)=(0, 0, 0, 0, 1118145920)
D/isp_tuning_custom( 5296): [8 evaluate_Shading_CCT_index] CCT:0 DF_IDX:0 i4PT:0 i4PW:0
D/isp_tuning_custom( 5296): [evaluate_Shading_CCT_index] eIdx_Shading_CCT_new:0
D/lsc_mgr ( 5296): [setCTIdx] Shading idx= 0
D/lsc_mgr ( 5296): [LscMgr:SetTBAToISP] TSF enable 0, state 1
D/lsc_mgr ( 5296): [getCTIdx] Shading idx= 0
D/lsc_mgr ( 5296): [getCTIdx] Shading idx= 0
D/lsc_mgr ( 5296): [LscMgr] SetTBAToISP m_eLscScenario 0, TableSize 16384, CCT 0x0, phyAddr 0x1f00000, XSize 0x3fff m_eSensorOp 0
D/lsc_mgr ( 5296): [LscMgr:enableLsc] Meta 0, Shading param 0x2, 0x1f00000, 0x20, 0x0,0xf03e ,0xf02f ,0x44002b ,0x20202020, 0x0
I/IspDrv ( 5296): {IspDrv} [createInstance] fgIsGdmaMode: 0.
D/lsc_mgr ( 5296): [getCTIdx] Shading idx= 0
I/IspDrv ( 5296): {IspDrv} [createInstance] fgIsGdmaMode: 0.
I/TdriMgr ( 5296): [applySetting] Cq(5)-Fun(3)
I/TdriMgr ( 5296): [applySetting] Cq(5)-Fun(4)
I/TdriMgr ( 5296): [applySetting] Cq(5)-Fun(5)
D/paramctrl_lifetime( 5296): [-ParamctrlRAW::init]err(0)
I/MtkCam/MtkCamUtils( 5296): {CamProfile}[DefaultCamDevice::onInit] 3A Hal -: (2-th) ===> [start-->now: 250 ms] [last-->now: 12 ms]
D/MtkCam/CamDevice( 5296): (12069)(Default:0)[CamDevice::onInit] +
D/MtkCam/ParamsManager( 5296): [updateDefaultParams] +
D/MtkCam/ParamsManager( 5296): [updateDefaultParams0] +
D/MtkCam/ParamsManager( 5296): [updateDefaultParams1] +
D/MtkCam/ParamsManager( 5296): [updateDefaultParams1_ByQuery] +
D/MtkCam/ParamsManager( 5296): [updateParams] [00] aflamp-mode=off;aflamp-mode-values=off,on,auto
D/MtkCam/ParamsManager( 5296): [updateParams] [01] antibanding=off;antibanding-values=off,50hz,60hz,auto
D/MtkCam/ParamsManager( 5296): [updateParams] [02] brightness=middle;brightness-values=low,middle,high
D/MtkCam/ParamsManager( 5296): [updateParams] [03] cap-mode=normal;cap-mode-values=normal,face_beauty,continuousshot
D/MtkCam/ParamsManager( 5296): [updateParams] [04] contrast=middle;contrast-values=low,middle,high
D/MtkCam/ParamsManager( 5296): [updateParams] [05] edge=middle;edge-values=low,middle,high
D/MtkCam/ParamsManager( 5296): [updateParams] [06] effect=none;effect-values=none,mono,negative,sepia,aqua,whiteboard,blackboard
D/MtkCam/ParamsManager( 5296): [updateExposureCompensationParams] exposure-compensation=0;min-exposure-compensation=-3;max-exposure-compensation=3;exposure-compensation-step=1.0
D/MtkCam/ParamsManager( 5296): [updateParams] [08] flash-mode=off;flash-mode-values=off,on,auto,red-eye,torch
D/MtkCam/ParamsManager( 5296): [updateParams] [09] focus-mode=auto;focus-mode-values=auto,macro,infinity,continuous-picture,continuous-video,manual,fullscan
D/MtkCam/ParamsManager( 5296): [updateParams] [10] hue=middle;hue-values=low,middle,high
D/MtkCam/ParamsManager( 5296): [updateParams] [11] iso-speed=auto;iso-speed-values=auto,100,200,400,800,1600
D/MtkCam/ParamsManager( 5296): [updateParams] [12] picture-size=4096x3072;picture-size-values=256x144,320x240,512x288,640x480,1280x720,1024x768,1536x864,1280x960,1792x1008,1600x1200,2304x1296,2048x1536,2816x1584,2560x1920,3584x2016,3264x2448,4608x2592,4096x3072
D/MtkCam/ParamsManager( 5296): [updatePreviewFpsParams] preview-fps-range=30000,30000;preview-fps-range-values=(15000,15000),(24000,24000),(30000,30000)
D/MtkCam/ParamsManager( 5296): [updateParams] [14] preview-size=640x480;preview-size-values=176x144,320x240,352x288,480x320,480x368,640x480,720x480,800x480,800x600,864x480,960x540,1280x720,1920x1080
D/MtkCam/ParamsManager( 5296): [updateParams] [15] saturation=middle;saturation-values=low,middle,high
D/MtkCam/ParamsManager( 5296): [updateParams] [16] scene-mode=auto;scene-mode-values=auto,portrait,landscape,night,night-portrait,theatre,beach,snow,sunset,steadyphoto,fireworks,sports,party,candlelight,hdr
D/MtkCam/ParamsManager( 5296): [updateParams] [17] video-size=640x480;video-size-values=176x144,320x240,352x288,480x320,480x368,640x480,720x480,800x480,800x600,864x480,960x540,1280x720,1920x1080
D/MtkCam/ParamsManager( 5296): [updateVideoSnapshotParams] video-snapshot-supported=true
D/MtkCam/ParamsManager( 5296): [updateParams] [19] video-stabilization=false;video-stabilization-supported=true
D/MtkCam/ParamsManager( 5296): [updateParams] [20] whitebalance=auto;whitebalance-values=auto,incandescent,fluorescent,warm-fluorescent,daylight,cloudy-daylight,twilight,shade
D/MtkCam/ParamsManager( 5296): [updateZoomParams] zoom-ratios=100,114,132,151,174,200,229,263,303,348,400
D/MtkCam/ParamsManager( 5296): [updateParams] [22] zsd-mode=off;zsd-mode-values=off,on
D/MtkCam/ParamsManager( 5296): [updateDefaultParams1_ByQuery] - ret(1)
D/MtkCam/ParamsManager( 5296): [updatePreferredPreviewSize] KEY_PREFERRED_PREVIEW_SIZE_FOR_VIDEO=1920x1080
D/MtkCam/ParamsManager( 5296): [updateDefaultParams1] -
D/MtkCam/ParamsManager( 5296): [updateDefaultParams2_ByQuery] +
D/SensorHal( 5296): [getInstance][SensorHalImp] getInstance
D/SensorHal( 5296): [createImp][createImp]: 2
D/SensorHal( 5296): [createImp] Has created
D/ImgSensorDrv( 5296): [getInstance][ImgSensorDrv] getInstance
D/MtkCam/ParamsManager( 5296): [updateDefaultParams2_ByQuery] view-angles:55 42
D/SensorHal( 5296): [deleteImp][deleteImp]: 3
D/SensorHal( 5296): [deleteImp] Still users
D/SensorHal( 5296): [getInstance][SensorHalImp] getInstance
D/SensorHal( 5296): [createImp][createImp]: 2
D/SensorHal( 5296): [createImp] Has created
D/ImgSensorDrv( 5296): [getInstance][ImgSensorDrv] getInstance
D/SensorHal( 5296): [sendCommand] Sensor Dev: 1
D/SensorHal( 5296): [init][init]: 2
D/SensorHal( 5296): [init] Has inited
D/ImgSensorDrv( 5296): [getInstance][ImgSensorDrv] getInstance
D/SensorHal( 5296): [uninit][uninit]: 3
D/SensorHal( 5296): [uninit] Still users
D/SensorHal( 5296): [deleteImp][deleteImp]: 3
D/SensorHal( 5296): [deleteImp] Still users
D/af_mgr ( 5296): [getAFMaxAreaNum]1
D/af_mgr ( 5296): [getMaxLensPos]m_pMcuDrv NULL
D/af_mgr ( 5296): [getMinLensPos]m_pMcuDrv NULL
D/MtkCam/ParamsManager( 5296): [updateDefaultParams2_ByQuery] - ret(1)
D/MtkCam/ParamsManager( 5296): [showParameters] 4, 2847
D/MtkCam/ParamsManager( 5296): afeng-max-focus-step=0;afeng-min-focus-step=0;aflamp-mode=off;aflamp-mode-values=off,on,auto;antibanding=off;antibanding-values=off,50hz,60hz,auto;auto-exposure-lock-supported=true;auto-whitebalance-lock-supported=true;brightness=middle;brightness-values=low,middle,high;brightness_value=0;burst-num=1;cam-mode=0;cap-mode=normal;cap-mode-values=normal,face_beauty,continuousshot;capfname=/sdcard/DCIM/cap00;contrast=middle;contrast-values=low,middle,high;edge=middle;edge-values=low,middle,high;effect=none;effect-values=none,mono,negative,sepia,aqua,whiteboard,blackboard;exposure-compensation=0;exposure-compensation-step=1.0;fb-sharp=0;fb-sharp-max=4;fb-sharp-min=-4;fb-skin-color=0;fb-skin-color-max=4;fb-skin-color-min=-4;fb-smooth-level=0;fb-smooth-level-max=4;f
D/MtkCam/ParamsManager( 5296): b-smooth-level-min=-4;flash-mode=off;flash-mode-values=off,on,auto,red-eye,torch;focal-length=3.5;focus-distances=0.95,1.9,Infinity;focus-mode=auto;focus-mode-values=auto,macro,infinity,continuous-picture,continuous-video,manual,fullscan;horizontal-view-angle=55;hue=middle;hue-values=low,middle,high;iso-speed=auto;iso-speed-values=auto,100,200,400,800,1600;jpeg-quality=100;jpeg-thumbnail-height=128;jpeg-thumbnail-quality=100;jpeg-thumbnail-size-values=0x0,160x128,320x240;jpeg-thumbnail-width=160;max-exposure-compensation=3;max-num-detected-faces-hw=15;max-num-detected-faces-sw=0;max-num-focus-areas=1;max-num-metering-areas=9;max-zoom=10;min-exposure-compensation=-3;picture-format=jpeg;picture-format-values=jpeg;picture-size=4096x3072;picture-size-values=256x
D/MtkCam/ParamsManager( 5296): 144,320x240,512x288,640x480,1280x720,1024x768,1536x864,1280x960,1792x1008,1600x1200,2304x1296,2048x1536,2816x1584,2560x1920,3584x2016,3264x2448,4608x2592,4096x3072;preferred-preview-size-for-video=1920x1080;preview-format=yuv420sp;preview-format-values=yuv420sp,yuv420p,yuv420i-yyuvyy-3plane;preview-fps-range=5000,60000;preview-fps-range-values=(5000,60000);preview-frame-rate=30;preview-frame-rate-values=15,24,30;preview-size=640x480;preview-size-values=176x144,320x240,352x288,480x320,480x368,640x480,720x480,800x480,800x600,864x480,960x540,1280x720,1920x1080;rotation=0;saturation=middle;saturation-values=low,middle,high;scene-mode=auto;scene-mode-values=auto,portrait,landscape,night,night-portrait,theatre,beach,snow,sunset,steadyphoto,fireworks,sports,party,c
D/MtkCam/ParamsManager( 5296): andlelight,hdr;smooth-zoom-supported=true;vertical-view-angle=42;video-size=640x480;video-size-values=176x144,320x240,352x288,480x320,480x368,640x480,720x480,800x480,800x600,864x480,960x540,1280x720,1920x1080;video-snapshot-supported=true;video-stabilization=false;video-stabilization-supported=true;whitebalance=auto;whitebalance-values=auto,incandescent,fluorescent,warm-fluorescent,daylight,cloudy-daylight,twilight,shade;zoom=0;zoom-ratios=100,114,132,151,174,200,229,263,303,348,400;zoom-supported=true;zsd-mode=off;zsd-mode-values=off,on
D/MtkCam/ParamsManager( 5296): [updateDefaultParams] - ret(1)
D/MtkCam/ParamsManager( 5296): [updateHalAppMode] + KEY_CAMERA_MODE:0
D/MtkCam/MtkCamUtils( 5296): [CamPropertyMap::set] pid/tid=5296/12069 (hal.appmode)=(Default)
D/MtkCam/ParamsManager( 5296): [updateHalAppMode] - property:hal.appmode=Default[0]
D/MtkCam/CamClient( 5296): (12069)[CamClient] this(0x44d9fb48)
D/MtkCam/CamClient( 5296): (12069)[init] +
D/MtkCam/PrvCB( 5296): (12069)[PreviewClient] + this(0x44d9fbb0)
D/MtkCam/PrvCB( 5296): (12069)[PreviewClient] - debug.camera.previewclient.loglevel=1
D/MtkCam/PrvCB( 5296): (12069)[init] +
D/MtkCam/PrvCB( 5296): (12069)[init] -
D/MtkCam/CamClient/RecordClient( 5296): (12069)[RecordClient] + this(0x42a52150)
D/MtkCam/CamClient/RecordClient( 5296): (12069)[init] +
D/MtkCam/PrvCB( 5296): (26293)[readyToRun] policy:(expect, result)=(2, 2), priority:(expect, result)=(268435546, 90)
D/MtkCam/CamClient/RecordClient( 5296): (12069)[init] -
D/MtkCam/CamClient/RecordClient( 5296): (26294)[readyToRun] policy:(expect, result)=(2, 2), priority:(expect, result)=(268435546, 90)
D/MtkCam/CamClient/RecordClient( 5296): (26294)[getCommand] + que size(0)
D/MtkCam/CamClient/FDClient( 5296): (12069)[FDClient] + this(0x44070bb8)
D/MtkCam/CamClient/FDClient( 5296): (12069)[init] +
D/MtkCam/CamClient/FDClient( 5296): (12069)[init] -
D/MtkCam/CamClient/PREFEATUREBASE( 5296): (12069)[PREFEATUREABSE] + this(0x44070d08)
D/MtkCam/CamClient/PREFEATUREBASE( 5296): (12069)[init] +
D/MtkCam/CamClient/PREFEATUREBASE( 5296): (12069)[init] -
D/MtkCam/CamClient( 5296): (12069)[init] - ret(1)
D/MtkCam/CamDevice( 5296): (12069)(Default:0)[CamDevice::onInit] - ret(1)
I/MtkCam/MtkCamUtils( 5296): {CamProfile}[DefaultCamDevice::onInit] : (3-th) ===> [start-->now: 252 ms] [last-->now: 1 ms]
D/MtkCam/CamDevice( 5296): (12069)(Default:0)[onInit] - ret(1)
I/MtkCam/CamDevice( 5296): [CamDeviceManager::createIDevice] - created instance=0x42915638
I/MtkCam/CamDevice( 5296): [CamDeviceManager::openDevice] - mi4OpenNum(1)
D/MtkCam/CamClient/PREFEATUREBASE( 5296): (12069)[setCallbacks] setCallbacks +
D/MtkCam/CamClient( 5296): (12069)[enableMsgType] msgType: 3085
D/MtkCam/CamClient( 5296): (12069)[enableMsgType] msgType: -1073741824
D/CameraClient( 5296): CameraClient::initialize X (pid 26259, id 0)
D/CameraService( 5296): CameraService::connect X (id 0, this pid is 5296)
D/OpenCV_NativeCamera(26259): Instantiated new CameraHandler (0x5e19cea1, 0x5d2229c0)
D/CameraClient( 5296): getParameters (pid 26259) (afeng-max-focus-step=0;afeng-min-focus-step=0;aflamp-mode=off;aflamp-mode-values=off,on,auto;antibanding=off;antibanding-values=off,50hz,60hz,auto;auto-exposure-lock-supported=true;auto-whitebalance-lock-supported=true;brightness=middle;brightness-values=low,middle,high;brightness_value=0;burst-num=1;cam-mode=0;cap-mode=normal;cap-mode-values=normal,face_beauty,continuousshot;capfname=/sdcard/DCIM/cap00;contrast=middle;contrast-values=low,middle,high;edge=middle;edge-values=low,middle,high;effect=none;effect-values=none,mono,negative,sepia,aqua,whiteboard,blackboard;exposure-compensation=0;exposure-compensation-step=1.0;fb-sharp=0;fb-sharp-max=4;fb-sharp-min=-4;fb-skin-color=0;fb-skin-color-max=4;fb-skin-color-min=-4;fb-smooth-level=0;fb-smooth-level-max=4;fb-smooth-level-min=-4;flash-mode=off;flash-mode-values=off,on,auto,red-eye,torch;focal-length=3.5;focus-distances=0.95,1.9,Infinity;focus-mode=auto;focus-mode-values=auto,macro,infinity,continuous-picture,continuous-video,manual
I/OpenCV_NativeCamera(26259): initCameraConnect: [afeng-max-focus-step=0;afeng-min-focus-step=0;aflamp-mode=off;aflamp-mode-values=off,on,auto;antibanding=off;antibanding-values=off,50hz,60hz,auto;auto-exposure-lock-supported=true;auto-whitebalance-lock-supported=true;brightness=middle;brightness-values=low,middle,high;brightness_value=0;burst-num=1;cam-mode=0;cap-mode=normal;cap-mode-values=normal,face_beauty,continuousshot;capfname=/sdcard/DCIM/cap00;contrast=middle;contrast-values=low,middle,high;edge=middle;edge-values=low,middle,high;effect=none;effect-values=none,mono,negative,sepia,aqua,whiteboard,blackboard;exposure-compensation=0;exposure-compensation-step=1.0;fb-sharp=0;fb-sharp-max=4;fb-sharp-min=-4;fb-skin-color=0;fb-skin-color-max=4;fb-skin-color-min=-4;fb-smooth-level=0;fb-smooth-level-max=4;fb-smooth-level-min=-4;flash-mode=off;flash-mode-values=off,on,auto,red-eye,torch;focal-length=3.5;focus-distances=0.95,1.9,Infinity;focus-mode=auto;focus-mode-values=auto,macro,infinity,continuous-picture,continuous-video,manual,fullsc
D/OpenCV_NativeCamera(26259): Supported Cameras: (null)
D/OpenCV_NativeCamera(26259): Supported Picture Sizes: 256x144,320x240,512x288,640x480,1280x720,1024x768,1536x864,1280x960,1792x1008,1600x1200,2304x1296,2048x1536,2816x1584,2560x1920,3584x2016,3264x2448,4608x2592,4096x3072
D/OpenCV_NativeCamera(26259): Supported Picture Formats: jpeg
D/OpenCV_NativeCamera(26259): Supported Preview Sizes: 176x144,320x240,352x288,480x320,480x368,640x480,720x480,800x480,800x600,864x480,960x540,1280x720,1920x1080
D/OpenCV_NativeCamera(26259): Supported Preview Formats: yuv420sp,yuv420p,yuv420i-yyuvyy-3plane
D/OpenCV_NativeCamera(26259): Supported Preview Frame Rates: 15,24,30
D/OpenCV_NativeCamera(26259): Supported Thumbnail Sizes: 0x0,160x128,320x240
D/OpenCV_NativeCamera(26259): Supported Whitebalance Modes: auto,incandescent,fluorescent,warm-fluorescent,daylight,cloudy-daylight,twilight,shade
D/OpenCV_NativeCamera(26259): Supported Effects: none,mono,negative,sepia,aqua,whiteboard,blackboard
D/OpenCV_NativeCamera(26259): Supported Scene Modes: auto,portrait,landscape,night,night-portrait,theatre,beach,snow,sunset,steadyphoto,fireworks,sports,party,candlelight,hdr
D/OpenCV_NativeCamera(26259): Supported Focus Modes: auto,macro,infinity,continuous-picture,continuous-video,manual,fullscan
D/OpenCV_NativeCamera(26259): Supported Antibanding Options: off,50hz,60hz,auto
D/OpenCV_NativeCamera(26259): Supported Flash Modes: off,on,auto,red-eye,torch
D/CameraClient( 5296): setParameters (pid 26259) (afeng-max-focus-step=0;afeng-min-focus-step=0;aflamp-mode=off;aflamp-mode-values=off,on,auto;antibanding=off;antibanding-values=off,50hz,60hz,auto;auto-exposure-lock-supported=true;auto-whitebalance-lock-supported=true;brightness=middle;brightness-values=low,middle,high;brightness_value=0;burst-num=1;cam-mode=0;cap-mode=normal;cap-mode-values=normal,face_beauty,continuousshot;capfname=/sdcard/DCIM/cap00;contrast=middle;contrast-values=low,middle,high;edge=middle;edge-values=low,middle,high;effect=none;effect-values=none,mono,negative,sepia,aqua,whiteboard,blackboard;exposure-compensation=0;exposure-compensation-step=1.0;fb-sharp=0;fb-sharp-max=4;fb-sharp-min=-4;fb-skin-color=0;fb-skin-color-max=4;fb-skin-color-min=-4;fb-smooth-level=0;fb-smooth-level-max=4;fb-smooth-level-min=-4;flash-mode=off;flash-mode-values=off,on,auto,red-eye,torch;focal-length=3.5;focus-distances=0.95,1.9,Infinity;focus-mode=continuous-video;focus-mode-values=auto,macro,infinity,continuous-picture,continuous-
D/MtkCam/ParamsManager( 5296): [showParameters] 4, 2859
D/MtkCam/ParamsManager( 5296): afeng-max-focus-step=0;afeng-min-focus-step=0;aflamp-mode=off;aflamp-mode-values=off,on,auto;antibanding=off;antibanding-values=off,50hz,60hz,auto;auto-exposure-lock-supported=true;auto-whitebalance-lock-supported=true;brightness=middle;brightness-values=low,middle,high;brightness_value=0;burst-num=1;cam-mode=0;cap-mode=normal;cap-mode-values=normal,face_beauty,continuousshot;capfname=/sdcard/DCIM/cap00;contrast=middle;contrast-values=low,middle,high;edge=middle;edge-values=low,middle,high;effect=none;effect-values=none,mono,negative,sepia,aqua,whiteboard,blackboard;exposure-compensation=0;exposure-compensation-step=1.0;fb-sharp=0;fb-sharp-max=4;fb-sharp-min=-4;fb-skin-color=0;fb-skin-color-max=4;fb-skin-color-min=-4;fb-smooth-level=0;fb-smooth-level-max=4;f
D/MtkCam/ParamsManager( 5296): b-smooth-level-min=-4;flash-mode=off;flash-mode-values=off,on,auto,red-eye,torch;focal-length=3.5;focus-distances=0.95,1.9,Infinity;focus-mode=continuous-video;focus-mode-values=auto,macro,infinity,continuous-picture,continuous-video,manual,fullscan;horizontal-view-angle=55;hue=middle;hue-values=low,middle,high;iso-speed=auto;iso-speed-values=auto,100,200,400,800,1600;jpeg-quality=100;jpeg-thumbnail-height=128;jpeg-thumbnail-quality=100;jpeg-thumbnail-size-values=0x0,160x128,320x240;jpeg-thumbnail-width=160;max-exposure-compensation=3;max-num-detected-faces-hw=15;max-num-detected-faces-sw=0;max-num-focus-areas=1;max-num-metering-areas=9;max-zoom=10;min-exposure-compensation=-3;picture-format=jpeg;picture-format-values=jpeg;picture-size=4096x3072;picture-size
D/MtkCam/ParamsManager( 5296): -values=256x144,320x240,512x288,640x480,1280x720,1024x768,1536x864,1280x960,1792x1008,1600x1200,2304x1296,2048x1536,2816x1584,2560x1920,3584x2016,3264x2448,4608x2592,4096x3072;preferred-preview-size-for-video=1920x1080;preview-format=yuv420sp;preview-format-values=yuv420sp,yuv420p,yuv420i-yyuvyy-3plane;preview-fps-range=5000,60000;preview-fps-range-values=(5000,60000);preview-frame-rate=30;preview-frame-rate-values=15,24,30;preview-size=640x480;preview-size-values=176x144,320x240,352x288,480x320,480x368,640x480,720x480,800x480,800x600,864x480,960x540,1280x720,1920x1080;rotation=0;saturation=middle;saturation-values=low,middle,high;scene-mode=auto;scene-mode-values=auto,portrait,landscape,night,night-portrait,theatre,beach,snow,sunset,steadyphoto,fireworks,sp
D/MtkCam/ParamsManager( 5296): orts,party,candlelight,hdr;smooth-zoom-supported=true;vertical-view-angle=42;video-size=640x480;video-size-values=176x144,320x240,352x288,480x320,480x368,640x480,720x480,800x480,800x600,864x480,960x540,1280x720,1920x1080;video-snapshot-supported=true;video-stabilization=false;video-stabilization-supported=true;whitebalance=auto;whitebalance-values=auto,incandescent,fluorescent,warm-fluorescent,daylight,cloudy-daylight,twilight,shade;zoom=0;zoom-ratios=100,114,132,151,174,200,229,263,303,348,400;zoom-supported=true;zsd-mode=off;zsd-mode-values=off,on
D/MtkCam/ParamsManager( 5296): [setParameters] +
D/MtkCam/ParamsManager( 5296): [setParameters] AutoWLock
D/MtkCam/ParamsManager( 5296): [updatePreviewSize] +
D/MtkCam/ParamsManager( 5296): [updatePreviewSize] -
D/MtkCam/ParamsManager( 5296): [setParameters] -
D/ae_mgr ( 5296): setAEMeteringArea m_isAeMeterAreaEn=1
D/af_mgr ( 5296): [setAFArea][Cnt]1 [L]0 [R]0 [U]0 [B]0
D/af_mgr ( 5296): [setAFArea][Cnt]1 [L]818 [R]1177 [U]568 [B]927 to [Cnt]1 [W]359 [H]359 [X]818 [Y]568
D/af_mgr ( 5296): [setCamMode]0
D/awb_mgr ( 5296): i4NewAWBMode: 1
D/awb_mgr ( 5296): [AwbMgr::setAWBLock] bAWBLock: 0
D/flash_mgr.cpp( 5296): setFlashMode mode=2
D/FlashlightDrv( 5296): getInstance line=128
D/FlashlightDrv( 5296): setTimeOutTime(ms=1000)
D/FlashlightDrv( 5296): setOnOff() isOn = 0
D/FlashlightDrv( 5296):
D/flash_mgr.cpp( 5296): setShotMode() mode=0
D/flash_mgr.cpp( 5296): setCamMode mode=0
D/flash_mgr.cpp( 5296): setEvComp ind=0 evs=1.000000
D/OpenCV_NativeCamera(26259): initCameraConnect: autofocus is set to mode "continuous-video"
D/CameraClient( 5296): setParameters (pid 26259) (afeng-max-focus-step=0;afeng-min-focus-step=0;aflamp-mode=off;aflamp-mode-values=off,on,auto;antibanding=off;antibanding-values=off,50hz,60hz,auto;auto-exposure-lock-supported=true;auto-whitebalance-lock-supported=true;brightness=middle;brightness-values=low,middle,high;brightness_value=0;burst-num=1;cam-mode=0;cap-mode=normal;cap-mode-values=normal,face_beauty,continuousshot;capfname=/sdcard/DCIM/cap00;contrast=middle;contrast-values=low,middle,high;edge=middle;edge-values=low,middle,high;effect=none;effect-values=none,mono,negative,sepia,aqua,whiteboard,blackboard;exposure-compensation=0;exposure-compensation-step=1.0;fb-sharp=0;fb-sharp-max=4;fb-sharp-min=-4;fb-skin-color=0;fb-skin-color-max=4;fb-skin-color-min=-4;fb-smooth-level=0;fb-smooth-level-max=4;fb-smooth-level-min=-4;flash-mode=off;flash-mode-values=off,on,auto,red-eye,torch;focal-length=3.5;focus-distances=0.95,1.9,Infinity;focus-mode=continuous-video;focus-mode-values=auto,macro,infinity,continuous-picture,continuous-
D/MtkCam/ParamsManager( 5296): [showParameters] 4, 2859
D/MtkCam/ParamsManager( 5296): afeng-max-focus-step=0;afeng-min-focus-step=0;aflamp-mode=off;aflamp-mode-values=off,on,auto;antibanding=off;antibanding-values=off,50hz,60hz,auto;auto-exposure-lock-supported=true;auto-whitebalance-lock-supported=true;brightness=middle;brightness-values=low,middle,high;brightness_value=0;burst-num=1;cam-mode=0;cap-mode=normal;cap-mode-values=normal,face_beauty,continuousshot;capfname=/sdcard/DCIM/cap00;contrast=middle;contrast-values=low,middle,high;edge=middle;edge-values=low,middle,high;effect=none;effect-values=none,mono,negative,sepia,aqua,whiteboard,blackboard;exposure-compensation=0;exposure-compensation-step=1.0;fb-sharp=0;fb-sharp-max=4;fb-sharp-min=-4;fb-skin-color=0;fb-skin-color-max=4;fb-skin-color-min=-4;fb-smooth-level=0;fb-smooth-level-max=4;f
D/MtkCam/ParamsManager( 5296): b-smooth-level-min=-4;flash-mode=off;flash-mode-values=off,on,auto,red-eye,torch;focal-length=3.5;focus-distances=0.95,1.9,Infinity;focus-mode=continuous-video;focus-mode-values=auto,macro,infinity,continuous-picture,continuous-video,manual,fullscan;horizontal-view-angle=55;hue=middle;hue-values=low,middle,high;iso-speed=auto;iso-speed-values=auto,100,200,400,800,1600;jpeg-quality=100;jpeg-thumbnail-height=128;jpeg-thumbnail-quality=100;jpeg-thumbnail-size-values=0x0,160x128,320x240;jpeg-thumbnail-width=160;max-exposure-compensation=3;max-num-detected-faces-hw=15;max-num-detected-faces-sw=0;max-num-focus-areas=1;max-num-metering-areas=9;max-zoom=10;min-exposure-compensation=-3;picture-format=jpeg;picture-format-values=jpeg;picture-size=4096x3072;picture-size
D/MtkCam/ParamsManager( 5296): -values=256x144,320x240,512x288,640x480,1280x720,1024x768,1536x864,1280x960,1792x1008,1600x1200,2304x1296,2048x1536,2816x1584,2560x1920,3584x2016,3264x2448,4608x2592,4096x3072;preferred-preview-size-for-video=1920x1080;preview-format=yuv420sp;preview-format-values=yuv420sp,yuv420p,yuv420i-yyuvyy-3plane;preview-fps-range=5000,60000;preview-fps-range-values=(5000,60000);preview-frame-rate=30;preview-frame-rate-values=15,24,30;preview-size=640x480;preview-size-values=176x144,320x240,352x288,480x320,480x368,640x480,720x480,800x480,800x600,864x480,960x540,1280x720,1920x1080;rotation=0;saturation=middle;saturation-values=low,middle,high;scene-mode=auto;scene-mode-values=auto,portrait,landscape,night,night-portrait,theatre,beach,snow,sunset,steadyphoto,fireworks,sp
D/MtkCam/ParamsManager( 5296): orts,party,candlelight,hdr;smooth-zoom-supported=true;vertical-view-angle=42;video-size=640x480;video-size-values=176x144,320x240,352x288,480x320,480x368,640x480,720x480,800x480,800x600,864x480,960x540,1280x720,1920x1080;video-snapshot-supported=true;video-stabilization=false;video-stabilization-supported=true;whitebalance=auto;whitebalance-values=auto,incandescent,fluorescent,warm-fluorescent,daylight,cloudy-daylight,twilight,shade;zoom=0;zoom-ratios=100,114,132,151,174,200,229,263,303,348,400;zoom-supported=true;zsd-mode=off;zsd-mode-values=off,on
D/MtkCam/ParamsManager( 5296): [setParameters] +
D/MtkCam/ParamsManager( 5296): [setParameters] AutoWLock
D/MtkCam/ParamsManager( 5296): [updatePreviewSize] +
D/MtkCam/ParamsManager( 5296): [updatePreviewSize] -
D/MtkCam/ParamsManager( 5296): [setParameters] -
D/ae_mgr ( 5296): setAEMeteringArea m_isAeMeterAreaEn=1
D/af_mgr ( 5296): [setAFArea][Cnt]1 [L]0 [R]0 [U]0 [B]0
D/af_mgr ( 5296): [setAFArea][Cnt]1 [L]818 [R]1177 [U]568 [B]927 to [Cnt]1 [W]359 [H]359 [X]818 [Y]568
D/af_mgr ( 5296): [setCamMode]0
D/awb_mgr ( 5296): i4NewAWBMode: 1
D/awb_mgr ( 5296): [AwbMgr::setAWBLock] bAWBLock: 0
D/flash_mgr.cpp( 5296): setFlashMode mode=2
D/FlashlightDrv( 5296): getInstance line=128
D/FlashlightDrv( 5296): setTimeOutTime(ms=1000)
D/FlashlightDrv( 5296): setOnOff() isOn = 0
D/FlashlightDrv( 5296):
D/flash_mgr.cpp( 5296): setShotMode() mode=0
D/flash_mgr.cpp( 5296): setCamMode mode=0
D/flash_mgr.cpp( 5296): setEvComp ind=0 evs=1.000000
D/OpenCV_NativeCamera(26259): initCameraConnect: preview format is set to yuv420sp
I/BufferQueue(26259): [unnamed-26259-0](this:0x5f3f9008,api:0) BufferQueue
I/BufferQueue(26259): [unnamed-26259-0](this:0x5f3f9008,api:0) consumerConnect
D/CameraClient( 5296): setPreviewTexture(0x425d7af0) (pid 26259)
I/BufferQueue(26259): [unnamed-26259-0](this:0x5f3f9008,api:0) connect: api=4
D/CameraClient( 5296): setPreviewCallbackFlag(5) (pid 26259)
D/MtkCam/CamClient( 5296): (5624)[enableMsgType] msgType: 16
D/MtkCam/PrvCB( 5296): (5624)[updateMsg] + current mIsMsgEnabled=0
D/OpenCV_NativeCamera(26259): Starting preview
D/CameraClient( 5296): startPreview (pid 26259)
D/CameraClient( 5296): startCameraMode(0)
D/CameraClient( 5296): startPreviewMode
I/MtkCam/CamDevice( 5296): (7779)(Default:0)[CamDevice::setPreviewWindow] + window(0x42914a90)
D/MtkCam/CamDevice( 5296): (7779)(Default:0)[CamDevice::initDisplayClient] + window(0x42914a90)
D/MtkCam/DisplayClient( 5296): (7779)[DisplayClient] +
D/MtkCam/DisplayClient( 5296): (7779)[DisplayClient] - debug.camera.display.loglevel=1
D/MtkCam/DisplayClient( 5296): (7779)[init] +
D/MtkCam/DisplayClient( 5296): (7779)[createImgBufQueue] +
D/MtkCam/DisplayClient( 5296): (7779)[createImgBufQueue] -
D/MtkCam/DisplayClient( 5296): (7779)[init] - ret(1)
D/MtkCam/DisplayClient( 5296): (26295)[DisplayThread::readyToRun] policy:(expect, result)=(2, 2), priority:(expect, result)=(268435547, 91)
I/MtkCam/DisplayClient( 5296): (7779)[setWindow] + window(0x42914a90), WxH=640x480, count(3)
D/MtkCam/DisplayClient( 5296): (26295)[DisplayThread::getCommand] + que size(0)
D/MtkCam/DisplayClient( 5296): [Camera@Display](yv12-gpu@640x480@12-bit@1075989609)
I/MtkCam/DisplayClient( 5296): (7779)[set_preview_stream_ops] set_buffer_count(5) = wanted_buf_count(3) + min_undequeued_buf_count(2)
I/BufferQueue(26259): [unnamed-26259-0](this:0x5f3f9008,api:4) setBufferCount: count=5
D/MtkCam/CamDevice( 5296): (7779)(Default:0)[CamDevice::initDisplayClient] - status(0)
I/MtkCam/CamDevice( 5296): (7779)(Default:0)[CamDevice::startPreview] +
D/MtkCam/ParamsManager( 5296): [updateHalAppMode] + KEY_CAMERA_MODE:0
D/MtkCam/MtkCamUtils( 5296): [CamPropertyMap::set] pid/tid=5296/7779 (hal.appmode)=(Default)
D/MtkCam/ParamsManager( 5296): [updateHalAppMode] - property:hal.appmode=Default[0]
D/MtkCam/CamAdapter( 5296): (Default)[BaseCamAdapter::BaseCamAdapter] sizeof=32, this=0x44d9cc10, mpCamMsgCbInfo=0x44d9cc1c, mpParamsMgr=0x44d9cc20, mImgBufProvidersMgr=0x44d9cc24
D/MtkCam/CamAdapter( 5296): (7779)(Default)[CamAdapter] sizeof=72, this=0x44d9cc10, mpStateManager=0x44d9cc34, mpPreviewCmdQueThread=0x44d9cc38, mpPreviewBufMgr=0x44d9cc3c, mpCaptureCmdQueThread=0x44d9cc40, mpShot=0x44d9cc44, mpResourceLock=0x44d9cc48
D/MtkCam/PrvCQT( 5296): (26296)[readyToRun] +
D/MtkCam/PrvCQT( 5296): (26296)[readyToRun] Tid: 26296, policy: 2, priority: 90
D/MtkCam/PrvCQT( 5296): (26296)[readyToRun] -
D/MtkCam/PrvCQT( 5296): (26296)[threadLoop] +
D/MtkCam/PrvCQT( 5296): (26296)[getCommand] +
D/SensorHal( 5296): [getInstance][SensorHalImp] getInstance
D/MtkCam/PrvCQT( 5296): (26296)[getCommand] + tid(26296), que size(0)
D/SensorHal( 5296): [createImp][createImp]: 2
D/SensorHal( 5296): [createImp] Has created
D/ImgSensorDrv( 5296): [getInstance][ImgSensorDrv] getInstance
D/MtkCam/CamAdapter( 5296): (26297)[CaptureCmdQueThread::readyToRun] policy:(expect, result)=(2, 2), priority:(expect, result)=(268435546, 90)
D/SensorHal( 5296): [sendCommand] Sensor Dev: 1
D/SensorHal( 5296): [init][init]: 2
D/MtkCam/CamAdapter( 5296): (26297)[CaptureCmdQueThread::getCommand] + que size(0)
D/SensorHal( 5296): [init] Has inited
D/ImgSensorDrv( 5296): [getInstance][ImgSensorDrv] getInstance
D/SensorHal( 5296): [uninit][uninit]: 3
D/SensorHal( 5296): [uninit] Still users
D/SensorHal( 5296): [deleteImp][deleteImp]: 3
D/SensorHal( 5296): [deleteImp] Still users
D/aaa_hal ( 5296): [setCallbacks()][p]1102865872
D/MtkCam/CamAdapter( 5296): (7779)(Default)[init3A] -
D/MtkCam/VideoSnapshotScenario( 5296): (7779)[setCallback] + rpShotCallback(0x44d9cc30), rpShotCallback->getStrongCount(3)
D/MtkCam/ResourceLock( 5296): (7779)[Init] First user(0)
D/ResMgrDrv( 5296): [Init]More user(1)
D/PipeMgrDrv( 5296): [Init]First user(0)
D/MtkCam/CamAdapter( 5296): (Default)[BaseCamAdapter::setCallbacks] mpCamMsgCbInfo.get(0x44d9fb18), mpCamMsgCbInfo->getStrongCount(2)
D/MtkCam/CamAdapter( 5296): (7779)(Default)[setParameters] +
D/MtkCam/PrvCQT( 5296): (7779)[setParameters] +
D/SensorHal( 5296): [getInstance][SensorHalImp] getInstance
D/SensorHal( 5296): [createImp][createImp]: 2
D/SensorHal( 5296): [createImp] Has created
D/ImgSensorDrv( 5296): [getInstance][ImgSensorDrv] getInstance
D/SensorHal( 5296): [sendCommand] Sensor Dev: 1
D/SensorHal( 5296): [init][init]: 2
D/SensorHal( 5296): [init] Has inited
D/ImgSensorDrv( 5296): [getInstance][ImgSensorDrv] getInstance
D/SensorHal( 5296): [uninit][uninit]: 3
D/SensorHal( 5296): [uninit] Still users
D/SensorHal( 5296): [deleteImp][deleteImp]: 3
D/SensorHal( 5296): [deleteImp] Still users
D/MtkCam/PrvCQT( 5296): (7779)[setParameters] -
D/SensorHal( 5296): [getInstance][SensorHalImp] getInstance
D/SensorHal( 5296): [createImp][createImp]: 2
D/SensorHal( 5296): [createImp] Has created
D/ImgSensorDrv( 5296): [getInstance][ImgSensorDrv] getInstance
D/SensorHal( 5296): [sendCommand] Sensor Dev: 1
D/SensorHal( 5296): [init][init]: 2
D/SensorHal( 5296): [init] Has inited
D/ImgSensorDrv( 5296): [getInstance][ImgSensorDrv] getInstance
D/SensorHal( 5296): [uninit][uninit]: 3
D/SensorHal( 5296): [uninit] Still users
D/SensorHal( 5296): [deleteImp][deleteImp]: 3
D/SensorHal( 5296): [deleteImp] Still users
D/MtkCam/ParamsManager( 5296): [getRecordingHint] No KEY_RECORDING_HINT
D/MtkCam/ParamsManager( 5296): [getRecordingHint] No KEY_RECORDING_HINT
D/MtkCam/CamAdapter( 5296): (7779)(Default)[setParameters] FPS:RH(0),Min(5000),Max(60000)
D/ae_mgr ( 5296): setAEMeteringArea m_isAeMeterAreaEn=1
D/af_mgr ( 5296): [setAFArea][Cnt]1 [L]0 [R]0 [U]0 [B]0
D/af_mgr ( 5296): [setAFArea][Cnt]1 [L]818 [R]1177 [U]568 [B]927 to [Cnt]1 [W]359 [H]359 [X]818 [Y]568
D/af_mgr ( 5296): [setCamMode]0
D/awb_mgr ( 5296): i4NewAWBMode: 1
D/awb_mgr ( 5296): [AwbMgr::setAWBLock] bAWBLock: 0
D/flash_mgr.cpp( 5296): setFlashMode mode=2
D/FlashlightDrv( 5296): getInstance line=128
D/FlashlightDrv( 5296): setTimeOutTime(ms=1000)
D/FlashlightDrv( 5296): setOnOff() isOn = 0
D/FlashlightDrv( 5296):
D/flash_mgr.cpp( 5296): setShotMode() mode=0
D/flash_mgr.cpp( 5296): setCamMode mode=0
D/flash_mgr.cpp( 5296): setEvComp ind=0 evs=1.000000
D/MtkCam/CamAdapter( 5296): (7779)(Default)[setParameters] -
D/MtkCam/DisplayClient( 5296): (7779)[setImgBufProviderClient] + ImgBufProviderClient(0x44d9cc10), mpImgBufQueue.get(0x42a34870)
I/MtkCam/CamAdapter( 5296): (Default)[BaseCamAdapter::onImgBufProviderCreated] - id=1, ImgBufProvider=0x42a34870
D/MtkCam/DisplayClient( 5296): (7779)[setImgBufProviderClient] -
D/MtkCam/PrvCB( 5296): (7779)[setImgBufProviderClient] + ImgBufProviderClient(0x44d9cc10)
I/MtkCam/CamAdapter( 5296): (Default)[BaseCamAdapter::onImgBufProviderCreated] - id=3, ImgBufProvider=0x42a520a8
D/MtkCam/PrvCB( 5296): (7779)[setImgBufProviderClient] -
D/MtkCam/CamClient/RecordClient( 5296): (7779)[setImgBufProviderClient] + ImgBufProviderClient(0x44d9cc10)
I/MtkCam/CamAdapter( 5296): (Default)[BaseCamAdapter::onImgBufProviderCreated] - id=2, ImgBufProvider=0x42a52260
D/MtkCam/CamClient/RecordClient( 5296): (7779)[setImgBufProviderClient] -
D/MtkCam/CamClient/FDClient( 5296): (7779)[setImgBufProviderClient] + ImgBufProviderClient(0x44d9cc10)
D/MtkCam/CamClient/FDClient( 5296): (7779)[setImgBufProviderClient] -
D/MtkCam/CamClient/PREFEATUREBASE( 5296): (7779)[setImgBufProviderClient] + ImgBufProviderClient(0x44d9cc10)
D/MtkCam/CamClient/PREFEATUREBASE( 5296): (7779)[setImgBufProviderClient] -
D/MtkCam/DisplayClient( 5296): (7779)[checkConfig] The Same [ImgBufProviderClient, BufCount, WxH]:(0x44d9cc10, 3, 640x480) -> (0x44d9cc10, 3, 640x480)
D/MtkCam/DisplayClient( 5296): (7779)[enableDisplay] + isDisplayEnabled(0), mpDisplayThread.get(0x42a347e0)
D/MtkCam/DisplayClient( 5296): (7779)[DisplayThread::postCommand] - new command::eID_WAKEUP
D/MtkCam/DisplayClient( 5296): (7779)[enableDisplay] - ret(1)
D/MtkCam/DisplayClient( 5296): (26295)[DisplayThread::getCommand] command:eID_WAKEUP
D/MtkCam/DisplayClient( 5296): (26295)[DisplayThread::getCommand] - que size(0), ret(1)
D/MtkCam/CamClient( 5296): (7779)[startPreview] +
D/MtkCam/PrvCB( 5296): (7779)[startPreview] + current mIsPrvStarted=0
D/MtkCam/PrvCB( 5296): (7779)[startPreview] + preview: WxH=640x480, format(yuv420sp)
D/MtkCam/PrvCB( 5296): (7779)(PreviewClientCb)[ImgBufManager::ImgBufManager]
D/MtkCam/PrvCB( 5296): (7779)(PreviewClientCb)[ImgBufManager::init] + mu4BufCount(3)
I/BufferQueue(26259): [unnamed-26259-0](this:0x5f3f9008,api:4) new GraphicBuffer needed
D/BufferQueue(26259): [OLD] gb:NULL
E/IMGSRV ( 133): :0: gralloc_device_alloc: attach special flag :Format32315659.
I/GraphicBuffer( 133): allocate buffer (w:640 h:480 f:842094169) err(0)
D/MtkCam/MtkCamUtils( 5296): [queryImgBufferSize] [yuv420sp] 640x480 image buffer size: 460800
D/MtkCam/PrvCB( 5296): [ImgInfo::ImgInfo] [PreviewClientCb](yuv420sp@640x480@12-bit@460800)
D/MtkCam/PrvCB( 5296): [PrvCbImgBuf::PrvCbImgBuf]
D/MtkCam/PrvCB( 5296): [PrvCbImgBuf::dump] Buffer[PreviewClientCb@0x44E11000@460800@yuv420sp@(640)640x480@12@Timestamp(0)]
D/MtkCam/MtkCamUtils( 5296): [queryImgBufferSize] [yuv420sp] 640x480 image buffer size: 460800
D/MtkCam/PrvCB( 5296): [ImgInfo::ImgInfo] [PreviewClientCb](yuv420sp@640x480@12-bit@460800)
D/MtkCam/PrvCB( 5296): [PrvCbImgBuf::PrvCbImgBuf]
D/MtkCam/PrvCB( 5296): [PrvCbImgBuf::dump] Buffer[PreviewClientCb@0x44E82000@460800@yuv420sp@(640)640x480@12@Timestamp(0)]
D/MtkCam/MtkCamUtils( 5296): [queryImgBufferSize] [yuv420sp] 640x480 image buffer size: 460800
D/MtkCam/PrvCB( 5296): [ImgInfo::ImgInfo] [PreviewClientCb](yuv420sp@640x480@12-bit@460800)
D/MtkCam/PrvCB( 5296): [PrvCbImgBuf::PrvCbImgBuf]
D/MtkCam/PrvCB( 5296): [PrvCbImgBuf::dump] Buffer[PreviewClientCb@0x44EF3000@460800@yuv420sp@(640)640x480@12@Timestamp(0)]
D/MtkCam/PrvCB( 5296): (7779)(PreviewClientCb)[ImgBufManager::init] - ret(1)
D/MtkCam/PrvCB( 5296): (7779)[postCommand] - new command::eID_WAKEUP
D/MtkCam/PrvCB( 5296): (26293)[getCommand] command:eID_WAKEUP
D/MtkCam/PrvCB( 5296): (26293)[waitAndHandleReturnBuffers] +
D/MtkCam/CamClient( 5296): (7779)[startPreview] - ret(1)
D/MtkCam/CamAdapter( 5296): (7779)(StateIdle)[onStartPreview] +
I/BufferQueue(26259): [NEW] gb=0x5d20a120, handle=0x5d20a1a8, w=640, h=480, s=640, fmt=842094169
D/MtkCam/CamAdapter( 5296): (7779)(Default)[onHandleStartPreview] +
D/MtkCam/MtkCamUtils( 5296): [queryImgBufferSize] [yv12-gpu] 640x480 image buffer size: 460800
I/BufferQueue(26259): [unnamed-26259-0](this:0x5f3f9008,api:4) new GraphicBuffer needed
D/BufferQueue(26259): [OLD] gb:NULL
E/IMGSRV ( 133): :0: gralloc_device_alloc: attach special flag :Format32315659.
I/GraphicBuffer( 133): allocate buffer (w:640 h:480 f:842094169) err(0)
D/MtkCam/ParamsManager( 5296): [getRecordingHint] No KEY_RECORDING_HINT
D/MtkCam/ResourceLock( 5296): (7779)[SetMode] Type(2)
D/MtkCam/ResourceLock( 5296): (7779)[GetResMgr] Type(2),ScenSw(2),ScenHw(6),Dev(0)
D/ResMgrDrv( 5296): [SetMode]ScenSw(2),ScenHw(6),Dev(0)
D/ResMgrDrv( 5296): [GetMode]ScenSw(1),ScenHw(0),Dev(0)
D/ResMgrDrv( 5296): [SetMode]OK
I/ ( 5296): [BWC INFO](7779): [bwc.mm._Profile] Get : 0
I/BufferQueue(26259): [NEW] gb=0x5d2195e0, handle=0x5d1cd028, w=640, h=480, s=640, fmt=842094169
I/ ( 5296): [BWC INFO](7779): [bwc.mm._Profile] Set : 5
I/ ( 5296): [BWC INFO](7779): [bwc.mm.SensorSize] Get : 1996 1496
I/ ( 5296): [BWC INFO](7779): [bwc.mm.VideoRecordSize] Get :
I/ ( 5296): [BWC INFO](7779): [bwc.mm.DisplaySize] Get :
I/ ( 5296): [BWC INFO](7779): [bwc.mm.TvOutSize] Get :
I/ ( 5296): [BWC INFO](7779): [bwc.mm.Fps] Get :
D/MtkCam/MtkCamUtils( 5296): [queryImgBufferSize] [yv12-gpu] 640x480 image buffer size: 460800
I/ ( 5296): [BWC INFO](7779): [bwc.mm.VideoEncodeCodec] Get :
I/ ( 5296): [BWC INFO](7779): [bwc.mm.VideoDecodeCodec] Get : 1
I/BufferQueue(26259): [unnamed-26259-0](this:0x5f3f9008,api:4) new GraphicBuffer needed
D/BufferQueue(26259): [OLD] gb:NULL
I/ ( 5296): [BWC INFO](7779): BWC_SETTING::DumpInfo-------
I/ ( 5296):
I/ ( 5296): [BWC INFO](7779): sensor_size = 1996 x 1496
I/ ( 5296): [BWC INFO](7779): vr_size = 0 x 0
I/ ( 5296): [BWC INFO](7779): disp_size = 0 x 0
E/IMGSRV ( 133): :0: gralloc_device_alloc: attach special flag :Format32315659.
I/ ( 5296): [BWC INFO](7779): tv_size = 0 x 0
I/ ( 5296): [BWC INFO](7779): fps = 0
I/ ( 5296): [BWC INFO](7779): venc_codec_type = 0
I/ ( 5296): [BWC INFO](7779): vdec_codec_type = 1
I/ ( 5296): [BWC INFO](7779): ----------------------------
I/ ( 5296):
I/ ( 5296): [BWC INFO](7779): BWCLIMIT_VR_1066 VR=840222720
I/ ( 5296): [BWC INFO](7779): BWCLIMIT_VR_1066 VT=933534720
I/ ( 5296): [BWC INFO](7779): BWCLIMIT_VT_1066 VR=402278400
I/ ( 5296): [BWC INFO](7779): BWCLIMIT_VT_1066 VT=487987200
I/ ( 5296): [BWC INFO](7779): Read DDR type string:LPDDR2
I/ ( 5296): [BWC INFO](7779): DDR Type = 0
I/ ( 5296): [BWC INFO](7779): smi_bw_ctrl_set: scen 1, reduce cmd 1
I/ ( 5296): [BWC INFO](7779): emi_bw_ctrl_set: CON_SCE_NORMAL ON
I/ ( 5296): [BWC INFO](7779): Profile_Change:[BWCPT_CAMERA_PREVIEW]:ON
D/ResMgrDrv( 5296): [CloseHdmi]En(1)
W/ResMgrDrv( 5296): [CloseHdmi]WRN( 456):HDMITX kernel open fail, errno(2):No such file or directory
D/MtkCam/ResourceLock( 5296): (7779)[Lock] Type(2),Timeout(3000)
D/MtkCam/ResourceLock( 5296): (7779)[GetPipeMgr] Type(2),Dst(0x00000003)
D/PipeMgrDrv( 5296): [Lock]OK,PipeMask(0x00000003),Timeount(3000)
D/MtkCam/ResourceLock( 5296): (7779)[Lock] Lock OK
D/MtkCam/PrvCQT( 5296): (7779)[postCommand] +
D/MtkCam/PrvCQT( 5296): (7779)[postCommand] + tid(7779), que size(0)
D/MtkCam/PrvCQT( 5296): (7779)[postCommand] - new command added(0): tid(7779), que size(1)
D/MtkCam/PrvCQT( 5296): (26296)[getCommand] Command: 0
D/MtkCam/PrvCQT( 5296): (26296)[getCommand] - tid(26296), que size(0), ret(1)
D/MtkCam/PrvCQT( 5296): (26296)[getCommand] -
D/MtkCam/PrvCQT( 5296): (26296)[start] +
D/MtkCam/ParamsManager( 5296): [getRecordingHint] No KEY_RECORDING_HINT
D/MtkCam/ParamsManager( 5296): [getRecordingHint] No KEY_RECORDING_HINT
D/MtkCam/ParamsManager( 5296): [getRecordingHint] No KEY_RECORDING_HINT
D/MtkCam/ParamsManager( 5296): [getRecordingHint] No KEY_RECORDING_HINT
D/SensorHal( 5296): [getInstance][SensorHalImp] getInstance
D/SensorHal( 5296): [createImp][createImp]: 2
D/SensorHal( 5296): [createImp] Has created
D/ImgSensorDrv( 5296): [getInstance][ImgSensorDrv] getInstance
D/SensorHal( 5296): [sendCommand] Sensor Dev: 1
D/SensorHal( 5296): [init][init]: 2
D/SensorHal( 5296): [init] Has inited
D/ImgSensorDrv( 5296): [getInstance][ImgSensorDrv] getInstance
D/ImgSensorDrv( 5296): [getInstance][ImgSensorDrv] getInstance
D/SensorHal( 5296): [sendCommand] SENSOR_CMD_GET_SENSOR_PRV_RANGE
D/MtkCam/VSSScen( 5296): [VSSScenario] mSensorBitOrder:1073767525
D/MtkCam/VSSScen( 5296): [VSSScenario] this=0x42a21830, sizeof:828
D/MtkCam/VSSScen( 5296): [getHwValidSize] In:W(1996),H(1496)
D/MtkCam/VSSScen( 5296): [getHwValidSize] Out:W(1996),H(1496)
D/MtkCam/VSSScen( 5296): [~VSSScenario]
D/SensorHal( 5296): [setConf][setConf] main/atv src: 1996/1496 , sub/main2 src: 1187304868/1116821304
D/SensorHal( 5296): [setConf][setConf] main/atv scenario: 0 , sub/main2 scenario: 1153859076
D/SensorHal( 5296): [setConf] main/atv u4IsBypassSensorScenario:0, u4IsBypassSensorDelay:1
D/SensorHal( 5296): [setConf] main2/sub u4IsBypassSensorScenario:1075116668, u4IsBypassSensorDelay:1187304868
D/SensorHal( 5296): [getSensorInfo][getSensorInfo]
D/ImgSensorDrv( 5296): [getInfo][getInfo]
D/ImgSensorDrv( 5296): [getCurrentSensorType][getCurrentSensorType]
D/ImgSensorDrv( 5296): [getInfo][getInfo]
I/GraphicBuffer( 133): allocate buffer (w:640 h:480 f:842094169) err(0)
I/BufferQueue(26259): [NEW] gb=0x5d1bdbf0, handle=0x5d1bdc78, w=640, h=480, s=640, fmt=842094169
D/MtkCam/MtkCamUtils( 5296): [queryImgBufferSize] [yv12-gpu] 640x480 image buffer size: 460800
D/MtkCam/DisplayClient( 5296): (26295)[waitAndHandleReturnBuffers] +
D/ImgSensorDrv( 5296): [setScenario][setScenario] m_LineTimeInus[0] = 16762, Scenario id = 0, PixelClk = 168000000, PixelInLine = 2816
D/SeninfDrvImp( 5296): [setTg1GrabRange][setTg1GrabRange]
D/SeninfDrvImp( 5296): [setTg1SensorModeCfg][setTg1SensorModeCfg]
D/SeninfDrvImp( 5296): [setTg1InputCfg][setTg1InputCfg]
D/SeninfDrvImp( 5296): [setTg1InputCfg]inSrcTypeSel = 0
D/SeninfDrvImp( 5296): [setTg1ViewFinderMode][setTg1ViewFinderMode]
I/ ( 5296): [BWC INFO](26296): [bwc.mm.SensorSize] Set : 1996 1496
D/SensorHal( 5296): [setCSI2Config]disable Tg1 CSI2Config
D/SensorHal( 5296): [setCSI2Config]enable Tg1 CSI2Config
D/SeninfDrvImp( 5296): [setTg1CSI2][configTg1CSI2]:DataTermDelay:0 SettleDelay:14 ClkTermDelay:0 VsyncType:1 dlane_num:3 CSI2 enable:1 HeaderOrder:1 DataFlow:0
D/SeninfDrvImp( 5296): [setTg1CSI2][configTg2CSI2]:mt65xx_reg_sync_writel SENINF1_CSI2_DELAY = 0xe0000
D/ImgSensorDrv( 5296): [getInstance][ImgSensorDrv] getInstance
D/SensorHal( 5296): [sendCommand] SENSOR_CMD_GET_RAW_INFO
D/MtkCam/PrvCQT( 5296): (26296)[init] meSensorDev(1), meSensorType(0), mSensorBitOrder(0), mFormat(bayer10)
D/MtkCam/VSSScen( 5296): [VSSScenario] mSensorBitOrder:0
D/MtkCam/VSSScen( 5296): [VSSScenario] this=0x42a1bc80, sizeof:828
D/MtkCam/VSSScen( 5296): [init] +
I/iio/camio( 5296): [CamIOPipe] :E
I/iio/ifunc( 5296): [createInstance] eScenarioID: 1.
I/iio/ifunc( 5296): [getInstance] eScenarioID: 1.
I/iio/camio( 5296): [CamIOPipe] :X
I/iio/ifunc( 5296): [init] mInitCount(0) m_fgIsGdmaMode: 0.
I/Drv/IMem( 5296): Drv/IMem[getInstance] singleton[0x40e1e6a8],getpid[0x000014b0],gettid[0x000066b8]
I/IspDrv ( 5296): {IspDrv} [createInstance] fgIsGdmaMode: 0.
I/iio/ifunc( 5296): [init] [m_pIspDrv]:0x40e1dccc
I/IspDrv ( 5296): {IspDrv} [init] - E. mInitCount(6). m_fgIsGdmaMode: 0.
I/IspDrv ( 5296): {IspDrv} [ProfilingPrint] [Event_IspDrv_Init] atomic_inc:(0-th) ===> [start-->now: 0.008000 ms]
I/IspDrv ( 5296): {IspDrv} [init] - X. ret: 1. mInitCount: 7.
I/IspDrv ( 5296): {IspDrv} [ProfilingPrint] [Event_IspDrv_Init] Exit:(1-th) ===> [start-->now: 0.032000 ms] [last-->now: 0.024000 ms]
I/IspDrv ( 5296): {IspDrv} [getInstance] cq: 0. ispVirRegAddr: 0x44372000.
I/IspDrv ( 5296): {IspDrv} [getInstance] cq: 1. ispVirRegAddr: 0x4438a400.
I/IspDrv ( 5296): {IspDrv} [getInstance] cq: 2. ispVirRegAddr: 0x443a2800.
I/IspDrv ( 5296): {IspDrv} [getInstance] cq: 3. ispVirRegAddr: 0x443bac00.
I/IspDrv ( 5296): {IspDrv} [getInstance] cq: 4. ispVirRegAddr: 0x443d3000.
I/IspDrv ( 5296): {IspDrv} [getInstance] cq: 5. ispVirRegAddr: 0x443eb400.
I/IspDrv ( 5296): {IspDrv} [getInstance] cq: 6. ispVirRegAddr: 0x44403800.
I/IspDrv ( 5296): {IspDrv} [getInstance] cq: 7. ispVirRegAddr: 0x4441bc00.
I/CdpDrv ( 5296): {CdpDrv} [CreateInstance] fgIsGdmaMode: 0.
I/CdpDrv ( 5296): {CdpDrv} [GetInstance] fgIsGdmaMode: 0.
I/CdpDrv ( 5296): {CdpDrv} [Init] - E. mInitCount: 0. mSysramUsageCount: 0. m_fgIsGdmaMode: 0.
I/CdpDrv ( 5296): {CdpDrv} [Init] open camera-sysram kernel driver.
I/CdpDrv ( 5296): {CdpDrv} [ProfilingPrint] [Event_CdpDrv_Init] Open SYSRAM kernel drv:(0-th) ===> [start-->now: 0.043000 ms]
I/CdpDrv ( 5296): {CdpDrv} [AllocateRotationBuf] - E. mSysramUsageCount: 0.
I/CdpDrv ( 5296): {CdpDrv} [AllocateRotationBuf] Allocated success. SYSRAM base addr: 0x12000000.
I/CdpDrv ( 5296): {CdpDrv} [AllocateRotationBuf] - X. ret: 1. mSysramUsageCount: 1.
