D/SignalClusterViewGemini( 5719): setDataNetType3G(0), dataNetType=Type_3G
D/SignalClusterViewGemini( 5719): apply : mShowSimIndicator = false mSimIndicatorResource = 0 mShowSimIndicatorGemini = false mSimIndicatorResourceGemini = 0
D/SignalClusterViewGemini( 5719): apply, mMobileVisible=true mMobileActivityId=0 mMobileTypeId=2130837873 mMobileStrengthId[0] = 2130837950 mMobileStrengthId[1] = 0
D/SignalClusterViewGemini( 5719): isSimInserted(0), SimInserted=true
D/SignalClusterViewGemini( 5719): mDataNetType =Type_3G resId= 0 simColorId = 0
D/SignalClusterViewGemini( 5719): apply, mMobileVisibleGemini=true mMobileActivityIdGemini=0 mMobileTypeIdGemini=0 mMobileStrengthIdGemini[0] = 2130837938 mMobileStrengthIdGemini[1] = 0
D/SignalClusterViewGemini( 5719): isSimInserted(1), SimInserted=true
D/SignalClusterViewGemini( 5719): apply, mMobileVisible=true, mWifiVisible=true, mIsAirplaneMode=false
W/ResourceType( 5719): No package identifier when getting value for resource number 0x00000000
W/ResourceType( 5719): No package identifier when getting value for resource number 0x00000000
D/SignalClusterViewGemini( 5719): isSimInserted(0), SimInserted=true
D/SignalClusterViewGemini( 5719): isSimInserted(1), SimInserted=true
D/NetworkControllerGemini( 5719): refreshViews(1), DataConnected=false simColorId = 2
D/SignalClusterViewGemini( 5719): setShowSimIndicator(1), showSimIndicator=false simIndicatorResource = 0
D/SignalClusterViewGemini( 5719): setDataConnected(1), dataConnected=false
D/SignalClusterViewGemini( 5719): setDataNetType3G(1), dataNetType=Type_G
D/SignalClusterViewGemini( 5719): apply : mShowSimIndicator = false mSimIndicatorResource = 0 mShowSimIndicatorGemini = false mSimIndicatorResourceGemini = 0
D/SignalClusterViewGemini( 5719): apply, mMobileVisible=true mMobileActivityId=0 mMobileTypeId=2130837873 mMobileStrengthId[0] = 2130837950 mMobileStrengthId[1] = 0
D/SignalClusterViewGemini( 5719): isSimInserted(0), SimInserted=true
D/SignalClusterViewGemini( 5719): mDataNetType =Type_3G resId= 0 simColorId = 0
D/SignalClusterViewGemini( 5719): apply, mMobileVisibleGemini=true mMobileActivityIdGemini=0 mMobileTypeIdGemini=0 mMobileStrengthIdGemini[0] = 2130837938 mMobileStrengthIdGemini[1] = 0
D/SignalClusterViewGemini( 5719): isSimInserted(1), SimInserted=true
D/SignalClusterViewGemini( 5719): apply, mMobileVisible=true, mWifiVisible=true, mIsAirplaneMode=false
W/ResourceType( 5719): No package identifier when getting value for resource number 0x00000000
W/ResourceType( 5719): No package identifier when getting value for resource number 0x00000000
D/SignalClusterViewGemini( 5719): isSimInserted(0), SimInserted=true
D/SignalClusterViewGemini( 5719): isSimInserted(1), SimInserted=true
I/SurfaceTextureClient( 5719): [STC::queueBuffer] (this:0x5dd8ce08) fps:2.97, dur:1010.93, max:787.00, min:17.52
I/BufferQueue( 133): [StatusBar](this:0x43515e58,api:1) [queue] fps:2.97, dur:1010.93, max:786.98, min:17.44
I/BufferQueue( 133): [StatusBar](this:0x43515e58,api:1) [release] fps:2.96, dur:1012.50, max:789.51, min:17.13
I/SurfaceFlinger( 133): [SurfaceFlinger] fps:4.938251,dur:1012.50,max:641.79,min:17.08
V/Provider/Settings( 5783): from settings cache , name = pdp_watchdog_poll_interval_ms , value = null
D/StateMachine( 5535): handleMessage: E msg.what=131155
D/StateMachine( 5535): processMsg: ConnectedState
D/WifiStateMachine( 5535): ConnectedState{ what=131155 when=-4ms arg1=30 target=Handler (com.android.internal.util.StateMachine$SmHandler) {4277a800} }
D/StateMachine( 5535): processMsg: L2ConnectedState
D/WifiStateMachine( 5535): L2ConnectedState{ what=131155 when=-4ms arg1=30 target=Handler (com.android.internal.util.StateMachine$SmHandler) {4277a800} }
D/WifiNative-wlan0( 5535): doString: SIGNAL_POLL
D/WifiCommon( 5535): [wlan0] SET "SIGNAL_POLL"
D/wpa_supplicant( 5621): RX ctrl_iface - hexdump(len=11): 53 49 47 4e 41 4c 5f 50 4f 4c 4c
D/wpa_supplicant( 5621): wlan0: Control interface command 'SIGNAL_POLL'
D/wpa_supplicant( 5621): nl80211: survey data missing!
I/WifiStateMachine( 5535): fetchRssiAndLinkSpeedNative, newRssi:-74, newLinkSpeed:52
D/StateMachine( 5535): handleMessage: X
I/SurfaceTextureClient(25747): [STC::queueBuffer] (this:0x5eda7318) fps:1.97, dur:1013.72, max:777.68, min:236.03
I/BufferQueue( 133): [com.android.deskclock/com.android.deskclock.DeskClock](this:0x43523f10,api:1) [queue] fps:1.97, dur:1013.71, max:777.88, min:235.83
I/BufferQueue( 133): [com.android.deskclock/com.android.deskclock.DeskClock](this:0x43523f10,api:1) [release] fps:1.98, dur:1012.29, max:772.14, min:240.15
V/AlarmManager( 5535): Native set alarm :Alarm{42f083b8 type 3 android}
I/AlarmManager( 5535): reset poweroff alarm none
V/ActivityManager( 5535): Broadcast: Intent { act=android.intent.action.TIME_TICK flg=0x40000014 (has extras) } ordered=true userid=-1
D/ActivityThread( 5535): BDC-Calling onReceive: intent=Intent { act=android.intent.action.TIME_TICK flg=0x40000014 (has extras) }, ordered=true, receiver=com.android.server.AlarmManagerService$ClockReceiver@42624540, IIntentReceiver=4254c050
D/PowerManagerService( 5535): acquireWakeLockInternal: lock=1116000144, flags=0x1, tag="AlarmManager", ws={WorkSource: uids=[1000]}, uid=1000, pid=5535
D/PowerManagerService( 5535): updateWakeLockSummaryLocked: mWakefulness=Awake, mWakeLockSummary=0x1
D/PowerManagerService( 5535): newScreenState = 2
D/PowerManagerDisplayController( 5535): requestPowerState: screenState=2, useProximitySensor=false, screenBrightness=255, screenAutoBrightnessAdjustment=0.0, useAutoBrightness=false, useEcoBrightness=false, blockScreenOn=false, waitForNegativeProximity=false
I/PowerManagerService( 5535): setBrightness mButtonLight, screenBrightness=255
D/PowerManagerService( 5535): updateScreenStateLocked: mDisplayReady=true, newScreenState=2, mWakefulness=1, mWakeLockSummary=0x1, mUserActivitySummary=0x5, mBootCompleted=true
D/PowerManagerService( 5535): handleSandman: canDream=true, mWakefulness=Awake
V/AlarmManager( 5535): Native set alarm :Alarm{42320d20 type 3 android}
D/ActivityThread( 5535): BDC-Calling finishReceiver: IIntentReceiver=4254c050
D/ActivityThread( 5535): BDC-Calling onReceive: intent=Intent { act=android.intent.action.TIME_TICK flg=0x40000014 (has extras) }, ordered=true, receiver=com.android.internal.policy.impl.keyguard.KeyguardUpdateMonitor$2@4231ac80, IIntentReceiver=425fb300
D/KeyguardUpdateMonitor( 5535): received broadcast android.intent.action.TIME_TICK
D/KeyguardUpdateMonitor( 5535): handleTimeUpdate
D/ActivityThread( 5535): BDC-Calling finishReceiver: IIntentReceiver=425fb300
D/Clock ( 5719): action =android.intent.action.TIME_TICK
V/Provider/Settings( 5719): from settings cache , name = time_12_24 , value = 24
V/Provider/Settings( 5719): from settings cache , name = time_12_24 , value = 24
D/Clock ( 5719): action =android.intent.action.TIME_TICK
V/Provider/Settings( 5719): from settings cache , name = time_12_24 , value = 24
V/Provider/Settings( 5719): from settings cache , name = time_12_24 , value = 24
V/Provider/Settings(25747): from settings cache , name = time_12_24 , value = 24
V/Provider/Settings(25747): from settings cache , name = time_12_24 , value = 24
V/Provider/Settings(25747): from settings cache , name = time_12_24 , value = 24
D/PowerManagerService( 5535): releaseWakeLockInternal: lock=1116000144, flags=0x0
D/PowerManagerService( 5535): updateWakeLockSummaryLocked: mWakefulness=Awake, mWakeLockSummary=0x0
D/PowerManagerService( 5535): newScreenState = 2
D/PowerManagerDisplayController( 5535): requestPowerState: screenState=2, useProximitySensor=false, screenBrightness=255, screenAutoBrightnessAdjustment=0.0, useAutoBrightness=false, useEcoBrightness=false, blockScreenOn=false, waitForNegativeProximity=false
I/PowerManagerService( 5535): setBrightness mButtonLight, screenBrightness=255
D/PowerManagerService( 5535): updateScreenStateLocked: mDisplayReady=true, newScreenState=2, mWakefulness=1, mWakeLockSummary=0x0, mUserActivitySummary=0x5, mBootCompleted=true
D/PowerManagerService( 5535): handleSandman: canDream=true, mWakefulness=Awake
I/SurfaceTextureClient( 5719): [STC::queueBuffer] (this:0x5dd8ce08) fps:2.96, dur:1013.53, max:907.30, min:19.26
I/BufferQueue( 133): [StatusBar](this:0x43515e58,api:1) [queue] fps:2.96, dur:1013.58, max:907.26, min:19.21
I/BufferQueue( 133): [StatusBar](this:0x43515e58,api:1) [release] fps:2.96, dur:1012.67, max:909.43, min:17.13
I/SurfaceFlinger( 133): [SurfaceFlinger] fps:7.898951,dur:1012.79,max:643.15,min:15.88
D/PowerManagerService( 5535): handleUserActivityTimeout
D/PowerManagerService( 5535): updateUserActivitySummaryLocked: mWakefulness=Awake, mUserActivitySummary=0x1, nextTimeout=10840750 (in 15999 ms)
D/PowerManagerService( 5535): newScreenState = 2
D/PowerManagerDisplayController( 5535): requestPowerState: screenState=2, useProximitySensor=false, screenBrightness=255, screenAutoBrightnessAdjustment=0.0, useAutoBrightness=false, useEcoBrightness=false, blockScreenOn=false, waitForNegativeProximity=false
D/LightsService( 5535): setLight_native: light=2, colorARGB=0x0, flashMode=0, onMS=0, offMS=0, brightnessMode=0
D/lights ( 5535): write_int open fd=306
I/PowerManagerService( 5535): setBrightness mButtonLight 0.
D/PowerManagerService( 5535): updateScreenStateLocked: mDisplayReady=true, newScreenState=2, mWakefulness=1, mWakeLockSummary=0x0, mUserActivitySummary=0x1, mBootCompleted=true
D/PowerManagerService( 5535): handleSandman: canDream=true, mWakefulness=Awake
V/Provider/Settings( 5783): from settings cache , name = pdp_watchdog_poll_interval_ms , value = null
I/SurfaceTextureClient(25747): [STC::queueBuffer] (this:0x5eda7318) fps:4.86, dur:1234.83, max:672.64, min:15.38
I/BufferQueue( 133): [com.android.deskclock/com.android.deskclock.DeskClock](this:0x43523f10,api:1) [queue] fps:4.86, dur:1234.81, max:672.77, min:15.35
I/BufferQueue( 133): [com.android.deskclock/com.android.deskclock.DeskClock](this:0x43523f10,api:1) [release] fps:4.86, dur:1235.78, max:669.80, min:17.07
D/NetworkControllerGemini( 5719): refreshViews(0), DataConnected=false simColorId = 0
D/NetworkControllerGemini( 5719): refreshViews(0), set parameters to signal cluster view.
D/NetworkControllerGemini( 5719): refreshViews(0), tempPhoneSignalIconId.0 = 2130837950 tempPhoneSignalIconId.1 = 0 tempMobileActivityIconId= 0 tempDataTypeIconId= 2130837873
D/SignalClusterViewGemini( 5719): setMobileDataIndicators(0), visible=true, strengthIcon[0] ~ [1] 2130837950 ~ 0
D/SignalClusterViewGemini( 5719): isSimInserted(0), SimInserted=true
D/SignalClusterViewGemini( 5719): isSimInserted(1), SimInserted=true
D/NetworkControllerGemini( 5719): refreshViews(0), tempPhoneSignalIconId.0 = 2130837950 tempPhoneSignalIconId.1 = 0 tempMobileActivityIconId= 0 tempDataTypeIconId= 2130837873
D/SignalClusterViewGemini( 5719): setShowSimIndicator(0), showSimIndicator=false simIndicatorResource = 0
D/SignalClusterViewGemini( 5719): setDataConnected(0), dataConnected=false
D/SignalClusterViewGemini( 5719): setDataNetType3G(0), dataNetType=Type_3G
D/SignalClusterViewGemini( 5719): apply : mShowSimIndicator = false mSimIndicatorResource = 0 mShowSimIndicatorGemini = false mSimIndicatorResourceGemini = 0
D/SignalClusterViewGemini( 5719): apply, mMobileVisible=true mMobileActivityId=0 mMobileTypeId=2130837873 mMobileStrengthId[0] = 2130837950 mMobileStrengthId[1] = 0
D/SignalClusterViewGemini( 5719): isSimInserted(0), SimInserted=true
D/SignalClusterViewGemini( 5719): mDataNetType =Type_3G resId= 0 simColorId = 0
D/SignalClusterViewGemini( 5719): apply, mMobileVisibleGemini=true mMobileActivityIdGemini=0 mMobileTypeIdGemini=0 mMobileStrengthIdGemini[0] = 2130837938 mMobileStrengthIdGemini[1] = 0
D/SignalClusterViewGemini( 5719): isSimInserted(1), SimInserted=true
D/SignalClusterViewGemini( 5719): apply, mMobileVisible=true, mWifiVisible=true, mIsAirplaneMode=false
W/ResourceType( 5719): No package identifier when getting value for resource number 0x00000000
D/SignalClusterViewGemini( 5719): isSimInserted(0), SimInserted=true
D/SignalClusterViewGemini( 5719): isSimInserted(1), SimInserted=true
D/NetworkControllerGemini( 5719): refreshViews(1), DataConnected=false simColorId = 2
D/SignalClusterViewGemini( 5719): setShowSimIndicator(1), showSimIndicator=false simIndicatorResource = 0
D/SignalClusterViewGemini( 5719): setDataConnected(1), dataConnected=false
D/SignalClusterViewGemini( 5719): setDataNetType3G(1), dataNetType=Type_G
D/SignalClusterViewGemini( 5719): apply : mShowSimIndicator = false mSimIndicatorResource = 0 mShowSimIndicatorGemini = false mSimIndicatorResourceGemini = 0
D/SignalClusterViewGemini( 5719): apply, mMobileVisible=true mMobileActivityId=0 mMobileTypeId=2130837873 mMobileStrengthId[0] = 2130837950 mMobileStrengthId[1] = 0
D/SignalClusterViewGemini( 5719): isSimInserted(0), SimInserted=true
D/SignalClusterViewGemini( 5719): mDataNetType =Type_3G resId= 0 simColorId = 0
D/SignalClusterViewGemini( 5719): apply, mMobileVisibleGemini=true mMobileActivityIdGemini=0 mMobileTypeIdGemini=0 mMobileStrengthIdGemini[0] = 2130837938 mMobileStrengthIdGemini[1] = 0
D/SignalClusterViewGemini( 5719): isSimInserted(1), SimInserted=true
D/SignalClusterViewGemini( 5719): apply, mMobileVisible=true, mWifiVisible=true, mIsAirplaneMode=false
W/ResourceType( 5719): No package identifier when getting value for resource number 0x00000000
D/SignalClusterViewGemini( 5719): isSimInserted(0), SimInserted=true
D/SignalClusterViewGemini( 5719): isSimInserted(1), SimInserted=true
I/SurfaceTextureClient( 5719): [STC::queueBuffer] (this:0x5dd8ce08) fps:1.97, dur:1013.27, max:997.86, min:15.41
I/BufferQueue( 133): [StatusBar](this:0x43515e58,api:1) [queue] fps:1.97, dur:1013.21, max:997.78, min:15.43
I/BufferQueue( 133): [StatusBar](this:0x43515e58,api:1) [release] fps:1.98, dur:1012.43, max:995.28, min:17.16
I/SurfaceFlinger( 133): [SurfaceFlinger] fps:3.951504,dur:1012.27,max:637.12,min:17.15
V/Provider/Settings( 5783): from settings cache , name = pdp_watchdog_poll_interval_ms , value = null
D/NetworkControllerGemini( 5719): refreshViews(0), DataConnected=false simColorId = 0
D/NetworkControllerGemini( 5719): refreshViews(0), set parameters to signal cluster view.
D/NetworkControllerGemini( 5719): refreshViews(0), tempPhoneSignalIconId.0 = 2130837950 tempPhoneSignalIconId.1 = 0 tempMobileActivityIconId= 0 tempDataTypeIconId= 2130837873
D/SignalClusterViewGemini( 5719): setMobileDataIndicators(0), visible=true, strengthIcon[0] ~ [1] 2130837950 ~ 0
D/SignalClusterViewGemini( 5719): isSimInserted(0), SimInserted=true
D/SignalClusterViewGemini( 5719): isSimInserted(1), SimInserted=true
D/NetworkControllerGemini( 5719): refreshViews(0), tempPhoneSignalIconId.0 = 2130837950 tempPhoneSignalIconId.1 = 0 tempMobileActivityIconId= 0 tempDataTypeIconId= 2130837873
D/SignalClusterViewGemini( 5719): setShowSimIndicator(0), showSimIndicator=false simIndicatorResource = 0
D/SignalClusterViewGemini( 5719): setDataConnected(0), dataConnected=false
D/SignalClusterViewGemini( 5719): setDataNetType3G(0), dataNetType=Type_3G
D/SignalClusterViewGemini( 5719): apply : mShowSimIndicator = false mSimIndicatorResource = 0 mShowSimIndicatorGemini = false mSimIndicatorResourceGemini = 0
D/SignalClusterViewGemini( 5719): apply, mMobileVisible=true mMobileActivityId=0 mMobileTypeId=2130837873 mMobileStrengthId[0] = 2130837950 mMobileStrengthId[1] = 0
D/SignalClusterViewGemini( 5719): isSimInserted(0), SimInserted=true
D/SignalClusterViewGemini( 5719): mDataNetType =Type_3G resId= 0 simColorId = 0
D/SignalClusterViewGemini( 5719): apply, mMobileVisibleGemini=true mMobileActivityIdGemini=0 mMobileTypeIdGemini=0 mMobileStrengthIdGemini[0] = 2130837938 mMobileStrengthIdGemini[1] = 0
D/SignalClusterViewGemini( 5719): isSimInserted(1), SimInserted=true
D/SignalClusterViewGemini( 5719): apply, mMobileVisible=true, mWifiVisible=true, mIsAirplaneMode=false
W/ResourceType( 5719): No package identifier when getting value for resource number 0x00000000
W/ResourceType( 5719): No package identifier when getting value for resource number 0x00000000
D/SignalClusterViewGemini( 5719): isSimInserted(0), SimInserted=true
D/SignalClusterViewGemini( 5719): isSimInserted(1), SimInserted=true
D/NetworkControllerGemini( 5719): refreshViews(1), DataConnected=false simColorId = 2
D/SignalClusterViewGemini( 5719): setShowSimIndicator(1), showSimIndicator=false simIndicatorResource = 0
D/SignalClusterViewGemini( 5719): setDataConnected(1), dataConnected=false
D/SignalClusterViewGemini( 5719): setDataNetType3G(1), dataNetType=Type_G
D/SignalClusterViewGemini( 5719): apply : mShowSimIndicator = false mSimIndicatorResource = 0 mShowSimIndicatorGemini = false mSimIndicatorResourceGemini = 0
D/SignalClusterViewGemini( 5719): apply, mMobileVisible=true mMobileActivityId=0 mMobileTypeId=2130837873 mMobileStrengthId[0] = 2130837950 mMobileStrengthId[1] = 0
D/SignalClusterViewGemini( 5719): isSimInserted(0), SimInserted=true
D/SignalClusterViewGemini( 5719): mDataNetType =Type_3G resId= 0 simColorId = 0
D/SignalClusterViewGemini( 5719): apply, mMobileVisibleGemini=true mMobileActivityIdGemini=0 mMobileTypeIdGemini=0 mMobileStrengthIdGemini[0] = 2130837938 mMobileStrengthIdGemini[1] = 0
D/SignalClusterViewGemini( 5719): isSimInserted(1), SimInserted=true
D/SignalClusterViewGemini( 5719): apply, mMobileVisible=true, mWifiVisible=true, mIsAirplaneMode=false
W/ResourceType( 5719): No package identifier when getting value for resource number 0x00000000
W/ResourceType( 5719): No package identifier when getting value for resource number 0x00000000
D/SignalClusterViewGemini( 5719): isSimInserted(0), SimInserted=true
D/SignalClusterViewGemini( 5719): isSimInserted(1), SimInserted=true
I/SurfaceTextureClient( 5719): [STC::queueBuffer] (this:0x5dd8ce08) fps:1.98, dur:1012.25, max:995.34, min:16.91
I/BufferQueue( 133): [StatusBar](this:0x43515e58,api:1) [queue] fps:1.98, dur:1012.24, max:995.32, min:16.93
I/BufferQueue( 133): [StatusBar](this:0x43515e58,api:1) [release] fps:1.98, dur:1012.33, max:995.19, min:17.14
I/SurfaceFlinger( 133): [SurfaceFlinger] fps:3.951308,dur:1012.32,max:641.66,min:17.13
V/Provider/Settings( 5783): from settings cache , name = pdp_watchdog_poll_interval_ms , value = null
D/StateMachine( 5535): handleMessage: E msg.what=131155
D/StateMachine( 5535): processMsg: ConnectedState
D/WifiStateMachine( 5535): ConnectedState{ what=131155 when=-3ms arg1=30 target=Handler (com.android.internal.util.StateMachine$SmHandler) {4277a800} }
D/StateMachine( 5535): processMsg: L2ConnectedState
D/WifiStateMachine( 5535): L2ConnectedState{ what=131155 when=-4ms arg1=30 target=Handler (com.android.internal.util.StateMachine$SmHandler) {4277a800} }
D/WifiNative-wlan0( 5535): doString: SIGNAL_POLL
D/WifiCommon( 5535): [wlan0] SET "SIGNAL_POLL"
D/wpa_supplicant( 5621): RX ctrl_iface - hexdump(len=11): 53 49 47 4e 41 4c 5f 50 4f 4c 4c
D/wpa_supplicant( 5621): wlan0: Control interface command 'SIGNAL_POLL'
D/wpa_supplicant( 5621): nl80211: survey data missing!
I/WifiStateMachine( 5535): fetchRssiAndLinkSpeedNative, newRssi:-77, newLinkSpeed:52
D/StateMachine( 5535): handleMessage: X
I/SurfaceTextureClient(25747): [STC::queueBuffer] (this:0x5eda7318) fps:1.70, dur:1766.88, max:772.29, min:223.05
I/BufferQueue( 133): [com.android.deskclock/com.android.deskclock.DeskClock](this:0x43523f10,api:1) [queue] fps:1.70, dur:1766.89, max:772.40, min:223.02
I/BufferQueue( 133): [com.android.deskclock/com.android.deskclock.DeskClock](this:0x43523f10,api:1) [release] fps:1.70, dur:1767.42, max:772.25, min:223.04
I/SurfaceTextureClient( 5719): [STC::queueBuffer] (this:0x5dd8ce08) fps:1.00, dur:1001.69, max:1001.69, min:1001.69
I/BufferQueue( 133): [StatusBar](this:0x43515e58,api:1) [queue] fps:1.00, dur:1001.90, max:1001.90, min:1001.90
V/Provider/Settings( 5783): from settings cache , name = pdp_watchdog_poll_interval_ms , value = null
I/SurfaceTextureClient(25747): [STC::queueBuffer] (this:0x5eda7318) fps:1.98, dur:1012.45, max:789.60, min:222.86
I/BufferQueue( 133): [com.android.deskclock/com.android.deskclock.DeskClock](this:0x43523f10,api:1) [queue] fps:1.98, dur:1012.45, max:789.68, min:222.76
I/BufferQueue( 133): [com.android.deskclock/com.android.deskclock.DeskClock](this:0x43523f10,api:1) [release] fps:1.98, dur:1012.43, max:789.39, min:223.04
I/SurfaceFlinger( 133): [SurfaceFlinger] fps:2.443511,dur:1636.99,max:641.19,min:148.56
V/AlarmManager( 5535): Native set alarm :Alarm{425238e0 type 2 com.google.android.gms}
I/AlarmManager( 5535): reset poweroff alarm none
V/ActivityManager( 5535): Broadcast: Intent { act=com.android.internal.telephony.gprs-data-stall flg=0x14 (has extras) } ordered=true userid=0
D/PowerManagerService( 5535): acquireWakeLockInternal: lock=1116000144, flags=0x1, tag="AlarmManager", ws={WorkSource: uids=[1001]}, uid=1000, pid=5535
D/PowerManagerService( 5535): updateWakeLockSummaryLocked: mWakefulness=Awake, mWakeLockSummary=0x1
D/PowerManagerService( 5535): newScreenState = 2
D/PowerManagerDisplayController( 5535): requestPowerState: screenState=2, useProximitySensor=false, screenBrightness=255, screenAutoBrightnessAdjustment=0.0, useAutoBrightness=false, useEcoBrightness=false, blockScreenOn=false, waitForNegativeProximity=false
I/PowerManagerService( 5535): setBrightness mButtonLight 0.
V/Provider/Settings( 5783): from settings cache , name = pdp_watchdog_trigger_packet_count , value = null
V/Provider/Settings( 5783): from settings cache , name = radio.data.stall.recovery.action , value = 0
V/Provider/Settings( 5783): from settings cache , name = data_stall_alarm_aggressive_delay_in_ms , value = null
D/PowerManagerService( 5535): updateScreenStateLocked: mDisplayReady=true, newScreenState=2, mWakefulness=1, mWakeLockSummary=0x1, mUserActivitySummary=0x1, mBootCompleted=true
D/PowerManagerService( 5535): handleSandman: canDream=true, mWakefulness=Awake
V/AlarmManager( 5535): Native set alarm :Alarm{427cfbc8 type 2 com.android.phone}
D/PowerManagerService( 5535): releaseWakeLockInternal: lock=1116000144, flags=0x0
D/PowerManagerService( 5535): updateWakeLockSummaryLocked: mWakefulness=Awake, mWakeLockSummary=0x0
D/PowerManagerService( 5535): newScreenState = 2
D/PowerManagerDisplayController( 5535): requestPowerState: screenState=2, useProximitySensor=false, screenBrightness=255, screenAutoBrightnessAdjustment=0.0, useAutoBrightness=false, useEcoBrightness=false, blockScreenOn=false, waitForNegativeProximity=false
I/PowerManagerService( 5535): setBrightness mButtonLight 0.
D/PowerManagerService( 5535): updateScreenStateLocked: mDisplayReady=true, newScreenState=2, mWakefulness=1, mWakeLockSummary=0x0, mUserActivitySummary=0x1, mBootCompleted=true
D/PowerManagerService( 5535): handleSandman: canDream=true, mWakefulness=Awake
V/ActivityManager( 5535): Broadcast sticky: Intent { act=android.intent.action.SIG_STR flg=0x10 (has extras) } ordered=false userid=-1
D/NetworkControllerGemini( 5719): PhoneStateListener:onSignalStrengthsChanged, sim1 before.
D/NetworkControllerGemini( 5719): PhoneStateListener:onSignalStrengthsChanged, signalStrength=3
D/NetworkControllerGemini( 5719): updateDataNetType(0), DataNetType=3.
D/NetworkControllerGemini( 5719): updateDataNetType(0), simColorId=0
D/TelephonyManagerEx( 5719): isNetworkRoaming
D/NetworkControllerGemini( 5719): updateDataNetType(0), DataNetType3G=Type_3G tempDataTypeIconId= 2130837873.
D/NetworkControllerGemini( 5719): isSimInserted(0), SimInserted=true
D/NetworkControllerGemini( 5719): updateTelephonySignalStrength(0), regState=1
D/NetworkControllerGemini( 5719): updateTelephonySignalStrength(0), hasService=true
D/TelephonyManagerEx( 5719): isNetworkRoaming
D/NetworkControllerGemini( 5719): updateTelephonySignalStrength(0), isRoaming=false, mInetCondition=1
D/NetworkControllerGemini( 5719): updateTelephonySignalStrength(0), simColorId=0
D/NetworkControllerGemini( 5719): updateTelephonySignalStrength(0), tempDataNetType = Type_3G , simColorId=0 tempPhoneSignalIconId[0] = 2130837950 tempPhoneSignalIconId[1] = 0
D/NetworkControllerGemini( 5719): updateTelephonySignalStrength(0) tempSIMCUSignVisible= true
D/NetworkControllerGemini( 5719): updateTelephonySignalStrength(0) mSIMCUSignVisible = true
D/NetworkControllerGemini( 5719): updateTelephonySignalStrength(0) mSIMCUSignVisible = true
D/NetworkControllerGemini( 5719): refreshViews(0), DataConnected=false simColorId = 0
D/SignalClusterViewGemini( 5719): setShowSimIndicator(0), showSimIndicator=false simIndicatorResource = 0
D/SignalClusterViewGemini( 5719): setDataConnected(0), dataConnected=false
D/SignalClusterViewGemini( 5719): setDataNetType3G(0), dataNetType=Type_3G
D/Bluetooth HS/HF( 5783): [BT][HFG] [API] mStateReceiver.onReceive(android.intent.action.SIG_STR)
D/Bluetooth HS/HF( 5783): [BT][HFG] [API] mHandler.handleMessage(10)
D/SignalClusterViewGemini( 5719): apply : mShowSimIndicator = false mSimIndicatorResource = 0 mShowSimIndicatorGemini = false mSimIndicatorResourceGemini = 0
D/SignalClusterViewGemini( 5719): apply, mMobileVisible=true mMobileActivityId=0 mMobileTypeId=2130837873 mMobileStrengthId[0] = 2130837950 mMobileStrengthId[1] = 0
D/SignalClusterViewGemini( 5719): isSimInserted(0), SimInserted=true
D/SignalClusterViewGemini( 5719): mDataNetType =Type_3G resId= 0 simColorId = 0
D/SignalClusterViewGemini( 5719): apply, mMobileVisibleGemini=true mMobileActivityIdGemini=0 mMobileTypeIdGemini=0 mMobileStrengthIdGemini[0] = 2130837938 mMobileStrengthIdGemini[1] = 0
D/SignalClusterViewGemini( 5719): isSimInserted(1), SimInserted=true
D/SignalClusterViewGemini( 5719): apply, mMobileVisible=true, mWifiVisible=true, mIsAirplaneMode=false
W/ResourceType( 5719): No package identifier when getting value for resource number 0x00000000
W/ResourceType( 5719): No package identifier when getting value for resource number 0x00000000
D/SignalClusterViewGemini( 5719): isSimInserted(0), SimInserted=true
D/SignalClusterViewGemini( 5719): isSimInserted(1), SimInserted=true
D/NetworkControllerGemini( 5719): PhoneStateListener:onSignalStrengthsChanged, sim1 after.
D/TelephonyManager( 5892): getDefaultSim is sim1
D/TelephonyManager( 5892): getDefaultSim is sim1
I/BufferQueue( 133): [StatusBar](this:0x43515e58,api:1) [release] fps:1.07, dur:1870.61, max:995.56, min:875.05
D/NetworkControllerGemini( 5719): refreshViews(0), DataConnected=false simColorId = 0
D/NetworkControllerGemini( 5719): refreshViews(0), set parameters to signal cluster view.
D/NetworkControllerGemini( 5719): refreshViews(0), tempPhoneSignalIconId.0 = 2130837950 tempPhoneSignalIconId.1 = 0 tempMobileActivityIconId= 0 tempDataTypeIconId= 2130837873
D/SignalClusterViewGemini( 5719): setMobileDataIndicators(0), visible=true, strengthIcon[0] ~ [1] 2130837950 ~ 0
D/SignalClusterViewGemini( 5719): isSimInserted(0), SimInserted=true
D/SignalClusterViewGemini( 5719): isSimInserted(1), SimInserted=true
D/NetworkControllerGemini( 5719): refreshViews(0), tempPhoneSignalIconId.0 = 2130837950 tempPhoneSignalIconId.1 = 0 tempMobileActivityIconId= 0 tempDataTypeIconId= 2130837873
D/SignalClusterViewGemini( 5719): setShowSimIndicator(0), showSimIndicator=false simIndicatorResource = 0
D/SignalClusterViewGemini( 5719): setDataConnected(0), dataConnected=false
D/SignalClusterViewGemini( 5719): setDataNetType3G(0), dataNetType=Type_3G
D/SignalClusterViewGemini( 5719): apply : mShowSimIndicator = false mSimIndicatorResource = 0 mShowSimIndicatorGemini = false mSimIndicatorResourceGemini = 0
D/SignalClusterViewGemini( 5719): apply, mMobileVisible=true mMobileActivityId=0 mMobileTypeId=2130837873 mMobileStrengthId[0] = 2130837950 mMobileStrengthId[1] = 0
D/SignalClusterViewGemini( 5719): isSimInserted(0), SimInserted=true
D/SignalClusterViewGemini( 5719): mDataNetType =Type_3G resId= 0 simColorId = 0
D/SignalClusterViewGemini( 5719): apply, mMobileVisibleGemini=true mMobileActivityIdGemini=0 mMobileTypeIdGemini=0 mMobileStrengthIdGemini[0] = 2130837938 mMobileStrengthIdGemini[1] = 0
D/SignalClusterViewGemini( 5719): isSimInserted(1), SimInserted=true
D/SignalClusterViewGemini( 5719): apply, mMobileVisible=true, mWifiVisible=true, mIsAirplaneMode=false
W/ResourceType( 5719): No package identifier when getting value for resource number 0x00000000
D/SignalClusterViewGemini( 5719): isSimInserted(0), SimInserted=true
D/SignalClusterViewGemini( 5719): isSimInserted(1), SimInserted=true
D/NetworkControllerGemini( 5719): refreshViews(1), DataConnected=false simColorId = 2
D/SignalClusterViewGemini( 5719): setShowSimIndicator(1), showSimIndicator=false simIndicatorResource = 0
D/SignalClusterViewGemini( 5719): setDataConnected(1), dataConnected=false
D/SignalClusterViewGemini( 5719): setDataNetType3G(1), dataNetType=Type_G
D/SignalClusterViewGemini( 5719): apply : mShowSimIndicator = false mSimIndicatorResource = 0 mShowSimIndicatorGemini = false mSimIndicatorResourceGemini = 0
D/SignalClusterViewGemini( 5719): apply, mMobileVisible=true mMobileActivityId=0 mMobileTypeId=2130837873 mMobileStrengthId[0] = 2130837950 mMobileStrengthId[1] = 0
D/SignalClusterViewGemini( 5719): isSimInserted(0), SimInserted=true
D/SignalClusterViewGemini( 5719): mDataNetType =Type_3G resId= 0 simColorId = 0
D/SignalClusterViewGemini( 5719): apply, mMobileVisibleGemini=true mMobileActivityIdGemini=0 mMobileTypeIdGemini=0 mMobileStrengthIdGemini[0] = 2130837938 mMobileStrengthIdGemini[1] = 0
D/SignalClusterViewGemini( 5719): isSimInserted(1), SimInserted=true
D/SignalClusterViewGemini( 5719): apply, mMobileVisible=true, mWifiVisible=true, mIsAirplaneMode=false
W/ResourceType( 5719): No package identifier when getting value for resource number 0x00000000
D/SignalClusterViewGemini( 5719): isSimInserted(0), SimInserted=true
D/SignalClusterViewGemini( 5719): isSimInserted(1), SimInserted=true
I/SurfaceTextureClient( 5719): [STC::queueBuffer] (this:0x5dd8ce08) fps:2.98, dur:1006.13, max:873.59, min:13.42
I/BufferQueue( 133): [StatusBar](this:0x43515e58,api:1) [queue] fps:2.98, dur:1005.93, max:874.49, min:13.15
V/Provider/Settings( 5783): from settings cache , name = pdp_watchdog_poll_interval_ms , value = null
D/InputReader( 5535): InputReader::monitor: lock
D/InputReader( 5535): InputReader::monitor: wait
D/InputReader( 5535): InputReader::monitor: unlock
D/InputReader( 5535): InputReader::monitor: done
I/SurfaceTextureClient(25747): [STC::queueBuffer] (this:0x5eda7318) fps:2.41, dur:1243.25, max:757.92, min:237.88
I/BufferQueue( 133): [com.android.deskclock/com.android.deskclock.DeskClock](this:0x43523f10,api:1) [queue] fps:2.41, dur:1243.28, max:751.99, min:243.73
I/BufferQueue( 133): [com.android.deskclock/com.android.deskclock.DeskClock](this:0x43523f10,api:1) [release] fps:2.43, dur:1235.27, max:755.21, min:240.01
I/SurfaceFlinger( 133): [SurfaceFlinger] fps:4.022363,dur:1243.05,max:624.91,min:17.11
D/NetworkControllerGemini( 5719): refreshViews(0), DataConnected=false simColorId = 0
D/NetworkControllerGemini( 5719): refreshViews(0), set parameters to signal cluster view.
D/NetworkControllerGemini( 5719): refreshViews(0), tempPhoneSignalIconId.0 = 2130837950 tempPhoneSignalIconId.1 = 0 tempMobileActivityIconId= 0 tempDataTypeIconId= 2130837873
D/SignalClusterViewGemini( 5719): setMobileDataIndicators(0), visible=true, strengthIcon[0] ~ [1] 2130837950 ~ 0
D/SignalClusterViewGemini( 5719): isSimInserted(0), SimInserted=true
D/SignalClusterViewGemini( 5719): isSimInserted(1), SimInserted=true
D/NetworkControllerGemini( 5719): refreshViews(0), tempPhoneSignalIconId.0 = 2130837950 tempPhoneSignalIconId.1 = 0 tempMobileActivityIconId= 0 tempDataTypeIconId= 2130837873
D/SignalClusterViewGemini( 5719): setShowSimIndicator(0), showSimIndicator=false simIndicatorResource = 0
D/SignalClusterViewGemini( 5719): setDataConnected(0), dataConnected=false
D/SignalClusterViewGemini( 5719): setDataNetType3G(0), dataNetType=Type_3G
D/SignalClusterViewGemini( 5719): apply : mShowSimIndicator = false mSimIndicatorResource = 0 mShowSimIndicatorGemini = false mSimIndicatorResourceGemini = 0
D/SignalClusterViewGemini( 5719): apply, mMobileVisible=true mMobileActivityId=0 mMobileTypeId=2130837873 mMobileStrengthId[0] = 2130837950 mMobileStrengthId[1] = 0
D/SignalClusterViewGemini( 5719): isSimInserted(0), SimInserted=true
D/SignalClusterViewGemini( 5719): mDataNetType =Type_3G resId= 0 simColorId = 0
D/SignalClusterViewGemini( 5719): apply, mMobileVisibleGemini=true mMobileActivityIdGemini=0 mMobileTypeIdGemini=0 mMobileStrengthIdGemini[0] = 2130837938 mMobileStrengthIdGemini[1] = 0
D/SignalClusterViewGemini( 5719): isSimInserted(1), SimInserted=true
D/SignalClusterViewGemini( 5719): apply, mMobileVisible=true, mWifiVisible=true, mIsAirplaneMode=false
W/ResourceType( 5719): No package identifier when getting value for resource number 0x00000000
W/ResourceType( 5719): No package identifier when getting value for resource number 0x00000000
D/SignalClusterViewGemini( 5719): isSimInserted(0), SimInserted=true
D/SignalClusterViewGemini( 5719): isSimInserted(1), SimInserted=true
D/NetworkControllerGemini( 5719): refreshViews(1), DataConnected=false simColorId = 2
D/SignalClusterViewGemini( 5719): setShowSimIndicator(1), showSimIndicator=false simIndicatorResource = 0
D/SignalClusterViewGemini( 5719): setDataConnected(1), dataConnected=false
D/SignalClusterViewGemini( 5719): setDataNetType3G(1), dataNetType=Type_G
D/SignalClusterViewGemini( 5719): apply : mShowSimIndicator = false mSimIndicatorResource = 0 mShowSimIndicatorGemini = false mSimIndicatorResourceGemini = 0
D/SignalClusterViewGemini( 5719): apply, mMobileVisible=true mMobileActivityId=0 mMobileTypeId=2130837873 mMobileStrengthId[0] = 2130837950 mMobileStrengthId[1] = 0
D/SignalClusterViewGemini( 5719): isSimInserted(0), SimInserted=true
D/SignalClusterViewGemini( 5719): mDataNetType =Type_3G resId= 0 simColorId = 0
D/SignalClusterViewGemini( 5719): apply, mMobileVisibleGemini=true mMobileActivityIdGemini=0 mMobileTypeIdGemini=0 mMobileStrengthIdGemini[0] = 2130837938 mMobileStrengthIdGemini[1] = 0
D/SignalClusterViewGemini( 5719): isSimInserted(1), SimInserted=true
D/SignalClusterViewGemini( 5719): apply, mMobileVisible=true, mWifiVisible=true, mIsAirplaneMode=false
W/ResourceType( 5719): No package identifier when getting value for resource number 0x00000000
W/ResourceType( 5719): No package identifier when getting value for resource number 0x00000000
D/SignalClusterViewGemini( 5719): isSimInserted(0), SimInserted=true
D/SignalClusterViewGemini( 5719): isSimInserted(1), SimInserted=true
I/SurfaceTextureClient( 5719): [STC::queueBuffer] (this:0x5dd8ce08) fps:1.00, dur:1003.03, max:1003.03, min:1003.03
I/BufferQueue( 133): [StatusBar](this:0x43515e58,api:1) [queue] fps:1.00, dur:1003.08, max:1003.08, min:1003.08
I/BufferQueue( 133): [StatusBar](this:0x43515e58,api:1) [release] fps:2.65, dur:1132.34, max:995.24, min:17.14
V/Provider/Settings( 5783): from settings cache , name = pdp_watchdog_poll_interval_ms , value = null
D/StateMachine( 5535): handleMessage: E msg.what=131155
D/StateMachine( 5535): processMsg: ConnectedState
D/WifiStateMachine( 5535): ConnectedState{ what=131155 when=-4ms arg1=30 target=Handler (com.android.internal.util.StateMachine$SmHandler) {4277a800} }
D/StateMachine( 5535): processMsg: L2ConnectedState
D/WifiStateMachine( 5535): L2ConnectedState{ what=131155 when=-4ms arg1=30 target=Handler (com.android.internal.util.StateMachine$SmHandler) {4277a800} }
D/WifiNative-wlan0( 5535): doString: SIGNAL_POLL
D/WifiCommon( 5535): [wlan0] SET "SIGNAL_POLL"
D/wpa_supplicant( 5621): RX ctrl_iface - hexdump(len=11): 53 49 47 4e 41 4c 5f 50 4f 4c 4c
D/wpa_supplicant( 5621): wlan0: Control interface command 'SIGNAL_POLL'
D/wpa_supplicant( 5621): nl80211: survey data missing!
I/WifiStateMachine( 5535): fetchRssiAndLinkSpeedNative, newRssi:-77, newLinkSpeed:39
D/StateMachine( 5535): handleMessage: X
D/Settings/BW(24502): ReadCodeTask:file size: 4096
I/SurfaceTextureClient(25747): [STC::queueBuffer] (this:0x5eda7318) fps:1.99, dur:1004.71, max:764.61, min:240.10
I/BufferQueue( 133): [com.android.deskclock/com.android.deskclock.DeskClock](this:0x43523f10,api:1) [queue] fps:1.99, dur:1004.66, max:764.51, min:240.15
I/BufferQueue( 133): [com.android.deskclock/com.android.deskclock.DeskClock](this:0x43523f10,api:1) [release] fps:1.98, dur:1012.47, max:772.27, min:240.20
I/SurfaceFlinger( 133): [SurfaceFlinger] fps:3.980966,dur:1004.78,max:624.73,min:17.08
V/Provider/Settings( 5535): from settings cache , name = sys_free_storage_log_interval , value = null
V/Provider/Settings( 5535): from settings cache , name = disk_free_change_reporting_threshold , value = null
I/SurfaceTextureClient( 5719): [STC::queueBuffer] (this:0x5dd8ce08) fps:1.95, dur:1028.12, max:1018.70, min:9.42
I/BufferQueue( 133): [StatusBar](this:0x43515e58,api:1) [queue] fps:1.94, dur:1028.28, max:1018.96, min:9.32
I/BufferQueue( 133): [StatusBar](this:0x43515e58,api:1) [release] fps:1.94, dur:1029.74, max:1012.60, min:17.14
V/Provider/Settings( 5783): from settings cache , name = pdp_watchdog_poll_interval_ms , value = null
D/LocationManagerService( 5535): status timer finished
D/ConnectivityService( 5535): getActiveNetworkInfo:NetworkInfo: type: WIFI[], state: CONNECTED/CONNECTED, reason: (unspecified), extra: "ASUS", roaming: false, failover: false, isAvailable: true, simId: 0/10014
I/antiphony(24395): Timer task doing work
D/NetworkControllerGemini( 5719): refreshViews(0), DataConnected=false simColorId = 0
D/NetworkControllerGemini( 5719): refreshViews(0), set parameters to signal cluster view.
D/NetworkControllerGemini( 5719): refreshViews(0), tempPhoneSignalIconId.0 = 2130837950 tempPhoneSignalIconId.1 = 0 tempMobileActivityIconId= 0 tempDataTypeIconId= 2130837873
D/SignalClusterViewGemini( 5719): setMobileDataIndicators(0), visible=true, strengthIcon[0] ~ [1] 2130837950 ~ 0
D/SignalClusterViewGemini( 5719): isSimInserted(0), SimInserted=true
D/SignalClusterViewGemini( 5719): isSimInserted(1), SimInserted=true
D/NetworkControllerGemini( 5719): refreshViews(0), tempPhoneSignalIconId.0 = 2130837950 tempPhoneSignalIconId.1 = 0 tempMobileActivityIconId= 0 tempDataTypeIconId= 2130837873
D/SignalClusterViewGemini( 5719): setShowSimIndicator(0), showSimIndicator=false simIndicatorResource = 0
D/SignalClusterViewGemini( 5719): setDataConnected(0), dataConnected=false
D/SignalClusterViewGemini( 5719): setDataNetType3G(0), dataNetType=Type_3G
D/SignalClusterViewGemini( 5719): apply : mShowSimIndicator = false mSimIndicatorResource = 0 mShowSimIndicatorGemini = false mSimIndicatorResourceGemini = 0
D/SignalClusterViewGemini( 5719): apply, mMobileVisible=true mMobileActivityId=0 mMobileTypeId=2130837873 mMobileStrengthId[0] = 2130837950 mMobileStrengthId[1] = 0
D/SignalClusterViewGemini( 5719): isSimInserted(0), SimInserted=true
D/SignalClusterViewGemini( 5719): mDataNetType =Type_3G resId= 0 simColorId = 0
D/SignalClusterViewGemini( 5719): apply, mMobileVisibleGemini=true mMobileActivityIdGemini=0 mMobileTypeIdGemini=0 mMobileStrengthIdGemini[0] = 2130837938 mMobileStrengthIdGemini[1] = 0
D/SignalClusterViewGemini( 5719): isSimInserted(1), SimInserted=true
D/SignalClusterViewGemini( 5719): apply, mMobileVisible=true, mWifiVisible=true, mIsAirplaneMode=false
W/ResourceType( 5719): No package identifier when getting value for resource number 0x00000000
D/SignalClusterViewGemini( 5719): isSimInserted(0), SimInserted=true
D/SignalClusterViewGemini( 5719): isSimInserted(1), SimInserted=true
D/NetworkControllerGemini( 5719): refreshViews(1), DataConnected=false simColorId = 2
D/SignalClusterViewGemini( 5719): setShowSimIndicator(1), showSimIndicator=false simIndicatorResource = 0
D/SignalClusterViewGemini( 5719): setDataConnected(1), dataConnected=false
D/SignalClusterViewGemini( 5719): setDataNetType3G(1), dataNetType=Type_G
D/SignalClusterViewGemini( 5719): apply : mShowSimIndicator = false mSimIndicatorResource = 0 mShowSimIndicatorGemini = false mSimIndicatorResourceGemini = 0
D/SignalClusterViewGemini( 5719): apply, mMobileVisible=true mMobileActivityId=0 mMobileTypeId=2130837873 mMobileStrengthId[0] = 2130837950 mMobileStrengthId[1] = 0
D/SignalClusterViewGemini( 5719): isSimInserted(0), SimInserted=true
D/SignalClusterViewGemini( 5719): mDataNetType =Type_3G resId= 0 simColorId = 0
D/SignalClusterViewGemini( 5719): apply, mMobileVisibleGemini=true mMobileActivityIdGemini=0 mMobileTypeIdGemini=0 mMobileStrengthIdGemini[0] = 2130837938 mMobileStrengthIdGemini[1] = 0
D/SignalClusterViewGemini( 5719): isSimInserted(1), SimInserted=true
D/SignalClusterViewGemini( 5719): apply, mMobileVisible=true, mWifiVisible=true, mIsAirplaneMode=false
W/ResourceType( 5719): No package identifier when getting value for resource number 0x00000000
D/SignalClusterViewGemini( 5719): isSimInserted(0), SimInserted=true
D/SignalClusterViewGemini( 5719): isSimInserted(1), SimInserted=true
I/SurfaceFlinger( 133): [SurfaceFlinger] fps:3.552405,dur:1126.00,max:608.92,min:130.90
V/Provider/Settings( 5783): from settings cache , name = pdp_watchdog_poll_interval_ms , value = null
D/ADB_SERVICES( 9881): adb fdevent_process list (48)
W/ADB_SERVICES( 9881): create_local_service_socket() name=shell:
D/ADB_SERVICES( 9881): adb local_socket_ready list (72) (15)
W/ADB_SERVICES(25878): adb: unable to open /proc/25878/oom_adj
D/ADB_SERVICES( 9881): adb socket read list (72) (15)
D/ADB_SERVICES( 9881): read_data=3636
D/ADB_SERVICES( 9881): max_read_time=0.000097 max_send_time=0.000040
I/SurfaceTextureClient(25747): [STC::queueBuffer] (this:0x5eda7318) fps:1.70, dur:1767.91, max:772.71, min:237.99
I/BufferQueue( 133): [com.android.deskclock/com.android.deskclock.DeskClock](this:0x43523f10,api:1) [queue] fps:1.70, dur:1767.94, max:772.80, min:237.98
I/BufferQueue( 133): [com.android.deskclock/com.android.deskclock.DeskClock](this:0x43523f10,api:1) [release] fps:1.70, dur:1767.67, max:772.13, min:240.24
D/NetworkControllerGemini( 5719): refreshViews(0), DataConnected=false simColorId = 0
D/NetworkControllerGemini( 5719): refreshViews(0), set parameters to signal cluster view.
D/NetworkControllerGemini( 5719): refreshViews(0), tempPhoneSignalIconId.0 = 2130837950 tempPhoneSignalIconId.1 = 0 tempMobileActivityIconId= 0 tempDataTypeIconId= 2130837873
D/SignalClusterViewGemini( 5719): setMobileDataIndicators(0), visible=true, strengthIcon[0] ~ [1] 2130837950 ~ 0
D/SignalClusterViewGemini( 5719): isSimInserted(0), SimInserted=true
D/SignalClusterViewGemini( 5719): isSimInserted(1), SimInserted=true
D/NetworkControllerGemini( 5719): refreshViews(0), tempPhoneSignalIconId.0 = 2130837950 tempPhoneSignalIconId.1 = 0 tempMobileActivityIconId= 0 tempDataTypeIconId= 2130837873
D/SignalClusterViewGemini( 5719): setShowSimIndicator(0), showSimIndicator=false simIndicatorResource = 0
D/SignalClusterViewGemini( 5719): setDataConnected(0), dataConnected=false
D/SignalClusterViewGemini( 5719): setDataNetType3G(0), dataNetType=Type_3G
D/skia ( 5719): Flag is not 10
D/SignalClusterViewGemini( 5719): apply : mShowSimIndicator = false mSimIndicatorResource = 0 mShowSimIndicatorGemini = false mSimIndicatorResourceGemini = 0
D/SignalClusterViewGemini( 5719): apply, mMobileVisible=true mMobileActivityId=0 mMobileTypeId=2130837873 mMobileStrengthId[0] = 2130837950 mMobileStrengthId[1] = 0
D/SignalClusterViewGemini( 5719): isSimInserted(0), SimInserted=true
D/SignalClusterViewGemini( 5719): mDataNetType =Type_3G resId= 0 simColorId = 0
D/SignalClusterViewGemini( 5719): apply, mMobileVisibleGemini=true mMobileActivityIdGemini=0 mMobileTypeIdGemini=0 mMobileStrengthIdGemini[0] = 2130837938 mMobileStrengthIdGemini[1] = 0
D/SignalClusterViewGemini( 5719): isSimInserted(1), SimInserted=true
D/SignalClusterViewGemini( 5719): apply, mMobileVisible=true, mWifiVisible=true, mIsAirplaneMode=false
W/ResourceType( 5719): No package identifier when getting value for resource number 0x00000000
D/SignalClusterViewGemini( 5719): isSimInserted(0), SimInserted=true
D/SignalClusterViewGemini( 5719): isSimInserted(1), SimInserted=true
D/NetworkControllerGemini( 5719): refreshViews(1), DataConnected=false simColorId = 2
D/SignalClusterViewGemini( 5719): setShowSimIndicator(1), showSimIndicator=false simIndicatorResource = 0
D/SignalClusterViewGemini( 5719): setDataConnected(1), dataConnected=false
D/SignalClusterViewGemini( 5719): setDataNetType3G(1), dataNetType=Type_G
D/SignalClusterViewGemini( 5719): apply : mShowSimIndicator = false mSimIndicatorResource = 0 mShowSimIndicatorGemini = false mSimIndicatorResourceGemini = 0
D/SignalClusterViewGemini( 5719): apply, mMobileVisible=true mMobileActivityId=0 mMobileTypeId=2130837873 mMobileStrengthId[0] = 2130837950 mMobileStrengthId[1] = 0
D/SignalClusterViewGemini( 5719): isSimInserted(0), SimInserted=true
D/SignalClusterViewGemini( 5719): mDataNetType =Type_3G resId= 0 simColorId = 0
D/SignalClusterViewGemini( 5719): apply, mMobileVisibleGemini=true mMobileActivityIdGemini=0 mMobileTypeIdGemini=0 mMobileStrengthIdGemini[0] = 2130837938 mMobileStrengthIdGemini[1] = 0
D/SignalClusterViewGemini( 5719): isSimInserted(1), SimInserted=true
D/SignalClusterViewGemini( 5719): apply, mMobileVisible=true, mWifiVisible=true, mIsAirplaneMode=false
W/ResourceType( 5719): No package identifier when getting value for resource number 0x00000000
D/SignalClusterViewGemini( 5719): isSimInserted(0), SimInserted=true
D/SignalClusterViewGemini( 5719): isSimInserted(1), SimInserted=true
I/SurfaceTextureClient( 5719): [STC::queueBuffer] (this:0x5dd8ce08) fps:1.50, dur:1993.70, max:1004.54, min:13.77
I/BufferQueue( 133): [StatusBar](this:0x43515e58,api:1) [queue] fps:1.50, dur:1993.51, max:1004.61, min:13.74
I/BufferQueue( 133): [StatusBar](this:0x43515e58,api:1) [release] fps:1.51, dur:1990.48, max:995.21, min:17.14
I/SurfaceFlinger( 133): [SurfaceFlinger] fps:3.951081,dur:1012.38,max:624.82,min:17.11
V/Provider/Settings( 5783): from settings cache , name = pdp_watchdog_poll_interval_ms , value = null
D/StateMachine( 5535): handleMessage: E msg.what=131155
D/StateMachine( 5535): processMsg: ConnectedState
D/WifiStateMachine( 5535): ConnectedState{ what=131155 when=-4ms arg1=30 target=Handler (com.android.internal.util.StateMachine$SmHandler) {4277a800} }
D/StateMachine( 5535): processMsg: L2ConnectedState
D/WifiStateMachine( 5535): L2ConnectedState{ what=131155 when=-4ms arg1=30 target=Handler (com.android.internal.util.StateMachine$SmHandler) {4277a800} }
D/WifiNative-wlan0( 5535): doString: SIGNAL_POLL
D/WifiCommon( 5535): [wlan0] SET "SIGNAL_POLL"
D/wpa_supplicant( 5621): RX ctrl_iface - hexdump(len=11): 53 49 47 4e 41 4c 5f 50 4f 4c 4c
D/wpa_supplicant( 5621): wlan0: Control interface command 'SIGNAL_POLL'
D/wpa_supplicant( 5621): nl80211: survey data missing!
I/WifiStateMachine( 5535): fetchRssiAndLinkSpeedNative, newRssi:-75, newLinkSpeed:39
D/StateMachine( 5535): handleMessage: X
I/SurfaceTextureClient(25747): [STC::queueBuffer] (this:0x5eda7318) fps:2.43, dur:1235.31, max:756.75, min:239.05
I/BufferQueue( 133): [com.android.deskclock/com.android.deskclock.DeskClock](this:0x43523f10,api:1) [queue] fps:2.43, dur:1235.27, max:756.78, min:239.08
I/BufferQueue( 133): [com.android.deskclock/com.android.deskclock.DeskClock](this:0x43523f10,api:1) [release] fps:2.43, dur:1236.14, max:755.76, min:240.19
D/NetworkControllerGemini( 5719): PhoneStateListener:onSignalStrengthsChanged, sim1 before.
D/NetworkControllerGemini( 5719): PhoneStateListener:onSignalStrengthsChanged, signalStrength=3
D/NetworkControllerGemini( 5719): updateDataNetType(0), DataNetType=3.
D/NetworkControllerGemini( 5719): updateDataNetType(0), simColorId=0
D/TelephonyManagerEx( 5719): isNetworkRoaming
D/NetworkControllerGemini( 5719): updateDataNetType(0), DataNetType3G=Type_3G tempDataTypeIconId= 2130837873.
V/ActivityManager( 5535): Broadcast sticky: Intent { act=android.intent.action.SIG_STR flg=0x10 (has extras) } ordered=false userid=-1
D/NetworkControllerGemini( 5719): isSimInserted(0), SimInserted=true
D/NetworkControllerGemini( 5719): updateTelephonySignalStrength(0), regState=1
D/NetworkControllerGemini( 5719): updateTelephonySignalStrength(0), hasService=true
D/TelephonyManagerEx( 5719): isNetworkRoaming
D/NetworkControllerGemini( 5719): updateTelephonySignalStrength(0), isRoaming=false, mInetCondition=1
D/NetworkControllerGemini( 5719): updateTelephonySignalStrength(0), simColorId=0
D/NetworkControllerGemini( 5719): updateTelephonySignalStrength(0), tempDataNetType = Type_3G , simColorId=0 tempPhoneSignalIconId[0] = 2130837950 tempPhoneSignalIconId[1] = 0
D/NetworkControllerGemini( 5719): updateTelephonySignalStrength(0) tempSIMCUSignVisible= true
D/NetworkControllerGemini( 5719): updateTelephonySignalStrength(0) mSIMCUSignVisible = true
D/NetworkControllerGemini( 5719): updateTelephonySignalStrength(0) mSIMCUSignVisible = true
D/NetworkControllerGemini( 5719): refreshViews(0), DataConnected=false simColorId = 0
D/SignalClusterViewGemini( 5719): setShowSimIndicator(0), showSimIndicator=false simIndicatorResource = 0
D/SignalClusterViewGemini( 5719): setDataConnected(0), dataConnected=false
D/SignalClusterViewGemini( 5719): setDataNetType3G(0), dataNetType=Type_3G
D/Bluetooth HS/HF( 5783): [BT][HFG] [API] mStateReceiver.onReceive(android.intent.action.SIG_STR)
D/Bluetooth HS/HF( 5783): [BT][HFG] [API] mHandler.handleMessage(10)
D/SignalClusterViewGemini( 5719): apply : mShowSimIndicator = false mSimIndicatorResource = 0 mShowSimIndicatorGemini = false mSimIndicatorResourceGemini = 0
D/SignalClusterViewGemini( 5719): apply, mMobileVisible=true mMobileActivityId=0 mMobileTypeId=2130837873 mMobileStrengthId[0] = 2130837950 mMobileStrengthId[1] = 0
D/SignalClusterViewGemini( 5719): isSimInserted(0), SimInserted=true
D/SignalClusterViewGemini( 5719): mDataNetType =Type_3G resId= 0 simColorId = 0
D/SignalClusterViewGemini( 5719): apply, mMobileVisibleGemini=true mMobileActivityIdGemini=0 mMobileTypeIdGemini=0 mMobileStrengthIdGemini[0] = 2130837938 mMobileStrengthIdGemini[1] = 0
