D/NetworkControllerGemini( 5719): PhoneStateListener:onSignalStrengthsChanged, sim1 before.
D/NetworkControllerGemini( 5719): PhoneStateListener:onSignalStrengthsChanged, signalStrength=4
D/NetworkControllerGemini( 5719): updateDataNetType(0), DataNetType=3.
D/NetworkControllerGemini( 5719): updateDataNetType(0), simColorId=0
D/TelephonyManagerEx( 5719): isNetworkRoaming
D/NetworkControllerGemini( 5719): updateDataNetType(0), DataNetType3G=Type_3G tempDataTypeIconId= 2130837873.
D/NetworkControllerGemini( 5719): isSimInserted(0), SimInserted=true
D/NetworkControllerGemini( 5719): updateTelephonySignalStrength(0), regState=1
D/NetworkControllerGemini( 5719): updateTelephonySignalStrength(0), hasService=true
D/TelephonyManagerEx( 5719): isNetworkRoaming
D/NetworkControllerGemini( 5719): updateTelephonySignalStrength(0), isRoaming=false, mInetCondition=1
D/NetworkControllerGemini( 5719): updateTelephonySignalStrength(0), simColorId=0
D/NetworkControllerGemini( 5719): updateTelephonySignalStrength(0), tempDataNetType = Type_3G , simColorId=0 tempPhoneSignalIconId[0] = 2130837955 tempPhoneSignalIconId[1] = 0
D/NetworkControllerGemini( 5719): updateTelephonySignalStrength(0) tempSIMCUSignVisible= true
D/NetworkControllerGemini( 5719): updateTelephonySignalStrength(0) mSIMCUSignVisible = true
D/NetworkControllerGemini( 5719): updateTelephonySignalStrength(0) mSIMCUSignVisible = true
D/NetworkControllerGemini( 5719): refreshViews(0), DataConnected=false simColorId = 0
D/SignalClusterViewGemini( 5719): setShowSimIndicator(0), showSimIndicator=false simIndicatorResource = 0
D/SignalClusterViewGemini( 5719): setDataConnected(0), dataConnected=false
D/SignalClusterViewGemini( 5719): setDataNetType3G(0), dataNetType=Type_3G
D/Bluetooth HS/HF( 5783): [BT][HFG] [API] mStateReceiver.onReceive(android.intent.action.SIG_STR)
D/Bluetooth HS/HF( 5783): [BT][HFG] [API] mHandler.handleMessage(10)
D/SignalClusterViewGemini( 5719): apply : mShowSimIndicator = false mSimIndicatorResource = 0 mShowSimIndicatorGemini = false mSimIndicatorResourceGemini = 0
D/SignalClusterViewGemini( 5719): apply, mMobileVisible=true mMobileActivityId=0 mMobileTypeId=2130837873 mMobileStrengthId[0] = 2130837955 mMobileStrengthId[1] = 0
D/SignalClusterViewGemini( 5719): isSimInserted(0), SimInserted=true
D/SignalClusterViewGemini( 5719): mDataNetType =Type_3G resId= 0 simColorId = 0
D/SignalClusterViewGemini( 5719): apply, mMobileVisibleGemini=true mMobileActivityIdGemini=0 mMobileTypeIdGemini=0 mMobileStrengthIdGemini[0] = 2130837938 mMobileStrengthIdGemini[1] = 0
D/SignalClusterViewGemini( 5719): isSimInserted(1), SimInserted=true
D/SignalClusterViewGemini( 5719): apply, mMobileVisible=true, mWifiVisible=true, mIsAirplaneMode=false
W/ResourceType( 5719): No package identifier when getting value for resource number 0x00000000
W/ResourceType( 5719): No package identifier when getting value for resource number 0x00000000
D/SignalClusterViewGemini( 5719): isSimInserted(0), SimInserted=true
D/SignalClusterViewGemini( 5719): isSimInserted(1), SimInserted=true
D/NetworkControllerGemini( 5719): PhoneStateListener:onSignalStrengthsChanged, sim1 after.
D/TelephonyManager( 5892): getDefaultSim is sim1
D/TelephonyManager( 5892): getDefaultSim is sim1
I/SurfaceTextureClient( 5719): [STC::queueBuffer] (this:0x5dd8ce08) fps:2.91, dur:1029.90, max:669.58, min:19.97
I/SurfaceTextureClient(25747): [STC::queueBuffer] (this:0x5eda7318) fps:2.63, dur:1139.03, max:877.86, min:121.35
I/BufferQueue( 133): [com.android.deskclock/com.android.deskclock.DeskClock](this:0x43523f10,api:1) [queue] fps:2.63, dur:1139.27, max:876.26, min:123.09
I/BufferQueue( 133): [StatusBar](this:0x43515e58,api:1) [queue] fps:2.91, dur:1030.69, max:670.08, min:19.83
I/BufferQueue( 133): [com.android.deskclock/com.android.deskclock.DeskClock](this:0x43523f10,api:1) [release] fps:2.65, dur:1132.50, max:875.18, min:119.97
I/BufferQueue( 133): [StatusBar](this:0x43515e58,api:1) [release] fps:2.91, dur:1029.81, max:669.59, min:17.24
I/SurfaceFlinger( 133): [SurfaceFlinger] fps:3.851498,dur:1038.56,max:538.67,min:21.67
D/BatteryService( 5535): mBatteryVoltage=3866
V/ActivityManager( 5535): Broadcast sticky: Intent { act=android.intent.action.BATTERY_CHANGED flg=0x60000010 (has extras) } ordered=false userid=-1
D/KeyguardUpdateMonitor( 5535): received broadcast android.intent.action.BATTERY_CHANGED
D/KeyguardUpdateMonitor( 5535): handleBatteryUpdate
D/WifiService( 5535): onReceive, action:android.intent.action.BATTERY_CHANGED
V/Provider/Settings( 5535): from settings cache , name = wifi_idle_ms , value = null
V/Provider/Settings( 5535): from settings cache , name = stay_on_while_plugged_in , value = 0
D/WifiService( 5535): ACTION_BATTERY_CHANGED pluggedType: 0
D/UsbDeviceManager( 5535): onReceive - BATTERY_CHANGED - mPlugType: 0, mSettingUsbCharging: false, mConnected: false, mSettingUsbBicr: false
D/StatusBar.BatteryController( 5719): BatteryController onReceive action is android.intent.action.BATTERY_CHANGED
D/StatusBar.BatteryController( 5719): status = 4
D/StatusBar.BatteryController( 5719): plugged is false fulled is false mBatteryProtection = false R.drawable.stat_sys_battery_charge is 2130837828 R.drawable.stat_sys_battery is 2130837819 icon is 2130837819
D/StatusBar.BatteryController( 5719): mBatteryPercentage is 73% mShouldShowBatteryPercentage is false mLabelViews.size() 1
D/PowerUI ( 5719): action = android.intent.action.BATTERY_CHANGED
D/PowerUI ( 5719): Intent start() ret = false mHideLowBDialog= true
D/PowerUI ( 5719): oldBatteryLevel = 73mBatteryLevel = 73
D/Bluetooth HS/HF( 5783): [BT][HFG] [API] mStateReceiver.onReceive(android.intent.action.BATTERY_CHANGED)
D/Bluetooth HS/HF( 5783): [BT][HFG] [API] mHandler.handleMessage(9)
D/Bluetooth HS/HF( 5783): [BT][HFG] [API] updateBatteryState
D/PowerManagerService( 5535): updateIsPoweredLocked: wasPowered=false, mIsPowered=false, oldPlugType=0, mPlugType=0, mBatteryLevel=73
D/PowerManagerService( 5535): handleSandman: canDream=true, mWakefulness=Awake
V/Provider/Settings( 5535): from settings cache , name = location_providers_allowed , value = network
D/ADB_SERVICES( 9881): adb fdevent_process list (15) (48)
D/ADB_SERVICES( 9881): adb socket read list (15)
D/ADB_SERVICES( 9881): read_data=16
D/ADB_SERVICES( 9881): max_read_time=0.000084 max_send_time=0.000033
D/ADB_SERVICES( 9881): adb local_socket_ready list (15)
D/StateMachine( 5535): handleMessage: E msg.what=131155
D/StateMachine( 5535): processMsg: ConnectedState
D/WifiStateMachine( 5535): ConnectedState{ what=131155 when=-4ms arg1=32 target=Handler (com.android.internal.util.StateMachine$SmHandler) {4277a800} }
D/StateMachine( 5535): processMsg: L2ConnectedState
D/WifiStateMachine( 5535): L2ConnectedState{ what=131155 when=-4ms arg1=32 target=Handler (com.android.internal.util.StateMachine$SmHandler) {4277a800} }
D/WifiNative-wlan0( 5535): doString: SIGNAL_POLL
D/WifiCommon( 5535): [wlan0] SET "SIGNAL_POLL"
D/wpa_supplicant( 5621): RX ctrl_iface - hexdump(len=11): 53 49 47 4e 41 4c 5f 50 4f 4c 4c
D/wpa_supplicant( 5621): wlan0: Control interface command 'SIGNAL_POLL'
D/wpa_supplicant( 5621): nl80211: survey data missing!
I/WifiStateMachine( 5535): fetchRssiAndLinkSpeedNative, newRssi:-72, newLinkSpeed:58
D/StateMachine( 5535): handleMessage: X
D/NetworkControllerGemini( 5719): refreshViews(0), DataConnected=false simColorId = 0
D/NetworkControllerGemini( 5719): refreshViews(0), set parameters to signal cluster view.
D/NetworkControllerGemini( 5719): refreshViews(0), tempPhoneSignalIconId.0 = 2130837955 tempPhoneSignalIconId.1 = 0 tempMobileActivityIconId= 0 tempDataTypeIconId= 2130837873
D/SignalClusterViewGemini( 5719): setMobileDataIndicators(0), visible=true, strengthIcon[0] ~ [1] 2130837955 ~ 0
D/SignalClusterViewGemini( 5719): isSimInserted(0), SimInserted=true
D/SignalClusterViewGemini( 5719): isSimInserted(1), SimInserted=true
D/NetworkControllerGemini( 5719): refreshViews(0), tempPhoneSignalIconId.0 = 2130837955 tempPhoneSignalIconId.1 = 0 tempMobileActivityIconId= 0 tempDataTypeIconId= 2130837873
D/SignalClusterViewGemini( 5719): setShowSimIndicator(0), showSimIndicator=false simIndicatorResource = 0
D/SignalClusterViewGemini( 5719): setDataConnected(0), dataConnected=false
D/SignalClusterViewGemini( 5719): setDataNetType3G(0), dataNetType=Type_3G
D/SignalClusterViewGemini( 5719): apply : mShowSimIndicator = false mSimIndicatorResource = 0 mShowSimIndicatorGemini = false mSimIndicatorResourceGemini = 0
D/SignalClusterViewGemini( 5719): apply, mMobileVisible=true mMobileActivityId=0 mMobileTypeId=2130837873 mMobileStrengthId[0] = 2130837955 mMobileStrengthId[1] = 0
D/SignalClusterViewGemini( 5719): isSimInserted(0), SimInserted=true
D/SignalClusterViewGemini( 5719): mDataNetType =Type_3G resId= 0 simColorId = 0
D/SignalClusterViewGemini( 5719): apply, mMobileVisibleGemini=true mMobileActivityIdGemini=0 mMobileTypeIdGemini=0 mMobileStrengthIdGemini[0] = 2130837938 mMobileStrengthIdGemini[1] = 0
D/SignalClusterViewGemini( 5719): isSimInserted(1), SimInserted=true
D/SignalClusterViewGemini( 5719): apply, mMobileVisible=true, mWifiVisible=true, mIsAirplaneMode=false
W/ResourceType( 5719): No package identifier when getting value for resource number 0x00000000
D/SignalClusterViewGemini( 5719): isSimInserted(0), SimInserted=true
D/SignalClusterViewGemini( 5719): isSimInserted(1), SimInserted=true
D/NetworkControllerGemini( 5719): refreshViews(1), DataConnected=false simColorId = 2
D/SignalClusterViewGemini( 5719): setShowSimIndicator(1), showSimIndicator=false simIndicatorResource = 0
D/SignalClusterViewGemini( 5719): setDataConnected(1), dataConnected=false
D/SignalClusterViewGemini( 5719): setDataNetType3G(1), dataNetType=Type_G
D/SignalClusterViewGemini( 5719): apply : mShowSimIndicator = false mSimIndicatorResource = 0 mShowSimIndicatorGemini = false mSimIndicatorResourceGemini = 0
D/SignalClusterViewGemini( 5719): apply, mMobileVisible=true mMobileActivityId=0 mMobileTypeId=2130837873 mMobileStrengthId[0] = 2130837955 mMobileStrengthId[1] = 0
D/SignalClusterViewGemini( 5719): isSimInserted(0), SimInserted=true
D/SignalClusterViewGemini( 5719): mDataNetType =Type_3G resId= 0 simColorId = 0
D/SignalClusterViewGemini( 5719): apply, mMobileVisibleGemini=true mMobileActivityIdGemini=0 mMobileTypeIdGemini=0 mMobileStrengthIdGemini[0] = 2130837938 mMobileStrengthIdGemini[1] = 0
D/SignalClusterViewGemini( 5719): isSimInserted(1), SimInserted=true
D/SignalClusterViewGemini( 5719): apply, mMobileVisible=true, mWifiVisible=true, mIsAirplaneMode=false
W/ResourceType( 5719): No package identifier when getting value for resource number 0x00000000
D/SignalClusterViewGemini( 5719): isSimInserted(0), SimInserted=true
D/SignalClusterViewGemini( 5719): isSimInserted(1), SimInserted=true
I/SurfaceTextureClient(25747): [STC::queueBuffer] (this:0x5eda7318) fps:1.61, dur:1867.21, max:878.21, min:120.19
I/BufferQueue( 133): [com.android.deskclock/com.android.deskclock.DeskClock](this:0x43523f10,api:1) [queue] fps:1.61, dur:1867.28, max:877.60, min:121.07
I/BufferQueue( 133): [com.android.deskclock/com.android.deskclock.DeskClock](this:0x43523f10,api:1) [release] fps:1.60, dur:1869.73, max:874.93, min:120.10
I/SurfaceFlinger( 133): [SurfaceFlinger] fps:2.677535,dur:1867.39,max:877.24,min:38.40
D/NetworkControllerGemini( 5719): refreshViews(0), DataConnected=false simColorId = 0
D/NetworkControllerGemini( 5719): refreshViews(0), set parameters to signal cluster view.
D/NetworkControllerGemini( 5719): refreshViews(0), tempPhoneSignalIconId.0 = 2130837955 tempPhoneSignalIconId.1 = 0 tempMobileActivityIconId= 0 tempDataTypeIconId= 2130837873
D/SignalClusterViewGemini( 5719): setMobileDataIndicators(0), visible=true, strengthIcon[0] ~ [1] 2130837955 ~ 0
D/SignalClusterViewGemini( 5719): isSimInserted(0), SimInserted=true
D/SignalClusterViewGemini( 5719): isSimInserted(1), SimInserted=true
D/NetworkControllerGemini( 5719): refreshViews(0), tempPhoneSignalIconId.0 = 2130837955 tempPhoneSignalIconId.1 = 0 tempMobileActivityIconId= 0 tempDataTypeIconId= 2130837873
D/SignalClusterViewGemini( 5719): setShowSimIndicator(0), showSimIndicator=false simIndicatorResource = 0
D/SignalClusterViewGemini( 5719): setDataConnected(0), dataConnected=false
D/SignalClusterViewGemini( 5719): setDataNetType3G(0), dataNetType=Type_3G
D/SignalClusterViewGemini( 5719): apply : mShowSimIndicator = false mSimIndicatorResource = 0 mShowSimIndicatorGemini = false mSimIndicatorResourceGemini = 0
D/SignalClusterViewGemini( 5719): apply, mMobileVisible=true mMobileActivityId=0 mMobileTypeId=2130837873 mMobileStrengthId[0] = 2130837955 mMobileStrengthId[1] = 0
D/SignalClusterViewGemini( 5719): isSimInserted(0), SimInserted=true
D/SignalClusterViewGemini( 5719): mDataNetType =Type_3G resId= 0 simColorId = 0
D/SignalClusterViewGemini( 5719): apply, mMobileVisibleGemini=true mMobileActivityIdGemini=0 mMobileTypeIdGemini=0 mMobileStrengthIdGemini[0] = 2130837938 mMobileStrengthIdGemini[1] = 0
D/SignalClusterViewGemini( 5719): isSimInserted(1), SimInserted=true
D/SignalClusterViewGemini( 5719): apply, mMobileVisible=true, mWifiVisible=true, mIsAirplaneMode=false
W/ResourceType( 5719): No package identifier when getting value for resource number 0x00000000
W/ResourceType( 5719): No package identifier when getting value for resource number 0x00000000
D/SignalClusterViewGemini( 5719): isSimInserted(0), SimInserted=true
D/SignalClusterViewGemini( 5719): isSimInserted(1), SimInserted=true
D/NetworkControllerGemini( 5719): refreshViews(1), DataConnected=false simColorId = 2
D/SignalClusterViewGemini( 5719): setShowSimIndicator(1), showSimIndicator=false simIndicatorResource = 0
D/SignalClusterViewGemini( 5719): setDataConnected(1), dataConnected=false
D/SignalClusterViewGemini( 5719): setDataNetType3G(1), dataNetType=Type_G
D/SignalClusterViewGemini( 5719): apply : mShowSimIndicator = false mSimIndicatorResource = 0 mShowSimIndicatorGemini = false mSimIndicatorResourceGemini = 0
D/SignalClusterViewGemini( 5719): apply, mMobileVisible=true mMobileActivityId=0 mMobileTypeId=2130837873 mMobileStrengthId[0] = 2130837955 mMobileStrengthId[1] = 0
D/SignalClusterViewGemini( 5719): isSimInserted(0), SimInserted=true
D/SignalClusterViewGemini( 5719): mDataNetType =Type_3G resId= 0 simColorId = 0
D/SignalClusterViewGemini( 5719): apply, mMobileVisibleGemini=true mMobileActivityIdGemini=0 mMobileTypeIdGemini=0 mMobileStrengthIdGemini[0] = 2130837938 mMobileStrengthIdGemini[1] = 0
D/SignalClusterViewGemini( 5719): isSimInserted(1), SimInserted=true
D/SignalClusterViewGemini( 5719): apply, mMobileVisible=true, mWifiVisible=true, mIsAirplaneMode=false
W/ResourceType( 5719): No package identifier when getting value for resource number 0x00000000
W/ResourceType( 5719): No package identifier when getting value for resource number 0x00000000
D/SignalClusterViewGemini( 5719): isSimInserted(0), SimInserted=true
D/SignalClusterViewGemini( 5719): isSimInserted(1), SimInserted=true
I/SurfaceTextureClient( 5719): [STC::queueBuffer] (this:0x5dd8ce08) fps:2.03, dur:1969.80, max:969.90, min:40.57
I/BufferQueue( 133): [StatusBar](this:0x43515e58,api:1) [queue] fps:2.03, dur:1968.97, max:969.93, min:40.55
I/BufferQueue( 133): [StatusBar](this:0x43515e58,api:1) [release] fps:2.03, dur:1972.37, max:977.39, min:34.44
D/WindowManager( 5535): interceptKeyTq keycode=3 screenIsOn=true keyguardActive=false policyFlags = #2000000 down =true canceled = false isWakeKey=false
D/PowerManagerService( 5535): userActivityFromNative
D/PowerManagerService( 5535): userActivityNoUpdateLocked: eventTime=10857238, event=1, flags=0x0, uid=1000
D/PowerManagerNotifier( 5535): onUserActivity: event=1, uid=1000
D/PowerManagerService( 5535): updateUserActivitySummaryLocked: mWakefulness=Awake, mUserActivitySummary=0x5, nextTimeout=10865238 (in 7998 ms)
D/PowerManagerService( 5535): newScreenState = 2
D/PowerManagerDisplayController( 5535): requestPowerState: screenState=2, useProximitySensor=false, screenBrightness=255, screenAutoBrightnessAdjustment=0.0, useAutoBrightness=false, useEcoBrightness=false, blockScreenOn=false, waitForNegativeProximity=false
D/LightsService( 5535): setLight_native: light=2, colorARGB=0xffffffff, flashMode=0, onMS=0, offMS=0, brightnessMode=0
D/lights ( 5535): write_int open fd=306
I/PowerManagerService( 5535): setBrightness mButtonLight, screenBrightness=255
D/PowerManagerService( 5535): updateScreenStateLocked: mDisplayReady=true, newScreenState=2, mWakefulness=1, mWakeLockSummary=0x0, mUserActivitySummary=0x5, mBootCompleted=true
D/PowerManagerService( 5535): handleSandman: canDream=true, mWakefulness=Awake
D/WindowManager( 5535): interceptKeyTi keyCode=3 down=true repeatCount=0 keyguardOn=false mHomePressed=false canceled=false
V/ActivityManager( 5535): Broadcast: Intent { act=com.android.systemui.recent.action.PRELOAD flg=0x10 cmp=com.android.systemui/.recent.RecentsPreloadReceiver } ordered=false userid=-2
D/dalvikvm( 5719): create interp thread : stack size=32KB
D/dalvikvm( 5719): create new thread
D/dalvikvm( 5719): new thread created
D/dalvikvm( 5719): update thread list
D/dalvikvm( 5719): threadid=23: interp stack at 0x5fce7000
D/dalvikvm( 5719): threadid=23: created from interp
D/dalvikvm( 5719): start new thread
D/dalvikvm( 5719): threadid=23: notify debugger
D/dalvikvm( 5719): threadid=23 (Thread-117): calling run()
D/skia ( 5719): Flag is not 10
D/dalvikvm( 5719): threadid=23: exiting
D/dalvikvm( 5719): threadid=23: bye!
D/dalvikvm( 5535): GC_FOR_ALLOC freed 3862K (36381), 22% free 29145K/37176K, paused 69ms, total 70ms
D/WindowManager( 5535): interceptKeyTq keycode=3 screenIsOn=true keyguardActive=false policyFlags = #2000000 down =false canceled = false isWakeKey=false
D/WindowManager( 5535): interceptKeyTi keyCode=3 down=false repeatCount=0 keyguardOn=false mHomePressed=true canceled=false
V/ActivityManager( 5535): Broadcast: Intent { act=android.intent.action.CLOSE_SYSTEM_DIALOGS flg=0x50000010 (has extras) } ordered=false userid=-1
V/ActivityManager( 5535): Broadcast: Intent { act=com.android.systemui.recent.CANCEL_PRELOAD flg=0x10 cmp=com.android.systemui/.recent.RecentsPreloadReceiver } ordered=false userid=-2
I/ActivityManager( 5535): START u0 {act=android.intent.action.MAIN cat=[android.intent.category.HOME] flg=0x10200000 cmp=com.android.launcher/com.android.launcher2.Launcher} from pid 5535
V/ActivityManager( 5535): At 13 ckp TaskRecord{42f70a08 #24 A com.android.deskclock U 0}: ActivityRecord{43a2b068 u0 com.android.deskclock/.DeskClock}
V/ActivityManager( 5535): At 12 ckp TaskRecord{42958ef0 #2 A com.android.launcher U 0}: ActivityRecord{42350520 u0 com.android.launcher/com.android.launcher2.Launcher}
V/ActivityManager( 5535): Removing and adding at 13
V/ActivityManager( 5535): At 11 ckp TaskRecord{42cccc50 #7 A com.android.settings U 0}: ActivityRecord{42e349d8 u0 com.android.settings/.SubSettings}
V/ActivityManager( 5535): At 10 ckp TaskRecord{42cccc50 #7 A com.android.settings U 0}: ActivityRecord{42b97dd0 u0 com.android.settings/.Settings}
V/ActivityManager( 5535): At 9 ckp TaskRecord{42e6b080 #20 A com.android.systemui U 0}: ActivityRecord{426996f8 u0 com.android.systemui/.recent.RecentsActivity}
V/ActivityManager( 5535): At 8 ckp TaskRecord{42a928e0 #3 A org.jtb.alogcat U 0}: ActivityRecord{42492a40 u0 org.jtb.alogcat/.LogActivity}
V/ActivityManager( 5535): At 7 ckp TaskRecord{4280b148 #21 A en.gaydetectorWLR.main U 0}: ActivityRecord{4295f9a0 u0 en.gaydetectorWLR.main/en.gaydetector.main.GayDetectorActivity}
V/ActivityManager( 5535): At 6 ckp TaskRecord{42e7da28 #17 A com.android.providers.downloads.ui U 0}: ActivityRecord{42a9c308 u0 com.android.providers.downloads.ui/.DownloadList}
V/ActivityManager( 5535): At 5 ckp TaskRecord{42ea59f0 #16 A android.task.browser U 0}: ActivityRecord{428708b8 u0 com.android.browser/.BrowserActivity}
V/ActivityManager( 5535): At 4 ckp TaskRecord{42b678e0 #15 A com.android.gallery3d U 0}: ActivityRecord{425e95e8 u0 com.android.gallery3d/.app.Gallery}
V/ActivityManager( 5535): At 3 ckp TaskRecord{42ae82d8 #12 A com.android.camera U 0}: ActivityRecord{427b48c8 u0 com.android.gallery3d/com.android.camera.CameraLauncher}
V/ActivityManager( 5535): At 2 ckp TaskRecord{43060f90 #13 A com.jrummy.root.browserfree U 0}: ActivityRecord{42e92040 u0 com.jrummy.root.browserfree/com.jrummy.apps.root.browser.activities.RootBrowserActivity}
V/ActivityManager( 5535): At 1 ckp TaskRecord{42925dd8 #11 A com.teamviewer.teamviewer.market.mobile U 0}: ActivityRecord{42a173d8 u0 com.teamviewer.teamviewer.market.mobile/com.teamviewer.remotecontrollib.activity.MainActivity}
V/ActivityManager( 5535): At 0 ckp TaskRecord{42bd6400 #9 A com.acr.shellterminalemulator U 0}: ActivityRecord{42bd6108 u0 com.acr.shellterminalemulator/.Main}
D/PhoneStatusBar( 5719): onReceive, action=android.intent.action.CLOSE_SYSTEM_DIALOGS
D/Launcher( 5877): Launcher, Close system dialogs: intent = Intent { act=android.intent.action.CLOSE_SYSTEM_DIALOGS flg=0x50000010 (has extras) }
I/libPerfService( 5535): 1: set: 2
I/SurfaceTextureClient(25747): [STC::queueBuffer] (this:0x5eda7318) fps:1.98, dur:1010.62, max:877.22, min:133.40
I/BufferQueue( 133): [com.android.deskclock/com.android.deskclock.DeskClock](this:0x43523f10,api:1) [queue] fps:1.98, dur:1010.37, max:877.32, min:133.05
D/PowerManagerService( 5535): acquireWakeLockInternal: lock=1111143720, flags=0x1, tag="ActivityManager-Launch", ws=null, uid=1000, pid=5535
D/PowerManagerService( 5535): updateWakeLockSummaryLocked: mWakefulness=Awake, mWakeLockSummary=0x1
D/PowerManagerService( 5535): newScreenState = 2
D/PowerManagerDisplayController( 5535): requestPowerState: screenState=2, useProximitySensor=false, screenBrightness=255, screenAutoBrightnessAdjustment=0.0, useAutoBrightness=false, useEcoBrightness=false, blockScreenOn=false, waitForNegativeProximity=false
I/PowerManagerService( 5535): setBrightness mButtonLight, screenBrightness=255
D/PowerManagerService( 5535): updateScreenStateLocked: mDisplayReady=true, newScreenState=2, mWakefulness=1, mWakeLockSummary=0x1, mUserActivitySummary=0x5, mBootCompleted=true
D/PowerManagerService( 5535): handleSandman: canDream=true, mWakefulness=Awake
V/ActivityManager( 5535): Broadcast: Intent { act=com.android.systemui.recent.action.CLOSE flg=0x10 pkg=com.android.systemui } ordered=false userid=-2
I/BufferQueue( 133): [com.android.deskclock/com.android.deskclock.DeskClock](this:0x43523f10,api:1) [release] fps:1.98, dur:1012.05, max:875.00, min:137.06
I/SurfaceFlinger( 133): [SurfaceFlinger] fps:3.944852,dur:1013.98,max:880.80,min:17.04
V/ActivityManager( 5535): Broadcast: Intent { act=notif_in_use_show flg=0x10 } ordered=false userid=0
D/InputReader( 5535): InputReader:: getSwitchState lock
D/InputReader( 5535): InputReader::getStateLocked:: return
V/WindowManager( 5535): Changing focus from Window{427d8240 u0 com.android.deskclock/com.android.deskclock.DeskClock} to null
I/WindowManager( 5535): Losing focus: Window{427d8240 u0 com.android.deskclock/com.android.deskclock.DeskClock}
D/dalvikvm( 5535): create interp thread : stack size=32KB
D/dalvikvm( 5535): create new thread
D/dalvikvm( 5535): new thread created
D/dalvikvm( 5535): update thread list
D/dalvikvm( 5535): threadid=95: interp stack at 0x627f7000
D/dalvikvm( 5535): threadid=95: created from interp
D/dalvikvm( 5535): start new thread
D/NetworkPolicy( 5535): onRecv: MSG_FOREGROUND_ACTIVITIES_CHANGED pid:uid:act=5877:10042:true
V/NetworkStats( 5535): setKernelCounterSet uid=10042 set=1
D/ConnectivityService( 5535): onUidRulesChanged(uid=10042, uidRules=0)
D/dalvikvm( 5535): threadid=95: notify debugger
D/dalvikvm( 5535): threadid=95 (Thread-3294): calling run()
V/InputMethodManager(25747): focusOut: android.widget.ListView{427c9660 VFED.VC. .F...... 0,0-1080,1844 #7f0e0031 app:id/cities} mServedView=android.widget.ListView{427c9660 VFED.VC. .F...... 0,0-1080,1844 #7f0e0031 app:id/cities} winFocus=false
D/dalvikvm( 5535): threadid=95: exiting
D/dalvikvm( 5535): threadid=95: bye!
D/Launcher( 5877): Launcher, onNewIntent: intent = Intent { act=android.intent.action.MAIN cat=[android.intent.category.HOME] flg=0x10600000 cmp=com.android.launcher/com.android.launcher2.Launcher }
D/Launcher( 5877): Launcher, exitSpringLoadedDragMode mState = WORKSPACE
W/WindowManager( 5535): No new IME target
W/InputMethodManagerService( 5535): Ignoring hideSoftInput of uid 10042: com.android.internal.view.IInputMethodClient$Stub$Proxy@4290c108
D/Launcher( 5877): Launcher, (Launcher)onStart: this = com.android.launcher2.Launcher@423795b0
D/Launcher( 5877): Launcher, (Launcher)onResume: mRestoring = false, mOnResumeNeedsLoad = false,mOrientationChanged = false,mPagesAreRecreated = false, this = com.android.launcher2.Launcher@423795b0
D/Launcher( 5877): Launcher, showWorkspace: animated = false, mState = WORKSPACE
V/Provider/Settings( 5877): from settings cache , name = landscape_launcher , value = none
I/BufferQueue( 133): [unnamed-133-718](this:0x43520a58,api:0) BufferQueue
I/BufferQueue( 133): [unnamed-133-718](this:0x43520a58,api:0) consumerConnect
I/BufferQueue( 133): [unnamed-133-718](this:0x43520a58,api:0) setConsumerName: unnamed-133-718
I/SurfaceTexture( 133): [unnamed-133-718](this:0x43524948,api:0) SurfaceTexture
I/BufferQueue( 133): [unnamed-133-718](this:0x43520a58,api:0) setSynchronousMode: enabled=1
I/BufferQueue( 133): [unnamed-133-718](this:0x43520a58,api:0) setDefaultBufferSize: w=1080, h=1920
I/BufferQueue( 133): [com.android.launcher/com.android.launcher2.Launcher](this:0x43520a58,api:0) setConsumerName: com.android.launcher/com.android.launcher2.Launcher
V/WindowManager( 5535): Changing focus from null to Window{4291a770 u0 com.android.launcher/com.android.launcher2.Launcher}
I/WindowManager( 5535): Gaining focus: Window{4291a770 u0 com.android.launcher/com.android.launcher2.Launcher}
I/BufferQueue( 133): [com.android.launcher/com.android.launcher2.Launcher](this:0x43520a58,api:0) connect: api=1
I/BufferQueue( 133): [com.android.launcher/com.android.launcher2.Launcher](this:0x43520a58,api:1) setSynchronousMode: enabled=1
I/BufferQueue( 133): [com.android.launcher/com.android.launcher2.Launcher](this:0x43520a58,api:1) setSynchronousMode: enabled=1
I/BufferQueue( 133): [com.android.launcher/com.android.launcher2.Launcher](this:0x43520a58,api:1) new GraphicBuffer needed
D/BufferQueue( 133): [OLD] gb:NULL
D/dalvikvm( 5719): GC_FOR_ALLOC freed 7526K (101806), 46% free 31082K/56856K, paused 56ms, total 56ms
I/GraphicBuffer( 133): allocate buffer (w:1088 h:1920 f:5) err(0)
I/BufferQueue( 133): [NEW] gb=0x43524c38, handle=0x43240c80, w=1080, h=1920, s=1088, fmt=5
V/Provider/Settings( 5719): from settings cache , name = default_input_method , value = org.pocketworkstation.pckeyboard/.LatinIME
V/Provider/Settings( 5535): from settings cache , name = selected_input_method_subtype , value = -1
V/InputMethodManager( 5877): onWindowFocus: null softInputMode=288 first=true flags=#1910100
V/InputMethodManager( 5877): START INPUT: com.android.internal.policy.impl.PhoneWindow$DecorView{4239a080 V.E..... R.....ID 0,0-1080,1920} ic=null tba=android.view.inputmethod.EditorInfo@43b3bd20 controlFlags=#104
V/InputMethodManagerService( 5535): windowGainedFocus: android.os.BinderProxy@4243fa10 controlFlags=#104 softInputMode=#120 windowFlags=#1910100
V/InputMethodManager( 5877): Starting input: Bind result=InputBindResult{com.android.internal.view.IInputMethodSession$Stub$Proxy@4248ed30 org.pocketworkstation.pckeyboard/.LatinIME #343}
I/SurfaceTextureClient( 5719): [STC::queueBuffer] (this:0x5dd8ce08) fps:1.94, dur:1030.93, max:1014.25, min:16.68
I/BufferQueue( 133): [StatusBar](this:0x43515e58,api:1) [queue] fps:1.94, dur:1031.10, max:1014.55, min:16.55
I/BufferQueue( 133): [StatusBar](this:0x43515e58,api:1) [release] fps:1.94, dur:1029.47, max:1012.35, min:17.11
D/skia ( 5719): Flag is not 10
I/BufferQueue( 133): [com.android.launcher/com.android.launcher2.Launcher](this:0x43520a58,api:1) new GraphicBuffer needed
D/BufferQueue( 133): [OLD] gb:NULL
I/SurfaceTexture( 133): [com.android.launcher/com.android.launcher2.Launcher](this:0x43524948,api:1) [void* android::SurfaceTexture::createImage(EGLDisplay, const android::sp&)]
D/SurfaceTexture( 133): GraphicBuffer: gb=0x43524c38 handle=0x43240c80
D/SurfaceTexture( 133): EGLImage: dpy=0x1, img=0x435226f0
I/GraphicBuffer( 133): allocate buffer (w:1088 h:1920 f:5) err(0)
I/BufferQueue( 133): [NEW] gb=0x43244788, handle=0x4351dd00, w=1080, h=1920, s=1088, fmt=5
V/WallpaperService( 5719): Visibility change in com.android.systemui.ImageWallpaper$DrawableEngine@423458f8: 1
V/WallpaperService( 5719): onVisibilityChanged(true): com.android.systemui.ImageWallpaper$DrawableEngine@423458f8
V/WallpaperService( 5719): Offsets change in com.android.systemui.ImageWallpaper$DrawableEngine@423458f8: 0.0,0.0
V/ActivityManager( 5535): Activity idle: Token{423b0220 ActivityRecord{42350520 u0 com.android.launcher/com.android.launcher2.Launcher}}
I/libPerfService( 5535): 1: set: 1
D/PowerManagerService( 5535): releaseWakeLockInternal: lock=1111143720, flags=0x0
D/PowerManagerService( 5535): updateWakeLockSummaryLocked: mWakefulness=Awake, mWakeLockSummary=0x0
D/PowerManagerService( 5535): newScreenState = 2
D/PowerManagerDisplayController( 5535): requestPowerState: screenState=2, useProximitySensor=false, screenBrightness=255, screenAutoBrightnessAdjustment=0.0, useAutoBrightness=false, useEcoBrightness=false, blockScreenOn=false, waitForNegativeProximity=false
I/PowerManagerService( 5535): setBrightness mButtonLight, screenBrightness=255
D/PowerManagerService( 5535): updateScreenStateLocked: mDisplayReady=true, newScreenState=2, mWakefulness=1, mWakeLockSummary=0x0, mUserActivitySummary=0x5, mBootCompleted=true
D/PowerManagerService( 5535): handleSandman: canDream=true, mWakefulness=Awake
V/ActivityManager( 5535): Stopping ActivityRecord{43a2b068 u0 com.android.deskclock/.DeskClock}: nowVisible=false waitingVisible=true finishing=false
D/OpenGLRenderer(25747): Flushing caches (mode 0)
D/ActivityManager( 5535): ACT-IDLE_NOW_MSG from windowsVisible() for idle: ActivityRecord{42350520 u0 com.android.launcher/com.android.launcher2.Launcher}
V/ActivityManager( 5535): Activity idle: null
V/ActivityManager( 5535): Stopping ActivityRecord{43a2b068 u0 com.android.deskclock/.DeskClock}: nowVisible=true waitingVisible=false finishing=false
V/ActivityManager( 5535): Ready to stop: ActivityRecord{43a2b068 u0 com.android.deskclock/.DeskClock}
D/BufferQueue( 133): [com.android.deskclock/com.android.deskclock.DeskClock](this:0x43523f10,api:1) cancelBuffer: slot=1
I/BufferQueue( 133): [com.android.deskclock/com.android.deskclock.DeskClock](this:0x43523f10,api:1) disconnect: api=1
I/SurfaceTexture( 133): [com.android.deskclock/com.android.deskclock.DeskClock] [virtual android::status_t android::SurfaceTexture::forceAuxConversionLocked()] mCurrentTexture:0, mCurrentBuf:0x4351ef20
I/BufferQueue( 133): [com.android.deskclock/com.android.deskclock.DeskClock](this:0x43523f10,api:0) getReleasedBuffers: returning mask 0xffffffff
I/SurfaceTexture( 133): [com.android.deskclock/com.android.deskclock.DeskClock](this:0x43525960,api:0) destroying EGLImage dpy=0x1 img=0x43239db0
I/SurfaceTexture( 133): [com.android.deskclock/com.android.deskclock.DeskClock](this:0x43525960,api:0) destroying EGLImage dpy=0x1 img=0x4324e7e8
I/SurfaceTexture( 133): [com.android.deskclock/com.android.deskclock.DeskClock](this:0x43525960,api:0) destroying EGLImage dpy=0x1 img=0x43521db0
I/SurfaceTexture( 133): [com.android.deskclock/com.android.deskclock.DeskClock](this:0x43525960,api:0) destroying EGLImage dpy=0x1 img=0x43521f18
D/OpenGLRenderer(25747): Flushing caches (mode 1)
I/BufferQueue( 133): [com.android.deskclock/com.android.deskclock.DeskClock](this:0x43523f10,api:0) consumerDisconnect
I/BufferQueue( 133): [com.android.deskclock/com.android.deskclock.DeskClock](this:0x43523f10,api:0) ~BufferQueue
V/ActivityManager( 5535): Activity stopped: token=Token{43a2b1a8 ActivityRecord{43a2b068 u0 com.android.deskclock/.DeskClock}}
D/NetworkPolicy( 5535): onRecv: MSG_FOREGROUND_ACTIVITIES_CHANGED pid:uid:act=25747:10019:false
V/NetworkStats( 5535): setKernelCounterSet uid=10019 set=0
D/ConnectivityService( 5535): onUidRulesChanged(uid=10019, uidRules=0)
I/BufferQueue( 133): [com.android.launcher/com.android.launcher2.Launcher](this:0x43520a58,api:1) new GraphicBuffer needed
D/BufferQueue( 133): [OLD] gb:NULL
I/GraphicBuffer( 133): allocate buffer (w:1088 h:1920 f:5) err(0)
I/BufferQueue( 133): [NEW] gb=0x43239d78, handle=0x4324e5a0, w=1080, h=1920, s=1088, fmt=5
I/SurfaceTexture( 133): [com.android.launcher/com.android.launcher2.Launcher](this:0x43524948,api:1) [void* android::SurfaceTexture::createImage(EGLDisplay, const android::sp&)]
D/SurfaceTexture( 133): GraphicBuffer: gb=0x43244788 handle=0x4351dd00
D/SurfaceTexture( 133): EGLImage: dpy=0x1, img=0x43240208
I/BufferQueue( 133): [com.android.launcher/com.android.launcher2.Launcher](this:0x43520a58,api:1) new GraphicBuffer needed
D/BufferQueue( 133): [OLD] gb:NULL
I/GraphicBuffer( 133): allocate buffer (w:1088 h:1920 f:5) err(0)
I/BufferQueue( 133): [NEW] gb=0x4351f580, handle=0x43254ad8, w=1080, h=1920, s=1088, fmt=5
I/SurfaceTexture( 133): [com.android.launcher/com.android.launcher2.Launcher](this:0x43524948,api:1) [void* android::SurfaceTexture::createImage(EGLDisplay, const android::sp&)]
D/SurfaceTexture( 133): GraphicBuffer: gb=0x43239d78 handle=0x4324e5a0
D/SurfaceTexture( 133): EGLImage: dpy=0x1, img=0x43521490
D/StateMachine( 5535): handleMessage: E msg.what=131155
D/StateMachine( 5535): processMsg: ConnectedState
D/WifiStateMachine( 5535): ConnectedState{ what=131155 when=-4ms arg1=32 target=Handler (com.android.internal.util.StateMachine$SmHandler) {4277a800} }
D/StateMachine( 5535): processMsg: L2ConnectedState
D/WifiStateMachine( 5535): L2ConnectedState{ what=131155 when=-4ms arg1=32 target=Handler (com.android.internal.util.StateMachine$SmHandler) {4277a800} }
D/WifiNative-wlan0( 5535): doString: SIGNAL_POLL
D/WifiCommon( 5535): [wlan0] SET "SIGNAL_POLL"
D/wpa_supplicant( 5621): RX ctrl_iface - hexdump(len=11): 53 49 47 4e 41 4c 5f 50 4f 4c 4c
D/wpa_supplicant( 5621): wlan0: Control interface command 'SIGNAL_POLL'
D/NetworkControllerGemini( 5719): refreshViews(0), DataConnected=false simColorId = 0
D/NetworkControllerGemini( 5719): refreshViews(0), set parameters to signal cluster view.
D/NetworkControllerGemini( 5719): refreshViews(0), tempPhoneSignalIconId.0 = 2130837955 tempPhoneSignalIconId.1 = 0 tempMobileActivityIconId= 0 tempDataTypeIconId= 2130837873
D/SignalClusterViewGemini( 5719): setMobileDataIndicators(0), visible=true, strengthIcon[0] ~ [1] 2130837955 ~ 0
D/SignalClusterViewGemini( 5719): isSimInserted(0), SimInserted=true
D/SignalClusterViewGemini( 5719): isSimInserted(1), SimInserted=true
D/wpa_supplicant( 5621): nl80211: survey data missing!
I/WifiStateMachine( 5535): fetchRssiAndLinkSpeedNative, newRssi:-69, newLinkSpeed:58
D/StateMachine( 5535): handleMessage: X
D/NetworkControllerGemini( 5719): refreshViews(0), tempPhoneSignalIconId.0 = 2130837955 tempPhoneSignalIconId.1 = 0 tempMobileActivityIconId= 0 tempDataTypeIconId= 2130837873
D/SignalClusterViewGemini( 5719): setShowSimIndicator(0), showSimIndicator=false simIndicatorResource = 0
D/SignalClusterViewGemini( 5719): setDataConnected(0), dataConnected=false
D/SignalClusterViewGemini( 5719): setDataNetType3G(0), dataNetType=Type_3G
D/skia ( 5719): Flag is not 10
D/skia ( 5719): Flag is not 10
D/SignalClusterViewGemini( 5719): apply : mShowSimIndicator = false mSimIndicatorResource = 0 mShowSimIndicatorGemini = false mSimIndicatorResourceGemini = 0
D/skia ( 5719): Flag is not 10
D/SignalClusterViewGemini( 5719): apply, mMobileVisible=true mMobileActivityId=0 mMobileTypeId=2130837873 mMobileStrengthId[0] = 2130837955 mMobileStrengthId[1] = 0
D/skia ( 5719): Flag is not 10
D/SignalClusterViewGemini( 5719): isSimInserted(0), SimInserted=true
D/SignalClusterViewGemini( 5719): mDataNetType =Type_3G resId= 0 simColorId = 0
D/SignalClusterViewGemini( 5719): apply, mMobileVisibleGemini=true mMobileActivityIdGemini=0 mMobileTypeIdGemini=0 mMobileStrengthIdGemini[0] = 2130837938 mMobileStrengthIdGemini[1] = 0
D/SignalClusterViewGemini( 5719): isSimInserted(1), SimInserted=true
D/SignalClusterViewGemini( 5719): apply, mMobileVisible=true, mWifiVisible=true, mIsAirplaneMode=false
W/ResourceType( 5719): No package identifier when getting value for resource number 0x00000000
D/SignalClusterViewGemini( 5719): isSimInserted(0), SimInserted=true
D/SignalClusterViewGemini( 5719): isSimInserted(1), SimInserted=true
D/NetworkControllerGemini( 5719): refreshViews(1), DataConnected=false simColorId = 2
D/SignalClusterViewGemini( 5719): setShowSimIndicator(1), showSimIndicator=false simIndicatorResource = 0
D/SignalClusterViewGemini( 5719): setDataConnected(1), dataConnected=false
D/SignalClusterViewGemini( 5719): setDataNetType3G(1), dataNetType=Type_G
D/SignalClusterViewGemini( 5719): apply : mShowSimIndicator = false mSimIndicatorResource = 0 mShowSimIndicatorGemini = false mSimIndicatorResourceGemini = 0
D/SignalClusterViewGemini( 5719): apply, mMobileVisible=true mMobileActivityId=0 mMobileTypeId=2130837873 mMobileStrengthId[0] = 2130837955 mMobileStrengthId[1] = 0
D/SignalClusterViewGemini( 5719): isSimInserted(0), SimInserted=true
D/SignalClusterViewGemini( 5719): mDataNetType =Type_3G resId= 0 simColorId = 0
D/SignalClusterViewGemini( 5719): apply, mMobileVisibleGemini=true mMobileActivityIdGemini=0 mMobileTypeIdGemini=0 mMobileStrengthIdGemini[0] = 2130837938 mMobileStrengthIdGemini[1] = 0
D/SignalClusterViewGemini( 5719): isSimInserted(1), SimInserted=true
D/SignalClusterViewGemini( 5719): apply, mMobileVisible=true, mWifiVisible=true, mIsAirplaneMode=false
W/ResourceType( 5719): No package identifier when getting value for resource number 0x00000000
D/SignalClusterViewGemini( 5719): isSimInserted(0), SimInserted=true
D/SignalClusterViewGemini( 5719): isSimInserted(1), SimInserted=true
I/SurfaceFlinger( 133): [SurfaceFlinger] fps:10.086809,dur:1090.53,max:475.62,min:10.70
D/InputReader( 5535): AP_PROF:AppLaunch_dispatchPtr:Down:10858792
I/AP_PROF ( 5535): unable to open /proc/mtprof/status entry
D/PowerManagerService( 5535): userActivityFromNative
D/PowerManagerService( 5535): userActivityNoUpdateLocked: eventTime=10858792, event=2, flags=0x0, uid=1000
D/PowerManagerNotifier( 5535): onUserActivity: event=2, uid=1000
D/PowerManagerService( 5535): updateUserActivitySummaryLocked: mWakefulness=Awake, mUserActivitySummary=0x5, nextTimeout=10865238 (in 6445 ms)
D/PowerManagerService( 5535): newScreenState = 2
D/PowerManagerDisplayController( 5535): requestPowerState: screenState=2, useProximitySensor=false, screenBrightness=255, screenAutoBrightnessAdjustment=0.0, useAutoBrightness=false, useEcoBrightness=false, blockScreenOn=false, waitForNegativeProximity=false
I/PowerManagerService( 5535): setBrightness mButtonLight, screenBrightness=255
D/PowerManagerService( 5535): updateScreenStateLocked: mDisplayReady=true, newScreenState=2, mWakefulness=1, mWakeLockSummary=0x0, mUserActivitySummary=0x5, mBootCompleted=true
D/PowerManagerService( 5535): handleSandman: canDream=true, mWakefulness=Awake
V/WallpaperService( 5719): Delivering touch event: MotionEvent { action=ACTION_DOWN, id[0]=0, x[0]=750.3053, y[0]=1426.2571, toolType[0]=TOOL_TYPE_FINGER, buttonState=0, metaState=0, flags=0x1, edgeFlags=0x0, pointerCount=1, historySize=0, eventTime=10858792, downTime=10858792, deviceId=3, source=0x1002 }
D/Launcher( 5877): PagedView, onInterceptTouchEvent touch down: finishedScrolling = true, mScrollX = 2222, xDist = 0, mTouchState = 0, this = com.android.launcher2.Workspace{423bf778 V.EDH... ........ 0,0-1080,1845 #7f07001c app:id/workspace}
V/WallpaperService( 5719): Delivering touch event: MotionEvent { action=ACTION_MOVE, id[0]=0, x[0]=750.3053, y[0]=1426.2571, toolType[0]=TOOL_TYPE_FINGER, buttonState=0, metaState=0, flags=0x1, edgeFlags=0x0, pointerCount=1, historySize=0, eventTime=10858806, downTime=10858792, deviceId=3, source=0x1002 }
V/WallpaperService( 5719): Delivering touch event: MotionEvent { action=ACTION_MOVE, id[0]=0, x[0]=731.3229, y[0]=1418.2612, toolType[0]=TOOL_TYPE_FINGER, buttonState=0, metaState=0, flags=0x1, edgeFlags=0x0, pointerCount=1, historySize=0, eventTime=10858822, downTime=10858792, deviceId=3, source=0x1002 }
V/WallpaperService( 5719): Delivering touch event: MotionEvent { action=ACTION_MOVE, id[0]=0, x[0]=688.3626, y[0]=1404.2686, toolType[0]=TOOL_TYPE_FINGER, buttonState=0, metaState=0, flags=0x1, edgeFlags=0x0, pointerCount=1, historySize=0, eventTime=10858835, downTime=10858792, deviceId=3, source=0x1002 }
V/WallpaperService( 5719): Delivering touch event: MotionEvent { action=ACTION_MOVE, id[0]=0, x[0]=623.4227, y[0]=1381.2805, toolType[0]=TOOL_TYPE_FINGER, buttonState=0, metaState=0, flags=0x1, edgeFlags=0x0, pointerCount=1, historySize=0, eventTime=10858849, downTime=10858792, deviceId=3, source=0x1002 }
D/InputReader( 5535): InputReader::monitor: lock
D/InputReader( 5535): InputReader::monitor: wait
D/InputReader( 5535): InputReader::monitor: unlock
D/InputReader( 5535): InputReader::monitor: done
V/WallpaperService( 5719): Delivering touch event: MotionEvent { action=ACTION_MOVE, id[0]=0, x[0]=536.50323, y[0]=1357.2931, toolType[0]=TOOL_TYPE_FINGER, buttonState=0, metaState=0, flags=0x1, edgeFlags=0x0, pointerCount=1, historySize=0, eventTime=10858865, downTime=10858792, deviceId=3, source=0x1002 }
V/WallpaperService( 5719): Delivering touch event: MotionEvent { action=ACTION_MOVE, id[0]=0, x[0]=422.6087, y[0]=1326.3092, toolType[0]=TOOL_TYPE_FINGER, buttonState=0, metaState=0, flags=0x1, edgeFlags=0x0, pointerCount=1, historySize=0, eventTime=10858878, downTime=10858792, deviceId=3, source=0x1002 }
D/dalvikvm( 5877): GC_FOR_ALLOC freed 5031K (56976), 29% free 31097K/43404K, paused 85ms, total 85ms
V/WallpaperService( 5719): Delivering touch event: MotionEvent { action=ACTION_MOVE, id[0]=0, x[0]=285.73544, y[0]=1292.3269, toolType[0]=TOOL_TYPE_FINGER, buttonState=0, metaState=0, flags=0x1, edgeFlags=0x0, pointerCount=1, historySize=0, eventTime=10858892, downTime=10858792, deviceId=3, source=0x1002 }
D/InputReader( 5535): AP_PROF:AppLaunch_dispatchPtr:Up:10858907
V/WallpaperService( 5719): Delivering touch event: MotionEvent { action=ACTION_UP, id[0]=0, x[0]=285.73544, y[0]=1292.3269, toolType[0]=TOOL_TYPE_FINGER, buttonState=0, metaState=0, flags=0x1, edgeFlags=0x0, pointerCount=1, historySize=0, eventTime=10858907, downTime=10858792, deviceId=3, source=0x1002 }
D/dalvikvm( 5877): GC_FOR_ALLOC freed 9K (255), 27% free 31986K/43404K, paused 51ms, total 51ms
I/dalvikvm-heap( 5877): Grow heap (frag case) to 31.768MB for 153565-byte allocation
D/dalvikvm( 5877): GC_FOR_ALLOC freed <1K (2), 27% free 32136K/43556K, paused 51ms, total 51ms
D/Launcher( 5877): PagedView, Touch up scroll: x = 285.73544, deltaX = -464, mTotalMotionX = 464.56985, mLastMotionX = 285.73544, velocityX = -10371, mCurrentPage = 2, pageWidth = 1113, isFling = true, isSignificantMove = true, mScrollX = 2222
D/Launcher( 5877): PagedView, Case 2: finalPage = 3, mCurrentPage = 2, velocityX = -10371
D/Launcher( 5877): PagedView, snapToPageWithVelocity: getChildOffset() = 3317, measured width = 1080, 1113, newX = 3333, mUnboundedScrollX = 2222, halfScreenSize = 540
D/Launcher( 5877): PagedView, snapToPageWithVelocity: velocity = 10371, whichPage = 3, duration = 256, delta = 1111, mScrollX = 2222, mUnboundedScrollX = 2222, this = com.android.launcher2.Workspace{423bf778 V.EDH... .......D 0,0-1080,1845 #7f07001c app:id/workspace}
D/Launcher( 5877): PagedView, (PagedView)snapToPage whichPage = 3, delta = 1111, duration = 256, mNextPage = -1, mUnboundedScrollX = 2222, mDeferScrollUpdate = false, mScrollX = 2222, this = com.android.launcher2.Workspace{423bf778 V.EDH... .......D 0,0-1080,1845 #7f07001c app:id/workspace}
V/ActivityManager( 5535): Broadcast sticky: Intent { act=android.intent.action.SIG_STR flg=0x10 (has extras) } ordered=false userid=-1
D/NetworkControllerGemini( 5719): PhoneStateListener:onSignalStrengthsChanged, sim1 before.
D/NetworkControllerGemini( 5719): PhoneStateListener:onSignalStrengthsChanged, signalStrength=4
D/NetworkControllerGemini( 5719): updateDataNetType(0), DataNetType=3.
D/NetworkControllerGemini( 5719): updateDataNetType(0), simColorId=0
D/TelephonyManagerEx( 5719): isNetworkRoaming
D/NetworkControllerGemini( 5719): updateDataNetType(0), DataNetType3G=Type_3G tempDataTypeIconId= 2130837873.
D/Bluetooth HS/HF( 5783): [BT][HFG] [API] mStateReceiver.onReceive(android.intent.action.SIG_STR)
D/NetworkControllerGemini( 5719): isSimInserted(0), SimInserted=true
D/NetworkControllerGemini( 5719): updateTelephonySignalStrength(0), regState=1
D/NetworkControllerGemini( 5719): updateTelephonySignalStrength(0), hasService=true
D/TelephonyManagerEx( 5719): isNetworkRoaming
D/NetworkControllerGemini( 5719): updateTelephonySignalStrength(0), isRoaming=false, mInetCondition=1
D/NetworkControllerGemini( 5719): updateTelephonySignalStrength(0), simColorId=0
D/Bluetooth HS/HF( 5783): [BT][HFG] [API] mHandler.handleMessage(10)
D/NetworkControllerGemini( 5719): updateTelephonySignalStrength(0), tempDataNetType = Type_3G , simColorId=0 tempPhoneSignalIconId[0] = 2130837955 tempPhoneSignalIconId[1] = 0
D/NetworkControllerGemini( 5719): updateTelephonySignalStrength(0) tempSIMCUSignVisible= true
D/NetworkControllerGemini( 5719): updateTelephonySignalStrength(0) mSIMCUSignVisible = true
D/NetworkControllerGemini( 5719): updateTelephonySignalStrength(0) mSIMCUSignVisible = true
D/NetworkControllerGemini( 5719): refreshViews(0), DataConnected=false simColorId = 0
D/SignalClusterViewGemini( 5719): setShowSimIndicator(0), showSimIndicator=false simIndicatorResource = 0
D/SignalClusterViewGemini( 5719): setDataConnected(0), dataConnected=false
D/SignalClusterViewGemini( 5719): setDataNetType3G(0), dataNetType=Type_3G
D/TelephonyManager( 5892): getDefaultSim is sim1
D/TelephonyManager( 5892): getDefaultSim is sim1
D/SignalClusterViewGemini( 5719): apply : mShowSimIndicator = false mSimIndicatorResource = 0 mShowSimIndicatorGemini = false mSimIndicatorResourceGemini = 0
D/SignalClusterViewGemini( 5719): apply, mMobileVisible=true mMobileActivityId=0 mMobileTypeId=2130837873 mMobileStrengthId[0] = 2130837955 mMobileStrengthId[1] = 0
D/SignalClusterViewGemini( 5719): isSimInserted(0), SimInserted=true
D/SignalClusterViewGemini( 5719): mDataNetType =Type_3G resId= 0 simColorId = 0
D/SignalClusterViewGemini( 5719): apply, mMobileVisibleGemini=true mMobileActivityIdGemini=0 mMobileTypeIdGemini=0 mMobileStrengthIdGemini[0] = 2130837938 mMobileStrengthIdGemini[1] = 0
D/SignalClusterViewGemini( 5719): isSimInserted(1), SimInserted=true
D/SignalClusterViewGemini( 5719): apply, mMobileVisible=true, mWifiVisible=true, mIsAirplaneMode=false
W/ResourceType( 5719): No package identifier when getting value for resource number 0x00000000
D/SignalClusterViewGemini( 5719): isSimInserted(0), SimInserted=true
D/SignalClusterViewGemini( 5719): isSimInserted(1), SimInserted=true
D/NetworkControllerGemini( 5719): PhoneStateListener:onSignalStrengthsChanged, sim1 after.
I/SurfaceTextureClient( 5719): [STC::queueBuffer] (this:0x5dd8ce08) fps:2.11, dur:1423.80, max:984.95, min:8.49
I/BufferQueue( 133): [StatusBar](this:0x43515e58,api:1) [queue] fps:2.11, dur:1423.63, max:984.65, min:8.56
I/BufferQueue( 133): [StatusBar](this:0x43515e58,api:1) [release] fps:2.11, dur:1423.81, max:977.58, min:17.12
I/SurfaceTextureClient( 5877): [STC::queueBuffer] (this:0x60bf7948) fps:2.13, dur:1406.35, max:860.31, min:29.35
I/BufferQueue( 133): [com.android.launcher/com.android.launcher2.Launcher](this:0x43520a58,api:1) [queue] fps:2.13, dur:1406.50, max:860.37, min:29.41
I/SurfaceTexture( 133): [com.android.launcher/com.android.launcher2.Launcher](this:0x43524948,api:1) [void* android::SurfaceTexture::createImage(EGLDisplay, const android::sp&)]
D/SurfaceTexture( 133): GraphicBuffer: gb=0x4351f580 handle=0x43254ad8
D/SurfaceTexture( 133): EGLImage: dpy=0x1, img=0x43521db0
I/BufferQueue( 133): [com.android.launcher/com.android.launcher2.Launcher](this:0x43520a58,api:1) [release] fps:8.97, dur:1003.58, max:840.78, min:10.47
D/Launcher( 5877): PagedView, loadAssociatedPages: page = 3, immediateAndOnly = false,mContentIsRefreshable = false, mDirtyPageContent = []
D/NetworkControllerGemini( 5719): refreshViews(0), DataConnected=false simColorId = 0
D/NetworkControllerGemini( 5719): refreshViews(0), set parameters to signal cluster view.
D/NetworkControllerGemini( 5719): refreshViews(0), tempPhoneSignalIconId.0 = 2130837955 tempPhoneSignalIconId.1 = 0 tempMobileActivityIconId= 0 tempDataTypeIconId= 2130837873
D/SignalClusterViewGemini( 5719): setMobileDataIndicators(0), visible=true, strengthIcon[0] ~ [1] 2130837955 ~ 0
D/SignalClusterViewGemini( 5719): isSimInserted(0), SimInserted=true
D/SignalClusterViewGemini( 5719): isSimInserted(1), SimInserted=true
D/NetworkControllerGemini( 5719): refreshViews(0), tempPhoneSignalIconId.0 = 2130837955 tempPhoneSignalIconId.1 = 0 tempMobileActivityIconId= 0 tempDataTypeIconId= 2130837873
D/SignalClusterViewGemini( 5719): setShowSimIndicator(0), showSimIndicator=false simIndicatorResource = 0
D/SignalClusterViewGemini( 5719): setDataConnected(0), dataConnected=false
D/SignalClusterViewGemini( 5719): setDataNetType3G(0), dataNetType=Type_3G
D/SignalClusterViewGemini( 5719): apply : mShowSimIndicator = false mSimIndicatorResource = 0 mShowSimIndicatorGemini = false mSimIndicatorResourceGemini = 0
D/SignalClusterViewGemini( 5719): apply, mMobileVisible=true mMobileActivityId=0 mMobileTypeId=2130837873 mMobileStrengthId[0] = 2130837955 mMobileStrengthId[1] = 0
D/SignalClusterViewGemini( 5719): isSimInserted(0), SimInserted=true
