D/dalvikvm( 5719): format backtrace line
D/dalvikvm( 5719): get native done
D/dalvikvm( 5719): dump native stack for : SystemUI StorageNotification
D/dalvikvm( 5719): unwind backtrace
D/dalvikvm( 5719): get native symbol
D/dalvikvm( 5719): format backtrace line
D/dalvikvm( 5719): get native done
D/dalvikvm( 5719): dump native stack for : WifiManager
D/dalvikvm( 5719): unwind backtrace
D/dalvikvm( 5719): get native symbol
D/dalvikvm( 5719): format backtrace line
D/dalvikvm( 5719): get native done
D/dalvikvm( 5719): dump native stack for : Binder_2
D/dalvikvm( 5719): unwind backtrace
D/dalvikvm( 5719): get native symbol
D/dalvikvm( 5719): format backtrace line
D/dalvikvm( 5719): get native done
D/dalvikvm( 5719): dump native stack for : Binder_1
D/dalvikvm( 5719): unwind backtrace
D/dalvikvm( 5719): get native symbol
D/dalvikvm( 5719): format backtrace line
D/dalvikvm( 5719): get native done
D/dalvikvm( 5719): dump native stack for : Compiler
D/dalvikvm( 5719): unwind backtrace
D/dalvikvm( 5719): get native symbol
D/dalvikvm( 5719): format backtrace line
D/dalvikvm( 5719): get native done
D/dalvikvm( 5719): dump native stack for : JDWP
D/dalvikvm( 5719): unwind backtrace
D/dalvikvm( 5719): get native symbol
D/dalvikvm( 5719): format backtrace line
D/dalvikvm( 5719): get native done
D/dalvikvm( 5719): dump native stack for : GC
D/dalvikvm( 5719): unwind backtrace
D/dalvikvm( 5719): get native symbol
D/dalvikvm( 5719): format backtrace line
D/dalvikvm( 5719): get native done
D/dalvikvm( 5719): Prepare stack traces for '/data/anr/traces.txt' done
I/dalvikvm( 5719): Wrote stack traces to '/data/anr/traces.txt'
I/ActivityManager( 5535): dumpStackTraces process: 5845 parent: 5299 zygote: 5299
D/AEE/RTT_LIB( 5535): aee_exception_running: send req
D/AEE/AED ( 126): $===AEE===AEE===AEE===$
D/AEE/AED ( 126): p 0 poll events 1 revents 1
D/AEE/AED ( 126): requesting from: pid=5535 cmd=10
D/AEE/AED ( 126): Go RTT_AEE_GET_EXCEPTION_RUNNING
D/AEE/AED ( 126): p 1 poll events 1 revents 0
D/AEE/AED ( 126): not know revents:0
D/AEE/AED ( 126): p 2 poll events 1 revents 0
D/AEE/AED ( 126): not know revents:0
D/AEE/AED ( 126): p 3 poll events 1 revents 0
D/AEE/AED ( 126): not know revents:0
D/AEE/AED ( 126): p 4 poll events 1 revents 0
D/AEE/AED ( 126): not know revents:0
D/AEE/RTT_LIB( 5535): Rtt waiting finish the job...
D/AEE/RTT_LIB( 5535): Rtt send req done
I/ANRManager( 5535): [coredump] coredump's pid = 26148
I/ANRManager( 5535): [coredump] coredump's pid = -1
I/ANRManager( 5535): [coredump] coredump's pid = -1
I/ANRManager( 5535): [coredump] coredump's pid = -1
I/Process ( 5535): Sending signal. PID: 5845 SIG: 3
I/dalvikvm( 5845): threadid=3: reacting to signal 3
D/dalvikvm( 5845): dump native stack for : main
D/dalvikvm( 5845): unwind backtrace
D/dalvikvm( 5845): get native symbol
D/dalvikvm( 5845): format backtrace line
D/dalvikvm( 5845): get native done
D/dalvikvm( 5845): dump native stack for : Binder_2
D/dalvikvm( 5845): unwind backtrace
D/dalvikvm( 5845): get native symbol
D/dalvikvm( 5845): format backtrace line
D/dalvikvm( 5845): get native done
D/dalvikvm( 5845): dump native stack for : Binder_1
D/dalvikvm( 5845): unwind backtrace
D/dalvikvm( 5845): get native symbol
D/dalvikvm( 5845): format backtrace line
D/dalvikvm( 5845): get native done
D/dalvikvm( 5845): dump native stack for : Compiler
D/dalvikvm( 5845): unwind backtrace
D/dalvikvm( 5845): get native symbol
D/dalvikvm( 5845): format backtrace line
D/dalvikvm( 5845): get native done
D/dalvikvm( 5845): dump native stack for : JDWP
D/dalvikvm( 5845): unwind backtrace
D/dalvikvm( 5845): get native symbol
D/dalvikvm( 5845): format backtrace line
D/dalvikvm( 5845): get native done
D/dalvikvm( 5845): dump native stack for : GC
D/dalvikvm( 5845): unwind backtrace
D/dalvikvm( 5845): get native symbol
D/dalvikvm( 5845): format backtrace line
D/dalvikvm( 5845): get native done
D/dalvikvm( 5845): Prepare stack traces for '/data/anr/traces.txt' done
I/dalvikvm( 5845): Wrote stack traces to '/data/anr/traces.txt'
I/ActivityManager( 5535): dumpStackTraces process: 5855 parent: 5299 zygote: 5299
D/AEE/RTT_LIB( 5535): aee_exception_running: send req
D/AEE/RTT_LIB( 5535): Rtt waiting finish the job...
D/AEE/AED ( 126): $===AEE===AEE===AEE===$
D/AEE/AED ( 126): p 0 poll events 1 revents 1
D/AEE/AED ( 126): requesting from: pid=5535 cmd=10
D/AEE/AED ( 126): Go RTT_AEE_GET_EXCEPTION_RUNNING
D/AEE/RTT_LIB( 5535): Rtt send req done
D/AEE/AED ( 126): p 1 poll events 1 revents 0
D/AEE/AED ( 126): not know revents:0
D/AEE/AED ( 126): p 2 poll events 1 revents 0
D/AEE/AED ( 126): not know revents:0
D/AEE/AED ( 126): p 3 poll events 1 revents 0
D/AEE/AED ( 126): not know revents:0
D/AEE/AED ( 126): p 4 poll events 1 revents 0
D/AEE/AED ( 126): not know revents:0
I/ANRManager( 5535): [coredump] coredump's pid = 26148
I/ANRManager( 5535): [coredump] coredump's pid = -1
I/ANRManager( 5535): [coredump] coredump's pid = -1
I/ANRManager( 5535): [coredump] coredump's pid = -1
I/Process ( 5535): Sending signal. PID: 5855 SIG: 3
I/dalvikvm( 5855): threadid=3: reacting to signal 3
D/dalvikvm( 5855): dump native stack for : main
D/dalvikvm( 5855): unwind backtrace
D/dalvikvm( 5855): get native symbol
D/dalvikvm( 5855): format backtrace line
D/dalvikvm( 5855): get native done
D/dalvikvm( 5855): dump native stack for : UEventObserver
D/dalvikvm( 5855): unwind backtrace
D/dalvikvm( 5855): get native symbol
D/dalvikvm( 5855): format backtrace line
D/dalvikvm( 5855): get native done
D/dalvikvm( 5855): dump native stack for : Binder_2
D/dalvikvm( 5855): unwind backtrace
D/dalvikvm( 5855): get native symbol
D/dalvikvm( 5855): format backtrace line
D/dalvikvm( 5855): get native done
D/dalvikvm( 5855): dump native stack for : Binder_1
D/dalvikvm( 5855): unwind backtrace
D/dalvikvm( 5855): get native symbol
D/dalvikvm( 5855): format backtrace line
D/dalvikvm( 5855): get native done
D/dalvikvm( 5855): dump native stack for : Compiler
D/dalvikvm( 5855): unwind backtrace
D/dalvikvm( 5855): get native symbol
D/dalvikvm( 5855): format backtrace line
D/dalvikvm( 5855): get native done
D/dalvikvm( 5855): dump native stack for : JDWP
D/dalvikvm( 5855): unwind backtrace
D/dalvikvm( 5855): get native symbol
D/dalvikvm( 5855): format backtrace line
D/dalvikvm( 5855): get native done
D/dalvikvm( 5855): dump native stack for : GC
D/dalvikvm( 5855): unwind backtrace
D/dalvikvm( 5855): get native symbol
D/dalvikvm( 5855): format backtrace line
D/dalvikvm( 5855): get native done
D/dalvikvm( 5855): Prepare stack traces for '/data/anr/traces.txt' done
I/dalvikvm( 5855): Wrote stack traces to '/data/anr/traces.txt'
I/ActivityManager( 5535): dumpStackTraces process: 5820 parent: 5299 zygote: 5299
D/AEE/RTT_LIB( 5535): aee_exception_running: send req
D/AEE/RTT_LIB( 5535): Rtt waiting finish the job...
D/AEE/AED ( 126): $===AEE===AEE===AEE===$
D/AEE/AED ( 126): p 0 poll events 1 revents 1
D/AEE/AED ( 126): requesting from: pid=5535 cmd=10
D/AEE/AED ( 126): Go RTT_AEE_GET_EXCEPTION_RUNNING
D/AEE/RTT_LIB( 5535): Rtt send req done
D/AEE/AED ( 126): p 1 poll events 1 revents 0
D/AEE/AED ( 126): not know revents:0
D/AEE/AED ( 126): p 2 poll events 1 revents 0
D/AEE/AED ( 126): not know revents:0
D/AEE/AED ( 126): p 3 poll events 1 revents 0
D/AEE/AED ( 126): not know revents:0
D/AEE/AED ( 126): p 4 poll events 1 revents 0
D/AEE/AED ( 126): not know revents:0
I/ANRManager( 5535): [coredump] coredump's pid = 26148
I/ANRManager( 5535): [coredump] coredump's pid = -1
I/ANRManager( 5535): [coredump] coredump's pid = -1
I/ANRManager( 5535): [coredump] coredump's pid = -1
I/Process ( 5535): Sending signal. PID: 5820 SIG: 3
I/dalvikvm( 5820): threadid=3: reacting to signal 3
D/dalvikvm( 5820): dump native stack for : main
D/dalvikvm( 5820): unwind backtrace
D/dalvikvm( 5820): get native symbol
D/dalvikvm( 5820): format backtrace line
D/dalvikvm( 5820): get native done
D/dalvikvm( 5820): dump native stack for : Binder_2
D/dalvikvm( 5820): unwind backtrace
D/dalvikvm( 5820): get native symbol
D/dalvikvm( 5820): format backtrace line
D/dalvikvm( 5820): get native done
D/dalvikvm( 5820): dump native stack for : Binder_1
D/dalvikvm( 5820): unwind backtrace
D/dalvikvm( 5820): get native symbol
D/dalvikvm( 5820): format backtrace line
D/dalvikvm( 5820): get native done
D/dalvikvm( 5820): dump native stack for : Compiler
D/dalvikvm( 5820): unwind backtrace
D/dalvikvm( 5820): get native symbol
D/dalvikvm( 5820): format backtrace line
D/dalvikvm( 5820): get native done
D/dalvikvm( 5820): dump native stack for : JDWP
D/dalvikvm( 5820): unwind backtrace
D/dalvikvm( 5820): get native symbol
D/dalvikvm( 5820): format backtrace line
D/dalvikvm( 5820): get native done
D/dalvikvm( 5820): dump native stack for : GC
D/dalvikvm( 5820): unwind backtrace
D/dalvikvm( 5820): get native symbol
D/dalvikvm( 5820): format backtrace line
D/dalvikvm( 5820): get native done
D/dalvikvm( 5820): Prepare stack traces for '/data/anr/traces.txt' done
I/dalvikvm( 5820): Wrote stack traces to '/data/anr/traces.txt'
D/ActivityManager( 5535): dumpStackTraces Compact measure CPU usage begin:
D/NetworkControllerGemini( 5719): PhoneStateListener:onSignalStrengthsChanged, sim1 before.
V/ActivityManager( 5535): Broadcast sticky: Intent { act=android.intent.action.SIG_STR flg=0x10 (has extras) } ordered=false userid=-1
D/NetworkControllerGemini( 5719): PhoneStateListener:onSignalStrengthsChanged, signalStrength=3
D/NetworkControllerGemini( 5719): updateDataNetType(0), DataNetType=3.
D/NetworkControllerGemini( 5719): updateDataNetType(0), simColorId=0
D/TelephonyManagerEx( 5719): isNetworkRoaming
D/NetworkControllerGemini( 5719): updateDataNetType(0), DataNetType3G=Type_3G tempDataTypeIconId= 2130837873.
D/NetworkControllerGemini( 5719): isSimInserted(0), SimInserted=true
D/NetworkControllerGemini( 5719): updateTelephonySignalStrength(0), regState=1
D/NetworkControllerGemini( 5719): updateTelephonySignalStrength(0), hasService=true
D/TelephonyManagerEx( 5719): isNetworkRoaming
D/NetworkControllerGemini( 5719): updateTelephonySignalStrength(0), isRoaming=false, mInetCondition=1
D/NetworkControllerGemini( 5719): updateTelephonySignalStrength(0), simColorId=0
D/NetworkControllerGemini( 5719): updateTelephonySignalStrength(0), tempDataNetType = Type_3G , simColorId=0 tempPhoneSignalIconId[0] = 2130837950 tempPhoneSignalIconId[1] = 0
D/NetworkControllerGemini( 5719): updateTelephonySignalStrength(0) tempSIMCUSignVisible= true
D/NetworkControllerGemini( 5719): updateTelephonySignalStrength(0) mSIMCUSignVisible = true
D/NetworkControllerGemini( 5719): updateTelephonySignalStrength(0) mSIMCUSignVisible = true
D/NetworkControllerGemini( 5719): refreshViews(0), DataConnected=false simColorId = 0
D/SignalClusterViewGemini( 5719): setShowSimIndicator(0), showSimIndicator=false simIndicatorResource = 0
D/SignalClusterViewGemini( 5719): setDataConnected(0), dataConnected=false
D/SignalClusterViewGemini( 5719): setDataNetType3G(0), dataNetType=Type_3G
D/SignalClusterViewGemini( 5719): apply : mShowSimIndicator = false mSimIndicatorResource = 0 mShowSimIndicatorGemini = false mSimIndicatorResourceGemini = 0
D/SignalClusterViewGemini( 5719): apply, mMobileVisible=true mMobileActivityId=0 mMobileTypeId=2130837873 mMobileStrengthId[0] = 2130837950 mMobileStrengthId[1] = 0
D/SignalClusterViewGemini( 5719): isSimInserted(0), SimInserted=true
D/SignalClusterViewGemini( 5719): mDataNetType =Type_3G resId= 0 simColorId = 0
D/SignalClusterViewGemini( 5719): apply, mMobileVisibleGemini=true mMobileActivityIdGemini=0 mMobileTypeIdGemini=0 mMobileStrengthIdGemini[0] = 2130837938 mMobileStrengthIdGemini[1] = 0
D/SignalClusterViewGemini( 5719): isSimInserted(1), SimInserted=true
D/SignalClusterViewGemini( 5719): apply, mMobileVisible=true, mWifiVisible=true, mIsAirplaneMode=false
W/ResourceType( 5719): No package identifier when getting value for resource number 0x00000000
W/ResourceType( 5719): No package identifier when getting value for resource number 0x00000000
D/SignalClusterViewGemini( 5719): isSimInserted(0), SimInserted=true
D/TelephonyManager( 5892): getDefaultSim is sim1
D/SignalClusterViewGemini( 5719): isSimInserted(1), SimInserted=true
D/NetworkControllerGemini( 5719): PhoneStateListener:onSignalStrengthsChanged, sim1 after.
D/TelephonyManager( 5892): getDefaultSim is sim1
I/SurfaceTextureClient( 5719): [STC::queueBuffer] (this:0x5dd8ce08) fps:1.39, dur:1437.95, max:999.80, min:438.15
I/BufferQueue( 133): [StatusBar](this:0x43515e58,api:1) [queue] fps:1.39, dur:1439.29, max:999.70, min:439.59
I/BufferQueue( 133): [StatusBar](this:0x43515e58,api:1) [release] fps:1.39, dur:1440.59, max:994.74, min:445.85
I/SurfaceFlinger( 133): [SurfaceFlinger] fps:1.388323,dur:1440.59,max:994.70,min:445.89
I/SurfaceTextureClient( 133): [STC::queueBuffer] (this:0x42ee4978) fps:1.39, dur:1440.58, max:994.67, min:445.91
I/BufferQueue( 133): [FramebufferSurface](this:0x42ee7008,api:1) [release] fps:1.39, dur:1440.58, max:994.65, min:445.93
I/BufferQueue( 133): [FramebufferSurface](this:0x42ee7008,api:1) [queue] fps:1.39, dur:1440.58, max:994.63, min:445.94
D/dalvikvm( 5535): GC_EXPLICIT freed 2875K (49303), 19% free 30423K/37176K, paused 4ms+8ms, total 103ms
D/Settings/BW(24502): ReadCodeTask:file size: 4096
D/AEE/RTT_LIB( 5535): aee_exception_running: send req
D/AEE/RTT_LIB( 5535): Rtt waiting finish the job...
D/AEE/AED ( 126): $===AEE===AEE===AEE===$
D/AEE/AED ( 126): p 0 poll events 1 revents 1
D/AEE/AED ( 126): requesting from: pid=5535 cmd=10
D/AEE/AED ( 126): Go RTT_AEE_GET_EXCEPTION_RUNNING
D/AEE/RTT_LIB( 5535): Rtt send req done
D/AEE/AED ( 126): p 1 poll events 1 revents 0
D/AEE/AED ( 126): not know revents:0
D/AEE/AED ( 126): p 2 poll events 1 revents 0
D/AEE/AED ( 126): not know revents:0
D/AEE/AED ( 126): p 3 poll events 1 revents 0
D/AEE/AED ( 126): not know revents:0
D/AEE/AED ( 126): p 4 poll events 1 revents 0
D/AEE/AED ( 126): not know revents:0
I/ANRManager( 5535): [coredump] coredump's pid = 26148
I/ANRManager( 5535): [coredump] coredump's pid = -1
I/ANRManager( 5535): [coredump] coredump's pid = -1
I/ANRManager( 5535): [coredump] coredump's pid = -1
I/Process ( 5535): Sending signal. PID: 25747 SIG: 3
I/dalvikvm(25747): threadid=3: reacting to signal 3
D/dalvikvm(25747): dump native stack for : main
D/dalvikvm(25747): unwind backtrace
D/dalvikvm(25747): get native symbol
D/dalvikvm(25747): format backtrace line
D/dalvikvm(25747): get native done
D/dalvikvm(25747): dump native stack for : Binder_3
D/dalvikvm(25747): unwind backtrace
D/dalvikvm(25747): get native symbol
D/dalvikvm(25747): format backtrace line
D/dalvikvm(25747): get native done
D/dalvikvm(25747): dump native stack for : Binder_2
D/dalvikvm(25747): unwind backtrace
D/dalvikvm(25747): get native symbol
D/dalvikvm(25747): format backtrace line
D/dalvikvm(25747): get native done
D/dalvikvm(25747): dump native stack for : Binder_1
D/dalvikvm(25747): unwind backtrace
D/dalvikvm(25747): get native symbol
D/dalvikvm(25747): format backtrace line
D/dalvikvm(25747): get native done
D/dalvikvm(25747): dump native stack for : Compiler
D/dalvikvm(25747): unwind backtrace
D/dalvikvm(25747): get native symbol
D/dalvikvm(25747): format backtrace line
D/dalvikvm(25747): get native done
D/dalvikvm(25747): dump native stack for : JDWP
D/dalvikvm(25747): unwind backtrace
D/dalvikvm(25747): get native symbol
D/dalvikvm(25747): format backtrace line
D/dalvikvm(25747): get native done
D/dalvikvm(25747): dump native stack for : GC
D/dalvikvm(25747): unwind backtrace
D/dalvikvm(25747): get native symbol
D/dalvikvm(25747): format backtrace line
D/dalvikvm(25747): get native done
D/dalvikvm(25747): Prepare stack traces for '/data/anr/traces.txt' done
I/dalvikvm(25747): Wrote stack traces to '/data/anr/traces.txt'
D/ActivityManager( 5535): dumpNativeBacktraceToFile begin:
D/dalvikvm( 5535): create interp thread : stack size=32KB
D/dalvikvm( 5535): create new thread
D/dalvikvm( 5535): new thread created
D/dalvikvm( 5535): update thread list
D/dalvikvm( 5535): threadid=95: interp stack at 0x62926000
D/dalvikvm( 5535): threadid=95: created from interp
D/dalvikvm( 5535): start new thread
D/dalvikvm( 5535): threadid=95: notify debugger
D/dalvikvm( 5535): threadid=95 (dumpnativethread1): calling run()
D/AEE/RTT_LIB( 5535): aee_exception_running: send req
D/AEE/RTT_LIB( 5535): Rtt waiting finish the job...
D/AEE/AED ( 126): $===AEE===AEE===AEE===$
D/AEE/AED ( 126): p 0 poll events 1 revents 1
D/AEE/AED ( 126): requesting from: pid=5535 cmd=10
D/AEE/AED ( 126): Go RTT_AEE_GET_EXCEPTION_RUNNING
D/AEE/AED ( 126): p 1 poll events 1 revents 0
D/AEE/AED ( 126): not know revents:0
D/AEE/AED ( 126): p 2 poll events 1 revents 0
D/AEE/AED ( 126): not know revents:0
D/AEE/AED ( 126): p 3 poll events 1 revents 0
D/AEE/AED ( 126): not know revents:0
D/AEE/AED ( 126): p 4 poll events 1 revents 0
D/AEE/AED ( 126): not know revents:0
D/AEE/RTT_LIB( 5535): Rtt send req done
I/ANRManager( 5535): [coredump] coredump's pid = 26148
I/ANRManager( 5535): [coredump] coredump's pid = -1
I/ANRManager( 5535): [coredump] coredump's pid = -1
I/ANRManager( 5535): [coredump] coredump's pid = -1
D/AEE/AED ( 126): $===AEE===AEE===AEE===$
D/AEE/AED ( 126): p 0 poll events 1 revents 0
D/AEE/AED ( 126): not know revents:0
D/AEE/AED ( 126): p 1 poll events 1 revents 0
D/AEE/AED ( 126): not know revents:0
D/AEE/AED ( 126): p 2 poll events 1 revents 1
D/AEE/AED ( 126): aed_main_fork_worker: generator 0x75d168, worker 0xbeec6a54, recv_fd 15
D/AEE/AED ( 126): p 3 poll events 1 revents 0
D/AEE/AED ( 126): not know revents:0
D/AEE/AED ( 126): p 4 poll events 1 revents 0
D/AEE/AED ( 126): not know revents:0
I/DEBUG (26253): handle_request(15)
I/DEBUG (26253): BOOM: pid=5535 uid=1000 gid=1000 tid=5535
D/dalvikvm( 5535): create interp thread : stack size=32KB
D/dalvikvm( 5535): create new thread
D/dalvikvm( 5535): new thread created
D/dalvikvm( 5535): update thread list
D/dalvikvm( 5535): threadid=96: interp stack at 0x6292e000
D/dalvikvm( 5535): threadid=96: created from interp
D/dalvikvm( 5535): start new thread
D/dalvikvm( 5535): threadid=96: notify debugger
D/dalvikvm( 5535): threadid=96 (dumpnativethread2): calling run()
D/AEE/RTT_LIB( 5535): aee_exception_running: send req
D/dalvikvm( 5535): create interp thread : stack size=32KB
D/AEE/RTT_LIB( 5535): Rtt waiting finish the job...
D/AEE/AED ( 126): $===AEE===AEE===AEE===$
D/AEE/AED ( 126): p 0 poll events 1 revents 1
D/AEE/AED ( 126): requesting from: pid=5535 cmd=10
D/AEE/AED ( 126): Go RTT_AEE_GET_EXCEPTION_RUNNING
D/AEE/RTT_LIB( 5535): Rtt send req done
D/AEE/AED ( 126): p 1 poll events 1 revents 0
D/AEE/AED ( 126): not know revents:0
D/AEE/AED ( 126): p 2 poll events 1 revents 0
D/AEE/AED ( 126): not know revents:0
D/AEE/AED ( 126): p 3 poll events 1 revents 0
D/AEE/AED ( 126): not know revents:0
D/AEE/AED ( 126): p 4 poll events 1 revents 0
D/AEE/AED ( 126): not know revents:0
I/ANRManager( 5535): [coredump] Process 26148is doing coredump
D/AEE/RTT_LIB( 5535): aee_exception_running: send req
D/AEE/RTT_LIB( 5535): Rtt waiting finish the job...
D/AEE/AED ( 126): $===AEE===AEE===AEE===$
D/AEE/AED ( 126): p 0 poll events 1 revents 1
D/AEE/AED ( 126): requesting from: pid=5535 cmd=10
D/AEE/AED ( 126): Go RTT_AEE_GET_EXCEPTION_RUNNING
D/AEE/RTT_LIB( 5535): Rtt send req done
D/AEE/AED ( 126): p 1 poll events 1 revents 0
D/AEE/AED ( 126): not know revents:0
D/AEE/AED ( 126): p 2 poll events 1 revents 0
D/AEE/AED ( 126): not know revents:0
D/AEE/AED ( 126): p 3 poll events 1 revents 0
D/AEE/AED ( 126): not know revents:0
D/AEE/AED ( 126): p 4 poll events 1 revents 0
D/AEE/AED ( 126): not know revents:0
I/ANRManager( 5535): [coredump] coredump's pid = 26148
I/ANRManager( 5535): [coredump] coredump's pid = -1
I/ANRManager( 5535): [coredump] coredump's pid = -1
I/ANRManager( 5535): [coredump] coredump's pid = -1
D/AEE/AED ( 126): $===AEE===AEE===AEE===$
D/AEE/AED ( 126): p 0 poll events 1 revents 0
D/AEE/AED ( 126): not know revents:0
D/AEE/AED ( 126): p 1 poll events 1 revents 0
D/AEE/AED ( 126): not know revents:0
D/AEE/AED ( 126): p 2 poll events 1 revents 1
D/AEE/AED ( 126): aed_main_fork_worker: generator 0x75d168, worker 0xbeec6a60, recv_fd 15
D/AEE/AED ( 126): p 3 poll events 1 revents 0
D/AEE/AED ( 126): not know revents:0
D/AEE/AED ( 126): p 4 poll events 1 revents 0
D/AEE/AED ( 126): not know revents:0
I/DEBUG (26255): handle_request(15)
I/DEBUG (26255): BOOM: pid=26241 uid=0 gid=0 tid=26241
I/DEBUG (26255): stopped -- dumping to fd
D/dalvikvm( 5535): create new thread
D/dalvikvm( 5535): new thread created
D/dalvikvm( 5535): update thread list
D/dalvikvm( 5535): threadid=97: interp stack at 0x6295f000
D/dalvikvm( 5535): threadid=97: created from interp
D/dalvikvm( 5535): start new thread
D/dalvikvm( 5535): threadid=97: notify debugger
D/dalvikvm( 5535): threadid=97 (dumpnativethread3): calling run()
D/AEE/RTT_LIB( 5535): aee_exception_running: send req
D/AEE/RTT_LIB( 5535): Rtt waiting finish the job...
D/AEE/AED ( 126): $===AEE===AEE===AEE===$
D/AEE/AED ( 126): p 0 poll events 1 revents 1
D/AEE/AED ( 126): requesting from: pid=5535 cmd=10
D/AEE/AED ( 126): Go RTT_AEE_GET_EXCEPTION_RUNNING
D/AEE/RTT_LIB( 5535): Rtt send req done
D/AEE/AED ( 126): p 1 poll events 1 revents 0
D/AEE/AED ( 126): not know revents:0
D/AEE/AED ( 126): p 2 poll events 1 revents 0
D/AEE/AED ( 126): not know revents:0
D/AEE/AED ( 126): p 3 poll events 1 revents 0
D/AEE/AED ( 126): not know revents:0
D/AEE/AED ( 126): p 4 poll events 1 revents 0
D/AEE/AED ( 126): not know revents:0
I/ANRManager( 5535): [coredump] coredump's pid = 26148
I/ANRManager( 5535): [coredump] coredump's pid = -1
I/ANRManager( 5535): [coredump] coredump's pid = -1
I/ANRManager( 5535): [coredump] coredump's pid = -1
D/AEE/AED ( 126): $===AEE===AEE===AEE===$
D/AEE/AED ( 126): p 0 poll events 1 revents 0
D/AEE/AED ( 126): not know revents:0
D/AEE/AED ( 126): p 1 poll events 1 revents 0
D/AEE/AED ( 126): not know revents:0
D/AEE/AED ( 126): p 2 poll events 1 revents 1
D/AEE/AED ( 126): aed_main_fork_worker: generator 0x75d168, worker 0xbeec6a6c, recv_fd 15
D/AEE/AED ( 126): p 3 poll events 1 revents 0
D/AEE/AED ( 126): not know revents:0
D/AEE/AED ( 126): p 4 poll events 1 revents 0
D/AEE/AED ( 126): not know revents:0
I/DEBUG (26257): handle_request(15)
I/DEBUG (26257): BOOM: pid=133 uid=1000 gid=1000 tid=133
I/DEBUG (26257): stopped -- dumping to fd
D/AEE/AED ( 126): $===AEE===AEE===AEE===$
D/AEE/AED ( 126): p 0 poll events 1 revents 0
D/AEE/AED ( 126): not know revents:0
D/AEE/AED ( 126): p 1 poll events 1 revents 0
D/AEE/AED ( 126): not know revents:0
D/AEE/AED ( 126): p 2 poll events 1 revents 0
D/AEE/AED ( 126): not know revents:0
D/AEE/AED ( 126): p 3 poll events 1 revents 0
D/AEE/AED ( 126): not know revents:0
D/AEE/AED ( 126): p 4 poll events 1 revents 0
D/AEE/AED ( 126): not know revents:0
I/ANRManager( 5535): [DumpNative]DumpThread native process =26241
D/dalvikvm( 5535): threadid=96: exiting
D/dalvikvm( 5535): threadid=96: bye!
I/DEBUG (26253): stopped -- dumping to fd
D/NetworkControllerGemini( 5719): refreshViews(0), DataConnected=false simColorId = 0
D/NetworkControllerGemini( 5719): refreshViews(0), set parameters to signal cluster view.
D/NetworkControllerGemini( 5719): refreshViews(0), tempPhoneSignalIconId.0 = 2130837950 tempPhoneSignalIconId.1 = 0 tempMobileActivityIconId= 0 tempDataTypeIconId= 2130837873
D/SignalClusterViewGemini( 5719): setMobileDataIndicators(0), visible=true, strengthIcon[0] ~ [1] 2130837950 ~ 0
D/SignalClusterViewGemini( 5719): isSimInserted(0), SimInserted=true
D/SignalClusterViewGemini( 5719): isSimInserted(1), SimInserted=true
D/NetworkControllerGemini( 5719): refreshViews(0), tempPhoneSignalIconId.0 = 2130837950 tempPhoneSignalIconId.1 = 0 tempMobileActivityIconId= 0 tempDataTypeIconId= 2130837873
D/SignalClusterViewGemini( 5719): setShowSimIndicator(0), showSimIndicator=false simIndicatorResource = 0
D/SignalClusterViewGemini( 5719): setDataConnected(0), dataConnected=false
D/SignalClusterViewGemini( 5719): setDataNetType3G(0), dataNetType=Type_3G
D/skia ( 5719): Flag is not 10
D/SignalClusterViewGemini( 5719): apply : mShowSimIndicator = false mSimIndicatorResource = 0 mShowSimIndicatorGemini = false mSimIndicatorResourceGemini = 0
D/SignalClusterViewGemini( 5719): apply, mMobileVisible=true mMobileActivityId=0 mMobileTypeId=2130837873 mMobileStrengthId[0] = 2130837950 mMobileStrengthId[1] = 0
D/SignalClusterViewGemini( 5719): isSimInserted(0), SimInserted=true
D/SignalClusterViewGemini( 5719): mDataNetType =Type_3G resId= 0 simColorId = 0
D/SignalClusterViewGemini( 5719): apply, mMobileVisibleGemini=true mMobileActivityIdGemini=0 mMobileTypeIdGemini=0 mMobileStrengthIdGemini[0] = 2130837938 mMobileStrengthIdGemini[1] = 0
D/SignalClusterViewGemini( 5719): isSimInserted(1), SimInserted=true
D/SignalClusterViewGemini( 5719): apply, mMobileVisible=true, mWifiVisible=true, mIsAirplaneMode=false
W/ResourceType( 5719): No package identifier when getting value for resource number 0x00000000
D/SignalClusterViewGemini( 5719): isSimInserted(0), SimInserted=true
D/SignalClusterViewGemini( 5719): isSimInserted(1), SimInserted=true
D/NetworkControllerGemini( 5719): refreshViews(1), DataConnected=false simColorId = 2
D/SignalClusterViewGemini( 5719): setShowSimIndicator(1), showSimIndicator=false simIndicatorResource = 0
D/SignalClusterViewGemini( 5719): setDataConnected(1), dataConnected=false
D/SignalClusterViewGemini( 5719): setDataNetType3G(1), dataNetType=Type_G
D/SignalClusterViewGemini( 5719): apply : mShowSimIndicator = false mSimIndicatorResource = 0 mShowSimIndicatorGemini = false mSimIndicatorResourceGemini = 0
D/SignalClusterViewGemini( 5719): apply, mMobileVisible=true mMobileActivityId=0 mMobileTypeId=2130837873 mMobileStrengthId[0] = 2130837950 mMobileStrengthId[1] = 0
D/SignalClusterViewGemini( 5719): isSimInserted(0), SimInserted=true
D/SignalClusterViewGemini( 5719): mDataNetType =Type_3G resId= 0 simColorId = 0
D/SignalClusterViewGemini( 5719): apply, mMobileVisibleGemini=true mMobileActivityIdGemini=0 mMobileTypeIdGemini=0 mMobileStrengthIdGemini[0] = 2130837938 mMobileStrengthIdGemini[1] = 0
D/SignalClusterViewGemini( 5719): isSimInserted(1), SimInserted=true
D/SignalClusterViewGemini( 5719): apply, mMobileVisible=true, mWifiVisible=true, mIsAirplaneMode=false
W/ResourceType( 5719): No package identifier when getting value for resource number 0x00000000
D/SignalClusterViewGemini( 5719): isSimInserted(0), SimInserted=true
D/SignalClusterViewGemini( 5719): isSimInserted(1), SimInserted=true
D/StateMachine( 5535): handleMessage: E msg.what=131155
D/StateMachine( 5535): processMsg: ConnectedState
D/WifiStateMachine( 5535): ConnectedState{ what=131155 when=-2ms arg1=32 target=Handler (com.android.internal.util.StateMachine$SmHandler) {4277a800} }
D/StateMachine( 5535): processMsg: L2ConnectedState
D/WifiStateMachine( 5535): L2ConnectedState{ what=131155 when=-2ms arg1=32 target=Handler (com.android.internal.util.StateMachine$SmHandler) {4277a800} }
D/WifiNative-wlan0( 5535): doString: SIGNAL_POLL
D/WifiCommon( 5535): [wlan0] SET "SIGNAL_POLL"
D/wpa_supplicant( 5621): RX ctrl_iface - hexdump(len=11): 53 49 47 4e 41 4c 5f 50 4f 4c 4c
D/wpa_supplicant( 5621): wlan0: Control interface command 'SIGNAL_POLL'
D/wpa_supplicant( 5621): nl80211: survey data missing!
I/WifiStateMachine( 5535): fetchRssiAndLinkSpeedNative, newRssi:-70, newLinkSpeed:65
D/StateMachine( 5535): handleMessage: X
I/aee/core_forwarder(26241): compress_files: complete save file:PROCESS_COREDUMP with size 136364032 to /sdcard/mtklog/aee_exp/temp/db.j26188/CURRENT.dbg
D/aee/core_forwarder(26241): process_coredump: close socket fd
I/AEE/AED (26188): Wait core forwarder(26241) completed
D/AEE/AED (26188): aed_report_archive: pack files in /sdcard/mtklog/aee_exp/temp/db.j26188
D/IPCThreadState( 5535): [DN #5] BR_DEAD_BINDER cookie 0x5b973600
D/IPCThreadState( 5535): [DN #5] BR_DEAD_BINDER cookie 0x62ebee48
D/IPCThreadState( 5535): [DN #5] BR_DEAD_BINDER cookie 0x65f3bf20
I/WindowState( 5535): WIN DEATH: Window{42fa1af0 u0 org.opencv.samples.NativeActivity/android.app.NativeActivity}
D/IPCThreadState( 5535): [DN #5] BR_CLEAR_DEATH_NOTIFICATION_DONE cookie 0x65f3bf20
D/IPCThreadState( 5535): [DN #5] BR_DEAD_BINDER cookie 0x5d2197f8
D/IPCThreadState( 5535): [DN #5] BR_CLEAR_DEATH_NOTIFICATION_DONE cookie 0x5d2197f8
D/IPCThreadState( 5535): [DN #5] BR_DEAD_BINDER cookie 0x6601cb88
D/IPCThreadState( 5535): [DN #5] BR_DEAD_BINDER cookie 0x62d2e370
V/ActivityManager( 5535): Death received in com.android.server.am.ActivityManagerService$AppDeathRecipient@430e5908 for thread android.os.BinderProxy@42f9dd68
I/ActivityManager( 5535): Process org.opencv.samples.NativeActivity (pid 26148) has died.
W/ActivityManager( 5535): Force removing ActivityRecord{42b95548 u0 org.opencv.samples.NativeActivity/android.app.NativeActivity}: app died, no saved state
D/CameraClient( 5296): CameraClient::~CameraClient E (pid 5296, this 0x425d6158)
D/IPCThreadState( 5296): [DN #5] BR_DEAD_BINDER cookie 0x42a35e30
D/CameraClient( 5296): disconnect E (pid 5296)
D/CameraClient( 5296): hardware teardown
I/MtkCam/CamDevice( 5296): (11402)(Default:0)[CamDevice::stopPreview] +
D/MtkCam/CamDevice( 5296): (11402)(Default:0)[CamDevice::stopPreview] Preview already stopped, perhaps!
D/MtkCam/CamDevice( 5296): (11402)(Default:0)[CamDevice::stopPreview] We still force to clean up again.
D/MtkCam/CamClient( 5296): (11402)[stopPreview] +
D/MtkCam/PrvCB( 5296): (11402)[stopPreview] + current mIsPrvStarted=0
D/MtkCam/CamClient/FDClient( 5296): (11402)[stopFaceDetection] +
D/MtkCam/CamClient/FDClient( 5296): (11402)[stopFaceDetection] isEnabledState(0) +
W/MtkCam/CamClient/FDClient( 5296): (11402)[stopFaceDetection] FD was not running
D/MtkCam/CamClient/FDClient( 5296): (11402)[stopFaceDetection] -
D/MtkCam/CamClient( 5296): (11402)[stopPreview] -
I/MtkCam/CamDevice( 5296): (11402)(Default:0)[CamDevice::stopPreview] -
D/MtkCam/CamDevice( 5296): (11402)(Default:0)[onUninit] +
D/MtkCam/CamDevice( 5296): (11402)(Default:0)[CamDevice::onUninit] +
I/MtkCam/CamClient( 5296): (11402)[uninit] + getStrongCount(1)
D/MtkCam/PrvCB( 5296): (11402)[uninit] +
D/MtkCam/PrvCB( 5296): (11402)[uninit] getThreadId(26186), getStrongCount(2), this(0x44071d80)
D/MtkCam/PrvCB( 5296): (11402)[requestExit] +
D/MtkCam/PrvCB( 5296): (11402)[postCommand] - new command::eID_EXIT
D/MtkCam/PrvCB( 5296): (11402)[requestExit] -
D/MtkCam/PrvCB( 5296): (26186)[getCommand] command:eID_EXIT
D/MtkCam/PrvCB( 5296): (26186)[threadLoop] Command::eID_EXIT
D/MtkCam/PrvCB( 5296): (26186)[threadLoop] -
I/SurfaceFlinger( 133): EventThread Client Pid (26148) disconnected by (133)
D/MtkCam/PrvCB( 5296): (11402)[uninit] join() exit
D/MtkCam/PrvCB( 5296): (11402)[uninit] -
D/MtkCam/PrvCB( 5296): (11402)[~PreviewClient] +
D/MtkCam/CamClient/RecordClient( 5296): (11402)[uninit] +
D/MtkCam/CamClient/RecordClient( 5296): (11402)[uninit] getThreadId(26187), getStrongCount(2), this(0x44d9fb40)
D/MtkCam/CamClient/RecordClient( 5296): (11402)[requestExit] +
D/ADB_SERVICES( 9881): adb fdevent_process list (11) (40)
D/MtkCam/CamClient/RecordClient( 5296): (11402)[postCommand] - new command::eID_EXIT
D/MtkCam/CamClient/RecordClient( 5296): (11402)[requestExit] -
D/MtkCam/CamClient/RecordClient( 5296): (26187)[getCommand] command:eID_EXIT
D/MtkCam/CamClient/RecordClient( 5296): (26187)[getCommand] - que size(0), ret(1)
D/MtkCam/CamClient/RecordClient( 5296): (26187)[threadLoop] Command::eID_EXIT
D/MtkCam/CamClient/RecordClient( 5296): (26187)[threadLoop] -
D/IPCThreadState( 5296): [DN #5] BR_CLEAR_DEATH_NOTIFICATION_DONE cookie 0x42a35e30
D/MtkCam/CamClient/RecordClient( 5296): (11402)[uninit] join() exit
D/MtkCam/CamClient/RecordClient( 5296): (11402)[uninit] -
D/MtkCam/CamClient/RecordClient( 5296): (11402)[~RecordClient] -
D/MtkCam/CamClient/FDClient( 5296): (11402)[uninit] +
D/MtkCam/CamClient/FDClient( 5296): (11402)[uninit] getThreadId(0), getStrongCount(1), this(0x42a52088)
W/ADB_SERVICES( 9881): terminating JDWP 26148 connection: Try again
D/MtkCam/CamClient/FDClient( 5296): (11402)[requestExit] +
D/ADB_SERVICES( 9881): remove pid 26148 to jdwp process list
D/MtkCam/CamClient/FDClient( 5296): (11402)[postCommand] - new command::1
D/MtkCam/CamClient/FDClient( 5296): (11402)[requestExit] -
D/MtkCam/CamClient/FDClient( 5296): (11402)[uninit] join() exit
D/MtkCam/CamClient/FDClient( 5296): (11402)[uninit] -
D/MtkCam/CamClient/FDClient( 5296): (11402)[~FDClient] -
D/MtkCam/CamClient/PREFEATUREBASE( 5296): (11402)[uninit] +
D/MtkCam/MtkCamUtils( 5296): (PrvFeatureBuf@ImgBufQue)[flushProcessor] TODO Que.size(0)
D/MtkCam/CamClient/PREFEATUREBASE( 5296): (11402)[uninit] -
D/MtkCam/CamClient/PREFEATUREBASE( 5296): (11402)[~PREFEATUREABSE] -
I/MtkCam/CamClient( 5296): (11402)[uninit] - getStrongCount(1)
D/MtkCam/CamClient( 5296): (11402)[~CamClient]
D/MtkCam/CamDevice( 5296): (11402)(Default:0)[CamDevice::onUninit] -
I/MtkCam/MtkCamUtils( 5296): {CamProfile}[DefaultCamDevice::onUninit] CamDevice::onUninit() -: (0-th) ===> [start-->now: 0 ms]
D/aaa_hal/3Athread( 5296): +
D/aaa_hal/3Athread( 5296): mCmdQ size(0) + cmd(12)
D/aaa_hal/3Athread( 5296): CmdQ-size(1), todo(12)
D/aaa_hal/3Athread( 5296): -
D/aaa_hal/3Athread( 5296): -
I/IspDrv ( 5296): {IspDrv} [uninit] - E. mInitCount(6)
I/IspDrv ( 5296): {IspDrv} [ProfilingPrint] [Event_IspDrv_Uninit] atomic_dec:(0-th) ===> [start-->now: 0.030000 ms]
I/IspDrv ( 5296): {IspDrv} [uninit] - X. ret: 1. mInitCount: 5.
I/IspDrv ( 5296): {IspDrv} [ProfilingPrint] [Event_IspDrv_Uninit] Exit:(1-th) ===> [start-->now: 0.057000 ms] [last-->now: 0.027000 ms]
D/aaa_hal ( 5296): [AFThread] End
D/WindowManager( 5535): interceptKeyTi keyCode=82 down=false repeatCount=0 keyguardOn=false mHomePressed=false canceled=false
D/aaa_hal ( 5296): [AFThread] Delete
W/InputDispatcher( 5535): channel '42b6ef90 org.opencv.samples.NativeActivity/org.opencv.samples.NativeActivity.CvNativeActivity (server)' ~ Consumer closed input channel or an error occurred. events=0x9
D/aaa_state( 5296): [StateInit::sendIntent]
E/InputDispatcher( 5535): channel '42b6ef90 org.opencv.samples.NativeActivity/org.opencv.samples.NativeActivity.CvNativeActivity (server)' ~ Channel is unrecoverably broken and will be disposed!
D/flash_mgr.cpp( 5296): turnOffFlashDevice line=2041
D/FlashlightDrv( 5296): getInstance line=128
D/FlashlightDrv( 5296): setOnOff() isOn = 0
D/FlashlightDrv( 5296):
D/FlashlightDrv( 5296): setTimeOutTime(ms=1000)
D/flash_mgr.cpp( 5296): turnOffFlashDevice-thisFireEndTime=0
D/buf_mgr ( 5296): [int NS3A::BufMgr::uninit()()] - E. m_Users: 1
I/Drv/IMem( 5296): Drv/IMem[freeVirtBuf] mID[0x36]/size[0xd6f0]/VA[0x426e1000]/PA[0x1dc0000]
D/WindowManager( 5535): interceptKeyTi keyCode=82 down=true repeatCount=0 keyguardOn=false mHomePressed=false canceled=false
I/Drv/IMem( 5296): Drv/IMem[freeVirtBuf] mID[0x37]/size[0xd6f0]/VA[0x426ef000]/PA[0x1e00000]
I/Drv/IMem( 5296): Drv/IMem[freeVirtBuf] mID[0x38]/size[0x1bc]/VA[0x426fd000]/PA[0x1e40000]
I/IspDrv ( 5296): {IspDrv} [uninit] - E. mInitCount(5)
I/IspDrv ( 5296): {IspDrv} [ProfilingPrint] [Event_IspDrv_Uninit] atomic_dec:(0-th) ===> [start-->now: 0.041000 ms]
I/IspDrv ( 5296): {IspDrv} [uninit] - X. ret: 1. mInitCount: 4.
D/AEE/AED (26188): put_in_archive: Archive file /sdcard/mtklog/aee_exp/temp/db.j26188/__exp_main.txt, size 1447
D/WindowManager( 5535): interceptKeyTi keyCode=82 down=false repeatCount=0 keyguardOn=false mHomePressed=false canceled=false
I/IspDrv ( 5296): {IspDrv} [ProfilingPrint] [Event_IspDrv_Uninit] Exit:(1-th) ===> [start-->now: 0.136000 ms] [last-->now: 0.095000 ms]
D/aaa_state( 5296): [StateCommon::transitState] StateInit --> StateUninit
D/PowerManagerService( 5535): userActivityFromNative
D/PowerManagerService( 5535): userActivityNoUpdateLocked: eventTime=10899410, event=1, flags=0x0, uid=1000
D/PowerManagerNotifier( 5535): onUserActivity: event=1, uid=1000
D/PowerManagerService( 5535): updateUserActivitySummaryLocked: mWakefulness=Awake, mUserActivitySummary=0x5, nextTimeout=10907410 (in 5944 ms)
D/PowerManagerService( 5535): newScreenState = 2
D/PowerManagerDisplayController( 5535): requestPowerState: screenState=2, useProximitySensor=false, screenBrightness=255, screenAutoBrightnessAdjustment=0.0, useAutoBrightness=false, useEcoBrightness=false, blockScreenOn=false, waitForNegativeProximity=false
I/IspDrv ( 5296): {IspDrv} [uninit] - E. mInitCount(4)
I/IspDrv ( 5296): {IspDrv} [ProfilingPrint] [Event_IspDrv_Uninit] atomic_dec:(0-th) ===> [start-->now: 0.011000 ms]
I/IspDrv ( 5296): {IspDrv} [uninit] - X. ret: 1. mInitCount: 3.
I/IspDrv ( 5296): {IspDrv} [ProfilingPrint] [Event_IspDrv_Uninit] Exit:(1-th) ===> [start-->now: 0.030000 ms] [last-->now: 0.019000 ms]
D/paramctrl_lifetime( 5296): [+uninit]
D/ispdrv_mgr( 5296): [uninit()] - E. m_Users: 1
I/IspDrv ( 5296): {IspDrv} [uninit] - E. mInitCount(3)
I/IspDrv ( 5296): {IspDrv} [ProfilingPrint] [Event_IspDrv_Uninit] atomic_dec:(0-th) ===> [start-->now: 0.006000 ms]
I/IspDrv ( 5296): {IspDrv} [uninit] - X. ret: 1. mInitCount: 2.
I/IspDrv ( 5296): {IspDrv} [ProfilingPrint] [Event_IspDrv_Uninit] Exit:(1-th) ===> [start-->now: 0.020000 ms] [last-->now: 0.014000 ms]
I/TdriMgr ( 5296): [uninit] mInitCount(1)
I/TpipeDrv( 5296): {TpipeDrv} [uninit] mInitCount(1)
I/Drv/IMem( 5296): Drv/IMem[freeVirtBuf] mID[0x3b]/size[0x278]/VA[0x42702000]/PA[0x0]
I/Drv/IMem( 5296): Drv/IMem[freeVirtBuf] mID[0x3f]/size[0x278]/VA[0x42a37000]/PA[0x0]
I/Drv/IMem( 5296): Drv/IMem[freeVirtBuf] mID[0x40]/size[0x278]/VA[0x42a38000]/PA[0x0]
I/Drv/IMem( 5296): Drv/IMem[freeVirtBuf] mID[0x41]/size[0x278]/VA[0x437cf000]/PA[0x0]
I/Drv/IMem( 5296): Drv/IMem[freeVirtBuf] mID[0x3c]/size[0x278]/VA[0x42703000]/PA[0x0]
I/Drv/IMem( 5296): Drv/IMem[freeVirtBuf] mID[0x3d]/size[0x278]/VA[0x42704000]/PA[0x0]
I/Drv/IMem( 5296): Drv/IMem[freeVirtBuf] mID[0x3e]/size[0x278]/VA[0x42a36000]/PA[0x0]
I/Drv/IMem( 5296): Drv/IMem[freeVirtBuf] mID[0x42]/size[0xd178]/VA[0x437d0000]/PA[0x0]
I/PowerManagerService( 5535): setBrightness mButtonLight, screenBrightness=255
D/PowerManagerService( 5535): updateScreenStateLocked: mDisplayReady=true, newScreenState=2, mWakefulness=1, mWakeLockSummary=0x0, mUserActivitySummary=0x5, mBootCompleted=true
D/PowerManagerService( 5535): handleSandman: canDream=true, mWakefulness=Awake
I/TpipeDrv( 5296): {TpipeDrv} [uninit] X
I/IspDrv ( 5296): {IspDrv} [uninit] - E. mInitCount(2)
I/IspDrv ( 5296): {IspDrv} [ProfilingPrint] [Event_IspDrv_Uninit] atomic_dec:(0-th) ===> [start-->now: 0.007000 ms]
I/IspDrv ( 5296): {IspDrv} [uninit] - X. ret: 1. mInitCount: 1.
I/IspDrv ( 5296): {IspDrv} [ProfilingPrint] [Event_IspDrv_Uninit] Exit:(1-th) ===> [start-->now: 0.024000 ms] [last-->now: 0.017000 ms]
I/TdriMgr ( 5296): [uninit] Release
D/lsc_mgr ( 5296): [LscMgr:uninit]
D/AppTsf ( 5296): [TsfExit] TsfExit
D/AppTsf ( 5296): [~AppTsf] destructor
D/WindowManager( 5535): interceptKeyTi keyCode=82 down=true repeatCount=0 keyguardOn=false mHomePressed=false canceled=false
D/lsc_mgr ( 5296): [LscMgr:mThreadLoop] end
D/lsc_mgr ( 5296): ~ RawLscTblUnInit(0)!!!
I/Drv/IMem( 5296): Drv/IMem[freeVirtBuf] mID[0x43]/size[0x10000]/VA[0x437de000]/PA[0x1f00000]
D/lsc_mgr ( 5296): RawLsc free VirtBuf/PhyBuf 0x437de000/0x01f00000 success
D/lsc_mgr ( 5296): ~ RawLscTblUnInit(1)!!!
I/Drv/IMem( 5296): Drv/IMem[freeVirtBuf] mID[0x44]/size[0x10000]/VA[0x437ee000]/PA[0x1f40000]
D/WindowManager( 5535): interceptKeyTi keyCode=82 down=false repeatCount=0 keyguardOn=false mHomePressed=false canceled=false
D/lsc_mgr ( 5296): RawLsc free VirtBuf/PhyBuf 0x437ee000/0x01f40000 success
D/lsc_mgr ( 5296): ~ RawLscTblUnInit(2)!!!
I/Drv/IMem( 5296): Drv/IMem[freeVirtBuf] mID[0x45]/size[0x40000]/VA[0x437fe000]/PA[0x1f80000]
D/lsc_mgr ( 5296): RawLsc free VirtBuf/PhyBuf 0x437fe000/0x01f80000 success
D/lsc_mgr ( 5296): ~ RawLscTblUnInit(3)!!!
I/Drv/IMem( 5296): Drv/IMem[freeVirtBuf] mID[0x46]/size[0x10000]/VA[0x4383e000]/PA[0x2000000]
D/lsc_mgr ( 5296): RawLsc free VirtBuf/PhyBuf 0x4383e000/0x02000000 success
D/lsc_mgr ( 5296): ~ RawLscTblUnInit(4)!!!
I/Drv/IMem( 5296): Drv/IMem[freeVirtBuf] mID[0x47]/size[0x40000]/VA[0x43b89000]/PA[0x2040000]
I/BufferQueue( 133): [org.opencv.samples.NativeActivity/android.app.NativeActivity](this:0x43523f10,api:0) consumerDisconnect
I/BufferQueue( 133): [org.opencv.samples.NativeActivity/android.app.NativeActivity](this:0x43523f10,api:0) ~BufferQueue
I/SurfaceFlinger( 133): [SurfaceFlinger] fps:2.106602,dur:1424.09,max:568.07,min:307.31
D/AEE/AED (26188): put_in_archive: Archive file /sdcard/mtklog/aee_exp/temp/db.j26188/PROCESS_FILE_STATE, size 5942
D/lsc_mgr ( 5296): RawLsc free VirtBuf/PhyBuf 0x43b89000/0x02040000 success
D/lsc_mgr ( 5296): ~ RawLscTblUnInit(5)!!!
I/Drv/IMem( 5296): Drv/IMem[freeVirtBuf] mID[0x48]/size[0x10000]/VA[0x4384e000]/PA[0x20c0000]
D/lsc_mgr ( 5296): RawLsc free VirtBuf/PhyBuf 0x4384e000/0x020c0000 success
I/Drv/IMem( 5296): Drv/IMem[freeVirtBuf] mID[0x49]/size[0x10000]/VA[0x4385e000]/PA[0x2100000]
D/lsc_mgr ( 5296): RawLsc free VirtBuf/PhyBuf 0x4385e000/0x02100000 success
I/Drv/IMem( 5296): Drv/IMem[freeVirtBuf] mID[0x4a]/size[0x10000]/VA[0x43bf6000]/PA[0x2140000]
D/lsc_mgr ( 5296): RawLsc free VirtBuf/PhyBuf 0x43bf6000/0x02140000 success
I/Drv/IMem( 5296): Drv/IMem[freeVirtBuf] mID[0x4b]/size[0x10000]/VA[0x43c06000]/PA[0x2180000]
D/lsc_mgr ( 5296): RawLsc free VirtBuf/PhyBuf 0x43c06000/0x02180000 success
I/Drv/IMem( 5296): Drv/IMem[freeVirtBuf] mID[0x4c]/size[0xa8c0]/VA[0x4386e000]/PA[0x21c0000]
D/lsc_mgr ( 5296): RawLsc free VirtBuf/PhyBuf 0x4386e000/0x021c0000 success
D/SensorHal( 5296): [uninit][uninit]: 2
D/SensorHal( 5296): [uninit] Still users
D/SensorHal( 5296): [deleteImp][deleteImp]: 2
D/SensorHal( 5296): [deleteImp] Still users
D/lsc_mgr ( 5296): [LscMgr:uninit] (m_pIMemDrv:0x 0) (m_pSensorHal:0x0)
D/FLICKER ( 5296): [FLK Hal] FFLK func=getInstance line=134
D/FLICKER ( 5296): [FLK Hal] FFLK func=getInstance line=141
D/FLICKER ( 5296): [FLK Hal] FFLK func=releaseBuf line=229
I/Drv/IMem( 5296): Drv/IMem[freeVirtBuf] mID[0x39]/size[0x3a98]/VA[0x426fe000]/PA[0x1e80000]
I/Drv/IMem( 5296): Drv/IMem[freeVirtBuf] mID[0x3a]/size[0x3a98]/VA[0x437cb000]/PA[0x1ec0000]
D/FLICKER ( 5296): [FLK Hal] FFLK func=getInstance line=134
D/FLICKER ( 5296): [FLK Hal] FFLK func=getInstance line=141
D/FLICKER ( 5296): [FLK Hal] FFLK func=destroyInstance line=272
I/MtkCam/MtkCamUtils( 5296): {CamProfile}[DefaultCamDevice::onUninit] 3A Hal -: (1-th) ===> [start-->now: 8 ms] [last-->now: 7 ms]
D/SensorHal( 5296): [uninit][uninit]: 1
D/SeninfDrvImp( 5296): [initTg1CSI2][initCSI2]:enable = 0
D/AEE/AED (26188): put_in_archive: Archive file /sdcard/mtklog/aee_exp/temp/db.j26188/PROCESS_STATE, size 764
V/WindowManager( 5535): Changing focus from Window{42fa1af0 u0 org.opencv.samples.NativeActivity/android.app.NativeActivity} to null
D/IPCThreadState( 5535): [DN #5] BR_CLEAR_DEATH_NOTIFICATION_DONE cookie 0x62ebee48
I/WindowState( 5535): WIN DEATH: Window{42b6ef90 u0 org.opencv.samples.NativeActivity/org.opencv.samples.NativeActivity.CvNativeActivity}
W/InputDispatcher( 5535): Attempted to unregister already unregistered input channel '42b6ef90 org.opencv.samples.NativeActivity/org.opencv.samples.NativeActivity.CvNativeActivity (server)'
D/ImgSensorDrv( 5296): [uninit][uninit] mUsers = 1
D/SeninfDrvImp( 5296): [uninit][uninit]: 1
D/SeninfDrvImp( 5296): [setTg1PhaseCounter][setTg1PhaseCounter] pcEn(0) clkPol(0)
D/SeninfDrvImp( 5296): [setTg2PhaseCounter][setTg2PhaseCounter]
D/AEE/AED (26188): put_in_archive: Archive file /sdcard/mtklog/aee_exp/temp/db.j26188/PROCESS_OOM_SCORE, size 3
D/IPCThreadState( 5535): [DN #5] BR_CLEAR_DEATH_NOTIFICATION_DONE cookie 0x62d2e370
I/WindowManager( 5535): Losing focus: Window{42fa1af0 u0 org.opencv.samples.NativeActivity/android.app.NativeActivity}
I/libPerfService( 5535): 1: set: 2
I/IspDrv ( 5296): {IspDrv} [uninit] - E. mInitCount(1)
I/IspDrv ( 5296): {IspDrv} [ProfilingPrint] [Event_IspDrv_Uninit] atomic_dec:(0-th) ===> [start-->now: 0.045000 ms]
V/Provider/Settings( 5535): from settings cache , name = read_external_storage_enforced_default , value = null
I/IspDrv ( 5296): {IspDrv} [ProfilingPrint] [Event_IspDrv_Uninit] munmap(mpIspHwRegAddr):(1-th) ===> [start-->now: 0.117000 ms] [last-->now: 0.072000 ms]
I/IspDrv ( 5296): {IspDrv} [ProfilingPrint] [Event_IspDrv_Uninit] munmap(m_pRTBufTbl):(2-th) ===> [start-->now: 0.146000 ms] [last-->now: 0.029000 ms]
I/IspDrv ( 5296): {IspDrv} [ProfilingPrint] [Event_IspDrv_Uninit] m_pIMemDrv->unmapPhyAddr(m_ispVirRegBufInfo):(3-th) ===> [start-->now: 0.162000 ms] [last-->now: 0.016000 ms]
I/Drv/IMem( 5296): Drv/IMem[freeVirtBuf] mID[0x33]/size[0xc2004]/VA[0x44372000]/PA[0x1c80000]
I/BufferQueue( 133): [Starting org.opencv.samples.NativeActivity](this:0x43520a58,api:2) disconnect: api=2
I/SurfaceTexture( 133): [Starting org.opencv.samples.NativeActivity] [virtual android::status_t android::SurfaceTexture::forceAuxConversionLocked()] mCurrentTexture:0, mCurrentBuf:0x4324d7f8
I/BufferQueue( 133): [Starting org.opencv.samples.NativeActivity](this:0x43520a58,api:0) getReleasedBuffers: returning mask 0xffffffff
I/SurfaceTexture( 133): [Starting org.opencv.samples.NativeActivity](this:0x43525960,api:0) destroying EGLImage dpy=0x1 img=0x43253e90
I/IspDrv ( 5296): {IspDrv} [ProfilingPrint] [Event_IspDrv_Uninit] m_pIMemDrv->freeVirtBuf(m_ispVirRegBufInfo):(4-th) ===> [start-->now: 0.897000 ms] [last-->now: 0.735000 ms]
I/IspDrv ( 5296): {IspDrv} [ProfilingPrint] [Event_IspDrv_Uninit] m_pIMemDrv->unmapPhyAddr(m_ispCQDescBufInfo):(5-th) ===> [start-->now: 0.925000 ms] [last-->now: 0.028000 ms]
I/Drv/IMem( 5296): Drv/IMem[freeVirtBuf] mID[0x34]/size[0xba8]/VA[0x42605000]/PA[0x1d80000]
I/IspDrv ( 5296): {IspDrv} [ProfilingPrint] [Event_IspDrv_Uninit] m_pIMemDrv->freeVirtBuf(m_ispCQDescBufInfo):(6-th) ===> [start-->now: 1.015000 ms] [last-->now: 0.090000 ms]
I/Drv/IMem( 5296): Drv/IMem[uninit] close ion id(50).
I/IspDrv ( 5296): {IspDrv} [ProfilingPrint] [Event_IspDrv_Uninit] m_pIMemDrv->uninit():(7-th) ===> [start-->now: 1.289000 ms] [last-->now: 0.274000 ms]
I/IspDrv ( 5296): {IspDrv} [ProfilingPrint] [Event_IspDrv_Uninit] m_pIMemDrv->destroyInstance():(8-th) ===> [start-->now: 1.344000 ms] [last-->now: 0.055000 ms]
I/IspDrv ( 5296): {IspDrv} [ProfilingPrint] [Event_IspDrv_Uninit] memset(tdriMgrInfoCq1):(9-th) ===> [start-->now: 1.357000 ms] [last-->now: 0.013000 ms]
I/IspDrv ( 5296): {IspDrv} [ProfilingPrint] [Event_IspDrv_Uninit] memset(tdriMgrInfoCq2):(10-th) ===> [start-->now: 1.369000 ms] [last-->now: 0.012000 ms]
D/dalvikvm( 5299): threadid=2: exiting
I/IspDrv ( 5296): {IspDrv} [uninit] ISP Global Count: 0.
D/dalvikvm( 5299): threadid=2: bye!
D/dalvikvm( 5299): threadid=3: exiting
D/dalvikvm( 5299): threadid=3: bye!
D/dalvikvm( 5299): threadid=4: exiting
I/IspDrv ( 5296): {IspDrv} [ProfilingPrint] [Event_IspDrv_Uninit] close isp mFd:(11-th) ===> [start-->now: 1.698000 ms] [last-->now: 0.329000 ms]
I/IspDrv ( 5296): {IspDrv} [ProfilingPrint] [Event_IspDrv_Uninit] free(mpIspDrvRegMap):(12-th) ===> [start-->now: 1.726000 ms] [last-->now: 0.028000 ms]
I/IspDrv ( 5296): {IspDrv} [uninit] - X. ret: 1. mInitCount: 0.
I/IspDrv ( 5296): {IspDrv} [ProfilingPrint] [Event_IspDrv_Uninit] Exit:(13-th) ===> [start-->now: 1.745000 ms] [last-->now: 0.019000 ms]
D/SeninfDrvImp( 5296): [uninit][uninit]: 0
D/dalvikvm( 5299): threadid=4: bye!
D/SensorHal( 5296): [deleteImp][deleteImp]: 1
D/SensorHal( 5296): [uninit][uninit]: 0
D/MtkCam/CamDevice( 5296): (11402)(Default:0)[onUninit] SensorHal::destroyInstance()
I/MtkCam/MtkCamUtils( 5296): {CamProfile}[DefaultCamDevice::onUninit] Sensor Hal -: (2-th) ===> [start-->now: 18 ms] [last-->now: 10 ms]
D/AEE/AED (26188): put_in_archive: Archive file /sdcard/mtklog/aee_exp/temp/db.j26188/PROCESS_OOM_ADJ, size 2
D/MtkCam/ResManager( 5296): [close] DefaultCamDevice
D/ResMgrDrv( 5296): [SetMode]ScenSw(0),ScenHw(0),Dev(0)
D/ResMgrDrv( 5296): [GetMode]ScenSw(1),ScenHw(0),Dev(0)
D/ResMgrDrv( 5296): [SetMode]OK
I/ ( 5296): [BWC INFO](11402): [bwc.mm._Profile] Get : 0
I/ ( 5296): [BWC INFO](11402): [bwc.mm._Profile] Set : 0
I/ ( 5296): [BWC INFO](11402): [bwc.mm.SensorSize] Get : 1996 1496
I/ ( 5296): [BWC INFO](11402): [bwc.mm.VideoRecordSize] Get :
I/ ( 5296): [BWC INFO](11402): [bwc.mm.DisplaySize] Get :
I/ ( 5296): [BWC INFO](11402): [bwc.mm.TvOutSize] Get :
I/ ( 5296): [BWC INFO](11402): [bwc.mm.Fps] Get :
I/ ( 5296): [BWC INFO](11402): [bwc.mm.VideoEncodeCodec] Get :
I/ ( 5296): [BWC INFO](11402): [bwc.mm.VideoDecodeCodec] Get : 1
I/ ( 5296): [BWC INFO](11402): BWC_SETTING::DumpInfo-------
I/ ( 5296):
I/ ( 5296): [BWC INFO](11402): sensor_size = 1996 x 1496
I/ ( 5296): [BWC INFO](11402): vr_size = 0 x 0
I/ ( 5296): [BWC INFO](11402): disp_size = 0 x 0
I/ ( 5296): [BWC INFO](11402): tv_size = 0 x 0
I/ ( 5296): [BWC INFO](11402): fps = 0
I/ ( 5296): [BWC INFO](11402): venc_codec_type = 0
I/ ( 5296): [BWC INFO](11402): vdec_codec_type = 1
I/ ( 5296): [BWC INFO](11402): ----------------------------
I/ ( 5296):
I/ ( 5296): [BWC INFO](11402): BWCLIMIT_VR_1066 VR=840222720
I/ ( 5296): [BWC INFO](11402): BWCLIMIT_VR_1066 VT=933534720
I/ ( 5296): [BWC INFO](11402): BWCLIMIT_VT_1066 VR=402278400
I/ ( 5296): [BWC INFO](11402): BWCLIMIT_VT_1066 VT=487987200
I/ ( 5296): [BWC INFO](11402): Read DDR type string:LPDDR2
I/ ( 5296): [BWC INFO](11402): DDR Type = 0
I/ ( 5296): [BWC INFO](11402): smi_bw_ctrl_set: scen 0, reduce cmd 0
I/ ( 5296): [BWC INFO](11402): emi_bw_ctrl_set: CON_SCE_NORMAL OFF
I/ ( 5296): [BWC INFO](11402): ifc_set_throttle: -1 -1 (Normal)
D/NetUtils( 5296): enter ifc_set_throttle: ifname = ccmni0, rx = -1 kbs, tx = -1 kbs
D/NetUtils( 5296): ifc_netd_sock_init: connect to netd failed, err: 13(Permission denied)
D/NetUtils( 5296): ifc_netd_sock_close
I/ ( 5296): [BWC INFO](11402): Profile_Change:[BWCPT_CAMERA_PREVIEW]:OFF
D/ResMgrDrv( 5296): [CloseHdmi]En(0)
W/ResMgrDrv( 5296): [CloseHdmi]WRN( 456):HDMITX kernel open fail, errno(2):No such file or directory
