--------- beginning of /dev/log/system
I/PackageManager( 5535): Start copying apk
I/PackageManager( 5535): Apk copy done
I/PackageManager( 5535): Start copying apk
D/VoldConnector( 5535): SND -> {45 asec fspath pl.netox.spray-1}
D/FrameworkListener( 119): dispatchCommand data = (45 asec fspath pl.netox.spray-1)
D/VoldCmdListener( 119): asec fspath pl.netox.spray-1
D/SocketClient( 119): SocketClient msg = /mnt/secure/asec/pl.netox.spray-1.asec
D/SocketClient( 119): SocketClient sendDatalocked done: 211 45 /mnt/secure/asec/pl.netox.spray-1.asec
D/VoldConnector( 5535): RCV <- {211 45 /mnt/secure/asec/pl.netox.spray-1.asec}
D/VoldConnector( 5535): RMV <- {211 45 /mnt/secure/asec/pl.netox.spray-1.asec}
I/PackageManager( 5535): Apk copy done
I/PackageManager( 5535): Start copying apk
V/ActivityManager( 5535): Stopping ActivityRecord{42eedbe0 u0 com.android.settings/.SubSettings}: nowVisible=true waitingVisible=true finishing=true
V/ActivityManager( 5535): Before stopping, can hide: ActivityRecord{42eedbe0 u0 com.android.settings/.SubSettings}
I/PackageManager( 5535): Apk copy done
I/PackageManager( 5535): Start copying apk
V/InputMethodManagerService( 5535): windowGainedFocus: android.os.BinderProxy@42ea7ee8 controlFlags=#105 softInputMode=#10 windowFlags=#1810100
I/PackageManager( 5535): Apk copy done
I/PackageManager( 5535): Start copying apk
I/PackageManager( 5535): Apk copy done
I/PackageManager( 5535): Start copying apk
I/PackageManager( 5535): Apk copy done
I/PackageManager( 5535): Start copying apk
I/PackageManager( 5535): Apk copy done
I/PackageManager( 5535): Start copying apk
I/PackageManager( 5535): Apk copy done
I/PackageManager( 5535): Start copying apk
I/PackageManager( 5535): Apk copy done
I/PackageManager( 5535): Start copying apk
I/PackageManager( 5535): Apk copy done
I/PackageManager( 5535): Start copying apk
I/PackageManager( 5535): Apk copy done
I/PackageManager( 5535): Start copying apk
I/PackageManager( 5535): Apk copy done
I/PackageManager( 5535): Start copying apk
I/PackageManager( 5535): Apk copy done
I/PackageManager( 5535): Start copying apk
I/PackageManager( 5535): Apk copy done
I/PackageManager( 5535): Start copying apk
I/PackageManager( 5535): Apk copy done
I/PackageManager( 5535): Start copying apk
I/PackageManager( 5535): Apk copy done
I/PackageManager( 5535): Start copying apk
I/PackageManager( 5535): Apk copy done
I/PackageManager( 5535): Start copying apk
I/PackageManager( 5535): Apk copy done
I/PackageManager( 5535): Start copying apk
I/PackageManager( 5535): Apk copy done
I/PackageManager( 5535): Start copying apk
I/PackageManager( 5535): Apk copy done
I/PackageManager( 5535): Start copying apk
I/PackageManager( 5535): Apk copy done
I/PackageManager( 5535): Start copying apk
V/ActivityManager( 5535): Activity idle: Token{42b71740 ActivityRecord{42e349d8 u0 com.android.settings/.SubSettings}}
D/PowerManagerService( 5535): releaseWakeLockInternal: lock=1111143720, flags=0x0
D/PowerManagerService( 5535): updateWakeLockSummaryLocked: mWakefulness=Awake, mWakeLockSummary=0x0
D/PowerManagerService( 5535): newScreenState = 2
D/PowerManagerDisplayController( 5535): requestPowerState: screenState=2, useProximitySensor=false, screenBrightness=255, screenAutoBrightnessAdjustment=0.0, useAutoBrightness=false, useEcoBrightness=false, blockScreenOn=false, waitForNegativeProximity=false
I/PackageManager( 5535): Apk copy done
I/PowerManagerService( 5535): setBrightness mButtonLight, screenBrightness=255
D/PowerManagerService( 5535): updateScreenStateLocked: mDisplayReady=true, newScreenState=2, mWakefulness=1, mWakeLockSummary=0x0, mUserActivitySummary=0x5, mBootCompleted=true
D/PowerManagerService( 5535): handleSandman: canDream=true, mWakefulness=Awake
V/ActivityManager( 5535): Stopping ActivityRecord{42eedbe0 u0 com.android.settings/.SubSettings}: nowVisible=true waitingVisible=false finishing=true
V/ActivityManager( 5535): Ready to stop: ActivityRecord{42eedbe0 u0 com.android.settings/.SubSettings}
I/PackageManager( 5535): Start copying apk
I/PackageManager( 5535): Apk copy done
I/PackageManager( 5535): Start copying apk
I/PackageManager( 5535): Apk copy done
I/PackageManager( 5535): Start copying apk
I/PackageManager( 5535): Apk copy done
I/PackageManager( 5535): Start copying apk
I/PackageManager( 5535): Apk copy done
I/PackageManager( 5535): Start copying apk
I/PackageManager( 5535): Apk copy done
I/PackageManager( 5535): Start copying apk
I/PackageManager( 5535): Apk copy done
I/PackageManager( 5535): Start copying apk
I/PackageManager( 5535): Apk copy done
I/PackageManager( 5535): Start copying apk
I/PackageManager( 5535): Apk copy done
I/PackageManager( 5535): Start copying apk
I/PackageManager( 5535): Apk copy done
I/PackageManager( 5535): Start copying apk
I/PackageManager( 5535): Apk copy done
I/PackageManager( 5535): Start copying apk
I/PackageManager( 5535): Apk copy done
I/PackageManager( 5535): Start copying apk
I/PackageManager( 5535): Apk copy done
I/PackageManager( 5535): Start copying apk
I/PackageManager( 5535): Apk copy done
I/PackageManager( 5535): Start copying apk
I/PackageManager( 5535): Apk copy done
I/PackageManager( 5535): Start copying apk
I/PackageManager( 5535): Apk copy done
I/PackageManager( 5535): Start copying apk
I/PackageManager( 5535): Apk copy done
I/PackageManager( 5535): Start copying apk
I/PackageManager( 5535): Apk copy done
I/PackageManager( 5535): Start copying apk
I/PackageManager( 5535): Apk copy done
I/PackageManager( 5535): Start copying apk
I/PackageManager( 5535): Apk copy done
I/PackageManager( 5535): Start copying apk
I/PackageManager( 5535): Apk copy done
I/PackageManager( 5535): Start copying apk
I/PackageManager( 5535): Apk copy done
I/PackageManager( 5535): Start copying apk
I/PackageManager( 5535): Apk copy done
I/PackageManager( 5535): Start copying apk
I/PackageManager( 5535): Apk copy done
I/PackageManager( 5535): Start copying apk
I/PackageManager( 5535): Apk copy done
I/PackageManager( 5535): Start copying apk
I/PackageManager( 5535): Apk copy done
I/PackageManager( 5535): Start copying apk
I/PackageManager( 5535): Apk copy done
I/PackageManager( 5535): Start copying apk
I/PackageManager( 5535): Apk copy done
I/PackageManager( 5535): Start copying apk
I/PackageManager( 5535): Apk copy done
I/PackageManager( 5535): Start copying apk
I/PackageManager( 5535): Apk copy done
I/PackageManager( 5535): Start copying apk
I/PackageManager( 5535): Apk copy done
I/PackageManager( 5535): Start copying apk
I/PackageManager( 5535): Apk copy done
I/PackageManager( 5535): Start copying apk
I/PackageManager( 5535): Apk copy done
I/PackageManager( 5535): Start copying apk
I/PackageManager( 5535): Apk copy done
I/PackageManager( 5535): Start copying apk
I/PackageManager( 5535): Apk copy done
I/PackageManager( 5535): Start copying apk
I/PackageManager( 5535): Apk copy done
I/PackageManager( 5535): Start copying apk
I/PackageManager( 5535): Apk copy done
I/PackageManager( 5535): Start copying apk
I/PackageManager( 5535): Apk copy done
I/PackageManager( 5535): Start copying apk
I/PackageManager( 5535): Apk copy done
I/PackageManager( 5535): Start copying apk
I/PackageManager( 5535): Apk copy done
I/PackageManager( 5535): Start copying apk
I/PackageManager( 5535): Apk copy done
I/PackageManager( 5535): Start copying apk
I/PackageManager( 5535): Apk copy done
I/PackageManager( 5535): Start copying apk
I/PackageManager( 5535): Apk copy done
I/PackageManager( 5535): Start copying apk
I/PackageManager( 5535): Apk copy done
I/PackageManager( 5535): Start copying apk
I/PackageManager( 5535): Apk copy done
I/PackageManager( 5535): Start copying apk
I/PackageManager( 5535): Apk copy done
I/PackageManager( 5535): Start copying apk
I/PackageManager( 5535): Apk copy done
I/PackageManager( 5535): Start copying apk
I/PackageManager( 5535): Apk copy done
I/PackageManager( 5535): Start copying apk
I/PackageManager( 5535): Apk copy done
I/PackageManager( 5535): Start copying apk
I/PackageManager( 5535): Apk copy done
I/PackageManager( 5535): Start copying apk
I/PackageManager( 5535): Apk copy done
I/PackageManager( 5535): Start copying apk
I/PackageManager( 5535): Apk copy done
I/PackageManager( 5535): Start copying apk
I/PackageManager( 5535): Apk copy done
I/PackageManager( 5535): Start copying apk
I/PackageManager( 5535): Apk copy done
I/PackageManager( 5535): Start copying apk
I/PackageManager( 5535): Apk copy done
I/PackageManager( 5535): Start copying apk
I/PackageManager( 5535): Apk copy done
I/PackageManager( 5535): Start copying apk
I/PackageManager( 5535): Apk copy done
I/PackageManager( 5535): Start copying apk
I/PackageManager( 5535): Apk copy done
I/PackageManager( 5535): Start copying apk
I/PackageManager( 5535): Apk copy done
I/PackageManager( 5535): Start copying apk
I/PackageManager( 5535): Apk copy done
I/PackageManager( 5535): Start copying apk
I/PackageManager( 5535): Apk copy done
I/PackageManager( 5535): Start copying apk
I/PackageManager( 5535): Apk copy done
I/PackageManager( 5535): Start copying apk
I/PackageManager( 5535): Apk copy done
I/PackageManager( 5535): Start copying apk
I/PackageManager( 5535): Apk copy done
I/PackageManager( 5535): Start copying apk
I/PackageManager( 5535): Apk copy done
I/PackageManager( 5535): Start copying apk
I/PackageManager( 5535): Apk copy done
I/PackageManager( 5535): Start copying apk
I/PackageManager( 5535): Apk copy done
I/PackageManager( 5535): Start copying apk
I/PackageManager( 5535): Apk copy done
I/PackageManager( 5535): Start copying apk
I/PackageManager( 5535): Apk copy done
I/PackageManager( 5535): Start copying apk
I/PackageManager( 5535): Apk copy done
I/PackageManager( 5535): Start copying apk
I/PackageManager( 5535): Apk copy done
I/PackageManager( 5535): Start copying apk
I/PackageManager( 5535): Apk copy done
I/PackageManager( 5535): Start copying apk
I/PackageManager( 5535): Apk copy done
I/PackageManager( 5535): Start copying apk
I/PackageManager( 5535): Apk copy done
I/PackageManager( 5535): Start copying apk
I/PackageManager( 5535): Apk copy done
I/PackageManager( 5535): Start copying apk
I/PackageManager( 5535): Apk copy done
I/PackageManager( 5535): Start copying apk
I/PackageManager( 5535): Apk copy done
I/PackageManager( 5535): Start copying apk
I/PackageManager( 5535): Apk copy done
I/PackageManager( 5535): Start copying apk
I/PackageManager( 5535): Apk copy done
I/PackageManager( 5535): Start copying apk
I/PackageManager( 5535): Apk copy done
I/PackageManager( 5535): Start copying apk
I/PackageManager( 5535): Apk copy done
I/PackageManager( 5535): Start copying apk
I/PackageManager( 5535): Apk copy done
I/PackageManager( 5535): Start copying apk
I/PackageManager( 5535): Apk copy done
I/PackageManager( 5535): Start copying apk
I/PackageManager( 5535): Apk copy done
I/PackageManager( 5535): Start copying apk
I/PackageManager( 5535): Apk copy done
I/PackageManager( 5535): Start copying apk
I/PackageManager( 5535): Apk copy done
I/PackageManager( 5535): Start copying apk
I/PackageManager( 5535): Apk copy done
D/PowerManagerService( 5535): userActivityFromNative
D/PowerManagerService( 5535): userActivityNoUpdateLocked: eventTime=10773178, event=1, flags=0x0, uid=1000
D/PowerManagerNotifier( 5535): onUserActivity: event=1, uid=1000
D/PowerManagerService( 5535): updateUserActivitySummaryLocked: mWakefulness=Awake, mUserActivitySummary=0x5, nextTimeout=10781178 (in 7999 ms)
D/PowerManagerService( 5535): newScreenState = 2
D/PowerManagerDisplayController( 5535): requestPowerState: screenState=2, useProximitySensor=false, screenBrightness=255, screenAutoBrightnessAdjustment=0.0, useAutoBrightness=false, useEcoBrightness=false, blockScreenOn=false, waitForNegativeProximity=false
I/PowerManagerService( 5535): setBrightness mButtonLight, screenBrightness=255
D/PowerManagerService( 5535): updateScreenStateLocked: mDisplayReady=true, newScreenState=2, mWakefulness=1, mWakeLockSummary=0x0, mUserActivitySummary=0x5, mBootCompleted=true
D/PowerManagerService( 5535): handleSandman: canDream=true, mWakefulness=Awake
V/ActivityManager( 5535): Broadcast: Intent { act=com.android.systemui.recent.action.PRELOAD flg=0x10 cmp=com.android.systemui/.recent.RecentsPreloadReceiver } ordered=false userid=-2
V/ActivityManager( 5535): Broadcast: Intent { act=android.intent.action.CLOSE_SYSTEM_DIALOGS flg=0x50000010 (has extras) } ordered=false userid=-1
V/ActivityManager( 5535): Broadcast: Intent { act=com.android.systemui.recent.CANCEL_PRELOAD flg=0x10 cmp=com.android.systemui/.recent.RecentsPreloadReceiver } ordered=false userid=-2
I/ActivityManager( 5535): START u0 {act=android.intent.action.MAIN cat=[android.intent.category.HOME] flg=0x10200000 cmp=com.android.launcher/com.android.launcher2.Launcher} from pid 5535
V/ActivityManager( 5535): At 12 ckp TaskRecord{42cccc50 #7 A com.android.settings U 0}: ActivityRecord{42e349d8 u0 com.android.settings/.SubSettings}
V/ActivityManager( 5535): At 11 ckp TaskRecord{42cccc50 #7 A com.android.settings U 0}: ActivityRecord{42b97dd0 u0 com.android.settings/.Settings}
V/ActivityManager( 5535): At 10 ckp TaskRecord{42958ef0 #2 A com.android.launcher U 0}: ActivityRecord{42350520 u0 com.android.launcher/com.android.launcher2.Launcher}
V/ActivityManager( 5535): Removing and adding at 12
V/ActivityManager( 5535): At 9 ckp TaskRecord{42e6b080 #20 A com.android.systemui U 0}: ActivityRecord{426996f8 u0 com.android.systemui/.recent.RecentsActivity}
V/ActivityManager( 5535): At 8 ckp TaskRecord{42a928e0 #3 A org.jtb.alogcat U 0}: ActivityRecord{42492a40 u0 org.jtb.alogcat/.LogActivity}
V/ActivityManager( 5535): At 7 ckp TaskRecord{4280b148 #21 A en.gaydetectorWLR.main U 0}: ActivityRecord{4295f9a0 u0 en.gaydetectorWLR.main/en.gaydetector.main.GayDetectorActivity}
V/ActivityManager( 5535): At 6 ckp TaskRecord{42e7da28 #17 A com.android.providers.downloads.ui U 0}: ActivityRecord{42a9c308 u0 com.android.providers.downloads.ui/.DownloadList}
V/ActivityManager( 5535): At 5 ckp TaskRecord{42ea59f0 #16 A android.task.browser U 0}: ActivityRecord{428708b8 u0 com.android.browser/.BrowserActivity}
V/ActivityManager( 5535): At 4 ckp TaskRecord{42b678e0 #15 A com.android.gallery3d U 0}: ActivityRecord{425e95e8 u0 com.android.gallery3d/.app.Gallery}
V/ActivityManager( 5535): At 3 ckp TaskRecord{42ae82d8 #12 A com.android.camera U 0}: ActivityRecord{427b48c8 u0 com.android.gallery3d/com.android.camera.CameraLauncher}
V/ActivityManager( 5535): At 2 ckp TaskRecord{43060f90 #13 A com.jrummy.root.browserfree U 0}: ActivityRecord{42e92040 u0 com.jrummy.root.browserfree/com.jrummy.apps.root.browser.activities.RootBrowserActivity}
V/ActivityManager( 5535): At 1 ckp TaskRecord{42925dd8 #11 A com.teamviewer.teamviewer.market.mobile U 0}: ActivityRecord{42a173d8 u0 com.teamviewer.teamviewer.market.mobile/com.teamviewer.remotecontrollib.activity.MainActivity}
V/ActivityManager( 5535): At 0 ckp TaskRecord{42bd6400 #9 A com.acr.shellterminalemulator U 0}: ActivityRecord{42bd6108 u0 com.acr.shellterminalemulator/.Main}
D/PowerManagerService( 5535): acquireWakeLockInternal: lock=1111143720, flags=0x1, tag="ActivityManager-Launch", ws=null, uid=1000, pid=5535
D/PowerManagerService( 5535): updateWakeLockSummaryLocked: mWakefulness=Awake, mWakeLockSummary=0x1
D/PowerManagerService( 5535): newScreenState = 2
D/PowerManagerDisplayController( 5535): requestPowerState: screenState=2, useProximitySensor=false, screenBrightness=255, screenAutoBrightnessAdjustment=0.0, useAutoBrightness=false, useEcoBrightness=false, blockScreenOn=false, waitForNegativeProximity=false
I/PowerManagerService( 5535): setBrightness mButtonLight, screenBrightness=255
D/PowerManagerService( 5535): updateScreenStateLocked: mDisplayReady=true, newScreenState=2, mWakefulness=1, mWakeLockSummary=0x1, mUserActivitySummary=0x5, mBootCompleted=true
D/PowerManagerService( 5535): handleSandman: canDream=true, mWakefulness=Awake
V/ActivityManager( 5535): Broadcast: Intent { act=com.android.systemui.recent.action.CLOSE flg=0x10 pkg=com.android.systemui } ordered=false userid=-2
V/WindowManager( 5535): Changing focus from Window{427968f0 u0 com.android.settings/com.android.settings.SubSettings} to null
I/WindowManager( 5535): Losing focus: Window{427968f0 u0 com.android.settings/com.android.settings.SubSettings}
V/NetworkStats( 5535): setKernelCounterSet uid=10042 set=1
D/ConnectivityService( 5535): onUidRulesChanged(uid=10042, uidRules=0)
W/WindowManager( 5535): No new IME target
W/InputMethodManagerService( 5535): Ignoring hideSoftInput of uid 10042: com.android.internal.view.IInputMethodClient$Stub$Proxy@42a282a8
V/WindowManager( 5535): Changing focus from null to Window{4291a770 u0 com.android.launcher/com.android.launcher2.Launcher}
I/WindowManager( 5535): Gaining focus: Window{4291a770 u0 com.android.launcher/com.android.launcher2.Launcher}
V/InputMethodManagerService( 5535): windowGainedFocus: android.os.BinderProxy@4243fa10 controlFlags=#104 softInputMode=#120 windowFlags=#1910100
V/ActivityManager( 5535): Activity idle: Token{423b0220 ActivityRecord{42350520 u0 com.android.launcher/com.android.launcher2.Launcher}}
D/PowerManagerService( 5535): releaseWakeLockInternal: lock=1111143720, flags=0x0
D/PowerManagerService( 5535): updateWakeLockSummaryLocked: mWakefulness=Awake, mWakeLockSummary=0x0
D/PowerManagerService( 5535): newScreenState = 2
D/PowerManagerDisplayController( 5535): requestPowerState: screenState=2, useProximitySensor=false, screenBrightness=255, screenAutoBrightnessAdjustment=0.0, useAutoBrightness=false, useEcoBrightness=false, blockScreenOn=false, waitForNegativeProximity=false
I/PowerManagerService( 5535): setBrightness mButtonLight, screenBrightness=255
D/PowerManagerService( 5535): updateScreenStateLocked: mDisplayReady=true, newScreenState=2, mWakefulness=1, mWakeLockSummary=0x0, mUserActivitySummary=0x5, mBootCompleted=true
D/PowerManagerService( 5535): handleSandman: canDream=true, mWakefulness=Awake
V/ActivityManager( 5535): Stopping ActivityRecord{42e349d8 u0 com.android.settings/.SubSettings}: nowVisible=false waitingVisible=true finishing=false
D/ActivityManager( 5535): ACT-IDLE_NOW_MSG from windowsVisible() for idle: ActivityRecord{42350520 u0 com.android.launcher/com.android.launcher2.Launcher}
V/ActivityManager( 5535): Activity idle: null
V/ActivityManager( 5535): Stopping ActivityRecord{42e349d8 u0 com.android.settings/.SubSettings}: nowVisible=true waitingVisible=false finishing=false
V/ActivityManager( 5535): Ready to stop: ActivityRecord{42e349d8 u0 com.android.settings/.SubSettings}
V/ActivityManager( 5535): Activity stopped: token=Token{42b71740 ActivityRecord{42e349d8 u0 com.android.settings/.SubSettings}}
V/ActivityManager( 5535): Broadcast sticky: Intent { act=android.intent.action.BATTERY_CHANGED flg=0x60000010 (has extras) } ordered=false userid=-1
D/WifiService( 5535): onReceive, action:android.intent.action.BATTERY_CHANGED
D/WifiService( 5535): ACTION_BATTERY_CHANGED pluggedType: 0
D/PowerManagerService( 5535): updateIsPoweredLocked: wasPowered=false, mIsPowered=false, oldPlugType=0, mPlugType=0, mBatteryLevel=73
D/PowerManagerService( 5535): handleSandman: canDream=true, mWakefulness=Awake
D/UsbDeviceManager( 5535): onReceive - BATTERY_CHANGED - mPlugType: 0, mSettingUsbCharging: false, mConnected: false, mSettingUsbBicr: false
D/PowerManagerService( 5535): userActivityFromNative
D/PowerManagerService( 5535): userActivityNoUpdateLocked: eventTime=10775399, event=1, flags=0x0, uid=1000
D/PowerManagerNotifier( 5535): onUserActivity: event=1, uid=1000
D/PowerManagerService( 5535): updateUserActivitySummaryLocked: mWakefulness=Awake, mUserActivitySummary=0x5, nextTimeout=10783399 (in 8000 ms)
D/PowerManagerService( 5535): newScreenState = 2
D/PowerManagerDisplayController( 5535): requestPowerState: screenState=2, useProximitySensor=false, screenBrightness=255, screenAutoBrightnessAdjustment=0.0, useAutoBrightness=false, useEcoBrightness=false, blockScreenOn=false, waitForNegativeProximity=false
I/PowerManagerService( 5535): setBrightness mButtonLight, screenBrightness=255
D/PowerManagerService( 5535): updateScreenStateLocked: mDisplayReady=true, newScreenState=2, mWakefulness=1, mWakeLockSummary=0x0, mUserActivitySummary=0x5, mBootCompleted=true
D/PowerManagerService( 5535): handleSandman: canDream=true, mWakefulness=Awake
V/SettingsProvider( 5535): access setting for user 0
V/SettingsProvider( 5535): call(system:haptic_feedback_enabled) for 0
D/PowerManagerService( 5535): acquireWakeLockInternal: lock=1112187920, flags=0x1, tag="*vibrator*", ws={WorkSource: uids=[1000]}, uid=1000, pid=5535
D/PowerManagerService( 5535): updateWakeLockSummaryLocked: mWakefulness=Awake, mWakeLockSummary=0x1
D/PowerManagerService( 5535): newScreenState = 2
D/PowerManagerDisplayController( 5535): requestPowerState: screenState=2, useProximitySensor=false, screenBrightness=255, screenAutoBrightnessAdjustment=0.0, useAutoBrightness=false, useEcoBrightness=false, blockScreenOn=false, waitForNegativeProximity=false
I/PowerManagerService( 5535): setBrightness mButtonLight, screenBrightness=255
D/PowerManagerService( 5535): updateScreenStateLocked: mDisplayReady=true, newScreenState=2, mWakefulness=1, mWakeLockSummary=0x1, mUserActivitySummary=0x5, mBootCompleted=true
D/PowerManagerService( 5535): handleSandman: canDream=true, mWakefulness=Awake
V/ActivityManager( 5535): Broadcast: Intent { act=android.intent.action.CLOSE_SYSTEM_DIALOGS flg=0x50000010 (has extras) } ordered=false userid=-1
V/ActivityManager( 5535): Broadcast: Intent { act=com.android.systemui.recent.action.CLOSE flg=0x10 pkg=com.android.systemui } ordered=false userid=-2
D/TelephonyRegistry( 5535): listen: E pkg=GlobalActions events=0x1 myUid=0 callerUid=0
I/TelephonyRegistry( 5535): listen: add new record={pkgForDebug=GlobalActions callerUid=0 events=0}
D/TelephonyRegistry( 5535): validateEventsAndUserLocked: valid=false r.callerUid=0 foregroundUser=0 r.events=1 events=16
D/TelephonyRegistry( 5535): validateEventsAndUserLocked: valid=false r.callerUid=0 foregroundUser=0 r.events=1 events=1024
D/TelephonyRegistry( 5535): listen: E pkg=GlobalActions events=0x1 myUid=0 callerUid=0
I/TelephonyRegistry( 5535): listen: add new record={pkgForDebug=GlobalActions callerUid=0 events=0}
D/TelephonyRegistry( 5535): validateEventsAndUserLocked: valid=false r.callerUid=0 foregroundUser=0 r.events=1 events=16
D/TelephonyRegistry( 5535): validateEventsAndUserLocked: valid=false r.callerUid=0 foregroundUser=0 r.events=1 events=1024
D/PowerManagerService( 5535): releaseWakeLockInternal: lock=1112187920, flags=0x0
D/PowerManagerService( 5535): updateWakeLockSummaryLocked: mWakefulness=Awake, mWakeLockSummary=0x0
D/PowerManagerService( 5535): newScreenState = 2
D/PowerManagerDisplayController( 5535): requestPowerState: screenState=2, useProximitySensor=false, screenBrightness=255, screenAutoBrightnessAdjustment=0.0, useAutoBrightness=false, useEcoBrightness=false, blockScreenOn=false, waitForNegativeProximity=false
I/PowerManagerService( 5535): setBrightness mButtonLight, screenBrightness=255
D/PowerManagerService( 5535): updateScreenStateLocked: mDisplayReady=true, newScreenState=2, mWakefulness=1, mWakeLockSummary=0x0, mUserActivitySummary=0x5, mBootCompleted=true
D/PowerManagerService( 5535): handleSandman: canDream=true, mWakefulness=Awake
V/SettingsProvider( 5535): call(secure:bugreport_in_power_menu) for 0
V/SettingsProvider( 5535): call(global:enable_accessibility_global_gesture_enabled) for 0
V/WindowManager( 5535): Changing focus from Window{4291a770 u0 com.android.launcher/com.android.launcher2.Launcher} to Window{429933e8 u0 GlobalActions}
I/WindowManager( 5535): Gaining focus: Window{429933e8 u0 GlobalActions}
D/PhoneStatusBar( 5719): disable: < EXPAND* icons alerts ticker system_info back home recent clock search > V/ActivityManager( 5535): Broadcast: Intent { act=com.android.systemui.recent.action.CLOSE flg=0x10 pkg=com.android.systemui } ordered=false userid=-2
D/PowerManagerService( 5535): userActivityFromNative
D/PowerManagerService( 5535): userActivityNoUpdateLocked: eventTime=10776617, event=1, flags=0x0, uid=1000
D/PowerManagerNotifier( 5535): onUserActivity: event=1, uid=1000
D/PowerManagerService( 5535): updateUserActivitySummaryLocked: mWakefulness=Awake, mUserActivitySummary=0x5, nextTimeout=10784617 (in 7998 ms)
D/PowerManagerService( 5535): newScreenState = 2
D/PowerManagerDisplayController( 5535): requestPowerState: screenState=2, useProximitySensor=false, screenBrightness=255, screenAutoBrightnessAdjustment=0.0, useAutoBrightness=false, useEcoBrightness=false, blockScreenOn=false, waitForNegativeProximity=false
I/PowerManagerService( 5535): setBrightness mButtonLight, screenBrightness=255
D/PowerManagerService( 5535): updateScreenStateLocked: mDisplayReady=true, newScreenState=2, mWakefulness=1, mWakeLockSummary=0x0, mUserActivitySummary=0x5, mBootCompleted=true
D/PowerManagerService( 5535): handleSandman: canDream=true, mWakefulness=Awake
V/ActivityManager( 5535): Broadcast: Intent { act=com.android.systemui.recent.CANCEL_PRELOAD flg=0x10 cmp=com.android.systemui/.recent.RecentsPreloadReceiver } ordered=false userid=-2
V/ActivityManager( 5535): Broadcast: Intent { act=android.intent.action.CLOSE_SYSTEM_DIALOGS flg=0x50000010 (has extras) } ordered=false userid=-1
I/ActivityManager( 5535): START u0 {act=android.intent.action.MAIN cat=[android.intent.category.HOME] flg=0x10200000 cmp=com.android.launcher/com.android.launcher2.Launcher} from pid 5535
V/ActivityManager( 5535): Broadcast: Intent { act=com.android.systemui.recent.action.CLOSE flg=0x10 pkg=com.android.systemui } ordered=false userid=-2
V/WindowManager( 5535): Changing focus from Window{429933e8 u0 GlobalActions EXITING} to Window{4291a770 u0 com.android.launcher/com.android.launcher2.Launcher}
I/WindowManager( 5535): Gaining focus: Window{4291a770 u0 com.android.launcher/com.android.launcher2.Launcher}
I/WindowManager( 5535): Losing focus: Window{429933e8 u0 GlobalActions EXITING}
D/PhoneStatusBar( 5719): disable: < expand* icons alerts ticker system_info back home recent clock search > V/InputMethodManagerService( 5535): windowGainedFocus: android.os.BinderProxy@4243fa10 controlFlags=#0 softInputMode=#20 windowFlags=#1910100
W/InputMethodManagerService( 5535): Window already focused, ignoring focus gain of: com.android.internal.view.IInputMethodClient$Stub$Proxy@430f4e40 attribute=null, token = android.os.BinderProxy@424dcc70
V/ActivityManager( 5535): Broadcast: Intent { act=com.android.systemui.recent.action.PRELOAD flg=0x10 cmp=com.android.systemui/.recent.RecentsPreloadReceiver } ordered=false userid=-2
V/ActivityManager( 5535): Broadcast sticky: Intent { act=android.intent.action.SIG_STR flg=0x10 (has extras) } ordered=false userid=-1
D/PowerManagerService( 5535): userActivityFromNative
D/PowerManagerService( 5535): userActivityNoUpdateLocked: eventTime=10777475, event=1, flags=0x0, uid=1000
D/PowerManagerNotifier( 5535): onUserActivity: event=1, uid=1000
D/PowerManagerService( 5535): updateUserActivitySummaryLocked: mWakefulness=Awake, mUserActivitySummary=0x5, nextTimeout=10785475 (in 8000 ms)
D/PowerManagerService( 5535): newScreenState = 2
D/PowerManagerDisplayController( 5535): requestPowerState: screenState=2, useProximitySensor=false, screenBrightness=255, screenAutoBrightnessAdjustment=0.0, useAutoBrightness=false, useEcoBrightness=false, blockScreenOn=false, waitForNegativeProximity=false
I/PowerManagerService( 5535): setBrightness mButtonLight, screenBrightness=255
D/PowerManagerService( 5535): updateScreenStateLocked: mDisplayReady=true, newScreenState=2, mWakefulness=1, mWakeLockSummary=0x0, mUserActivitySummary=0x5, mBootCompleted=true
V/SettingsProvider( 5535): access setting for user 0
V/SettingsProvider( 5535): call(system:haptic_feedback_enabled) for 0
D/PowerManagerService( 5535): handleSandman: canDream=true, mWakefulness=Awake
D/PowerManagerService( 5535): acquireWakeLockInternal: lock=1112187920, flags=0x1, tag="*vibrator*", ws={WorkSource: uids=[1000]}, uid=1000, pid=5535
D/PowerManagerService( 5535): updateWakeLockSummaryLocked: mWakefulness=Awake, mWakeLockSummary=0x1
D/PowerManagerService( 5535): newScreenState = 2
D/PowerManagerDisplayController( 5535): requestPowerState: screenState=2, useProximitySensor=false, screenBrightness=255, screenAutoBrightnessAdjustment=0.0, useAutoBrightness=false, useEcoBrightness=false, blockScreenOn=false, waitForNegativeProximity=false
I/PowerManagerService( 5535): setBrightness mButtonLight, screenBrightness=255
D/PowerManagerService( 5535): updateScreenStateLocked: mDisplayReady=true, newScreenState=2, mWakefulness=1, mWakeLockSummary=0x1, mUserActivitySummary=0x5, mBootCompleted=true
D/PowerManagerService( 5535): handleSandman: canDream=true, mWakefulness=Awake
V/ActivityManager( 5535): Broadcast: Intent { act=android.intent.action.CLOSE_SYSTEM_DIALOGS flg=0x50000010 (has extras) } ordered=false userid=-1
I/ActivityManager( 5535): START u0 {act=com.android.systemui.recent.action.TOGGLE_RECENTS flg=0x10800000 cmp=com.android.systemui/.recent.RecentsActivity} from pid 5719
V/ActivityManager( 5535): At 12 ckp TaskRecord{42958ef0 #2 A com.android.launcher U 0}: ActivityRecord{42350520 u0 com.android.launcher/com.android.launcher2.Launcher}
V/ActivityManager( 5535): At 11 ckp TaskRecord{42cccc50 #7 A com.android.settings U 0}: ActivityRecord{42e349d8 u0 com.android.settings/.SubSettings}
V/ActivityManager( 5535): At 10 ckp TaskRecord{42cccc50 #7 A com.android.settings U 0}: ActivityRecord{42b97dd0 u0 com.android.settings/.Settings}
V/ActivityManager( 5535): At 9 ckp TaskRecord{42e6b080 #20 A com.android.systemui U 0}: ActivityRecord{426996f8 u0 com.android.systemui/.recent.RecentsActivity}
V/ActivityManager( 5535): Removing and adding at 12
V/ActivityManager( 5535): At 8 ckp TaskRecord{42a928e0 #3 A org.jtb.alogcat U 0}: ActivityRecord{42492a40 u0 org.jtb.alogcat/.LogActivity}
V/ActivityManager( 5535): At 7 ckp TaskRecord{4280b148 #21 A en.gaydetectorWLR.main U 0}: ActivityRecord{4295f9a0 u0 en.gaydetectorWLR.main/en.gaydetector.main.GayDetectorActivity}
V/ActivityManager( 5535): At 6 ckp TaskRecord{42e7da28 #17 A com.android.providers.downloads.ui U 0}: ActivityRecord{42a9c308 u0 com.android.providers.downloads.ui/.DownloadList}
V/ActivityManager( 5535): At 5 ckp TaskRecord{42ea59f0 #16 A android.task.browser U 0}: ActivityRecord{428708b8 u0 com.android.browser/.BrowserActivity}
V/ActivityManager( 5535): At 4 ckp TaskRecord{42b678e0 #15 A com.android.gallery3d U 0}: ActivityRecord{425e95e8 u0 com.android.gallery3d/.app.Gallery}
V/ActivityManager( 5535): At 3 ckp TaskRecord{42ae82d8 #12 A com.android.camera U 0}: ActivityRecord{427b48c8 u0 com.android.gallery3d/com.android.camera.CameraLauncher}
V/ActivityManager( 5535): At 2 ckp TaskRecord{43060f90 #13 A com.jrummy.root.browserfree U 0}: ActivityRecord{42e92040 u0 com.jrummy.root.browserfree/com.jrummy.apps.root.browser.activities.RootBrowserActivity}
V/ActivityManager( 5535): At 1 ckp TaskRecord{42925dd8 #11 A com.teamviewer.teamviewer.market.mobile U 0}: ActivityRecord{42a173d8 u0 com.teamviewer.teamviewer.market.mobile/com.teamviewer.remotecontrollib.activity.MainActivity}
V/ActivityManager( 5535): At 0 ckp TaskRecord{42bd6400 #9 A com.acr.shellterminalemulator U 0}: ActivityRecord{42bd6108 u0 com.acr.shellterminalemulator/.Main}
D/PowerManagerService( 5535): releaseWakeLockInternal: lock=1112187920, flags=0x0
D/PowerManagerService( 5535): updateWakeLockSummaryLocked: mWakefulness=Awake, mWakeLockSummary=0x0
D/PowerManagerService( 5535): newScreenState = 2
D/PowerManagerDisplayController( 5535): requestPowerState: screenState=2, useProximitySensor=false, screenBrightness=255, screenAutoBrightnessAdjustment=0.0, useAutoBrightness=false, useEcoBrightness=false, blockScreenOn=false, waitForNegativeProximity=false
I/PowerManagerService( 5535): setBrightness mButtonLight, screenBrightness=255
D/PowerManagerService( 5535): updateScreenStateLocked: mDisplayReady=true, newScreenState=2, mWakefulness=1, mWakeLockSummary=0x0, mUserActivitySummary=0x5, mBootCompleted=true
D/PowerManagerService( 5535): handleSandman: canDream=true, mWakefulness=Awake
D/PowerManagerService( 5535): acquireWakeLockInternal: lock=1111143720, flags=0x1, tag="ActivityManager-Launch", ws=null, uid=1000, pid=5535
D/PowerManagerService( 5535): updateWakeLockSummaryLocked: mWakefulness=Awake, mWakeLockSummary=0x1
D/PowerManagerService( 5535): newScreenState = 2
D/PowerManagerDisplayController( 5535): requestPowerState: screenState=2, useProximitySensor=false, screenBrightness=255, screenAutoBrightnessAdjustment=0.0, useAutoBrightness=false, useEcoBrightness=false, blockScreenOn=false, waitForNegativeProximity=false
I/PowerManagerService( 5535): setBrightness mButtonLight, screenBrightness=255
D/PowerManagerService( 5535): updateScreenStateLocked: mDisplayReady=true, newScreenState=2, mWakefulness=1, mWakeLockSummary=0x1, mUserActivitySummary=0x5, mBootCompleted=true
D/PowerManagerService( 5535): handleSandman: canDream=true, mWakefulness=Awake
V/WindowManager( 5535): Changing focus from Window{4291a770 u0 com.android.launcher/com.android.launcher2.Launcher} to null
I/WindowManager( 5535): Losing focus: Window{4291a770 u0 com.android.launcher/com.android.launcher2.Launcher}
V/ActivityManager( 5535): Broadcast: Intent { act=android.intent.action.CLOSE_SYSTEM_DIALOGS flg=0x50000010 (has extras) } ordered=false userid=-1
V/ActivityManager( 5535): Broadcast: Intent { act=android.intent.action.CLOSE_SYSTEM_DIALOGS flg=0x50000010 (has extras) } ordered=false userid=-1
V/ActivityManager( 5535): Broadcast: Intent { act=android.intent.action.CLOSE_SYSTEM_DIALOGS flg=0x50000010 (has extras) } ordered=false userid=-1
V/WindowManager( 5535): Changing focus from null to Window{42a4dce0 u0 com.android.systemui/com.android.systemui.recent.RecentsActivity}
I/WindowManager( 5535): Gaining focus: Window{42a4dce0 u0 com.android.systemui/com.android.systemui.recent.RecentsActivity}
V/InputMethodManagerService( 5535): windowGainedFocus: android.os.BinderProxy@429db210 controlFlags=#105 softInputMode=#120 windowFlags=#1910100
V/ActivityManager( 5535): Activity idle: Token{42a7c0d8 ActivityRecord{426996f8 u0 com.android.systemui/.recent.RecentsActivity}}
D/PowerManagerService( 5535): releaseWakeLockInternal: lock=1111143720, flags=0x0
D/PowerManagerService( 5535): updateWakeLockSummaryLocked: mWakefulness=Awake, mWakeLockSummary=0x0
D/PowerManagerService( 5535): newScreenState = 2
D/PowerManagerDisplayController( 5535): requestPowerState: screenState=2, useProximitySensor=false, screenBrightness=255, screenAutoBrightnessAdjustment=0.0, useAutoBrightness=false, useEcoBrightness=false, blockScreenOn=false, waitForNegativeProximity=false
I/PowerManagerService( 5535): setBrightness mButtonLight, screenBrightness=255
D/PowerManagerService( 5535): updateScreenStateLocked: mDisplayReady=true, newScreenState=2, mWakefulness=1, mWakeLockSummary=0x0, mUserActivitySummary=0x5, mBootCompleted=true
D/PowerManagerService( 5535): handleSandman: canDream=true, mWakefulness=Awake
V/ActivityManager( 5535): Stopping ActivityRecord{42350520 u0 com.android.launcher/com.android.launcher2.Launcher}: nowVisible=false waitingVisible=true finishing=false
D/ActivityManager( 5535): ACT-IDLE_NOW_MSG from windowsVisible() for idle: ActivityRecord{426996f8 u0 com.android.systemui/.recent.RecentsActivity}
V/ActivityManager( 5535): Activity idle: null
V/ActivityManager( 5535): Stopping ActivityRecord{42350520 u0 com.android.launcher/com.android.launcher2.Launcher}: nowVisible=true waitingVisible=false finishing=false
V/ActivityManager( 5535): Ready to stop: ActivityRecord{42350520 u0 com.android.launcher/com.android.launcher2.Launcher}
V/ActivityManager( 5535): Activity stopped: token=Token{423b0220 ActivityRecord{42350520 u0 com.android.launcher/com.android.launcher2.Launcher}}
V/NetworkStats( 5535): setKernelCounterSet uid=10042 set=0
D/ConnectivityService( 5535): onUidRulesChanged(uid=10042, uidRules=0)
D/PowerManagerService( 5535): userActivityFromNative
D/PowerManagerService( 5535): userActivityNoUpdateLocked: eventTime=10777983, event=1, flags=0x0, uid=1000
D/PowerManagerNotifier( 5535): onUserActivity: event=1, uid=1000
D/PowerManagerService( 5535): updateUserActivitySummaryLocked: mWakefulness=Awake, mUserActivitySummary=0x5, nextTimeout=10785983 (in 8000 ms)
D/PowerManagerService( 5535): newScreenState = 2
D/PowerManagerDisplayController( 5535): requestPowerState: screenState=2, useProximitySensor=false, screenBrightness=255, screenAutoBrightnessAdjustment=0.0, useAutoBrightness=false, useEcoBrightness=false, blockScreenOn=false, waitForNegativeProximity=false
I/PowerManagerService( 5535): setBrightness mButtonLight, screenBrightness=255
D/PowerManagerService( 5535): updateScreenStateLocked: mDisplayReady=true, newScreenState=2, mWakefulness=1, mWakeLockSummary=0x0, mUserActivitySummary=0x5, mBootCompleted=true
D/PowerManagerService( 5535): handleSandman: canDream=true, mWakefulness=Awake
D/PowerManagerService( 5535): userActivityFromNative
D/PowerManagerService( 5535): userActivityNoUpdateLocked: eventTime=10778515, event=2, flags=0x0, uid=1000
D/PowerManagerNotifier( 5535): onUserActivity: event=2, uid=1000
D/PowerManagerService( 5535): updateUserActivitySummaryLocked: mWakefulness=Awake, mUserActivitySummary=0x5, nextTimeout=10785983 (in 7466 ms)
D/PowerManagerService( 5535): newScreenState = 2
D/PowerManagerDisplayController( 5535): requestPowerState: screenState=2, useProximitySensor=false, screenBrightness=255, screenAutoBrightnessAdjustment=0.0, useAutoBrightness=false, useEcoBrightness=false, blockScreenOn=false, waitForNegativeProximity=false
I/PowerManagerService( 5535): setBrightness mButtonLight, screenBrightness=255
D/PowerManagerService( 5535): updateScreenStateLocked: mDisplayReady=true, newScreenState=2, mWakefulness=1, mWakeLockSummary=0x0, mUserActivitySummary=0x5, mBootCompleted=true
D/PowerManagerService( 5535): handleSandman: canDream=true, mWakefulness=Awake
V/ActivityManager( 5535): Broadcast: Intent { act=android.intent.action.CLOSE_SYSTEM_DIALOGS flg=0x50000010 (has extras) } ordered=false userid=-1
V/ActivityManager( 5535): At 12 ckp TaskRecord{42e6b080 #20 A com.android.systemui U 0}: ActivityRecord{426996f8 u0 com.android.systemui/.recent.RecentsActivity}
V/ActivityManager( 5535): At 11 ckp TaskRecord{42958ef0 #2 A com.android.launcher U 0}: ActivityRecord{42350520 u0 com.android.launcher/com.android.launcher2.Launcher}
V/ActivityManager( 5535): Removing and adding at 12
V/ActivityManager( 5535): At 10 ckp TaskRecord{42cccc50 #7 A com.android.settings U 0}: ActivityRecord{42e349d8 u0 com.android.settings/.SubSettings}
V/ActivityManager( 5535): At 9 ckp TaskRecord{42cccc50 #7 A com.android.settings U 0}: ActivityRecord{42b97dd0 u0 com.android.settings/.Settings}
V/ActivityManager( 5535): At 8 ckp TaskRecord{42a928e0 #3 A org.jtb.alogcat U 0}: ActivityRecord{42492a40 u0 org.jtb.alogcat/.LogActivity}
V/ActivityManager( 5535): At 7 ckp TaskRecord{4280b148 #21 A en.gaydetectorWLR.main U 0}: ActivityRecord{4295f9a0 u0 en.gaydetectorWLR.main/en.gaydetector.main.GayDetectorActivity}
V/ActivityManager( 5535): At 6 ckp TaskRecord{42e7da28 #17 A com.android.providers.downloads.ui U 0}: ActivityRecord{42a9c308 u0 com.android.providers.downloads.ui/.DownloadList}
V/ActivityManager( 5535): At 5 ckp TaskRecord{42ea59f0 #16 A android.task.browser U 0}: ActivityRecord{428708b8 u0 com.android.browser/.BrowserActivity}
V/ActivityManager( 5535): At 4 ckp TaskRecord{42b678e0 #15 A com.android.gallery3d U 0}: ActivityRecord{425e95e8 u0 com.android.gallery3d/.app.Gallery}
V/ActivityManager( 5535): At 3 ckp TaskRecord{42ae82d8 #12 A com.android.camera U 0}: ActivityRecord{427b48c8 u0 com.android.gallery3d/com.android.camera.CameraLauncher}
V/ActivityManager( 5535): At 2 ckp TaskRecord{43060f90 #13 A com.jrummy.root.browserfree U 0}: ActivityRecord{42e92040 u0 com.jrummy.root.browserfree/com.jrummy.apps.root.browser.activities.RootBrowserActivity}
V/ActivityManager( 5535): At 1 ckp TaskRecord{42925dd8 #11 A com.teamviewer.teamviewer.market.mobile U 0}: ActivityRecord{42a173d8 u0 com.teamviewer.teamviewer.market.mobile/com.teamviewer.remotecontrollib.activity.MainActivity}
V/ActivityManager( 5535): At 0 ckp TaskRecord{42bd6400 #9 A com.acr.shellterminalemulator U 0}: ActivityRecord{42bd6108 u0 com.acr.shellterminalemulator/.Main}
D/PowerManagerService( 5535): acquireWakeLockInternal: lock=1111143720, flags=0x1, tag="ActivityManager-Launch", ws=null, uid=1000, pid=5535
D/PowerManagerService( 5535): updateWakeLockSummaryLocked: mWakefulness=Awake, mWakeLockSummary=0x1
D/PowerManagerService( 5535): newScreenState = 2
D/PowerManagerDisplayController( 5535): requestPowerState: screenState=2, useProximitySensor=false, screenBrightness=255, screenAutoBrightnessAdjustment=0.0, useAutoBrightness=false, useEcoBrightness=false, blockScreenOn=false, waitForNegativeProximity=false
I/PowerManagerService( 5535): setBrightness mButtonLight, screenBrightness=255
D/PowerManagerService( 5535): updateScreenStateLocked: mDisplayReady=true, newScreenState=2, mWakefulness=1, mWakeLockSummary=0x1, mUserActivitySummary=0x5, mBootCompleted=true
D/PowerManagerService( 5535): handleSandman: canDream=true, mWakefulness=Awake
V/ActivityManager( 5535): At 12 ckp TaskRecord{42958ef0 #2 A com.android.launcher U 0}: ActivityRecord{42350520 u0 com.android.launcher/com.android.launcher2.Launcher}
V/ActivityManager( 5535): At 11 ckp TaskRecord{42e6b080 #20 A com.android.systemui U 0}: ActivityRecord{426996f8 u0 com.android.systemui/.recent.RecentsActivity}
V/ActivityManager( 5535): At 10 ckp TaskRecord{42cccc50 #7 A com.android.settings U 0}: ActivityRecord{42e349d8 u0 com.android.settings/.SubSettings}
V/ActivityManager( 5535): Removing and adding at 12
V/ActivityManager( 5535): At 9 ckp TaskRecord{42cccc50 #7 A com.android.settings U 0}: ActivityRecord{42b97dd0 u0 com.android.settings/.Settings}
V/ActivityManager( 5535): Removing and adding at 11
V/ActivityManager( 5535): At 8 ckp TaskRecord{42a928e0 #3 A org.jtb.alogcat U 0}: ActivityRecord{42492a40 u0 org.jtb.alogcat/.LogActivity}
V/ActivityManager( 5535): At 7 ckp TaskRecord{4280b148 #21 A en.gaydetectorWLR.main U 0}: ActivityRecord{4295f9a0 u0 en.gaydetectorWLR.main/en.gaydetector.main.GayDetectorActivity}
V/ActivityManager( 5535): At 6 ckp TaskRecord{42e7da28 #17 A com.android.providers.downloads.ui U 0}: ActivityRecord{42a9c308 u0 com.android.providers.downloads.ui/.DownloadList}
V/ActivityManager( 5535): At 5 ckp TaskRecord{42ea59f0 #16 A android.task.browser U 0}: ActivityRecord{428708b8 u0 com.android.browser/.BrowserActivity}
V/ActivityManager( 5535): At 4 ckp TaskRecord{42b678e0 #15 A com.android.gallery3d U 0}: ActivityRecord{425e95e8 u0 com.android.gallery3d/.app.Gallery}
V/ActivityManager( 5535): At 3 ckp TaskRecord{42ae82d8 #12 A com.android.camera U 0}: ActivityRecord{427b48c8 u0 com.android.gallery3d/com.android.camera.CameraLauncher}
V/ActivityManager( 5535): At 2 ckp TaskRecord{43060f90 #13 A com.jrummy.root.browserfree U 0}: ActivityRecord{42e92040 u0 com.jrummy.root.browserfree/com.jrummy.apps.root.browser.activities.RootBrowserActivity}
V/ActivityManager( 5535): At 1 ckp TaskRecord{42925dd8 #11 A com.teamviewer.teamviewer.market.mobile U 0}: ActivityRecord{42a173d8 u0 com.teamviewer.teamviewer.market.mobile/com.teamviewer.remotecontrollib.activity.MainActivity}
V/ActivityManager( 5535): At 0 ckp TaskRecord{42bd6400 #9 A com.acr.shellterminalemulator U 0}: ActivityRecord{42bd6108 u0 com.acr.shellterminalemulator/.Main}
V/WindowManager( 5535): Changing focus from Window{42a4dce0 u0 com.android.systemui/com.android.systemui.recent.RecentsActivity} to null
I/WindowManager( 5535): Losing focus: Window{42a4dce0 u0 com.android.systemui/com.android.systemui.recent.RecentsActivity}
I/PackageManager( 5535): Start copying apk
I/PackageManager( 5535): Apk copy done
I/PackageManager( 5535): Start copying apk
I/PackageManager( 5535): Apk copy done
I/PackageManager( 5535): Start copying apk
I/PackageManager( 5535): Apk copy done
I/PackageManager( 5535): Start copying apk
I/PackageManager( 5535): Apk copy done
I/PackageManager( 5535): Start copying apk
I/PackageManager( 5535): Apk copy done
I/PackageManager( 5535): Start copying apk
I/PackageManager( 5535): Apk copy done
I/PackageManager( 5535): Start copying apk
I/PackageManager( 5535): Apk copy done
I/PackageManager( 5535): Start copying apk
D/VoldConnector( 5535): SND -> {46 asec fspath com.appsimple.DetectorBilleteFalso2-1}
D/FrameworkListener( 119): dispatchCommand data = (46 asec fspath com.appsimple.DetectorBilleteFalso2-1)
V/WindowManager( 5535): Changing focus from null to Window{427968f0 u0 com.android.settings/com.android.settings.SubSettings}
I/WindowManager( 5535): Gaining focus: Window{427968f0 u0 com.android.settings/com.android.settings.SubSettings}
D/VoldCmdListener( 119): asec fspath com.appsimple.DetectorBilleteFalso2-1
D/SocketClient( 119): SocketClient msg = /mnt/secure/asec/com.appsimple.DetectorBilleteFalso2-1.asec
D/SocketClient( 119): SocketClient sendDatalocked done: 211 46 /mnt/secure/asec/com.appsimple.DetectorBilleteFalso2-1.asec
D/VoldConnector( 5535): RCV <- {211 46 /mnt/secure/asec/com.appsimple.DetectorBilleteFalso2-1.asec}
D/VoldConnector( 5535): RMV <- {211 46 /mnt/secure/asec/com.appsimple.DetectorBilleteFalso2-1.asec}
I/PackageManager( 5535): Apk copy done
I/PackageManager( 5535): Start copying apk
D/VoldConnector( 5535): SND -> {47 asec fspath com.appstar.callrecorderpro-1}
D/FrameworkListener( 119): dispatchCommand data = (47 asec fspath com.appstar.callrecorderpro-1)
D/VoldCmdListener( 119): asec fspath com.appstar.callrecorderpro-1
D/SocketClient( 119): SocketClient msg = /data/app-asec/com.appstar.callrecorderpro-1.asec
D/SocketClient( 119): SocketClient sendDatalocked done: 211 47 /data/app-asec/com.appstar.callrecorderpro-1.asec
D/VoldConnector( 5535): RCV <- {211 47 /data/app-asec/com.appstar.callrecorderpro-1.asec}
D/VoldConnector( 5535): RMV <- {211 47 /data/app-asec/com.appstar.callrecorderpro-1.asec}
I/PackageManager( 5535): Apk copy done
I/PackageManager( 5535): Start copying apk
I/PackageManager( 5535): Apk copy done
I/PackageManager( 5535): Start copying apk
I/PackageManager( 5535): Apk copy done
I/PackageManager( 5535): Start copying apk
I/PackageManager( 5535): Apk copy done
I/PackageManager( 5535): Start copying apk
I/PackageManager( 5535): Apk copy done
I/PackageManager( 5535): Start copying apk
I/PackageManager( 5535): Apk copy done
I/PackageManager( 5535): Start copying apk
I/PackageManager( 5535): Apk copy done
I/PackageManager( 5535): Start copying apk
I/PackageManager( 5535): Apk copy done
I/PackageManager( 5535): Start copying apk
I/PackageManager( 5535): Apk copy done
I/PackageManager( 5535): Start copying apk
I/PackageManager( 5535): Apk copy done
I/PackageManager( 5535): Start copying apk
I/PackageManager( 5535): Apk copy done
I/PackageManager( 5535): Start copying apk
I/PackageManager( 5535): Apk copy done
I/PackageManager( 5535): Start copying apk
I/PackageManager( 5535): Apk copy done
I/PackageManager( 5535): Start copying apk
I/PackageManager( 5535): Apk copy done
I/PackageManager( 5535): Start copying apk
I/PackageManager( 5535): Apk copy done
I/PackageManager( 5535): Start copying apk
V/InputMethodManagerService( 5535): windowGainedFocus: android.os.BinderProxy@42ea7ee8 controlFlags=#105 softInputMode=#110 windowFlags=#1810100
I/PackageManager( 5535): Apk copy done
I/PackageManager( 5535): Start copying apk
I/PackageManager( 5535): Apk copy done
I/PackageManager( 5535): Start copying apk
I/PackageManager( 5535): Apk copy done
I/PackageManager( 5535): Start copying apk
V/ActivityManager( 5535): Activity idle: Token{42b71740 ActivityRecord{42e349d8 u0 com.android.settings/.SubSettings}}
D/PowerManagerService( 5535): releaseWakeLockInternal: lock=1111143720, flags=0x0
D/PowerManagerService( 5535): updateWakeLockSummaryLocked: mWakefulness=Awake, mWakeLockSummary=0x0
D/PowerManagerService( 5535): newScreenState = 2
D/PowerManagerDisplayController( 5535): requestPowerState: screenState=2, useProximitySensor=false, screenBrightness=255, screenAutoBrightnessAdjustment=0.0, useAutoBrightness=false, useEcoBrightness=false, blockScreenOn=false, waitForNegativeProximity=false
I/PackageManager( 5535): Apk copy done
I/PowerManagerService( 5535): setBrightness mButtonLight, screenBrightness=255
D/PowerManagerService( 5535): updateScreenStateLocked: mDisplayReady=true, newScreenState=2, mWakefulness=1, mWakeLockSummary=0x0, mUserActivitySummary=0x5, mBootCompleted=true
D/PowerManagerService( 5535): handleSandman: canDream=true, mWakefulness=Awake
V/ActivityManager( 5535): Stopping ActivityRecord{426996f8 u0 com.android.systemui/.recent.RecentsActivity}: nowVisible=false waitingVisible=true finishing=false
I/PackageManager( 5535): Start copying apk
D/ActivityManager( 5535): ACT-IDLE_NOW_MSG from windowsVisible() for idle: ActivityRecord{42e349d8 u0 com.android.settings/.SubSettings}
V/ActivityManager( 5535): Activity idle: null
V/ActivityManager( 5535): Stopping ActivityRecord{426996f8 u0 com.android.systemui/.recent.RecentsActivity}: nowVisible=true waitingVisible=false finishing=false
V/ActivityManager( 5535): Ready to stop: ActivityRecord{426996f8 u0 com.android.systemui/.recent.RecentsActivity}
I/PackageManager( 5535): Apk copy done
I/PackageManager( 5535): Start copying apk
I/PackageManager( 5535): Apk copy done
I/PackageManager( 5535): Start copying apk
I/PackageManager( 5535): Apk copy done
I/PackageManager( 5535): Start copying apk
I/PackageManager( 5535): Apk copy done
I/PackageManager( 5535): Start copying apk
V/ActivityManager( 5535): Activity stopped: token=Token{42a7c0d8 ActivityRecord{426996f8 u0 com.android.systemui/.recent.RecentsActivity}}
I/PackageManager( 5535): Apk copy done
I/PackageManager( 5535): Start copying apk
