D/PowerManagerDisplayController( 5535): requestPowerState: screenState=2, useProximitySensor=false, screenBrightness=255, screenAutoBrightnessAdjustment=0.0, useAutoBrightness=false, useEcoBrightness=false, blockScreenOn=false, waitForNegativeProximity=false
I/PowerManagerService( 5535): setBrightness mButtonLight, screenBrightness=255
D/PowerManagerService( 5535): updateScreenStateLocked: mDisplayReady=true, newScreenState=2, mWakefulness=1, mWakeLockSummary=0x1, mUserActivitySummary=0x5, mBootCompleted=true
D/PowerManagerService( 5535): handleSandman: canDream=true, mWakefulness=Awake
I/ActivityManager( 5535): Process com.google.android.googlequicksearchbox:search (pid 25717) has died.
V/WindowManager( 5535): Changing focus from Window{430e4920 u0 PopupWindow:4375ddd8 EXITING} to Window{427d8240 u0 com.android.deskclock/com.android.deskclock.DeskClock}
I/WindowManager( 5535): Gaining focus: Window{427d8240 u0 com.android.deskclock/com.android.deskclock.DeskClock}
I/WindowManager( 5535): Losing focus: Window{430e4920 u0 PopupWindow:4375ddd8 EXITING}
V/ActivityManager( 5535): Broadcast: Intent { act=notif_in_use_show flg=0x10 } ordered=false userid=0
V/ActivityManager( 5535): ACT-Launching: ActivityRecord{426a6c80 u0 com.android.deskclock/.SettingsActivity}
V/WindowManager( 5535): Changing focus from Window{427d8240 u0 com.android.deskclock/com.android.deskclock.DeskClock} to null
I/WindowManager( 5535): Losing focus: Window{427d8240 u0 com.android.deskclock/com.android.deskclock.DeskClock}
V/InputMethodManagerService( 5535): windowGainedFocus: android.os.BinderProxy@42fbce80 controlFlags=#1 softInputMode=#10 windowFlags=#1810100
W/WindowManager( 5535): No new IME target
W/InputMethodManagerService( 5535): Focus gain on non-focused client com.android.internal.view.IInputMethodClient$Stub$Proxy@42536210 (uid=10019 pid=25747)
V/WindowManager( 5535): Changing focus from null to Window{42b926e8 u0 com.android.deskclock/com.android.deskclock.SettingsActivity}
I/WindowManager( 5535): Gaining focus: Window{42b926e8 u0 com.android.deskclock/com.android.deskclock.SettingsActivity}
V/ActivityManager( 5535): Broadcast sticky: Intent { act=android.intent.action.SIG_STR flg=0x10 (has extras) } ordered=false userid=-1
V/InputMethodManagerService( 5535): windowGainedFocus: android.os.BinderProxy@42fbce80 controlFlags=#105 softInputMode=#110 windowFlags=#1810100 --------- beginning of /dev/log/main
D/SignalClusterViewGemini( 5719): apply, mMobileVisible=true mMobileActivityId=0 mMobileTypeId=2130837873 mMobileStrengthId[0] = 2130837955 mMobileStrengthId[1] = 0
D/TelephonyManager( 5892): getDefaultSim is sim1
D/SignalClusterViewGemini( 5719): isSimInserted(0), SimInserted=true
D/SignalClusterViewGemini( 5719): mDataNetType =Type_3G resId= 0 simColorId = 0
D/SignalClusterViewGemini( 5719): apply, mMobileVisibleGemini=true mMobileActivityIdGemini=0 mMobileTypeIdGemini=0 mMobileStrengthIdGemini[0] = 2130837938 mMobileStrengthIdGemini[1] = 0
D/SignalClusterViewGemini( 5719): isSimInserted(1), SimInserted=true
D/SignalClusterViewGemini( 5719): apply, mMobileVisible=true, mWifiVisible=true, mIsAirplaneMode=false
W/ResourceType( 5719): No package identifier when getting value for resource number 0x00000000
D/SignalClusterViewGemini( 5719): isSimInserted(0), SimInserted=true
D/SignalClusterViewGemini( 5719): isSimInserted(1), SimInserted=true
D/NetworkControllerGemini( 5719): PhoneStateListener:onSignalStrengthsChanged, sim1 after.
V/InputMethodManager(25747): Starting input: Bind result=InputBindResult{com.android.internal.view.IInputMethodSession$Stub$Proxy@43828f10 org.pocketworkstation.pckeyboard/.LatinIME #340}
I/HK/LatinKeyboardBaseView( 5797): closing org.pocketworkstation.pckeyboard.LatinKeyboardView{423283b8 V.ED.... ......ID 0,0-1080,480 #1020026 android:id/keyboardView}
V/ActivityManager( 5535): Stopping ActivityRecord{43a2b068 u0 com.android.deskclock/.DeskClock}: nowVisible=true waitingVisible=true finishing=false
I/BufferQueue( 133): [com.android.deskclock/com.android.deskclock.SettingsActivity](this:0x43520a58,api:1) new GraphicBuffer needed
D/BufferQueue( 133): [OLD] gb:NULL
I/GraphicBuffer( 133): allocate buffer (w:1088 h:1920 f:5) err(0)
I/BufferQueue( 133): [NEW] gb=0x4351dc80, handle=0x4351cfa8, w=1080, h=1920, s=1088, fmt=5
I/SurfaceTexture( 133): [com.android.deskclock/com.android.deskclock.SettingsActivity](this:0x43524948,api:1) [void* android::SurfaceTexture::createImage(EGLDisplay, const android::sp&)]
D/SurfaceTexture( 133): GraphicBuffer: gb=0x43524c38 handle=0x43240c80
D/SurfaceTexture( 133): EGLImage: dpy=0x1, img=0x435203e8
D/OpenGLRenderer(25747): Flushing caches (mode 0)
D/BufferQueue( 133): [com.android.deskclock/com.android.deskclock.DeskClock](this:0x43523f10,api:1) cancelBuffer: slot=3
I/BufferQueue( 133): [com.android.deskclock/com.android.deskclock.DeskClock](this:0x43523f10,api:1) disconnect: api=1
I/SurfaceTexture( 133): [com.android.deskclock/com.android.deskclock.DeskClock] [virtual android::status_t android::SurfaceTexture::forceAuxConversionLocked()] mCurrentTexture:2, mCurrentBuf:0x4351f580
I/BufferQueue( 133): [com.android.deskclock/com.android.deskclock.DeskClock](this:0x43523f10,api:0) getReleasedBuffers: returning mask 0xffffffff
I/SurfaceTexture( 133): [com.android.deskclock/com.android.deskclock.DeskClock](this:0x43525960,api:0) destroying EGLImage dpy=0x1 img=0x43521490
I/SurfaceTexture( 133): [com.android.deskclock/com.android.deskclock.DeskClock](this:0x43525960,api:0) destroying EGLImage dpy=0x1 img=0x43240208
I/SurfaceTexture( 133): [com.android.deskclock/com.android.deskclock.DeskClock](this:0x43525960,api:0) destroying EGLImage dpy=0x1 img=0x4351f2d8
I/SurfaceTexture( 133): [com.android.deskclock/com.android.deskclock.DeskClock](this:0x43525960,api:0) destroying EGLImage dpy=0x1 img=0x43522480
V/ActivityManager( 5535): Activity idle: Token{43036e80 ActivityRecord{426a6c80 u0 com.android.deskclock/.SettingsActivity}}
I/libPerfService( 5535): 1: set: 1
D/PowerManagerService( 5535): releaseWakeLockInternal: lock=1111143720, flags=0x0
D/PowerManagerService( 5535): updateWakeLockSummaryLocked: mWakefulness=Awake, mWakeLockSummary=0x0
D/PowerManagerService( 5535): newScreenState = 2
D/PowerManagerDisplayController( 5535): requestPowerState: screenState=2, useProximitySensor=false, screenBrightness=255, screenAutoBrightnessAdjustment=0.0, useAutoBrightness=false, useEcoBrightness=false, blockScreenOn=false, waitForNegativeProximity=false
I/BufferQueue( 133): [com.android.deskclock/com.android.deskclock.DeskClock](this:0x43523f10,api:0) consumerDisconnect
I/BufferQueue( 133): [com.android.deskclock/com.android.deskclock.DeskClock](this:0x43523f10,api:0) ~BufferQueue
I/PowerManagerService( 5535): setBrightness mButtonLight, screenBrightness=255
D/PowerManagerService( 5535): updateScreenStateLocked: mDisplayReady=true, newScreenState=2, mWakefulness=1, mWakeLockSummary=0x0, mUserActivitySummary=0x5, mBootCompleted=true
D/PowerManagerService( 5535): handleSandman: canDream=true, mWakefulness=Awake
V/ActivityManager( 5535): Stopping ActivityRecord{43a2b068 u0 com.android.deskclock/.DeskClock}: nowVisible=true waitingVisible=false finishing=false
V/ActivityManager( 5535): Ready to stop: ActivityRecord{43a2b068 u0 com.android.deskclock/.DeskClock}
V/ActivityManager( 5535): Activity stopped: token=Token{43a2b1a8 ActivityRecord{43a2b068 u0 com.android.deskclock/.DeskClock}}
D/NetworkControllerGemini( 5719): refreshViews(0), DataConnected=false simColorId = 0
D/NetworkControllerGemini( 5719): refreshViews(0), set parameters to signal cluster view.
D/NetworkControllerGemini( 5719): refreshViews(0), tempPhoneSignalIconId.0 = 2130837955 tempPhoneSignalIconId.1 = 0 tempMobileActivityIconId= 0 tempDataTypeIconId= 2130837873
D/SignalClusterViewGemini( 5719): setMobileDataIndicators(0), visible=true, strengthIcon[0] ~ [1] 2130837955 ~ 0
D/SignalClusterViewGemini( 5719): isSimInserted(0), SimInserted=true
D/SignalClusterViewGemini( 5719): isSimInserted(1), SimInserted=true
D/NetworkControllerGemini( 5719): refreshViews(0), tempPhoneSignalIconId.0 = 2130837955 tempPhoneSignalIconId.1 = 0 tempMobileActivityIconId= 0 tempDataTypeIconId= 2130837873
D/SignalClusterViewGemini( 5719): setShowSimIndicator(0), showSimIndicator=false simIndicatorResource = 0
D/SignalClusterViewGemini( 5719): setDataConnected(0), dataConnected=false
D/SignalClusterViewGemini( 5719): setDataNetType3G(0), dataNetType=Type_3G
D/SignalClusterViewGemini( 5719): apply : mShowSimIndicator = false mSimIndicatorResource = 0 mShowSimIndicatorGemini = false mSimIndicatorResourceGemini = 0
D/SignalClusterViewGemini( 5719): apply, mMobileVisible=true mMobileActivityId=0 mMobileTypeId=2130837873 mMobileStrengthId[0] = 2130837955 mMobileStrengthId[1] = 0
D/SignalClusterViewGemini( 5719): isSimInserted(0), SimInserted=true
D/SignalClusterViewGemini( 5719): mDataNetType =Type_3G resId= 0 simColorId = 0
D/SignalClusterViewGemini( 5719): apply, mMobileVisibleGemini=true mMobileActivityIdGemini=0 mMobileTypeIdGemini=0 mMobileStrengthIdGemini[0] = 2130837938 mMobileStrengthIdGemini[1] = 0
D/SignalClusterViewGemini( 5719): isSimInserted(1), SimInserted=true
D/SignalClusterViewGemini( 5719): apply, mMobileVisible=true, mWifiVisible=true, mIsAirplaneMode=false
W/ResourceType( 5719): No package identifier when getting value for resource number 0x00000000
W/ResourceType( 5719): No package identifier when getting value for resource number 0x00000000
D/SignalClusterViewGemini( 5719): isSimInserted(0), SimInserted=true
D/SignalClusterViewGemini( 5719): isSimInserted(1), SimInserted=true
D/NetworkControllerGemini( 5719): refreshViews(1), DataConnected=false simColorId = 2
D/SignalClusterViewGemini( 5719): setShowSimIndicator(1), showSimIndicator=false simIndicatorResource = 0
D/SignalClusterViewGemini( 5719): setDataConnected(1), dataConnected=false
D/SignalClusterViewGemini( 5719): setDataNetType3G(1), dataNetType=Type_G
D/SignalClusterViewGemini( 5719): apply : mShowSimIndicator = false mSimIndicatorResource = 0 mShowSimIndicatorGemini = false mSimIndicatorResourceGemini = 0
D/SignalClusterViewGemini( 5719): apply, mMobileVisible=true mMobileActivityId=0 mMobileTypeId=2130837873 mMobileStrengthId[0] = 2130837955 mMobileStrengthId[1] = 0
D/SignalClusterViewGemini( 5719): isSimInserted(0), SimInserted=true
D/SignalClusterViewGemini( 5719): mDataNetType =Type_3G resId= 0 simColorId = 0
D/SignalClusterViewGemini( 5719): apply, mMobileVisibleGemini=true mMobileActivityIdGemini=0 mMobileTypeIdGemini=0 mMobileStrengthIdGemini[0] = 2130837938 mMobileStrengthIdGemini[1] = 0
D/SignalClusterViewGemini( 5719): isSimInserted(1), SimInserted=true
D/SignalClusterViewGemini( 5719): apply, mMobileVisible=true, mWifiVisible=true, mIsAirplaneMode=false
W/ResourceType( 5719): No package identifier when getting value for resource number 0x00000000
W/ResourceType( 5719): No package identifier when getting value for resource number 0x00000000
D/SignalClusterViewGemini( 5719): isSimInserted(0), SimInserted=true
D/SignalClusterViewGemini( 5719): isSimInserted(1), SimInserted=true
I/SurfaceFlinger( 133): [SurfaceFlinger] fps:10.873503,dur:1011.63,max:443.81,min:14.00
D/dalvikvm( 5719): GC_CONCURRENT freed 19172K (90530), 46% free 31069K/56856K, paused 5ms+6ms, total 58ms
I/SurfaceTextureClient( 5719): [STC::queueBuffer] (this:0x5dd8ce08) fps:3.87, dur:1033.78, max:496.10, min:19.81
I/BufferQueue( 133): [StatusBar](this:0x43515e58,api:1) [queue] fps:3.87, dur:1033.69, max:496.06, min:19.69
I/BufferQueue( 133): [StatusBar](this:0x43515e58,api:1) [release] fps:3.89, dur:1029.32, max:497.59, min:17.14
D/PowerManagerService( 5535): handleUserActivityTimeout
D/PowerManagerService( 5535): updateUserActivitySummaryLocked: mWakefulness=Awake, mUserActivitySummary=0x1, nextTimeout=10831409 (in 22668 ms)
D/PowerManagerService( 5535): newScreenState = 2
D/PowerManagerDisplayController( 5535): requestPowerState: screenState=2, useProximitySensor=false, screenBrightness=255, screenAutoBrightnessAdjustment=0.0, useAutoBrightness=false, useEcoBrightness=false, blockScreenOn=false, waitForNegativeProximity=false
D/LightsService( 5535): setLight_native: light=2, colorARGB=0x0, flashMode=0, onMS=0, offMS=0, brightnessMode=0
D/lights ( 5535): write_int open fd=307
I/PowerManagerService( 5535): setBrightness mButtonLight 0.
D/PowerManagerService( 5535): updateScreenStateLocked: mDisplayReady=true, newScreenState=2, mWakefulness=1, mWakeLockSummary=0x0, mUserActivitySummary=0x1, mBootCompleted=true
D/PowerManagerService( 5535): handleSandman: canDream=true, mWakefulness=Awake
V/Provider/Settings( 5783): from settings cache , name = pdp_watchdog_poll_interval_ms , value = null
D/StateMachine( 5535): handleMessage: E msg.what=131155
D/StateMachine( 5535): processMsg: ConnectedState
D/WifiStateMachine( 5535): ConnectedState{ what=131155 when=-4ms arg1=30 target=Handler (com.android.internal.util.StateMachine$SmHandler) {4277a800} }
D/StateMachine( 5535): processMsg: L2ConnectedState
D/WifiStateMachine( 5535): L2ConnectedState{ what=131155 when=-4ms arg1=30 target=Handler (com.android.internal.util.StateMachine$SmHandler) {4277a800} }
D/WifiNative-wlan0( 5535): doString: SIGNAL_POLL
D/WifiCommon( 5535): [wlan0] SET "SIGNAL_POLL"
D/wpa_supplicant( 5621): RX ctrl_iface - hexdump(len=11): 53 49 47 4e 41 4c 5f 50 4f 4c 4c
D/wpa_supplicant( 5621): wlan0: Control interface command 'SIGNAL_POLL'
D/wpa_supplicant( 5621): nl80211: survey data missing!
I/WifiStateMachine( 5535): fetchRssiAndLinkSpeedNative, newRssi:-76, newLinkSpeed:39
D/StateMachine( 5535): handleMessage: X
I/SurfaceTextureClient(25747): [STC::queueBuffer] (this:0x5ee06118) fps:1.86, dur:1076.96, max:1006.54, min:70.42
I/BufferQueue( 133): [com.android.deskclock/com.android.deskclock.SettingsActivity](this:0x43520a58,api:1) [queue] fps:1.86, dur:1077.12, max:1006.72, min:70.40
I/BufferQueue( 133): [com.android.deskclock/com.android.deskclock.SettingsActivity](this:0x43520a58,api:1) new GraphicBuffer needed
D/BufferQueue( 133): [OLD] gb:NULL
I/SurfaceTexture( 133): [com.android.deskclock/com.android.deskclock.SettingsActivity](this:0x43524948,api:1) [void* android::SurfaceTexture::createImage(EGLDisplay, const android::sp&)]
D/SurfaceTexture( 133): GraphicBuffer: gb=0x4351dc80 handle=0x4351cfa8
D/SurfaceTexture( 133): EGLImage: dpy=0x1, img=0x43521db0
I/BufferQueue( 133): [com.android.deskclock/com.android.deskclock.SettingsActivity](this:0x43520a58,api:1) [release] fps:0.98, dur:1018.93, max:1018.93, min:1018.93
I/GraphicBuffer( 133): allocate buffer (w:1088 h:1920 f:5) err(0)
I/BufferQueue( 133): [NEW] gb=0x4351f580, handle=0x4351de60, w=1080, h=1920, s=1088, fmt=5
I/SurfaceTexture( 133): [com.android.deskclock/com.android.deskclock.SettingsActivity](this:0x43524948,api:1) [void* android::SurfaceTexture::createImage(EGLDisplay, const android::sp&)]
D/SurfaceTexture( 133): GraphicBuffer: gb=0x4351f580 handle=0x4351de60
D/SurfaceTexture( 133): EGLImage: dpy=0x1, img=0x4351f2d8
D/InputReader( 5535): AP_PROF:AppLaunch_dispatchPtr:Down:10809441
I/AP_PROF ( 5535): unable to open /proc/mtprof/status entry
D/PowerManagerService( 5535): userActivityFromNative
D/PowerManagerService( 5535): userActivityNoUpdateLocked: eventTime=10809441, event=2, flags=0x0, uid=1000
D/PowerManagerNotifier( 5535): onUserActivity: event=2, uid=1000
D/PowerManagerService( 5535): updateUserActivitySummaryLocked: mWakefulness=Awake, mUserActivitySummary=0x1, nextTimeout=10833441 (in 23999 ms)
D/PowerManagerService( 5535): newScreenState = 2
D/PowerManagerDisplayController( 5535): requestPowerState: screenState=2, useProximitySensor=false, screenBrightness=255, screenAutoBrightnessAdjustment=0.0, useAutoBrightness=false, useEcoBrightness=false, blockScreenOn=false, waitForNegativeProximity=false
I/PowerManagerService( 5535): setBrightness mButtonLight 0.
D/PowerManagerService( 5535): updateScreenStateLocked: mDisplayReady=true, newScreenState=2, mWakefulness=1, mWakeLockSummary=0x0, mUserActivitySummary=0x1, mBootCompleted=true
D/PowerManagerService( 5535): handleSandman: canDream=true, mWakefulness=Awake
D/VelocityTracker(25747): VelocityTracker: int datax = 10
D/VelocityTracker(25747): VelocityTracker: int m_velocity_magnify_x = 1.000000
D/VelocityTracker(25747): VelocityTracker: int datay = 10
D/VelocityTracker(25747): VelocityTracker: int m_velocity_magnify_y = 1.000000
D/InputReader( 5535): AP_PROF:AppLaunch_dispatchPtr:Up:10809496
D/AbsListView(25747): Touch up out of list: mTouchMode = 0,pressed = false
I/SurfaceFlinger( 133): [SurfaceFlinger] fps:15.768315,dur:1014.69,max:514.10,min:11.77
V/Provider/Settings( 5783): from settings cache , name = pdp_watchdog_poll_interval_ms , value = null
D/InputReader( 5535): AP_PROF:AppLaunch_dispatchPtr:Down:10809898
I/AP_PROF ( 5535): unable to open /proc/mtprof/status entry
D/InputReader( 5535): AP_PROF:AppLaunch_dispatchPtr:Up:10809926
V/Provider/Settings(25747): from settings cache , name = sound_effects_enabled , value = 0
D/AbsListView(25747): checkAbsListViewlLogProperty get invalid command
D/skia (25747): Flag is not 10
D/skia (25747): Flag is not 10
D/skia (25747): Flag is not 10
V/WindowManager( 5535): Changing focus from Window{42b926e8 u0 com.android.deskclock/com.android.deskclock.SettingsActivity} to Window{430e9ef8 u0 com.android.deskclock/com.android.deskclock.SettingsActivity}
I/WindowManager( 5535): Gaining focus: Window{430e9ef8 u0 com.android.deskclock/com.android.deskclock.SettingsActivity}
I/SurfaceTextureClient(25747): [STC::queueBuffer] (this:0x5ee06118) fps:14.84, dur:1078.37, max:433.88, min:4.90
I/BufferQueue( 133): [com.android.deskclock/com.android.deskclock.SettingsActivity](this:0x43520a58,api:1) [queue] fps:14.84, dur:1078.35, max:434.06, min:4.88
I/BufferQueue( 133): [com.android.deskclock/com.android.deskclock.SettingsActivity](this:0x43520a58,api:1) [release] fps:15.17, dur:1054.74, max:446.08, min:17.04
D/skia (25747): Flag is not 10
D/skia (25747): Flag is not 10
D/skia (25747): Flag is not 10
D/skia (25747): Flag is not 10
D/skia (25747): Flag is not 10
D/skia (25747): Flag is not 10
D/skia (25747): Flag is not 10
D/skia (25747): Flag is not 10
D/skia (25747): Flag is not 10
D/skia (25747): Flag is not 10
I/BufferQueue( 133): [unnamed-133-715](this:0x43523f10,api:0) BufferQueue
I/BufferQueue( 133): [unnamed-133-715](this:0x43523f10,api:0) consumerConnect
I/BufferQueue( 133): [unnamed-133-715](this:0x43523f10,api:0) setConsumerName: unnamed-133-715
I/SurfaceTexture( 133): [unnamed-133-715](this:0x43525960,api:0) SurfaceTexture
I/BufferQueue( 133): [unnamed-133-715](this:0x43523f10,api:0) setSynchronousMode: enabled=1
I/BufferQueue( 133): [unnamed-133-715](this:0x43523f10,api:0) setDefaultBufferSize: w=1, h=1
I/BufferQueue( 133): [com.android.deskclock/com.android.deskclock.SettingsActivity](this:0x43523f10,api:0) setConsumerName: com.android.deskclock/com.android.deskclock.SettingsActivity
I/BufferQueue( 133): [com.android.deskclock/com.android.deskclock.SettingsActivity](this:0x43523f10,api:0) setDefaultBufferSize: w=1026, h=684
I/BufferQueue( 133): [com.android.deskclock/com.android.deskclock.SettingsActivity](this:0x43523f10,api:0) connect: api=1
I/BufferQueue( 133): [com.android.deskclock/com.android.deskclock.SettingsActivity](this:0x43523f10,api:1) setSynchronousMode: enabled=1
I/BufferQueue( 133): [com.android.deskclock/com.android.deskclock.SettingsActivity](this:0x43523f10,api:1) setSynchronousMode: enabled=1
I/BufferQueue( 133): [com.android.deskclock/com.android.deskclock.SettingsActivity](this:0x43523f10,api:1) new GraphicBuffer needed
D/BufferQueue( 133): [OLD] gb:NULL
I/GraphicBuffer( 133): allocate buffer (w:1056 h:684 f:5) err(0)
I/BufferQueue( 133): [NEW] gb=0x4323d6c8, handle=0x4324e5a0, w=1026, h=684, s=1056, fmt=5
V/InputMethodManager(25747): Not IME target window, ignoring
I/BufferQueue( 133): [com.android.deskclock/com.android.deskclock.SettingsActivity](this:0x43523f10,api:1) new GraphicBuffer needed
D/BufferQueue( 133): [OLD] gb:NULL
I/GraphicBuffer( 133): allocate buffer (w:1056 h:684 f:5) err(0)
I/SurfaceTexture( 133): [com.android.deskclock/com.android.deskclock.SettingsActivity](this:0x43525960,api:1) [void* android::SurfaceTexture::createImage(EGLDisplay, const android::sp&)]
D/SurfaceTexture( 133): GraphicBuffer: gb=0x4323d6c8 handle=0x4324e5a0
I/BufferQueue( 133): [NEW] gb=0x43255328, handle=0x43254ad8, w=1026, h=684, s=1056, fmt=5
D/SurfaceTexture( 133): EGLImage: dpy=0x1, img=0x43522480
V/InputMethodManager(25747): focusOut: android.widget.ListView{438d3510 VFED.VC. .F...... 0,0-1080,1701 #102000a android:id/list} mServedView=android.widget.ListView{438d3510 VFED.VC. .F...... 0,0-1080,1701 #102000a android:id/list} winFocus=false
I/BufferQueue( 133): [com.android.deskclock/com.android.deskclock.SettingsActivity](this:0x43523f10,api:1) new GraphicBuffer needed
D/BufferQueue( 133): [OLD] gb:NULL
I/GraphicBuffer( 133): allocate buffer (w:1056 h:684 f:5) err(0)
I/BufferQueue( 133): [NEW] gb=0x43525178, handle=0x4324e7e8, w=1026, h=684, s=1056, fmt=5
I/SurfaceTexture( 133): [com.android.deskclock/com.android.deskclock.SettingsActivity](this:0x43525960,api:1) [void* android::SurfaceTexture::createImage(EGLDisplay, const android::sp&)]
D/SurfaceTexture( 133): GraphicBuffer: gb=0x43255328 handle=0x43254ad8
D/SurfaceTexture( 133): EGLImage: dpy=0x1, img=0x43521f18
I/SurfaceTextureClient( 133): [STC::queueBuffer] (this:0x42ee4978) fps:0.44, dur:20549.01, max:20410.66, min:17.02
I/SurfaceTextureClient( 133): [STC::queueBuffer] this:0x42ee4978, api:1, last queue time elapsed:20410.66
I/BufferQueue( 133): [FramebufferSurface](this:0x42ee7008,api:1) [release] fps:0.44, dur:20549.02, max:20410.70, min:16.99
I/BufferQueue( 133): [FramebufferSurface](this:0x42ee7008,api:1) [queue] fps:0.44, dur:20549.03, max:20410.72, min:16.96
D/Settings/BW(24502): ReadCodeTask:file size: 4096
D/NetworkControllerGemini( 5719): refreshViews(0), DataConnected=false simColorId = 0
D/NetworkControllerGemini( 5719): refreshViews(0), set parameters to signal cluster view.
D/NetworkControllerGemini( 5719): refreshViews(0), tempPhoneSignalIconId.0 = 2130837955 tempPhoneSignalIconId.1 = 0 tempMobileActivityIconId= 0 tempDataTypeIconId= 2130837873
D/SignalClusterViewGemini( 5719): setMobileDataIndicators(0), visible=true, strengthIcon[0] ~ [1] 2130837955 ~ 0
D/SignalClusterViewGemini( 5719): isSimInserted(0), SimInserted=true
D/SignalClusterViewGemini( 5719): isSimInserted(1), SimInserted=true
D/NetworkControllerGemini( 5719): refreshViews(0), tempPhoneSignalIconId.0 = 2130837955 tempPhoneSignalIconId.1 = 0 tempMobileActivityIconId= 0 tempDataTypeIconId= 2130837873
D/SignalClusterViewGemini( 5719): setShowSimIndicator(0), showSimIndicator=false simIndicatorResource = 0
D/SignalClusterViewGemini( 5719): setDataConnected(0), dataConnected=false
D/SignalClusterViewGemini( 5719): setDataNetType3G(0), dataNetType=Type_3G
D/skia ( 5719): Flag is not 10
D/skia ( 5719): Flag is not 10
D/SignalClusterViewGemini( 5719): apply : mShowSimIndicator = false mSimIndicatorResource = 0 mShowSimIndicatorGemini = false mSimIndicatorResourceGemini = 0
D/skia ( 5719): Flag is not 10
D/SignalClusterViewGemini( 5719): apply, mMobileVisible=true mMobileActivityId=0 mMobileTypeId=2130837873 mMobileStrengthId[0] = 2130837955 mMobileStrengthId[1] = 0
D/skia ( 5719): Flag is not 10
D/SignalClusterViewGemini( 5719): isSimInserted(0), SimInserted=true
D/SignalClusterViewGemini( 5719): mDataNetType =Type_3G resId= 0 simColorId = 0
D/SignalClusterViewGemini( 5719): apply, mMobileVisibleGemini=true mMobileActivityIdGemini=0 mMobileTypeIdGemini=0 mMobileStrengthIdGemini[0] = 2130837938 mMobileStrengthIdGemini[1] = 0
D/SignalClusterViewGemini( 5719): isSimInserted(1), SimInserted=true
D/SignalClusterViewGemini( 5719): apply, mMobileVisible=true, mWifiVisible=true, mIsAirplaneMode=false
W/ResourceType( 5719): No package identifier when getting value for resource number 0x00000000
D/SignalClusterViewGemini( 5719): isSimInserted(0), SimInserted=true
D/SignalClusterViewGemini( 5719): isSimInserted(1), SimInserted=true
D/NetworkControllerGemini( 5719): refreshViews(1), DataConnected=false simColorId = 2
D/SignalClusterViewGemini( 5719): setShowSimIndicator(1), showSimIndicator=false simIndicatorResource = 0
D/SignalClusterViewGemini( 5719): setDataConnected(1), dataConnected=false
D/SignalClusterViewGemini( 5719): setDataNetType3G(1), dataNetType=Type_G
D/SignalClusterViewGemini( 5719): apply : mShowSimIndicator = false mSimIndicatorResource = 0 mShowSimIndicatorGemini = false mSimIndicatorResourceGemini = 0
D/SignalClusterViewGemini( 5719): apply, mMobileVisible=true mMobileActivityId=0 mMobileTypeId=2130837873 mMobileStrengthId[0] = 2130837955 mMobileStrengthId[1] = 0
D/SignalClusterViewGemini( 5719): isSimInserted(0), SimInserted=true
D/SignalClusterViewGemini( 5719): mDataNetType =Type_3G resId= 0 simColorId = 0
D/SignalClusterViewGemini( 5719): apply, mMobileVisibleGemini=true mMobileActivityIdGemini=0 mMobileTypeIdGemini=0 mMobileStrengthIdGemini[0] = 2130837938 mMobileStrengthIdGemini[1] = 0
D/SignalClusterViewGemini( 5719): isSimInserted(1), SimInserted=true
D/SignalClusterViewGemini( 5719): apply, mMobileVisible=true, mWifiVisible=true, mIsAirplaneMode=false
W/ResourceType( 5719): No package identifier when getting value for resource number 0x00000000
D/SignalClusterViewGemini( 5719): isSimInserted(0), SimInserted=true
D/SignalClusterViewGemini( 5719): isSimInserted(1), SimInserted=true
I/SurfaceTextureClient( 5719): [STC::queueBuffer] (this:0x5dd8ce08) fps:1.02, dur:1968.03, max:985.06, min:982.97
I/BufferQueue( 133): [StatusBar](this:0x43515e58,api:1) [queue] fps:1.02, dur:1968.02, max:984.98, min:983.05
I/BufferQueue( 133): [StatusBar](this:0x43515e58,api:1) [release] fps:1.01, dur:1973.40, max:994.70, min:978.71
I/SurfaceFlinger( 133): [SurfaceFlinger] fps:9.770345,dur:1023.51,max:444.55,min:17.16
V/Provider/Settings( 5783): from settings cache , name = pdp_watchdog_poll_interval_ms , value = null
I/SurfaceTextureClient(25747): [STC::queueBuffer] (this:0x5e55c480) fps:1.75, dur:1142.63, max:1114.62, min:28.00
I/BufferQueue( 133): [com.android.deskclock/com.android.deskclock.SettingsActivity](this:0x43523f10,api:1) [queue] fps:1.75, dur:1142.93, max:1114.94, min:27.99
I/BufferQueue( 133): [com.android.deskclock/com.android.deskclock.SettingsActivity](this:0x43523f10,api:1) new GraphicBuffer needed
D/BufferQueue( 133): [OLD] gb:NULL
I/GraphicBuffer( 133): allocate buffer (w:1056 h:684 f:5) err(0)
I/BufferQueue( 133): [NEW] gb=0x4351ef20, handle=0x43244680, w=1026, h=684, s=1056, fmt=5
I/SurfaceTexture( 133): [com.android.deskclock/com.android.deskclock.SettingsActivity](this:0x43525960,api:1) [void* android::SurfaceTexture::createImage(EGLDisplay, const android::sp&)]
D/SurfaceTexture( 133): GraphicBuffer: gb=0x43525178 handle=0x4324e7e8
D/SurfaceTexture( 133): EGLImage: dpy=0x1, img=0x435226f0
I/BufferQueue( 133): [com.android.deskclock/com.android.deskclock.SettingsActivity](this:0x43523f10,api:1) [release] fps:0.90, dur:1115.42, max:1115.42, min:1115.42
I/SurfaceTextureClient( 133): [STC::queueBuffer] (this:0x42ee4978) fps:2.85, dur:1053.30, max:777.11, min:30.37
I/BufferQueue( 133): [FramebufferSurface](this:0x42ee7008,api:1) [release] fps:2.85, dur:1053.32, max:777.18, min:30.38
I/BufferQueue( 133): [FramebufferSurface](this:0x42ee7008,api:1) [queue] fps:2.85, dur:1053.36, max:777.23, min:30.39
I/SurfaceTexture( 133): [com.android.deskclock/com.android.deskclock.SettingsActivity](this:0x43525960,api:1) [void* android::SurfaceTexture::createImage(EGLDisplay, const android::sp&)]
D/SurfaceTexture( 133): GraphicBuffer: gb=0x4351ef20 handle=0x43244680
D/SurfaceTexture( 133): EGLImage: dpy=0x1, img=0x43521490
D/InputReader( 5535): AP_PROF:AppLaunch_dispatchPtr:Down:10811459
I/AP_PROF ( 5535): unable to open /proc/mtprof/status entry
D/PowerManagerService( 5535): userActivityFromNative
D/PowerManagerService( 5535): userActivityNoUpdateLocked: eventTime=10811459, event=2, flags=0x0, uid=1000
D/PowerManagerNotifier( 5535): onUserActivity: event=2, uid=1000
D/PowerManagerService( 5535): updateUserActivitySummaryLocked: mWakefulness=Awake, mUserActivitySummary=0x1, nextTimeout=10835459 (in 23999 ms)
D/PowerManagerService( 5535): newScreenState = 2
D/PowerManagerDisplayController( 5535): requestPowerState: screenState=2, useProximitySensor=false, screenBrightness=255, screenAutoBrightnessAdjustment=0.0, useAutoBrightness=false, useEcoBrightness=false, blockScreenOn=false, waitForNegativeProximity=false
I/PowerManagerService( 5535): setBrightness mButtonLight 0.
D/PowerManagerService( 5535): updateScreenStateLocked: mDisplayReady=true, newScreenState=2, mWakefulness=1, mWakeLockSummary=0x0, mUserActivitySummary=0x1, mBootCompleted=true
D/PowerManagerService( 5535): handleSandman: canDream=true, mWakefulness=Awake
D/NetworkControllerGemini( 5719): refreshViews(0), DataConnected=false simColorId = 0
D/NetworkControllerGemini( 5719): refreshViews(0), set parameters to signal cluster view.
D/NetworkControllerGemini( 5719): refreshViews(0), tempPhoneSignalIconId.0 = 2130837955 tempPhoneSignalIconId.1 = 0 tempMobileActivityIconId= 0 tempDataTypeIconId= 2130837873
D/SignalClusterViewGemini( 5719): setMobileDataIndicators(0), visible=true, strengthIcon[0] ~ [1] 2130837955 ~ 0
D/SignalClusterViewGemini( 5719): isSimInserted(0), SimInserted=true
D/SignalClusterViewGemini( 5719): isSimInserted(1), SimInserted=true
D/NetworkControllerGemini( 5719): refreshViews(0), tempPhoneSignalIconId.0 = 2130837955 tempPhoneSignalIconId.1 = 0 tempMobileActivityIconId= 0 tempDataTypeIconId= 2130837873
D/SignalClusterViewGemini( 5719): setShowSimIndicator(0), showSimIndicator=false simIndicatorResource = 0
D/SignalClusterViewGemini( 5719): setDataConnected(0), dataConnected=false
D/SignalClusterViewGemini( 5719): setDataNetType3G(0), dataNetType=Type_3G
D/VelocityTracker(25747): VelocityTracker: int datax = 10
D/VelocityTracker(25747): VelocityTracker: int m_velocity_magnify_x = 1.000000
D/VelocityTracker(25747): VelocityTracker: int datay = 10
D/VelocityTracker(25747): VelocityTracker: int m_velocity_magnify_y = 1.000000
D/SignalClusterViewGemini( 5719): apply : mShowSimIndicator = false mSimIndicatorResource = 0 mShowSimIndicatorGemini = false mSimIndicatorResourceGemini = 0
D/SignalClusterViewGemini( 5719): apply, mMobileVisible=true mMobileActivityId=0 mMobileTypeId=2130837873 mMobileStrengthId[0] = 2130837955 mMobileStrengthId[1] = 0
D/SignalClusterViewGemini( 5719): isSimInserted(0), SimInserted=true
D/SignalClusterViewGemini( 5719): mDataNetType =Type_3G resId= 0 simColorId = 0
D/SignalClusterViewGemini( 5719): apply, mMobileVisibleGemini=true mMobileActivityIdGemini=0 mMobileTypeIdGemini=0 mMobileStrengthIdGemini[0] = 2130837938 mMobileStrengthIdGemini[1] = 0
D/SignalClusterViewGemini( 5719): isSimInserted(1), SimInserted=true
D/SignalClusterViewGemini( 5719): apply, mMobileVisible=true, mWifiVisible=true, mIsAirplaneMode=false
W/ResourceType( 5719): No package identifier when getting value for resource number 0x00000000
W/ResourceType( 5719): No package identifier when getting value for resource number 0x00000000
D/SignalClusterViewGemini( 5719): isSimInserted(0), SimInserted=true
D/SignalClusterViewGemini( 5719): isSimInserted(1), SimInserted=true
D/InputReader( 5535): AP_PROF:AppLaunch_dispatchPtr:Up:10811486
D/NetworkControllerGemini( 5719): refreshViews(1), DataConnected=false simColorId = 2
D/SignalClusterViewGemini( 5719): setShowSimIndicator(1), showSimIndicator=false simIndicatorResource = 0
D/SignalClusterViewGemini( 5719): setDataConnected(1), dataConnected=false
D/SignalClusterViewGemini( 5719): setDataNetType3G(1), dataNetType=Type_G
D/SignalClusterViewGemini( 5719): apply : mShowSimIndicator = false mSimIndicatorResource = 0 mShowSimIndicatorGemini = false mSimIndicatorResourceGemini = 0
D/SignalClusterViewGemini( 5719): apply, mMobileVisible=true mMobileActivityId=0 mMobileTypeId=2130837873 mMobileStrengthId[0] = 2130837955 mMobileStrengthId[1] = 0
D/SignalClusterViewGemini( 5719): isSimInserted(0), SimInserted=true
D/SignalClusterViewGemini( 5719): mDataNetType =Type_3G resId= 0 simColorId = 0
D/SignalClusterViewGemini( 5719): apply, mMobileVisibleGemini=true mMobileActivityIdGemini=0 mMobileTypeIdGemini=0 mMobileStrengthIdGemini[0] = 2130837938 mMobileStrengthIdGemini[1] = 0
D/SignalClusterViewGemini( 5719): isSimInserted(1), SimInserted=true
D/SignalClusterViewGemini( 5719): apply, mMobileVisible=true, mWifiVisible=true, mIsAirplaneMode=false
W/ResourceType( 5719): No package identifier when getting value for resource number 0x00000000
W/ResourceType( 5719): No package identifier when getting value for resource number 0x00000000
D/SignalClusterViewGemini( 5719): isSimInserted(0), SimInserted=true
D/SignalClusterViewGemini( 5719): isSimInserted(1), SimInserted=true
I/SurfaceTextureClient( 5719): [STC::queueBuffer] (this:0x5dd8ce08) fps:1.99, dur:1004.16, max:983.45, min:20.72
I/BufferQueue( 133): [StatusBar](this:0x43515e58,api:1) [queue] fps:1.99, dur:1004.09, max:983.49, min:20.60
I/BufferQueue( 133): [StatusBar](this:0x43515e58,api:1) [release] fps:2.96, dur:1012.54, max:965.33, min:17.13
I/SurfaceFlinger( 133): [SurfaceFlinger] fps:14.758764,dur:1016.35,max:777.13,min:16.61
V/Provider/Settings(25747): from settings cache , name = sound_effects_enabled , value = 0
D/OpenGLRenderer(25747): Flushing caches (mode 0)
D/BufferQueue( 133): [com.android.deskclock/com.android.deskclock.SettingsActivity](this:0x43523f10,api:1) cancelBuffer: slot=2
I/BufferQueue( 133): [com.android.deskclock/com.android.deskclock.SettingsActivity](this:0x43523f10,api:1) disconnect: api=1
I/SurfaceTexture( 133): [com.android.deskclock/com.android.deskclock.SettingsActivity] [virtual android::status_t android::SurfaceTexture::forceAuxConversionLocked()] mCurrentTexture:1, mCurrentBuf:0x43255328
I/BufferQueue( 133): [com.android.deskclock/com.android.deskclock.SettingsActivity](this:0x43523f10,api:0) getReleasedBuffers: returning mask 0xffffffff
I/SurfaceTexture( 133): [com.android.deskclock/com.android.deskclock.SettingsActivity](this:0x43525960,api:0) destroying EGLImage dpy=0x1 img=0x43522480
I/SurfaceTexture( 133): [com.android.deskclock/com.android.deskclock.SettingsActivity](this:0x43525960,api:0) destroying EGLImage dpy=0x1 img=0x43521f18
I/SurfaceTexture( 133): [com.android.deskclock/com.android.deskclock.SettingsActivity](this:0x43525960,api:0) destroying EGLImage dpy=0x1 img=0x435226f0
I/SurfaceTexture( 133): [com.android.deskclock/com.android.deskclock.SettingsActivity](this:0x43525960,api:0) destroying EGLImage dpy=0x1 img=0x43521490
I/BufferQueue( 133): [com.android.deskclock/com.android.deskclock.SettingsActivity](this:0x43523f10,api:0) connect: api=2
I/BufferQueue( 133): [com.android.deskclock/com.android.deskclock.SettingsActivity](this:0x43523f10,api:2) setSynchronousMode: enabled=1
I/BufferQueue( 133): [com.android.deskclock/com.android.deskclock.SettingsActivity](this:0x43523f10,api:2) new GraphicBuffer needed
D/BufferQueue( 133): [OLD] gb:NULL
I/GraphicBuffer( 133): allocate buffer (w:1056 h:684 f:1) err(0)
I/BufferQueue( 133): [NEW] gb=0x4351ef20, handle=0x43244680, w=1026, h=684, s=1056, fmt=1
I/BufferQueue( 133): [com.android.deskclock/com.android.deskclock.SettingsActivity](this:0x43523f10,api:2) disconnect: api=2
I/SurfaceTexture( 133): [com.android.deskclock/com.android.deskclock.SettingsActivity](this:0x43525960,api:2) [void* android::SurfaceTexture::createImage(EGLDisplay, const android::sp&)]
D/SurfaceTexture( 133): GraphicBuffer: gb=0x4351ef20 handle=0x43244680
D/SurfaceTexture( 133): EGLImage: dpy=0x1, img=0x43521490
I/SurfaceTexture( 133): [com.android.deskclock/com.android.deskclock.SettingsActivity] [virtual android::status_t android::SurfaceTexture::forceAuxConversionLocked()] mCurrentTexture:0, mCurrentBuf:0x4351ef20
I/BufferQueue( 133): [com.android.deskclock/com.android.deskclock.SettingsActivity](this:0x43523f10,api:0) getReleasedBuffers: returning mask 0xffffffff
I/SurfaceTexture( 133): [com.android.deskclock/com.android.deskclock.SettingsActivity](this:0x43525960,api:0) destroying EGLImage dpy=0x1 img=0x43521490
V/WindowManager( 5535): Changing focus from Window{430e9ef8 u0 com.android.deskclock/com.android.deskclock.SettingsActivity EXITING} to Window{42b926e8 u0 com.android.deskclock/com.android.deskclock.SettingsActivity}
I/WindowManager( 5535): Gaining focus: Window{42b926e8 u0 com.android.deskclock/com.android.deskclock.SettingsActivity}
I/WindowManager( 5535): Losing focus: Window{430e9ef8 u0 com.android.deskclock/com.android.deskclock.SettingsActivity EXITING}
V/InputMethodManager(25747): onWindowFocus: android.widget.ListView{438d3510 VFED.VC. .F....ID 0,0-1080,1701 #102000a android:id/list} softInputMode=16 first=false flags=#1810100
V/InputMethodManagerService( 5535): windowGainedFocus: android.os.BinderProxy@42fbce80 controlFlags=#1 softInputMode=#10 windowFlags=#1810100
W/InputMethodManagerService( 5535): Window already focused, ignoring focus gain of: com.android.internal.view.IInputMethodClient$Stub$Proxy@42af6aa0 attribute=null, token = android.os.BinderProxy@42ea62e8
D/IPCThreadState( 5535): [DN #5] BR_CLEAR_DEATH_NOTIFICATION_DONE cookie 0x62949cf8
I/BufferQueue( 133): [com.android.deskclock/com.android.deskclock.SettingsActivity](this:0x43523f10,api:0) consumerDisconnect
I/BufferQueue( 133): [com.android.deskclock/com.android.deskclock.SettingsActivity](this:0x43523f10,api:0) ~BufferQueue
I/SurfaceTextureClient(25747): [STC::queueBuffer] (this:0x5ee06118) fps:1.22, dur:1640.64, max:1529.13, min:111.51
I/BufferQueue( 133): [com.android.deskclock/com.android.deskclock.SettingsActivity](this:0x43520a58,api:1) [queue] fps:1.22, dur:1640.59, max:1529.20, min:111.39
I/BufferQueue( 133): [com.android.deskclock/com.android.deskclock.SettingsActivity](this:0x43520a58,api:1) [release] fps:1.21, dur:1647.03, max:1527.08, min:119.96
V/Provider/Settings( 5783): from settings cache , name = pdp_watchdog_poll_interval_ms , value = null
D/StateMachine( 5535): handleMessage: E msg.what=131155
D/StateMachine( 5535): processMsg: ConnectedState
D/WifiStateMachine( 5535): ConnectedState{ what=131155 when=-4ms arg1=30 target=Handler (com.android.internal.util.StateMachine$SmHandler) {4277a800} }
D/StateMachine( 5535): processMsg: L2ConnectedState
D/WifiStateMachine( 5535): L2ConnectedState{ what=131155 when=-4ms arg1=30 target=Handler (com.android.internal.util.StateMachine$SmHandler) {4277a800} }
D/WifiNative-wlan0( 5535): doString: SIGNAL_POLL
D/WifiCommon( 5535): [wlan0] SET "SIGNAL_POLL"
D/wpa_supplicant( 5621): RX ctrl_iface - hexdump(len=11): 53 49 47 4e 41 4c 5f 50 4f 4c 4c
D/wpa_supplicant( 5621): wlan0: Control interface command 'SIGNAL_POLL'
D/wpa_supplicant( 5621): nl80211: survey data missing!
I/WifiStateMachine( 5535): fetchRssiAndLinkSpeedNative, newRssi:-76, newLinkSpeed:52
D/StateMachine( 5535): handleMessage: X
I/SurfaceTextureClient( 5719): [STC::queueBuffer] (this:0x5dd8ce08) fps:1.94, dur:1031.13, max:1018.44, min:12.69
I/BufferQueue( 133): [StatusBar](this:0x43515e58,api:1) [queue] fps:1.94, dur:1031.46, max:1018.84, min:12.62
I/BufferQueue( 133): [StatusBar](this:0x43515e58,api:1) [release] fps:0.99, dur:1012.52, max:1012.52, min:1012.52
V/Provider/Settings( 5783): from settings cache , name = pdp_watchdog_poll_interval_ms , value = null
V/ActivityManager( 5535): Broadcast sticky: Intent { act=android.intent.action.SIG_STR flg=0x10 (has extras) } ordered=false userid=-1
D/NetworkControllerGemini( 5719): PhoneStateListener:onSignalStrengthsChanged, sim1 before.
D/NetworkControllerGemini( 5719): PhoneStateListener:onSignalStrengthsChanged, signalStrength=4
D/NetworkControllerGemini( 5719): updateDataNetType(0), DataNetType=3.
D/NetworkControllerGemini( 5719): updateDataNetType(0), simColorId=0
D/TelephonyManagerEx( 5719): isNetworkRoaming
D/NetworkControllerGemini( 5719): updateDataNetType(0), DataNetType3G=Type_3G tempDataTypeIconId= 2130837873.
D/NetworkControllerGemini( 5719): isSimInserted(0), SimInserted=true
D/NetworkControllerGemini( 5719): updateTelephonySignalStrength(0), regState=1
D/NetworkControllerGemini( 5719): updateTelephonySignalStrength(0), hasService=true
D/TelephonyManagerEx( 5719): isNetworkRoaming
D/NetworkControllerGemini( 5719): updateTelephonySignalStrength(0), isRoaming=false, mInetCondition=1
D/NetworkControllerGemini( 5719): updateTelephonySignalStrength(0), simColorId=0
D/NetworkControllerGemini( 5719): updateTelephonySignalStrength(0), tempDataNetType = Type_3G , simColorId=0 tempPhoneSignalIconId[0] = 2130837955 tempPhoneSignalIconId[1] = 0
D/NetworkControllerGemini( 5719): updateTelephonySignalStrength(0) tempSIMCUSignVisible= true
D/NetworkControllerGemini( 5719): updateTelephonySignalStrength(0) mSIMCUSignVisible = true
D/NetworkControllerGemini( 5719): updateTelephonySignalStrength(0) mSIMCUSignVisible = true
D/NetworkControllerGemini( 5719): refreshViews(0), DataConnected=false simColorId = 0
D/SignalClusterViewGemini( 5719): setShowSimIndicator(0), showSimIndicator=false simIndicatorResource = 0
D/SignalClusterViewGemini( 5719): setDataConnected(0), dataConnected=false
D/SignalClusterViewGemini( 5719): setDataNetType3G(0), dataNetType=Type_3G
D/Bluetooth HS/HF( 5783): [BT][HFG] [API] mStateReceiver.onReceive(android.intent.action.SIG_STR)
D/Bluetooth HS/HF( 5783): [BT][HFG] [API] mHandler.handleMessage(10)
D/SignalClusterViewGemini( 5719): apply : mShowSimIndicator = false mSimIndicatorResource = 0 mShowSimIndicatorGemini = false mSimIndicatorResourceGemini = 0
D/SignalClusterViewGemini( 5719): apply, mMobileVisible=true mMobileActivityId=0 mMobileTypeId=2130837873 mMobileStrengthId[0] = 2130837955 mMobileStrengthId[1] = 0
D/SignalClusterViewGemini( 5719): isSimInserted(0), SimInserted=true
D/SignalClusterViewGemini( 5719): mDataNetType =Type_3G resId= 0 simColorId = 0
D/SignalClusterViewGemini( 5719): apply, mMobileVisibleGemini=true mMobileActivityIdGemini=0 mMobileTypeIdGemini=0 mMobileStrengthIdGemini[0] = 2130837938 mMobileStrengthIdGemini[1] = 0
D/SignalClusterViewGemini( 5719): isSimInserted(1), SimInserted=true
D/SignalClusterViewGemini( 5719): apply, mMobileVisible=true, mWifiVisible=true, mIsAirplaneMode=false
W/ResourceType( 5719): No package identifier when getting value for resource number 0x00000000
W/ResourceType( 5719): No package identifier when getting value for resource number 0x00000000
D/SignalClusterViewGemini( 5719): isSimInserted(0), SimInserted=true
D/SignalClusterViewGemini( 5719): isSimInserted(1), SimInserted=true
D/NetworkControllerGemini( 5719): PhoneStateListener:onSignalStrengthsChanged, sim1 after.
D/TelephonyManager( 5892): getDefaultSim is sim1
D/TelephonyManager( 5892): getDefaultSim is sim1
I/SurfaceFlinger( 133): [SurfaceFlinger] fps:10.766705,dur:1578.94,max:617.54,min:16.09
D/NetworkControllerGemini( 5719): refreshViews(0), DataConnected=false simColorId = 0
D/NetworkControllerGemini( 5719): refreshViews(0), set parameters to signal cluster view.
D/NetworkControllerGemini( 5719): refreshViews(0), tempPhoneSignalIconId.0 = 2130837955 tempPhoneSignalIconId.1 = 0 tempMobileActivityIconId= 0 tempDataTypeIconId= 2130837873
D/SignalClusterViewGemini( 5719): setMobileDataIndicators(0), visible=true, strengthIcon[0] ~ [1] 2130837955 ~ 0
D/SignalClusterViewGemini( 5719): isSimInserted(0), SimInserted=true
D/SignalClusterViewGemini( 5719): isSimInserted(1), SimInserted=true
D/NetworkControllerGemini( 5719): refreshViews(0), tempPhoneSignalIconId.0 = 2130837955 tempPhoneSignalIconId.1 = 0 tempMobileActivityIconId= 0 tempDataTypeIconId= 2130837873
D/SignalClusterViewGemini( 5719): setShowSimIndicator(0), showSimIndicator=false simIndicatorResource = 0
D/SignalClusterViewGemini( 5719): setDataConnected(0), dataConnected=false
D/SignalClusterViewGemini( 5719): setDataNetType3G(0), dataNetType=Type_3G
D/SignalClusterViewGemini( 5719): apply : mShowSimIndicator = false mSimIndicatorResource = 0 mShowSimIndicatorGemini = false mSimIndicatorResourceGemini = 0
D/SignalClusterViewGemini( 5719): apply, mMobileVisible=true mMobileActivityId=0 mMobileTypeId=2130837873 mMobileStrengthId[0] = 2130837955 mMobileStrengthId[1] = 0
D/SignalClusterViewGemini( 5719): isSimInserted(0), SimInserted=true
D/SignalClusterViewGemini( 5719): mDataNetType =Type_3G resId= 0 simColorId = 0
D/SignalClusterViewGemini( 5719): apply, mMobileVisibleGemini=true mMobileActivityIdGemini=0 mMobileTypeIdGemini=0 mMobileStrengthIdGemini[0] = 2130837938 mMobileStrengthIdGemini[1] = 0
D/SignalClusterViewGemini( 5719): isSimInserted(1), SimInserted=true
D/SignalClusterViewGemini( 5719): apply, mMobileVisible=true, mWifiVisible=true, mIsAirplaneMode=false
W/ResourceType( 5719): No package identifier when getting value for resource number 0x00000000
D/SignalClusterViewGemini( 5719): isSimInserted(0), SimInserted=true
D/SignalClusterViewGemini( 5719): isSimInserted(1), SimInserted=true
D/NetworkControllerGemini( 5719): refreshViews(1), DataConnected=false simColorId = 2
D/SignalClusterViewGemini( 5719): setShowSimIndicator(1), showSimIndicator=false simIndicatorResource = 0
D/SignalClusterViewGemini( 5719): setDataConnected(1), dataConnected=false
D/SignalClusterViewGemini( 5719): setDataNetType3G(1), dataNetType=Type_G
D/SignalClusterViewGemini( 5719): apply : mShowSimIndicator = false mSimIndicatorResource = 0 mShowSimIndicatorGemini = false mSimIndicatorResourceGemini = 0
D/SignalClusterViewGemini( 5719): apply, mMobileVisible=true mMobileActivityId=0 mMobileTypeId=2130837873 mMobileStrengthId[0] = 2130837955 mMobileStrengthId[1] = 0
D/SignalClusterViewGemini( 5719): isSimInserted(0), SimInserted=true
D/SignalClusterViewGemini( 5719): mDataNetType =Type_3G resId= 0 simColorId = 0
D/SignalClusterViewGemini( 5719): apply, mMobileVisibleGemini=true mMobileActivityIdGemini=0 mMobileTypeIdGemini=0 mMobileStrengthIdGemini[0] = 2130837938 mMobileStrengthIdGemini[1] = 0
D/SignalClusterViewGemini( 5719): isSimInserted(1), SimInserted=true
D/SignalClusterViewGemini( 5719): apply, mMobileVisible=true, mWifiVisible=true, mIsAirplaneMode=false
W/ResourceType( 5719): No package identifier when getting value for resource number 0x00000000
D/SignalClusterViewGemini( 5719): isSimInserted(0), SimInserted=true
D/SignalClusterViewGemini( 5719): isSimInserted(1), SimInserted=true
D/InputReader( 5535): AP_PROF:AppLaunch_dispatchPtr:Down:10813519
I/AP_PROF ( 5535): unable to open /proc/mtprof/status entry
D/PowerManagerService( 5535): userActivityFromNative
D/PowerManagerService( 5535): userActivityNoUpdateLocked: eventTime=10813519, event=2, flags=0x0, uid=1000
D/PowerManagerNotifier( 5535): onUserActivity: event=2, uid=1000
D/PowerManagerService( 5535): updateUserActivitySummaryLocked: mWakefulness=Awake, mUserActivitySummary=0x1, nextTimeout=10837519 (in 24000 ms)
D/PowerManagerService( 5535): newScreenState = 2
D/PowerManagerDisplayController( 5535): requestPowerState: screenState=2, useProximitySensor=false, screenBrightness=255, screenAutoBrightnessAdjustment=0.0, useAutoBrightness=false, useEcoBrightness=false, blockScreenOn=false, waitForNegativeProximity=false
I/PowerManagerService( 5535): setBrightness mButtonLight 0.
D/PowerManagerService( 5535): updateScreenStateLocked: mDisplayReady=true, newScreenState=2, mWakefulness=1, mWakeLockSummary=0x0, mUserActivitySummary=0x1, mBootCompleted=true
D/PowerManagerService( 5535): handleSandman: canDream=true, mWakefulness=Awake
V/Provider/Settings( 5783): from settings cache , name = pdp_watchdog_poll_interval_ms , value = null
D/PowerManagerService( 5535): userActivityFromNative
D/PowerManagerService( 5535): userActivityNoUpdateLocked: eventTime=10814034, event=2, flags=0x0, uid=1000
D/PowerManagerNotifier( 5535): onUserActivity: event=2, uid=1000
D/PowerManagerService( 5535): updateUserActivitySummaryLocked: mWakefulness=Awake, mUserActivitySummary=0x1, nextTimeout=10838034 (in 23999 ms)
D/PowerManagerService( 5535): newScreenState = 2
D/PowerManagerDisplayController( 5535): requestPowerState: screenState=2, useProximitySensor=false, screenBrightness=255, screenAutoBrightnessAdjustment=0.0, useAutoBrightness=false, useEcoBrightness=false, blockScreenOn=false, waitForNegativeProximity=false
I/PowerManagerService( 5535): setBrightness mButtonLight 0.
D/PowerManagerService( 5535): updateScreenStateLocked: mDisplayReady=true, newScreenState=2, mWakefulness=1, mWakeLockSummary=0x0, mUserActivitySummary=0x1, mBootCompleted=true
D/PowerManagerService( 5535): handleSandman: canDream=true, mWakefulness=Awake
D/InputReader( 5535): AP_PROF:AppLaunch_dispatchPtr:Up:10814046
I/AbsListView(25747): Fling from scroll with initialVelocity = 0,mActivePointerId = 0,mFirstPosition = 0,firstChildTop = 0,this = android.widget.ListView{438d3510 VFED.VC. .F....I. 0,0-1080,1701 #102000a android:id/list}
I/SurfaceTextureClient(25747): [STC::queueBuffer] (this:0x5ee06118) fps:0.43, dur:2330.89, max:2330.89, min:2330.89
I/BufferQueue( 133): [com.android.deskclock/com.android.deskclock.SettingsActivity](this:0x43520a58,api:1) [queue] fps:0.43, dur:2331.17, max:2331.17, min:2331.17
I/BufferQueue( 133): [com.android.deskclock/com.android.deskclock.SettingsActivity](this:0x43520a58,api:1) [release] fps:0.43, dur:2333.92, max:2333.92, min:2333.92
D/InputReader( 5535): AP_PROF:AppLaunch_dispatchPtr:Down:10814334
I/AP_PROF ( 5535): unable to open /proc/mtprof/status entry
D/NetworkControllerGemini( 5719): refreshViews(0), DataConnected=false simColorId = 0
D/NetworkControllerGemini( 5719): refreshViews(0), set parameters to signal cluster view.
D/NetworkControllerGemini( 5719): refreshViews(0), tempPhoneSignalIconId.0 = 2130837955 tempPhoneSignalIconId.1 = 0 tempMobileActivityIconId= 0 tempDataTypeIconId= 2130837873
