D/MtkCam/VSSScen( 5296): [deque] +
D/MtkCam/PrvCB( 5296): (25971)[handleReturnBuffers] + 34ms [start-->now: 89 ms]
D/MtkCam/PrvCQT( 5296): (25974)[update] frameCnt(95)
D/MtkCam/VSSScen( 5296): [deque] +
D/MtkCam/PrvCB( 5296): (25971)[handleReturnBuffers] + 34ms [start-->now: 87 ms]
D/MtkCam/PrvCQT( 5296): (25974)[update] frameCnt(96)
D/MtkCam/VSSScen( 5296): [deque] +
D/MtkCam/PrvCB( 5296): (25971)[handleReturnBuffers] + 34ms [start-->now: 90 ms]
D/MtkCam/PrvCQT( 5296): (25974)[update] frameCnt(97)
D/MtkCam/VSSScen( 5296): [deque] +
D/MtkCam/PrvCB( 5296): (25971)[handleReturnBuffers] + 34ms [start-->now: 90 ms]
D/MtkCam/PrvCQT( 5296): (25974)[update] frameCnt(98)
D/MtkCam/VSSScen( 5296): [deque] +
D/MtkCam/PrvCB( 5296): (25971)[handleReturnBuffers] + 34ms [start-->now: 90 ms]
D/MtkCam/PrvCQT( 5296): (25974)[update] frameCnt(99)
D/MtkCam/VSSScen( 5296): [deque] +
D/MtkCam/PrvCB( 5296): (25971)[handleReturnBuffers] + 34ms [start-->now: 90 ms]
D/MtkCam/PrvCB( 5296): (25971)[handleReturnBuffers] + 34ms [start-->now: 89 ms]
D/MtkCam/PrvCB( 5296): (25971)[handleReturnBuffers] + 34ms [start-->now: 89 ms]
D/MtkCam/PrvCB( 5296): (25971)[handleReturnBuffers] + 34ms [start-->now: 89 ms]
D/MtkCam/PrvCB( 5296): (25971)[handleReturnBuffers] + 34ms [start-->now: 89 ms]
D/MtkCam/PrvCB( 5296): (25971)[handleReturnBuffers] + 34ms [start-->now: 90 ms]
D/MtkCam/PrvCB( 5296): (25971)[handleReturnBuffers] + 34ms [start-->now: 89 ms]
D/MtkCam/PrvCB( 5296): (25971)[handleReturnBuffers] + 34ms [start-->now: 90 ms]
D/MtkCam/PrvCB( 5296): (25971)[handleReturnBuffers] + 34ms [start-->now: 89 ms]
D/MtkCam/PrvCB( 5296): (25971)[handleReturnBuffers] + 34ms [start-->now: 89 ms]
D/MtkCam/PrvCB( 5296): (25971)[handleReturnBuffers] + 34ms [start-->now: 89 ms]
D/MtkCam/PrvCB( 5296): (25971)[handleReturnBuffers] + 34ms [start-->now: 90 ms]
D/MtkCam/PrvCB( 5296): (25971)[handleReturnBuffers] + 34ms [start-->now: 89 ms]
D/MtkCam/PrvCB( 5296): (25971)[handleReturnBuffers] + 34ms [start-->now: 90 ms]
D/MtkCam/PrvCB( 5296): (25971)[handleReturnBuffers] + 34ms [start-->now: 89 ms]
D/MtkCam/PrvCB( 5296): (25971)[handleReturnBuffers] + 34ms [start-->now: 90 ms]
D/MtkCam/PrvCB( 5296): (25971)[handleReturnBuffers] + 34ms [start-->now: 90 ms]
D/MtkCam/PrvCB( 5296): (25971)[handleReturnBuffers] + 34ms [start-->now: 90 ms]
D/MtkCam/PrvCB( 5296): (25971)[handleReturnBuffers] + 34ms [start-->now: 90 ms]
D/MtkCam/PrvCB( 5296): (25971)[handleReturnBuffers] + 34ms [start-->now: 89 ms]
D/MtkCam/PrvCB( 5296): (25971)[handleReturnBuffers] + 34ms [start-->now: 89 ms]
D/MtkCam/PrvCB( 5296): (25971)[handleReturnBuffers] + 34ms [start-->now: 90 ms]
D/MtkCam/PrvCB( 5296): (25971)[handleReturnBuffers] + 34ms [start-->now: 89 ms]
D/MtkCam/PrvCB( 5296): (25971)[handleReturnBuffers] + 34ms [start-->now: 89 ms]
D/MtkCam/PrvCB( 5296): (25971)[handleReturnBuffers] + 34ms [start-->now: 90 ms]
D/MtkCam/PrvCB( 5296): (25971)[handleReturnBuffers] + 34ms [start-->now: 89 ms]
D/MtkCam/PrvCB( 5296): (25971)[handleReturnBuffers] + 34ms [start-->now: 89 ms]
D/MtkCam/PrvCB( 5296): (25971)[handleReturnBuffers] + 34ms [start-->now: 90 ms]
D/MtkCam/PrvCB( 5296): (25971)[handleReturnBuffers] + 34ms [start-->now: 89 ms]
D/MtkCam/PrvCB( 5296): (25971)[handleReturnBuffers] + 34ms [start-->now: 90 ms]
D/MtkCam/PrvCB( 5296): (25971)[handleReturnBuffers] + 34ms [start-->now: 90 ms]
D/MtkCam/PrvCB( 5296): (25971)[handleReturnBuffers] + 34ms [start-->now: 89 ms]
D/MtkCam/PrvCB( 5296): (25971)[handleReturnBuffers] + 34ms [start-->now: 89 ms]
D/MtkCam/PrvCB( 5296): (25971)[handleReturnBuffers] + 34ms [start-->now: 92 ms]
D/MtkCam/PrvCB( 5296): (25971)[handleReturnBuffers] + 34ms [start-->now: 87 ms]
D/MtkCam/PrvCB( 5296): (25971)[handleReturnBuffers] + 34ms [start-->now: 89 ms]
D/MtkCam/PrvCB( 5296): (25971)[handleReturnBuffers] + 34ms [start-->now: 89 ms]
D/MtkCam/PrvCB( 5296): (25971)[handleReturnBuffers] + 34ms [start-->now: 89 ms]
D/MtkCam/PrvCB( 5296): (25971)[handleReturnBuffers] + 34ms [start-->now: 90 ms]
D/MtkCam/PrvCB( 5296): (25971)[handleReturnBuffers] + 34ms 1 --> select 1 to display
D/MtkCam/DisplayClient( 5296): (25973)[handleReturnBuffers] + (180) 34ms < Duration(12496)
W/MtkCam/DisplayClient( 5296): (25973)[handleReturnBuffers] Drop display frame:0(1) [fdIon(89) 0x44ff6000/460800 10863135150000]
D/MtkCam/DisplayClient( 5296): (25973)[handleReturnBuffers] Show display frame:1(1) [fdIon(91) 0x450fe000/460800 10863225206000]
D/MtkCam/DisplayClient( 5296): [DisplayClient::enquePrvOps] fps: 0.150939 = 2 / 13250393693 ns
I/SurfaceTextureClient( 5296): [STC::queueBuffer] (this:0x42a34998) fps:0.08, dur:12496.09, max:12496.09, min:12496.09
W/SurfaceTextureClient( 5296): [STC::queueBuffer(Camera)] this:0x42a34998, api:4, abnormal interval:12496.09
E/SurfaceTextureClient( 5296): queueBuffer: error queuing buffer to SurfaceTexture, -32
E/MtkCam/DisplayClient( 5296): (25973)[enquePrvOps] mpStreamOps->enqueue_buffer failed: status[Broken pipe(32)], rpImgBuf(0x42a3add8,0x450fe000) (enquePrvOps){#356:mediatek/hardware/camera/client/DisplayClient/DisplayClient.Stream.cpp}
D/MtkCam/DisplayClient( 5296): (25973)[handleReturnBuffers] -
W/MtkCam/DisplayClient( 5296): (25973)[dequePrvOps] dequeue_buffer failed with phBuffer=0x0: status[Broken pipe(32)], mStreamBufList.size()(0)
W/MtkCam/DisplayClient( 5296): (25973)[prepareAllTodoBuffers] mStreamBufList.size(0) < mi4MaxImgBufCount(3)
D/MtkCam/DisplayClient( 5296): (25973)[waitAndHandleReturnBuffers] +
D/IPCThreadState( 5296): [DN #5] BR_DEAD_BINDER cookie 0x42a35e30
W/CameraService( 5296): Disconnecting camera client 0x425d6158 since the binder for it died (this pid 5296)
D/CameraClient( 5296): disconnect E (pid 5296)
D/CameraClient( 5296): hardware teardown
D/MtkCam/PrvCB( 5296): (12069)[updateMsg] + current mIsMsgEnabled=1
D/IPCThreadState( 5535): [DN #5] BR_DEAD_BINDER cookie 0x62fc69c0
I/WindowState( 5535): WIN DEATH: Window{42bacfa8 u0 org.opencv.samples.NativeActivity/android.app.NativeActivity}
D/AEE/AED (25978): put_in_archive: Archive file /sdcard/mtklog/aee_exp/temp/db.G25978/__exp_main.txt, size 2190
D/IPCThreadState( 5535): [DN #5] BR_DEAD_BINDER cookie 0x63227ca8
V/ActivityManager( 5535): Death received in com.android.server.am.ActivityManagerService$AppDeathRecipient@426b1980 for thread android.os.BinderProxy@425127b8
I/ActivityManager( 5535): Process org.opencv.samples.NativeActivity (pid 25924) has died.
W/ActivityManager( 5535): Force removing ActivityRecord{428f4040 u0 org.opencv.samples.NativeActivity/android.app.NativeActivity}: app died, no saved state
D/IPCThreadState( 5535): [DN #5] BR_DEAD_BINDER cookie 0x62fc8d50
D/IPCThreadState( 5535): [DN #5] BR_CLEAR_DEATH_NOTIFICATION_DONE cookie 0x62fc8d50
D/IPCThreadState( 5535): [DN #5] BR_DEAD_BINDER cookie 0x6295d278
D/IPCThreadState( 5535): [DN #5] BR_CLEAR_DEATH_NOTIFICATION_DONE cookie 0x6295d278
D/IPCThreadState( 5535): [DN #5] BR_DEAD_BINDER cookie 0x62d33b50
D/IPCThreadState( 5535): [DN #5] BR_DEAD_BINDER cookie 0x63221108
I/SurfaceFlinger( 133): EventThread Client Pid (25924) disconnected by (133)
D/MtkCam/MtkCamUtils( 5296): (PrvCB@ImgBufQue)[dequeProcessor] Empty Que
W/MtkCam/PrvCB( 5296): (25971)[waitAndHandleReturnBuffers] vQueNode.empty()
I/MtkCam/PrvCB( 5296): (25971)[onClientThreadLoop] Preview client disabled
D/MtkCam/PrvCB( 5296): (25971)[cancelAllUnreturnBuffers] +
D/MtkCam/PrvCB( 5296): (25971)[cancelAllUnreturnBuffers] mImgBufList.size(3)
D/MtkCam/PrvCB( 5296): (25971)[cancelAllUnreturnBuffers] -
D/MtkCam/PrvCB( 5296): (25971)[threadLoop] -
I/MtkCam/CamDevice( 5296): (12069)(Default:0)[CamDevice::stopPreview] +
V/NetworkStats( 5535): setKernelCounterSet uid=10134 set=0
D/ConnectivityService( 5535): onUidRulesChanged(uid=10134, uidRules=0)
W/MtkCam/CamAdapter( 5296): (12069)[isState] current/waited=StatePreview/StateRecording
W/MtkCam/CamAdapter( 5296): (12069)[isState] current/waited=StatePreview/StateVideoSnapshot
D/MtkCam/CamAdapter( 5296): (12069)(StatePreview)[onStopPreview] +
D/MtkCam/CamAdapter( 5296): (12069)(Default)[onHandleStopPreview] +
D/MtkCam/ParamsManager( 5296): [getRecordingHint] No KEY_RECORDING_HINT
D/MtkCam/PrvCQT( 5296): (12069)[postCommand] +
D/MtkCam/PrvCQT( 5296): (12069)[postCommand] + tid(12069), que size(0)
D/MtkCam/PrvCQT( 5296): (12069)[postCommand] - new command added(4): tid(12069), que size(1)
D/AEE/AED (25978): put_in_archive: Archive file /sdcard/mtklog/aee_exp/temp/db.G25978/PROCESS_FILE_STATE, size 6484
D/AEE/AED (25978): put_in_archive: Archive file /sdcard/mtklog/aee_exp/temp/db.G25978/PROCESS_STATE, size 765
I/Drv/IMem( 5296): Drv/IMem[freeM4UMemory] [StdM4U]VA(0x44e82000)/PA(0x2400000)/size(0x70800)/mID(0xffffffff)
D/MtkCam/VSSScen( 5296): [deque] P2VIDO:Id(-1),VA(0x44E82000),PA(0x02400000),S(460800),T(0.000000)
I/iio/ifunc( 5296): [_disable] P2 start(0x0)
I/MtkCam/MtkCamUtils( 5296): {CamProfile}[::updateOne] : (0-th) ===> [start-->now: 90 ms]
D/MtkCam/PrvCQT( 5296): (25974)[update] frameCnt(139)
D/MtkCam/PrvCQT( 5296): (25974)[threadLoop] -
D/MtkCam/PrvCQT( 5296): (25974)[threadLoop] +
D/MtkCam/PrvCQT( 5296): (25974)[getCommand] +
D/MtkCam/PrvCQT( 5296): (25974)[getCommand] + tid(25974), que size(1)
D/MtkCam/PrvCQT( 5296): (25974)[getCommand] Command: 4
D/MtkCam/PrvCQT( 5296): (25974)[getCommand] - tid(25974), que size(0), ret(1)
D/MtkCam/PrvCQT( 5296): (25974)[getCommand] -
D/MtkCam/PrvCQT( 5296): (25974)[stop] +
D/aaa_hal/3Athread( 5296): mCmdQ size(0) + cmd(1)
D/AEE/AED (25978): put_in_archive: Archive file /sdcard/mtklog/aee_exp/temp/db.G25978/PROCESS_OOM_SCORE, size 3
D/AEE/AED (25978): put_in_archive: Archive file /sdcard/mtklog/aee_exp/temp/db.G25978/PROCESS_OOM_ADJ, size 2
D/AEE/AED (25978): put_in_archive: Archive file /sdcard/mtklog/aee_exp/temp/db.G25978/PROCESS_CMDLINE, size 76
D/AEE/AED (25978): put_in_archive: Archive file /sdcard/mtklog/aee_exp/temp/db.G25978/PROCESS_ENVIRONMENT, size 955
D/AEE/AED (25978): put_in_archive: Archive file /sdcard/mtklog/aee_exp/temp/db.G25978/PROCESS_SCHED, size 2379
D/AEE/AED (25978): put_in_archive: Archive file /sdcard/mtklog/aee_exp/temp/db.G25978/PROCESS_SHOWMAP, size 0
D/Zygote ( 5299): Process 25924 terminated by signal (11)
I/Zygote ( 5299): Process 25924 dumped core
D/AEE/AED (25978): put_in_archive: Archive file /sdcard/mtklog/aee_exp/temp/db.G25978/PROCESS_MAPS, size 58583
D/AEE/AED (25978): put_in_archive: Archive file /sdcard/mtklog/aee_exp/temp/db.G25978/THREAD_STATE, size 755
D/AEE/AED (25978): put_in_archive: Archive file /sdcard/mtklog/aee_exp/temp/db.G25978/THREAD_SCHED, size 2372
D/awb_algo( 5296): [PV AWB Gain] Rgain = 617, Ggain = 512, Bgain = 1107
D/awb_algo( 5296): CCT = 3081
D/paramctrl_attributes( 5296): setAWBInfo(): bAWBGainChanged = MTRUE
D/isp_tuning_custom( 5296): refineLightSourceAWBGainforMultiCCM()
D/isp_tuning_custom( 5296): D65 AWB Gain = (897, 512, 703)
D/isp_tuning_custom( 5296): TL84 AWB Gain = (681, 512, 957)
D/isp_tuning_custom( 5296): CWF AWB Gain = (725, 512, 989)
D/isp_tuning_custom( 5296): A AWB Gain = (607, 512, 1175)
D/isp_tuning_custom( 5296): evaluate_PCA_LUT_index()
D/isp_tuning_custom( 5296): [+evaluate_PCA_LUT_index](rCamInfo.eIdx_PCA_LUT, rCamInfo.rAWBInfo.i4CCT, rCamInfo.rAWBInfo.i4FluorescentIndex)=(0, 3081, 56)
D/ae_mgr ( 5296): [doPvAE]AE Wait Vd frame:1 Enable:1 avgY:285
D/isp_tuning_custom( 5296): map_ISO_value_to_index()
D/paramctrl_validate( 5296): [validatePerFrame](ParamChangeCount, fgForce)=(1, 0)
D/isp_tuning_custom( 5296): [IspCamInfo][dump](eIspProfile, eIdx_Scene)=(0, 0)
D/isp_tuning_custom( 5296): [RAWIspCamInfo][dump](eIdx_ISO, u4ISOValue, i4ZoomRatio_x100, i4LightValue_x10)=(2, 455, 100, 36, 1118145920)
D/isp_tuning_custom( 5296): [8 evaluate_Shading_CCT_index] CCT:3081 DF_IDX:-100 i4PT:92 i4PW:0
D/isp_tuning_custom( 5296): [evaluate_Shading_CCT_index] eIdx_Shading_CCT_new:0
D/lsc_mgr ( 5296): [setCTIdx] Shading idx= 0
D/lsc_mgr ( 5296): [LscMgr:SetTBAToISP] TSF enable 0, state 1
D/lsc_mgr ( 5296): [getCTIdx] Shading idx= 0
D/lsc_mgr ( 5296): [getCTIdx] Shading idx= 0
D/lsc_mgr ( 5296): [LscMgr] SetTBAToISP m_eLscScenario 0, TableSize 16384, CCT 0x0, phyAddr 0x1f00000, XSize 0x3fff m_eSensorOp 0
D/lsc_mgr ( 5296): [LscMgr:enableLsc] Meta 0, Shading param 0x2, 0x1f00000, 0x20, 0x0,0xf03e ,0xf02f ,0x44002b ,0x20202020, 0x0
I/IspDrv ( 5296): {IspDrv} [createInstance] fgIsGdmaMode: 0.
D/lsc_mgr ( 5296): [getCTIdx] Shading idx= 0
I/IspDrv ( 5296): {IspDrv} [createInstance] fgIsGdmaMode: 0.
I/TdriMgr ( 5296): [applySetting] Cq(5)-Fun(3)
I/TdriMgr ( 5296): [applySetting] Cq(5)-Fun(4)
I/TdriMgr ( 5296): [applySetting] Cq(5)-Fun(5)
D/FLICKER ( 5296): [FLK Hal] FFLK func=sendCommand line=837 cmd=5
D/FLICKER ( 5296): [FLK Hal] FFLK func=enableFlickerDetection line=1090
D/aaa_hal/3Athread( 5296): rCmd(10)-
D/aaa_hal/3Athread( 5296): CmdQ-size(1), todo(1)
D/aaa_hal/3Athread( 5296): rCmd(1)+
D/FLICKER ( 5296): [FLK Hal] FFLK func=sendCommand line=837 cmd=8
D/FLICKER ( 5296): [FLK Hal] FFLK func=uninitThread line=501
D/FLICKER ( 5296): [FLK Hal] uninit Thread
D/ispdrv_mgr( 5296): [uninit()] - E. m_Users: 3
D/FLICKER ( 5296): [FLK Hal] FFLK func=uninit line=523
D/FLICKER ( 5296): [FLK Hal] uninit - mUsers: 1
D/ispdrv_mgr( 5296): Still 2 users
D/FLICKER ( 5296): [FLK Hal] FFLK func=enableFlickerDetection line=1090
D/aaa_sensor_mgr( 5296): [int NS3A::AAASensorMgr::uninit()()] - E. m_Users: 1
D/EISHal ( 5296): [destroyInstance]AutoFliker
D/EISHal ( 5296): [uninit]mUsers(2)
D/EISHal ( 5296): [uninit]Still 1 users
D/EISHal ( 5296): [uninit]-
D/SensorHal( 5296): [deleteImp][deleteImp]: 4
I/IspDrv ( 5296): {IspDrv} [uninit] - E. mInitCount(10)
D/SensorHal( 5296): [deleteImp] Still users
I/IspDrv ( 5296): {IspDrv} [ProfilingPrint] [Event_IspDrv_Uninit] atomic_dec:(0-th) ===> [start-->now: 0.008000 ms]
I/IspDrv ( 5296): {IspDrv} [uninit] - X. ret: 1. mInitCount: 9.
I/IspDrv ( 5296): {IspDrv} [ProfilingPrint] [Event_IspDrv_Uninit] Exit:(1-th) ===> [start-->now: 0.036000 ms] [last-->now: 0.028000 ms]
D/AeAlgo ( 5296): AeAlgo destroyInstance
D/ispdrv_mgr( 5296): [uninit()] - E. m_Users: 2
D/ispdrv_mgr( 5296): Still 1 users
I/TdriMgr ( 5296): [uninit] mInitCount(2)
D/af_mgr ( 5296): [uninit] m_Users: 0
D/LensDrv ( 5296): uninit() [m_userCnt]1 +
D/AEE/AED (25978): put_in_archive: Archive file /sdcard/mtklog/aee_exp/temp/db.G25978/SYS_ANDROID_LOG, size 643552
V/WindowManager( 5535): Changing focus from Window{42bacfa8 u0 org.opencv.samples.NativeActivity/android.app.NativeActivity} to null
D/IPCThreadState( 5535): [DN #5] BR_CLEAR_DEATH_NOTIFICATION_DONE cookie 0x62fc69c0
I/libPerfService( 5535): 1: set: 2
V/Provider/Settings( 5535): from settings cache , name = read_external_storage_enforced_default , value = null
D/IPCThreadState( 5535): [DN #5] BR_CLEAR_DEATH_NOTIFICATION_DONE cookie 0x62d33b50
I/WindowState( 5535): WIN DEATH: Window{42aa8860 u0 org.opencv.samples.NativeActivity/org.opencv.samples.NativeActivity.CvNativeActivity}
W/InputDispatcher( 5535): Attempted to unregister already unregistered input channel '42aa8860 org.opencv.samples.NativeActivity/org.opencv.samples.NativeActivity.CvNativeActivity (server)'
I/BufferQueue( 133): [org.opencv.samples.NativeActivity/android.app.NativeActivity](this:0x43523f10,api:0) consumerDisconnect
I/BufferQueue( 133): [org.opencv.samples.NativeActivity/android.app.NativeActivity](this:0x43523f10,api:0) ~BufferQueue
I/SurfaceFlinger( 133): [SurfaceFlinger] fps:3.151033,dur:1269.43,max:411.94,min:222.94
I/SurfaceTextureClient( 133): [STC::queueBuffer] (this:0x42ee4978) fps:3.16, dur:1267.61, max:412.00, min:222.93
I/BufferQueue( 133): [FramebufferSurface](this:0x42ee7008,api:1) [release] fps:3.16, dur:1267.53, max:412.03, min:222.93
I/BufferQueue( 133): [FramebufferSurface](this:0x42ee7008,api:1) [queue] fps:3.16, dur:1267.52, max:412.05, min:222.93
D/IPCThreadState( 5535): [DN #5] BR_CLEAR_DEATH_NOTIFICATION_DONE cookie 0x63221108
I/WindowManager( 5535): Losing focus: Window{42bacfa8 u0 org.opencv.samples.NativeActivity/android.app.NativeActivity}
D/dalvikvm( 5299): threadid=2: exiting
D/dalvikvm( 5299): threadid=2: bye!
D/dalvikvm( 5299): threadid=3: exiting
D/dalvikvm( 5299): threadid=3: bye!
D/AEE/AED (25978): put_in_archive: Archive file /sdcard/mtklog/aee_exp/temp/db.G25978/SYS_ANDROID_EVENT_LOG, size 303871
D/dalvikvm( 5299): threadid=4: exiting
D/dalvikvm( 5299): threadid=4: bye!
D/dalvikvm( 5299): pre gc
D/dalvikvm( 5299): Zygote::ForkAndSpecialize +
D/dalvikvm( 5299): Zygote::ForkAndSpecialize : 26046
D/dalvikvm( 5299): create interp thread : stack size=32KB
D/dalvikvm( 5299): create new thread
D/dalvikvm( 5299): new thread created
D/dalvikvm( 5299): update thread list
D/dalvikvm( 5299): threadid=2: interp stack at 0x5a652000
D/dalvikvm( 5299): threadid=2: created from interp
D/dalvikvm( 5299): start new thread
D/dalvikvm( 5299): create interp thread : stack size=32KB
D/dalvikvm( 5299): create new thread
D/dalvikvm( 5299): new thread created
D/dalvikvm( 5299): update thread list
D/dalvikvm( 5299): threadid=2: notify debugger
D/dalvikvm( 5299): threadid=2 (ReferenceQueueDaemon): calling run()
D/dalvikvm( 5299): threadid=3: interp stack at 0x5a75a000
D/dalvikvm( 5299): threadid=3: created from interp
D/dalvikvm( 5299): start new thread
D/dalvikvm( 5299): create interp thread : stack size=32KB
D/dalvikvm( 5299): create new thread
D/dalvikvm( 5299): new thread created
D/dalvikvm( 5299): update thread list
D/dalvikvm( 5299): threadid=3: notify debugger
D/dalvikvm( 5299): threadid=3 (FinalizerDaemon): calling run()
D/dalvikvm( 5299): threadid=4: interp stack at 0x5a862000
D/dalvikvm( 5299): threadid=4: created from interp
D/dalvikvm( 5299): start new thread
D/dalvikvm( 5299): threadid=4: notify debugger
D/dalvikvm( 5299): threadid=4 (FinalizerWatchdogDaemon): calling run()
D/dalvikvm(26046): Zygote::ForkAndSpecialize : 0
I/ActivityManager( 5535): Start proc org.opencv.samples.NativeActivity for activity org.opencv.samples.NativeActivity/.CvNativeActivity: pid=26046 uid=10134 gids={50134, 1006, 1028}
D/IPCThreadState( 5535): [DN #5] BR_CLEAR_DEATH_NOTIFICATION_DONE cookie 0x63227ca8
D/dalvikvm(26046): zygote get new systemTid : 26046
D/dalvikvm(26046): Late-enabling CheckJNI
D/dalvikvm(26046): threadid=2: interp stack at 0x5a752000
D/dalvikvm(26046): threadid=3: interp stack at 0x5a85a000
D/jdwp (26046): prepping for JDWP over ADB
D/jdwp (26046): ADB transport startup
D/dalvikvm(26046): Elevating priority from 0 to -8
D/dalvikvm(26046): threadid=4: interp stack at 0x5a962000
D/jdwp (26046): JDWP: thread running
D/jdwp (26046): acceptConnection
D/jdwp (26046): trying to receive file descriptor from ADB
D/dalvikvm(26046): threadid=5: interp stack at 0x5d32f000
D/dalvikvm(26046): zygote get thread init done
D/dalvikvm(26046): create interp thread : stack size=32KB
D/dalvikvm(26046): create new thread
D/dalvikvm(26046): new thread created
D/dalvikvm(26046): update thread list
D/dalvikvm(26046): threadid=6: interp stack at 0x5d337000
D/dalvikvm(26046): threadid=6: created from interp
D/dalvikvm(26046): start new thread
D/dalvikvm(26046): create interp thread : stack size=32KB
D/dalvikvm(26046): create new thread
D/dalvikvm(26046): new thread created
D/dalvikvm(26046): update thread list
D/dalvikvm(26046): threadid=6: notify debugger
D/dalvikvm(26046): threadid=6 (ReferenceQueueDaemon): calling run()
D/dalvikvm(26046): threadid=7: interp stack at 0x5d43f000
D/dalvikvm(26046): threadid=7: created from interp
D/dalvikvm(26046): start new thread
D/dalvikvm(26046): create interp thread : stack size=32KB
D/dalvikvm(26046): create new thread
D/dalvikvm(26046): new thread created
D/dalvikvm(26046): update thread list
D/dalvikvm(26046): threadid=7: notify debugger
D/dalvikvm(26046): threadid=7 (FinalizerDaemon): calling run()
D/dalvikvm(26046): threadid=8: interp stack at 0x5d547000
D/dalvikvm(26046): threadid=8: created from interp
D/dalvikvm(26046): start new thread
D/LensDrv ( 5296): uninit() -
I/IspDrv ( 5296): {IspDrv} [uninit] - E. mInitCount(9)
I/IspDrv ( 5296): {IspDrv} [ProfilingPrint] [Event_IspDrv_Uninit] atomic_dec:(0-th) ===> [start-->now: 0.017000 ms]
I/IspDrv ( 5296): {IspDrv} [uninit] - X. ret: 1. mInitCount: 8.
I/IspDrv ( 5296): {IspDrv} [ProfilingPrint] [Event_IspDrv_Uninit] Exit:(1-th) ===> [start-->now: 0.049000 ms] [last-->now: 0.032000 ms]
D/FLICKER ( 5296): [FLK Hal] FFLK func=destroyInstance line=272
D/aaa_state( 5296): [StateCommon::transitState] StateCameraPreview --> StateInit
D/aaa_hal/3Athread( 5296): rCmd(1)-
D/MtkCam/VSSScen( 5296): [stop] +
D/AEE/AED (25978): put_in_archive: Archive file /sdcard/mtklog/aee_exp/temp/db.G25978/SYS_ANDROID_RADIO_LOG, size 308569
D/ADB_SERVICES( 9881): Adding socket 40 pid 26046 to jdwp process list
D/dalvikvm(26046): threadid=8: notify debugger
D/dalvikvm(26046): threadid=8 (FinalizerWatchdogDaemon): calling run()
I/dalvikvm(26046): Turning on JNI app bug workarounds for target SDK version 9...
D/dalvikvm(26046): threadid=9: interp stack at 0x5d94d000
D/dalvikvm(26046): threadid=10: interp stack at 0x5da55000
D/AEE/AED (25978): put_in_archive: Archive file /sdcard/mtklog/aee_exp/temp/db.G25978/SYS_EVENT_LOG_TAGS, size 13978
D/AEE/AED (25978): put_in_archive: Archive file /sdcard/mtklog/aee_exp/temp/db.G25978/SYS_MEMORY_INFO, size 1036
D/AEE/AED (25978): put_in_archive: Archive file /sdcard/mtklog/aee_exp/temp/db.G25978/SYS_PROC_SCHED_DEBUG, size 16179
D/AEE/AED (25978): put_in_archive: Archive file /sdcard/mtklog/aee_exp/temp/db.G25978/SYS_CPU_INFO, size 2459
D/AEE/AED (25978): put_in_archive: Archive file /sdcard/mtklog/aee_exp/temp/db.G25978/SYS_PROCRANK, size 0
D/AEE/AED (25978): put_in_archive: Archive file /sdcard/mtklog/aee_exp/temp/db.G25978/SCREEN.png, size 0
D/AEE/AED (25978): put_in_archive: Archive file /sdcard/mtklog/aee_exp/temp/db.G25978/SYS_VIRTUAL_MEMORY_STATS, size 1621
D/AEE/AED (25978): put_in_archive: Archive file /sdcard/mtklog/aee_exp/temp/db.G25978/SYS_VMALLOC_INFO, size 38810
I/iio/ifunc( 5296): [_disable] wait 1 VD till DMA stop tgStatus(0x1)
I/iio/ifunc( 5296): [_disable] - P1 stop VF(0x1000),TG_IN(0x92920102),STX(0x0)
I/iio/ifunc( 5296): [_disable] rtBufCtrl.ctrl(5)/id(4)/ptr(0x44c67b84)
I/iio/ifunc( 5296): [_disable] rtBufCtrl.ctrl(5)/id(5)/ptr(0x44c67b84)
I/iio/ifunc( 5296): [_disable] P1 start(0x0)
D/MtkCam/VSSScen( 5296): [stop] -
D/MtkCam/VSSScen( 5296): [uninit] +
I/IspDrv ( 5296): {IspDrv} [GlobalPipeCountDec] - E.
I/IspDrv ( 5296): {IspDrv} [GlobalPipeCountDec] - X. Result: 1. count: 1.
I/iio/camio( 5296): [~CamIOPipe] :E
I/iio/camio( 5296): [~CamIOPipe] :X
I/iio/ppp ( 5296): [uninit] :E
I/Drv/IMem( 5296): Drv/IMem[freeVirtBuf] mID[0x53]/size[0x9000]/VA[0x43bca000]/PA[0x2200000]
I/Drv/IMem( 5296): Drv/IMem[freeVirtBuf] mID[0x5c]/size[0x200]/VA[0x43c16000]/PA[0x2200000]
I/IspDrv ( 5296): {IspDrv} [GlobalPipeCountDec] - E.
I/IspDrv ( 5296): {IspDrv} [GlobalPipeCountDec] - X. Result: 1. count: 0.
I/CdpDrv ( 5296): {CdpDrv} [Uninit] - E. mInitCount: 1. mSysramUsageCount: 1.
I/CdpDrv ( 5296): {CdpDrv} [ProfilingPrint] [Event_CdpDrv_Uninit] atomic_dec:(0-th) ===> [start-->now: 0.029000 ms]
I/CdpDrv ( 5296): {CdpDrv} [FreeRotationBuf] - E. mSysramUsageCount: 1.
I/CdpDrv ( 5296): {CdpDrv} [FreeRotationBuf] - X. ret: 1. mSysramUsageCount: 0.
I/CdpDrv ( 5296): {CdpDrv} [ProfilingPrint] [Event_CdpDrv_Uninit] FreeRotationBuf:(1-th) ===> [start-->now: 0.101000 ms] [last-->now: 0.072000 ms]
D/AEE/AED (25978): put_in_archive: Archive file /sdcard/mtklog/aee_exp/temp/db.G25978/SYS_ZONEINFO, size 2551
I/CdpDrv ( 5296): {CdpDrv} [ProfilingPrint] [Event_CdpDrv_Uninit] Close SYSRAM kernel drv:(2-th) ===> [start-->now: 0.154000 ms] [last-->now: 0.053000 ms]
I/CdpDrv ( 5296): {CdpDrv} [Uninit] - X. Result: 1. mInitCount: 0. mFdSysram: 78. mSysramUsageCount: 0.
I/CdpDrv ( 5296): {CdpDrv} [ProfilingPrint] [Event_CdpDrv_Uninit] Exit:(3-th) ===> [start-->now: 0.174000 ms] [last-->now: 0.020000 ms]
I/CdpDrv ( 5296): {CdpDrv} [DestroyInstance]
I/TpipeDrv( 5296): {TpipeDrv} [uninit] mInitCount(2)
I/TpipeDrv( 5296): {TpipeDrv} [uninit] X
I/IspDrv ( 5296): {IspDrv} [uninit] - E. mInitCount(8)
I/IspDrv ( 5296): {IspDrv} [ProfilingPrint] [Event_IspDrv_Uninit] atomic_dec:(0-th) ===> [start-->now: 0.008000 ms]
I/IspDrv ( 5296): {IspDrv} [uninit] - X. ret: 1. mInitCount: 7.
I/IspDrv ( 5296): {IspDrv} [ProfilingPrint] [Event_IspDrv_Uninit] Exit:(1-th) ===> [start-->now: 0.024000 ms] [last-->now: 0.016000 ms]
I/iio/ifunc( 5296): [uninit] mInitCount(0)
I/iio/ppp ( 5296): [uninit] :X
I/iio/pppb( 5296): [uninit] - mu4InitRefCount(0), ret(1)
D/MtkCam/VSSScen( 5296): [uninit] -
D/MtkCam/VSSScen( 5296): [~VSSScenario]
D/MtkCam/HwBuffhandler( 5296): (25974)[virtual void HwBuffProvider::removeBuf()] +
W/MtkCam/HwBuffhandler( 5296): (25974)[virtual void HwBuffProvider::removeBuf()] the number of to-be-de-allocated buffer is not enough: 0
D/MtkCam/HwBuffhandler( 5296): (25974)[virtual void HwBuffProvider::removeBuf()] clear Hwbuff with size: 0, 6
D/MtkCam/HwBuffhandler( 5296): (25974)[virtual void HwBuffer::destroyBuffer()] +
I/Drv/IMem( 5296): Drv/IMem[freeVirtBuf] mID[0x5d]/size[0x391160]/VA[0x4516f000]/PA[0x2540000]
D/MtkCam/HwBuffhandler( 5296): (25974)[virtual void HwBuffer::destroyBuffer()] -
D/MtkCam/HwBuffhandler( 5296): (25974)[virtual void HwBuffer::destroyBuffer()] +
I/Drv/IMem( 5296): Drv/IMem[freeVirtBuf] mID[0x5e]/size[0x391160]/VA[0x45501000]/PA[0x2900000]
D/MtkCam/HwBuffhandler( 5296): (25974)[virtual void HwBuffer::destroyBuffer()] -
D/MtkCam/HwBuffhandler( 5296): (25974)[virtual void HwBuffer::destroyBuffer()] +
I/Drv/IMem( 5296): Drv/IMem[freeVirtBuf] mID[0x5f]/size[0x391160]/VA[0x45893000]/PA[0x2cc0000]
D/MtkCam/HwBuffhandler( 5296): (25974)[virtual void HwBuffer::destroyBuffer()] -
D/MtkCam/HwBuffhandler( 5296): (25974)[virtual void HwBuffer::destroyBuffer()] +
I/Drv/IMem( 5296): Drv/IMem[freeVirtBuf] mID[0x60]/size[0x391160]/VA[0x45c25000]/PA[0x3080000]
D/MtkCam/HwBuffhandler( 5296): (25974)[virtual void HwBuffer::destroyBuffer()] -
D/MtkCam/HwBuffhandler( 5296): (25974)[virtual void HwBuffer::destroyBuffer()] +
I/Drv/IMem( 5296): Drv/IMem[freeVirtBuf] mID[0x61]/size[0x391160]/VA[0x45fb7000]/PA[0x3440000]
D/MtkCam/HwBuffhandler( 5296): (25974)[virtual void HwBuffer::destroyBuffer()] -
D/MtkCam/HwBuffhandler( 5296): (25974)[virtual void HwBuffer::destroyBuffer()] +
I/Drv/IMem( 5296): Drv/IMem[freeVirtBuf] mID[0x62]/size[0x391160]/VA[0x46349000]/PA[0x3800000]
D/MtkCam/HwBuffhandler( 5296): (25974)[virtual void HwBuffer::destroyBuffer()] -
D/MtkCam/HwBuffhandler( 5296): (25974)[virtual void HwBuffProvider::removeBuf()] -
D/SensorHal( 5296): [uninit][uninit]: 3
D/SensorHal( 5296): [uninit] Still users
D/SensorHal( 5296): [deleteImp][deleteImp]: 3
D/SensorHal( 5296): [deleteImp] Still users
D/EISHal ( 5296): [destroyInstance]mtkdefaultAdapter
D/EISHal ( 5296): [uninit]mUsers(1)
D/EISDrv ( 5296): [enableEIS]Enable(0x0)
D/EISDrv ( 5296): [uninit]mUsers(1)
D/EISDrv ( 5296): [resetRegister]+
D/EISDrv ( 5296): [resetRegister]-
D/EISDrv ( 5296): [destroyMemBuf]Cnt(1)
I/Drv/IMem( 5296): Drv/IMem[freeVirtBuf] mID[0x63]/size[0x1a0]/VA[0x43c17000]/PA[0x2240000]
D/EISDrv ( 5296): [destroyMemBuf]-
I/IspDrv ( 5296): {IspDrv} [uninit] - E. mInitCount(7)
I/IspDrv ( 5296): {IspDrv} [ProfilingPrint] [Event_IspDrv_Uninit] atomic_dec:(0-th) ===> [start-->now: 0.008000 ms]
I/IspDrv ( 5296): {IspDrv} [uninit] - X. ret: 1. mInitCount: 6.
I/IspDrv ( 5296): {IspDrv} [ProfilingPrint] [Event_IspDrv_Uninit] Exit:(1-th) ===> [start-->now: 0.035000 ms] [last-->now: 0.027000 ms]
D/EISDrv ( 5296): [uninit]X
D/EISHal ( 5296): [uninit]-
I/MtkCam/CamAdapter( 5296): (25974)[transitState] StatePreview --> StateIdle
D/MtkCam/PrvCQT( 5296): (25974)[stop] -
D/MtkCam/PrvCQT( 5296): (25974)[threadLoop] -
D/MtkCam/PrvCQT( 5296): (25974)[threadLoop] +
D/MtkCam/PrvCQT( 5296): (25974)[getCommand] +
D/MtkCam/PrvCQT( 5296): (25974)[getCommand] + tid(25974), que size(0)
D/MtkCam/PrvCQT( 5296): (12069)[postCommand] -
D/MtkCam/ResourceLock( 5296): (12069)[Unlock] Type(2)
D/MtkCam/ResourceLock( 5296): (12069)[GetPipeMgr] Type(2),Dst(0x00000003)
D/PipeMgrDrv( 5296): [Unlock]OK,PipeMask(0x00000003)
D/MtkCam/ResourceLock( 5296): (12069)[Unlock] Unlock OK
D/MtkCam/ResourceLock( 5296): (12069)[SetMode] Type(1)
D/MtkCam/ResourceLock( 5296): (12069)[GetResMgr] Type(1),ScenSw(1),ScenHw(0),Dev(0)
D/ResMgrDrv( 5296): [SetMode]ScenSw(1),ScenHw(0),Dev(0)
D/ResMgrDrv( 5296): [GetMode]ScenSw(2),ScenHw(6),Dev(0)
D/ResMgrDrv( 5296): [SetMode]OK
I/ ( 5296): [BWC INFO](12069): [bwc.mm._Profile] Get : 5
I/ ( 5296): [BWC INFO](12069): [bwc.mm._Profile] Set : 0
I/ ( 5296): [BWC INFO](12069): [bwc.mm.SensorSize] Get : 1996 1496
I/ ( 5296): [BWC INFO](12069): [bwc.mm.VideoRecordSize] Get :
I/ ( 5296): [BWC INFO](12069): [bwc.mm.DisplaySize] Get :
I/ ( 5296): [BWC INFO](12069): [bwc.mm.TvOutSize] Get :
I/ ( 5296): [BWC INFO](12069): [bwc.mm.Fps] Get :
I/ ( 5296): [BWC INFO](12069): [bwc.mm.VideoEncodeCodec] Get :
I/ ( 5296): [BWC INFO](12069): [bwc.mm.VideoDecodeCodec] Get : 1
I/ ( 5296): [BWC INFO](12069): BWC_SETTING::DumpInfo-------
I/ ( 5296):
I/ ( 5296): [BWC INFO](12069): sensor_size = 1996 x 1496
I/ ( 5296): [BWC INFO](12069): vr_size = 0 x 0
I/ ( 5296): [BWC INFO](12069): disp_size = 0 x 0
I/ ( 5296): [BWC INFO](12069): tv_size = 0 x 0
I/ ( 5296): [BWC INFO](12069): fps = 0
I/ ( 5296): [BWC INFO](12069): venc_codec_type = 0
I/ ( 5296): [BWC INFO](12069): vdec_codec_type = 1
I/ ( 5296): [BWC INFO](12069): ----------------------------
I/ ( 5296):
I/ ( 5296): [BWC INFO](12069): BWCLIMIT_VR_1066 VR=840222720
I/ ( 5296): [BWC INFO](12069): BWCLIMIT_VR_1066 VT=933534720
I/ ( 5296): [BWC INFO](12069): BWCLIMIT_VT_1066 VR=402278400
I/ ( 5296): [BWC INFO](12069): BWCLIMIT_VT_1066 VT=487987200
I/ ( 5296): [BWC INFO](12069): Read DDR type string:LPDDR2
I/ ( 5296): [BWC INFO](12069): DDR Type = 0
I/ ( 5296): [BWC INFO](12069): smi_bw_ctrl_set: scen 0, reduce cmd 0
I/ ( 5296): [BWC INFO](12069): emi_bw_ctrl_set: CON_SCE_NORMAL OFF
I/ ( 5296): [BWC INFO](12069): ifc_set_throttle: -1 -1 (Normal)
D/NetUtils( 5296): enter ifc_set_throttle: ifname = ccmni0, rx = -1 kbs, tx = -1 kbs
D/NetUtils( 5296): ifc_netd_sock_init: connect to netd failed, err: 13(Permission denied)
D/NetUtils( 5296): ifc_netd_sock_close
I/ ( 5296): [BWC INFO](12069): Profile_Change:[BWCPT_CAMERA_PREVIEW]:OFF
I/ ( 5296): [BWC INFO](12069): [bwc.mm._Profile] Get : 0
I/ ( 5296): [BWC INFO](12069): [bwc.mm._Profile] Set : 0
I/ ( 5296): [BWC INFO](12069): [bwc.mm.SensorSize] Get : 1996 1496
I/ ( 5296): [BWC INFO](12069): [bwc.mm.VideoRecordSize] Get :
I/ ( 5296): [BWC INFO](12069): [bwc.mm.DisplaySize] Get :
I/ ( 5296): [BWC INFO](12069): [bwc.mm.TvOutSize] Get :
I/ ( 5296): [BWC INFO](12069): [bwc.mm.Fps] Get :
I/ ( 5296): [BWC INFO](12069): [bwc.mm.VideoEncodeCodec] Get :
I/ ( 5296): [BWC INFO](12069): [bwc.mm.VideoDecodeCodec] Get : 1
I/ ( 5296): [BWC INFO](12069): BWC_SETTING::DumpInfo-------
I/ ( 5296):
I/ ( 5296): [BWC INFO](12069): sensor_size = 1996 x 1496
I/ ( 5296): [BWC INFO](12069): vr_size = 0 x 0
I/ ( 5296): [BWC INFO](12069): disp_size = 0 x 0
I/ ( 5296): [BWC INFO](12069): tv_size = 0 x 0
I/ ( 5296): [BWC INFO](12069): fps = 0
I/ ( 5296): [BWC INFO](12069): venc_codec_type = 0
I/ ( 5296): [BWC INFO](12069): vdec_codec_type = 1
I/ ( 5296): [BWC INFO](12069): ----------------------------
I/ ( 5296):
I/ ( 5296): [BWC INFO](12069): BWCLIMIT_VR_1066 VR=840222720
I/ ( 5296): [BWC INFO](12069): BWCLIMIT_VR_1066 VT=933534720
I/ ( 5296): [BWC INFO](12069): BWCLIMIT_VT_1066 VR=402278400
I/ ( 5296): [BWC INFO](12069): BWCLIMIT_VT_1066 VT=487987200
I/ ( 5296): [BWC INFO](12069): Read DDR type string:LPDDR2
I/ ( 5296): [BWC INFO](12069): DDR Type = 0
I/ ( 5296): [BWC INFO](12069): smi_bw_ctrl_set: scen 0, reduce cmd 0
I/ ( 5296): [BWC INFO](12069): emi_bw_ctrl_set: CON_SCE_NORMAL OFF
I/ ( 5296): [BWC INFO](12069): ifc_set_throttle: -1 -1 (Normal)
D/NetUtils( 5296): enter ifc_set_throttle: ifname = ccmni0, rx = -1 kbs, tx = -1 kbs
D/NetUtils( 5296): ifc_netd_sock_init: connect to netd failed, err: 13(Permission denied)
D/NetUtils( 5296): ifc_netd_sock_close
I/ ( 5296): [BWC INFO](12069): Profile_Change:[BWCPT_CAMERA_PREVIEW]:OFF
D/ResMgrDrv( 5296): [CloseHdmi]En(1)
W/ResMgrDrv( 5296): [CloseHdmi]WRN( 456):HDMITX kernel open fail, errno(2):No such file or directory
D/MtkCam/CamAdapter( 5296): (12069)(Default)[onHandleStopPreview] -
D/MtkCam/CamAdapter( 5296): (12069)(StatePreview)[onStopPreview] - status(0)
D/MtkCam/CamClient( 5296): (12069)[stopPreview] +
D/MtkCam/PrvCB( 5296): (12069)[stopPreview] + current mIsPrvStarted=1
D/MtkCam/PrvCB( 5296): (12069)(PreviewClientCb)[ImgBufManager::uninit] + mu4BufCount(3)
D/MtkCam/PrvCB( 5296): (12069)(PreviewClientCb)[ImgBufManager::uninit] -
D/MtkCam/PrvCB( 5296): (12069)(PreviewClientCb)[ImgBufManager::~ImgBufManager]
D/MtkCam/CamClient/FDClient( 5296): (12069)[stopFaceDetection] +
I/MtkCam/CamAdapter( 5296): (Default)[BaseCamAdapter::onImgBufProviderDestroyed] id=4, ImgBufProvider=0x0
D/MtkCam/CamClient/FDClient( 5296): (12069)[stopFaceDetection] isEnabledState(0) +
W/MtkCam/CamClient/FDClient( 5296): (12069)[stopFaceDetection] FD was not running
D/MtkCam/CamClient/FDClient( 5296): (12069)[stopFaceDetection] -
D/MtkCam/CamClient( 5296): (12069)[stopPreview] -
D/MtkCam/DisplayClient( 5296): (12069)[disableDisplay] + isDisplayEnabled(1)
D/MtkCam/MtkCamUtils( 5296): (CameraDisplay@ImgBufQue)[dequeProcessor] Empty Que
W/MtkCam/DisplayClient( 5296): (25973)[waitAndHandleReturnBuffers] vQueNode.empty()
I/MtkCam/DisplayClient( 5296): (25973)[onThreadLoop] Display disabled
D/MtkCam/DisplayClient( 5296): (25973)[cancelAllUnreturnBuffers] +
D/MtkCam/DisplayClient( 5296): (12069)[disableDisplay] - isDisplayEnabled(0)
D/MtkCam/DisplayClient( 5296): (25973)[cancelAllUnreturnBuffers] -
D/MtkCam/DisplayClient( 5296): (25973)[DisplayThread::threadLoop] - mpThreadHandler.get(0x42a520e4)
D/MtkCam/DisplayClient( 5296): (25973)[DisplayThread::getCommand] + que size(0)
W/MtkCam/CamAdapter( 5296): (12069)(StateIdle)[op_UnSupport] onCancelCapture
D/MtkCam/CamAdapter( 5296): (12069)(Default)[uninit] +
D/MtkCam/CamAdapter( 5296): (12069)[CaptureCmdQueThread::requestExit] +
D/MtkCam/CamAdapter( 5296): (12069)[CaptureCmdQueThread::postCommand] - new command::eID_EXIT
D/MtkCam/CamAdapter( 5296): (12069)[CaptureCmdQueThread::requestExit] -
D/MtkCam/CamAdapter( 5296): (25975)[CaptureCmdQueThread::getCommand] command:eID_EXIT
D/MtkCam/CamAdapter( 5296): (12069)(Default)[uninit] PreviewCmdQ Thread: (tid, getStrongCount)=(25974, 2)
D/MtkCam/CamAdapter( 5296): (25975)[CaptureCmdQueThread::getCommand] - que size(0), ret(1)
D/MtkCam/CamAdapter( 5296): (25975)[CaptureCmdQueThread::threadLoop] Command::eID_EXIT
D/MtkCam/CamAdapter( 5296): (25975)[CaptureCmdQueThread::threadLoop] - mpCmdQueThreadHandler.get(0x42a21894)
D/MtkCam/PrvCQT( 5296): (12069)[requestExit] +
D/MtkCam/PrvCQT( 5296): (12069)[postCommand] +
D/MtkCam/PrvCQT( 5296): (12069)[postCommand] + tid(12069), que size(0)
D/MtkCam/PrvCQT( 5296): (12069)[postCommand] - new command added(5): tid(12069), que size(1)
D/MtkCam/PrvCQT( 5296): (25974)[getCommand] Command: 5
D/MtkCam/PrvCQT( 5296): (25974)[getCommand] - tid(25974), que size(0), ret(1)
D/MtkCam/PrvCQT( 5296): (25974)[getCommand] -
D/MtkCam/PrvCQT( 5296): (25974)[threadLoop] -
D/MtkCam/PrvCQT( 5296): (12069)[postCommand] -
D/MtkCam/PrvCQT( 5296): (12069)[requestExit] -
D/MtkCam/PrvCQT( 5296): (12069)[~PreviewCmdQueThread] this=0x42a21a00, sizeof:192
D/MtkCam/PreviewBufMgr( 5296): (12069)[~PreviewBufMgr] this=0x42a21988, mspImgBufProvidersMgr=0x42a2198c, mspHwBufPvdr=0x42a21990, sizeof:20
D/MtkCam/HwBuffhandler( 5296): (12069)[virtual HwBuffProvider::~HwBuffProvider()] +
D/MtkCam/HwBuffhandler( 5296): (12069)[virtual HwBuffProvider::~HwBuffProvider()] -
D/MtkCam/CamAdapter( 5296): (12069)(Default)[uninit3A]
D/MtkCam/ResourceLock( 5296): (12069)[Uninit] Last user(0)
D/ResMgrDrv( 5296): [Uninit]More user(1)
D/PipeMgrDrv( 5296): [Uninit]Last user(0)
D/MtkCam/CamAdapter( 5296): (12069)(Default)[uninit] -
I/MtkCam/CamDevice( 5296): (12069)(Default:0)[CamDevice::stopPreview] -
D/MtkCam/CamDevice( 5296): (12069)(Default:0)[onUninit] +
D/MtkCam/CamDevice( 5296): (12069)(Default:0)[CamDevice::onUninit] +
I/MtkCam/DisplayClient( 5296): (12069)[uninit] + getStrongCount(2)
D/MtkCam/DisplayClient( 5296): (12069)[disableDisplay] + isDisplayEnabled(0)
D/MtkCam/DisplayClient( 5296): (12069)[disableDisplay] Display is already disabled
D/MtkCam/DisplayClient( 5296): (12069)[disableDisplay] - isDisplayEnabled(0)
D/MtkCam/DisplayClient( 5296): (12069)[destroyDisplayThread] DisplayThread: (tid, getStrongCount, pDisplayThread)=(25973, 2, 0x44071f90)
D/MtkCam/DisplayClient( 5296): (12069)[DisplayThread::requestExit] +
D/MtkCam/DisplayClient( 5296): (12069)[DisplayThread::postCommand] - new command::eID_EXIT
D/MtkCam/DisplayClient( 5296): (25973)[DisplayThread::getCommand] command:eID_EXIT
D/MtkCam/DisplayClient( 5296): (25973)[DisplayThread::getCommand] - que size(0), ret(1)
D/MtkCam/DisplayClient( 5296): (25973)[DisplayThread::threadLoop] Command::eID_EXIT
D/MtkCam/DisplayClient( 5296): (25973)[DisplayThread::threadLoop] - mpThreadHandler.get(0x42a520e4)
D/MtkCam/DisplayClient( 5296): (12069)[DisplayThread::requestExit] -
D/MtkCam/DisplayClient( 5296): (12069)[destroyDisplayThread] join() exit
D/MtkCam/DisplayClient( 5296): (12069)[destroyImgBufQueue] +
I/MtkCam/CamAdapter( 5296): (Default)[BaseCamAdapter::onImgBufProviderDestroyed] id=1, ImgBufProvider=0x42a55548
D/MtkCam/DisplayClient( 5296): (12069)[destroyImgBufQueue] -
I/MtkCam/DisplayClient( 5296): (12069)[uninit] - getStrongCount(1)
D/MtkCam/DisplayClient( 5296): (12069)[~DisplayClient] +
I/MtkCam/CamClient( 5296): (12069)[uninit] + getStrongCount(1)
D/MtkCam/PrvCB( 5296): (12069)[uninit] +
I/MtkCam/CamAdapter( 5296): (Default)[BaseCamAdapter::onImgBufProviderDestroyed] id=3, ImgBufProvider=0x425d7a98
W/MtkCam/MtkCamUtils( 5296): (PrvCB@ImgBufQue)[stopProcessor] intent to clear Done Que: size(1)!=0
D/MtkCam/PrvCB( 5296): [PrvCbImgBuf::~PrvCbImgBuf] Buffer[PreviewClientCb@0x44E82000@460800@yuv420sp@(640)640x480@12@Timestamp(10875563656000)] - mCamMem.release(0x40994bd3)
D/MtkCam/PrvCB( 5296): [PrvCbImgBuf::~PrvCbImgBuf] Buffer[PreviewClientCb@0x44EF3000@460800@yuv420sp@(640)640x480@12@Timestamp(10875383534000)] - mCamMem.release(0x40994bd3)
D/MtkCam/PrvCB( 5296): [PrvCbImgBuf::~PrvCbImgBuf] Buffer[PreviewClientCb@0x44E11000@460800@yuv420sp@(640)640x480@12@Timestamp(10875473598000)] - mCamMem.release(0x40994bd3)
D/MtkCam/PrvCB( 5296): (12069)[uninit] getThreadId(25971), getStrongCount(2), this(0x43c59598)
D/MtkCam/PrvCB( 5296): (12069)[requestExit] +
D/MtkCam/PrvCB( 5296): (12069)[postCommand] - new command::eID_EXIT
D/MtkCam/PrvCB( 5296): (25971)[getCommand] command:eID_EXIT
D/MtkCam/PrvCB( 5296): (25971)[threadLoop] Command::eID_EXIT
D/MtkCam/PrvCB( 5296): (25971)[threadLoop] -
D/MtkCam/PrvCB( 5296): (12069)[requestExit] -
D/MtkCam/PrvCB( 5296): (12069)[uninit] join() exit
D/MtkCam/PrvCB( 5296): (12069)[uninit] -
D/MtkCam/PrvCB( 5296): (12069)[~PreviewClient] +
D/MtkCam/CamClient/RecordClient( 5296): (12069)[uninit] +
I/MtkCam/CamAdapter( 5296): (Default)[BaseCamAdapter::onImgBufProviderDestroyed] id=2, ImgBufProvider=0x42a35b58
D/MtkCam/CamClient/RecordClient( 5296): (12069)[uninit] getThreadId(25972), getStrongCount(2), this(0x425d7b58)
D/MtkCam/CamClient/RecordClient( 5296): (12069)[requestExit] +
D/MtkCam/CamClient/RecordClient( 5296): (12069)[postCommand] - new command::eID_EXIT
D/MtkCam/CamClient/RecordClient( 5296): (25972)[getCommand] command:eID_EXIT
D/MtkCam/CamClient/RecordClient( 5296): (25972)[getCommand] - que size(0), ret(1)
D/MtkCam/CamClient/RecordClient( 5296): (25972)[threadLoop] Command::eID_EXIT
D/MtkCam/CamClient/RecordClient( 5296): (25972)[threadLoop] -
D/MtkCam/CamClient/RecordClient( 5296): (12069)[requestExit] -
D/MtkCam/CamClient/RecordClient( 5296): (12069)[uninit] join() exit
D/MtkCam/CamClient/RecordClient( 5296): (12069)[uninit] -
D/MtkCam/CamClient/RecordClient( 5296): (12069)[~RecordClient] -
D/MtkCam/CamClient/FDClient( 5296): (12069)[uninit] +
D/MtkCam/CamClient/FDClient( 5296): (12069)[uninit] getThreadId(0), getStrongCount(1), this(0x42a35c18)
D/MtkCam/CamClient/FDClient( 5296): (12069)[requestExit] +
D/MtkCam/CamClient/FDClient( 5296): (12069)[postCommand] - new command::1
D/MtkCam/CamClient/FDClient( 5296): (12069)[requestExit] -
D/MtkCam/CamClient/FDClient( 5296): (12069)[uninit] join() exit
D/MtkCam/CamClient/FDClient( 5296): (12069)[uninit] -
D/MtkCam/CamClient/FDClient( 5296): (12069)[~FDClient] -
D/MtkCam/CamClient/PREFEATUREBASE( 5296): (12069)[uninit] +
D/MtkCam/MtkCamUtils( 5296): (PrvFeatureBuf@ImgBufQue)[flushProcessor] TODO Que.size(0)
D/MtkCam/CamClient/PREFEATUREBASE( 5296): (12069)[uninit] -
D/MtkCam/CamClient/PREFEATUREBASE( 5296): (12069)[~PREFEATUREABSE] -
D/MtkCam/CamAdapter( 5296): (12069)(Default)[~CamAdapter] tid(12069), OpenId(0)
D/MtkCam/CamAdapter( 5296): (Default)[BaseCamAdapter::~BaseCamAdapter] tid(12069), OpenId(0)
D/MtkCam/CamAdapter( 5296): (Default)[BaseCamAdapter::~BaseCamAdapter] sizeof=32, this=0x42a21878, mpCamMsgCbInfo=0x42a21884, mpParamsMgr=0x42a21888, mImgBufProvidersMgr=0x42a2188c
I/MtkCam/CamClient( 5296): (12069)[uninit] - getStrongCount(1)
D/MtkCam/CamClient( 5296): (12069)[~CamClient]
D/MtkCam/CamDevice( 5296): (12069)(Default:0)[CamDevice::onUninit] -
I/MtkCam/MtkCamUtils( 5296): {CamProfile}[DefaultCamDevice::onUninit] CamDevice::onUninit() -: (0-th) ===> [start-->now: 26 ms]
D/aaa_hal/3Athread( 5296): +
D/aaa_hal/3Athread( 5296): mCmdQ size(0) + cmd(12)
D/aaa_hal/3Athread( 5296): CmdQ-size(1), todo(12)
D/aaa_hal/3Athread( 5296): -
D/aaa_hal/3Athread( 5296): -
I/IspDrv ( 5296): {IspDrv} [uninit] - E. mInitCount(6)
I/IspDrv ( 5296): {IspDrv} [ProfilingPrint] [Event_IspDrv_Uninit] atomic_dec:(0-th) ===> [start-->now: 0.026000 ms]
I/IspDrv ( 5296): {IspDrv} [uninit] - X. ret: 1. mInitCount: 5.
I/IspDrv ( 5296): {IspDrv} [ProfilingPrint] [Event_IspDrv_Uninit] Exit:(1-th) ===> [start-->now: 0.049000 ms] [last-->now: 0.023000 ms]
D/aaa_hal ( 5296): [AFThread] End
D/aaa_hal ( 5296): [AFThread] Delete
D/aaa_state( 5296): [StateInit::sendIntent]
D/flash_mgr.cpp( 5296): turnOffFlashDevice line=2041
D/FlashlightDrv( 5296): getInstance line=128
D/FlashlightDrv( 5296): setOnOff() isOn = 0
D/FlashlightDrv( 5296):
D/FlashlightDrv( 5296): setTimeOutTime(ms=1000)
D/flash_mgr.cpp( 5296): turnOffFlashDevice-thisFireEndTime=0
D/buf_mgr ( 5296): [int NS3A::BufMgr::uninit()()] - E. m_Users: 1
I/Drv/IMem( 5296): Drv/IMem[freeVirtBuf] mID[0x36]/size[0xd6f0]/VA[0x426e1000]/PA[0x1dc0000]
I/Drv/IMem( 5296): Drv/IMem[freeVirtBuf] mID[0x37]/size[0xd6f0]/VA[0x426ef000]/PA[0x1e00000]
I/Drv/IMem( 5296): Drv/IMem[freeVirtBuf] mID[0x38]/size[0x1bc]/VA[0x426fd000]/PA[0x1e40000]
I/IspDrv ( 5296): {IspDrv} [uninit] - E. mInitCount(5)
I/IspDrv ( 5296): {IspDrv} [ProfilingPrint] [Event_IspDrv_Uninit] atomic_dec:(0-th) ===> [start-->now: 0.008000 ms]
I/IspDrv ( 5296): {IspDrv} [uninit] - X. ret: 1. mInitCount: 4.
I/IspDrv ( 5296): {IspDrv} [ProfilingPrint] [Event_IspDrv_Uninit] Exit:(1-th) ===> [start-->now: 0.025000 ms] [last-->now: 0.017000 ms]
D/aaa_state( 5296): [StateCommon::transitState] StateInit --> StateUninit
I/IspDrv ( 5296): {IspDrv} [uninit] - E. mInitCount(4)
I/IspDrv ( 5296): {IspDrv} [ProfilingPrint] [Event_IspDrv_Uninit] atomic_dec:(0-th) ===> [start-->now: 0.006000 ms]
I/IspDrv ( 5296): {IspDrv} [uninit] - X. ret: 1. mInitCount: 3.
I/IspDrv ( 5296): {IspDrv} [ProfilingPrint] [Event_IspDrv_Uninit] Exit:(1-th) ===> [start-->now: 0.019000 ms] [last-->now: 0.013000 ms]
D/paramctrl_lifetime( 5296): [+uninit]
D/ispdrv_mgr( 5296): [uninit()] - E. m_Users: 1
I/IspDrv ( 5296): {IspDrv} [uninit] - E. mInitCount(3)
I/IspDrv ( 5296): {IspDrv} [ProfilingPrint] [Event_IspDrv_Uninit] atomic_dec:(0-th) ===> [start-->now: 0.006000 ms]
I/IspDrv ( 5296): {IspDrv} [uninit] - X. ret: 1. mInitCount: 2.
I/IspDrv ( 5296): {IspDrv} [ProfilingPrint] [Event_IspDrv_Uninit] Exit:(1-th) ===> [start-->now: 0.020000 ms] [last-->now: 0.014000 ms]
I/TdriMgr ( 5296): [uninit] mInitCount(1)
I/TpipeDrv( 5296): {TpipeDrv} [uninit] mInitCount(1)
I/Drv/IMem( 5296): Drv/IMem[freeVirtBuf] mID[0x3b]/size[0x278]/VA[0x42702000]/PA[0x0]
I/Drv/IMem( 5296): Drv/IMem[freeVirtBuf] mID[0x3f]/size[0x278]/VA[0x42a37000]/PA[0x0]
I/Drv/IMem( 5296): Drv/IMem[freeVirtBuf] mID[0x40]/size[0x278]/VA[0x42a38000]/PA[0x0]
I/Drv/IMem( 5296): Drv/IMem[freeVirtBuf] mID[0x41]/size[0x278]/VA[0x437cf000]/PA[0x0]
I/Drv/IMem( 5296): Drv/IMem[freeVirtBuf] mID[0x3c]/size[0x278]/VA[0x42703000]/PA[0x0]
I/Drv/IMem( 5296): Drv/IMem[freeVirtBuf] mID[0x3d]/size[0x278]/VA[0x42704000]/PA[0x0]
I/Drv/IMem( 5296): Drv/IMem[freeVirtBuf] mID[0x3e]/size[0x278]/VA[0x42a36000]/PA[0x0]
I/Drv/IMem( 5296): Drv/IMem[freeVirtBuf] mID[0x42]/size[0xd178]/VA[0x437d0000]/PA[0x0]
I/TpipeDrv( 5296): {TpipeDrv} [uninit] X
I/IspDrv ( 5296): {IspDrv} [uninit] - E. mInitCount(2)
I/IspDrv ( 5296): {IspDrv} [ProfilingPrint] [Event_IspDrv_Uninit] atomic_dec:(0-th) ===> [start-->now: 0.006000 ms]
I/IspDrv ( 5296): {IspDrv} [uninit] - X. ret: 1. mInitCount: 1.
I/IspDrv ( 5296): {IspDrv} [ProfilingPrint] [Event_IspDrv_Uninit] Exit:(1-th) ===> [start-->now: 0.022000 ms] [last-->now: 0.016000 ms]
I/TdriMgr ( 5296): [uninit] Release
D/lsc_mgr ( 5296): [LscMgr:uninit]
D/AppTsf ( 5296): [TsfExit] TsfExit
D/AEE/AED (25978): put_in_archive: Archive file /sdcard/mtklog/aee_exp/temp/db.G25978/SYS_BUDDY_INFO, size 200
D/AEE/AED (25978): put_in_archive: Archive file /sdcard/mtklog/aee_exp/temp/db.G25978/SYS_NETWORK_STATE, size 2941
D/AEE/AED (25978): put_in_archive: Archive file /sdcard/mtklog/aee_exp/temp/db.G25978/SYS_PROPERTIES, size 10564
D/AEE/AED (25978): put_in_archive: Archive file /sdcard/mtklog/aee_exp/temp/db.G25978/SYS_KERNEL_LOG, size 131072
D/AEE/AED (25978): put_in_archive: Archive file /sdcard/mtklog/aee_exp/temp/db.G25978/SYS_KERNEL_CPUFREQ, size 68
D/AppTsf ( 5296): [~AppTsf] destructor
D/lsc_mgr ( 5296): [LscMgr:mThreadLoop] end
D/lsc_mgr ( 5296): ~ RawLscTblUnInit(0)!!!
I/Drv/IMem( 5296): Drv/IMem[freeVirtBuf] mID[0x43]/size[0x10000]/VA[0x437de000]/PA[0x1f00000]
D/lsc_mgr ( 5296): RawLsc free VirtBuf/PhyBuf 0x437de000/0x01f00000 success
D/lsc_mgr ( 5296): ~ RawLscTblUnInit(1)!!!
I/Drv/IMem( 5296): Drv/IMem[freeVirtBuf] mID[0x44]/size[0x10000]/VA[0x437ee000]/PA[0x1f40000]
D/lsc_mgr ( 5296): RawLsc free VirtBuf/PhyBuf 0x437ee000/0x01f40000 success
D/lsc_mgr ( 5296): ~ RawLscTblUnInit(2)!!!
I/Drv/IMem( 5296): Drv/IMem[freeVirtBuf] mID[0x45]/size[0x40000]/VA[0x437fe000]/PA[0x1f80000]
D/AEE/AED (25978): put_in_archive: Archive file /sdcard/mtklog/aee_exp/temp/db.G25978/SYS_PROCESSES_AND_THREADS, size 81096
D/lsc_mgr ( 5296): RawLsc free VirtBuf/PhyBuf 0x437fe000/0x01f80000 success
D/lsc_mgr ( 5296): ~ RawLscTblUnInit(3)!!!
I/Drv/IMem( 5296): Drv/IMem[freeVirtBuf] mID[0x46]/size[0x10000]/VA[0x4383e000]/PA[0x2000000]
D/lsc_mgr ( 5296): RawLsc free VirtBuf/PhyBuf 0x4383e000/0x02000000 success
D/lsc_mgr ( 5296): ~ RawLscTblUnInit(4)!!!
I/Drv/IMem( 5296): Drv/IMem[freeVirtBuf] mID[0x47]/size[0x40000]/VA[0x43b89000]/PA[0x2040000]
D/lsc_mgr ( 5296): RawLsc free VirtBuf/PhyBuf 0x43b89000/0x02040000 success
D/lsc_mgr ( 5296): ~ RawLscTblUnInit(5)!!!
I/Drv/IMem( 5296): Drv/IMem[freeVirtBuf] mID[0x48]/size[0x10000]/VA[0x4384e000]/PA[0x20c0000]
D/lsc_mgr ( 5296): RawLsc free VirtBuf/PhyBuf 0x4384e000/0x020c0000 success
I/Drv/IMem( 5296): Drv/IMem[freeVirtBuf] mID[0x49]/size[0x10000]/VA[0x4385e000]/PA[0x2100000]
D/lsc_mgr ( 5296): RawLsc free VirtBuf/PhyBuf 0x4385e000/0x02100000 success
I/Drv/IMem( 5296): Drv/IMem[freeVirtBuf] mID[0x4a]/size[0x10000]/VA[0x43bf6000]/PA[0x2140000]
D/lsc_mgr ( 5296): RawLsc free VirtBuf/PhyBuf 0x43bf6000/0x02140000 success
I/Drv/IMem( 5296): Drv/IMem[freeVirtBuf] mID[0x4b]/size[0x10000]/VA[0x43c06000]/PA[0x2180000]
D/lsc_mgr ( 5296): RawLsc free VirtBuf/PhyBuf 0x43c06000/0x02180000 success
I/Drv/IMem( 5296): Drv/IMem[freeVirtBuf] mID[0x4c]/size[0xa8c0]/VA[0x4386e000]/PA[0x21c0000]
D/lsc_mgr ( 5296): RawLsc free VirtBuf/PhyBuf 0x4386e000/0x021c0000 success
D/SensorHal( 5296): [uninit][uninit]: 2
D/SensorHal( 5296): [uninit] Still users
D/SensorHal( 5296): [deleteImp][deleteImp]: 2
D/SensorHal( 5296): [deleteImp] Still users
D/lsc_mgr ( 5296): [LscMgr:uninit] (m_pIMemDrv:0x 0) (m_pSensorHal:0x0)
D/FLICKER ( 5296): [FLK Hal] FFLK func=getInstance line=134
D/FLICKER ( 5296): [FLK Hal] FFLK func=getInstance line=141
D/FLICKER ( 5296): [FLK Hal] FFLK func=releaseBuf line=229
I/Drv/IMem( 5296): Drv/IMem[freeVirtBuf] mID[0x39]/size[0x3a98]/VA[0x426fe000]/PA[0x1e80000]
I/Drv/IMem( 5296): Drv/IMem[freeVirtBuf] mID[0x3a]/size[0x3a98]/VA[0x437cb000]/PA[0x1ec0000]
D/FLICKER ( 5296): [FLK Hal] FFLK func=getInstance line=134
D/FLICKER ( 5296): [FLK Hal] FFLK func=getInstance line=141
D/FLICKER ( 5296): [FLK Hal] FFLK func=destroyInstance line=272
I/MtkCam/MtkCamUtils( 5296): {CamProfile}[DefaultCamDevice::onUninit] 3A Hal -: (1-th) ===> [start-->now: 57 ms] [last-->now: 31 ms]
D/SensorHal( 5296): [uninit][uninit]: 1
D/SeninfDrvImp( 5296): [initTg1CSI2][initCSI2]:enable = 0
D/AEE/AED (25978): put_in_archive: Archive file /sdcard/mtklog/aee_exp/temp/db.G25978/SYS_LIBRANK, size 0
D/ImgSensorDrv( 5296): [uninit][uninit] mUsers = 1
D/SeninfDrvImp( 5296): [uninit][uninit]: 1
D/SeninfDrvImp( 5296): [setTg1PhaseCounter][setTg1PhaseCounter] pcEn(0) clkPol(0)
D/AEE/AED (25978): put_in_archive: Archive file /sdcard/mtklog/aee_exp/temp/db.G25978/SYS_FILE_SYSTEMS, size 891
D/SeninfDrvImp( 5296): [setTg2PhaseCounter][setTg2PhaseCounter]
I/IspDrv ( 5296): {IspDrv} [uninit] - E. mInitCount(1)
I/IspDrv ( 5296): {IspDrv} [ProfilingPrint] [Event_IspDrv_Uninit] atomic_dec:(0-th) ===> [start-->now: 0.014000 ms]
I/IspDrv ( 5296): {IspDrv} [ProfilingPrint] [Event_IspDrv_Uninit] munmap(mpIspHwRegAddr):(1-th) ===> [start-->now: 0.042000 ms] [last-->now: 0.028000 ms]
