D/JavaBasedPackageManager(25477): Package info conversion
D/OpenCVEngine(25477): PackageInfo::PackageInfo("org.opencv.engine", "/data/app-lib/org.opencv.engine-1", "2.16")
D/OpenCVEngine(25477): Trying to load info library "/data/app-lib/org.opencv.engine-1/libopencv_info.so"
I/OpenCVEngine(25477): OpenCV package "org.opencv.lib_v24_armv5" revision "8.0.1" found
D/OpenCVEngine(25477): PackageInfo::PackageInfo("org.opencv.lib_v24_armv7a", "/data/app-lib/org.opencv.lib_v24_armv7a-1", "8.0.1")
D/JavaBasedPackageManager(25477): JavaBasedPackageManager::GetInstalledPackages() end
D/CommonPackageManager(25477): Check version "2040300" compatibility with "2040800"
D/CommonPackageManager(25477): Compatible
D/CommonPackageManager(25477): Check version "2040300" compatibility with "2040800"
D/CommonPackageManager(25477): Compatible
D/CommonPackageManager(25477): !!! Calculating rating for ARM
D/CommonPackageManager(25477): Checking (0, 67108864) against (0,268435470)
D/CommonPackageManager(25477): Checking (0, 134217728) against (0,268435470)
D/CommonPackageManager(25477): Checking (0, 134217729) against (0,268435470)
D/CommonPackageManager(25477): Checking (0, 134217730) against (0,268435470)
D/CommonPackageManager(25477): Checking (0, 134217731) against (0,268435470)
D/CommonPackageManager(25477): Checking (0, 268435456) against (0,268435470)
D/CommonPackageManager(25477): Checking (0, 268435457) against (0,268435470)
D/CommonPackageManager(25477): Checking (2, 268435457) against (0,268435470)
D/CommonPackageManager(25477): Checking (0, 268435458) against (0,268435470)
D/CommonPackageManager(25477): Checking (0, 268435459) against (0,268435470)
D/CommonPackageManager(25477): Checking (0, 268435464) against (0,268435470)
D/CommonPackageManager(25477): Checking (0, 268435465) against (0,268435470)
D/CommonPackageManager(25477): Checking (0, 268435466) against (0,268435470)
D/CommonPackageManager(25477): Checking (0, 268435467) against (0,268435470)
D/CommonPackageManager(25477): Checking (0, 268435468) against (0,268435470)
D/CommonPackageManager(25477): Checking (0, 268435470) against (0,268435470)
D/CommonPackageManager(25477): Rating found: 15
D/CommonPackageManager(25477): Current hardware platform rating 15 for (0,268435470)
D/CommonPackageManager(25477): !!! Calculating rating for ARM
D/CommonPackageManager(25477): Checking (0, 67108864) against (0,67108864)
D/CommonPackageManager(25477): Rating found: 0
D/CommonPackageManager(25477): Package "org.opencv.lib_v24_armv5" rating 0 for (0,67108864)
D/CommonPackageManager(25477): !!! Calculating rating for ARM
D/CommonPackageManager(25477): Checking (0, 67108864) against (0,268435456)
D/CommonPackageManager(25477): Checking (0, 134217728) against (0,268435456)
D/CommonPackageManager(25477): Checking (0, 134217729) against (0,268435456)
D/CommonPackageManager(25477): Checking (0, 134217730) against (0,268435456)
D/CommonPackageManager(25477): Checking (0, 134217731) against (0,268435456)
D/CommonPackageManager(25477): Checking (0, 268435456) against (0,268435456)
D/CommonPackageManager(25477): Rating found: 5
D/CommonPackageManager(25477): Package "org.opencv.lib_v24_armv7a" rating 5 for (0,268435456)
D/OpenCVEngine(25477): Trying to load info library "/data/app-lib/org.opencv.lib_v24_armv7a-1/libopencv_info.so"
I/OpenCVEngine(25477): Info library not found in package
D/OpenCVManager/Helper(25924): Library list: ""
D/OpenCVManager/Helper(25924): First attempt to load libs
D/OpenCVManager/Helper(25924): Trying to init OpenCV libs
D/OpenCVManager/Helper(25924): Trying to load library /data/app-lib/org.opencv.lib_v24_armv7a-1/libopencv_java.so
D/dalvikvm(25924): Trying to load lib /data/app-lib/org.opencv.lib_v24_armv7a-1/libopencv_java.so 0x4231c548
D/dalvikvm( 5719): GC_FOR_ALLOC freed 3K (74), 36% free 47212K/73060K, paused 27ms, total 27ms
D/dalvikvm( 5719): GC_CONCURRENT freed 3K (76), 36% free 47209K/73060K, paused 2ms+6ms, total 33ms
D/skia ( 5719): jpeg_decoder finish successfully, L:1349, reuse 0!!!
D/skia ( 5719): Cannot support PQ Sharpeness when picture width 2160 > 1280
D/WallpaperManager( 5719): createBitmap begin width = 2010 , height = 1920
D/LocationManagerService( 5535): status timer finished
D/ConnectivityService( 5535): getActiveNetworkInfo:NetworkInfo: type: WIFI[], state: CONNECTED/CONNECTED, reason: (unspecified), extra: "ASUS", roaming: false, failover: false, isAvailable: true, simId: 0/10014
D/dalvikvm( 5719): GC_FOR_ALLOC freed 3K (75), 36% free 47208K/73060K, paused 24ms, total 24ms
D/dalvikvm(25924): Added shared lib /data/app-lib/org.opencv.lib_v24_armv7a-1/libopencv_java.so 0x4231c548
D/OpenCVManager/Helper(25924): OpenCV libs init was ok!
D/OpenCVManager/Helper(25924): First attempt to load libs is OK
I/OpenCVManager/Helper(25924): General configuration for OpenCV 2.4.8 =====================================
I/OpenCVManager/Helper(25924): Version control: 2.4.8
I/OpenCVManager/Helper(25924): Platform:
I/OpenCVManager/Helper(25924): Host: Linux 3.2.0-56-generic x86_64
I/OpenCVManager/Helper(25924): Target: Linux 1 armv7-a
I/OpenCVManager/Helper(25924): CMake: 2.8.12
I/OpenCVManager/Helper(25924): CMake generator: Ninja
I/OpenCVManager/Helper(25924): CMake build tool: /usr/local/bin/ninja
I/OpenCVManager/Helper(25924): Configuration: Release
I/OpenCVManager/Helper(25924): C/C++:
I/OpenCVManager/Helper(25924): Built as dynamic libs?: NO
I/OpenCVManager/Helper(25924): C++ Compiler: /opt/android-ndk-r8c/toolchains/arm-linux-androideabi-4.6/prebuilt/linux-x86/bin/arm-linux-androideabi-g++ (ver 4.6)
I/OpenCVManager/Helper(25924): C++ flags (Release): -fexceptions -frtti -Wno-psabi --sysroot=/opt/android-ndk-r8c/platforms/android-8/arch-arm -fpic -funwind-tables -finline-limit=64 -fsigned-char -no-canonical-prefixes -march=armv7-a -mfloat-abi=softfp -mfpu=vfpv3-d16 -fdata-sections -ffunction-sections -Wa,--noexecstack -fsigned-char -W -Wall -Werror=return-type -Werror=address -Werror=sequence-point -Wformat -Werror=format-security -Wmissing-declarations -Wundef -Winit-self -Wpointer-arith -Wshadow -Wsign-promo -Wno-narrowing -fdiagnostics-show-option -fomit-frame-pointer -mthumb -fomit-frame-pointer -fno-strict-aliasing -O3 -DNDEBUG -DNDEBUG
I/OpenCVManager/Helper(25924): C++ flags (Debug): -fexceptions -frtti -Wno-psabi --sysroot=/opt/android-ndk-r8c/platforms/android-8/arch-arm -fpic -funwind-tables -finline-limit=64 -fsigned-char -no-canonical-prefixes -march=armv7-a -mfloat-abi=softfp -mfpu=vfpv3-d16 -fdata-sections -ffunction-sections -Wa,--noexecstack -fsigned-char -W -Wall -Werror=return-type -Werror=address -Werror=sequence-point -Wformat -Werror=format-security -Wmissing-declarations -Wundef -Winit-self -Wpointer-arith -Wshadow -Wsign-promo -Wno-narrowing -fdiagnostics-show-option -fomit-frame-pointer -marm -fno-omit-frame-pointer -fno-strict-aliasing -O0 -g -DDEBUG -D_DEBUG -O0 -DDEBUG -D_DEBUG
I/OpenCVManager/Helper(25924): C Compiler: /opt/android-ndk-r8c/toolchains/arm-linux-androideabi-4.6/prebuilt/linux-x86/bin/arm-linux-androideabi-gcc
I/OpenCVManager/Helper(25924): C flags (Release): -fexceptions -Wno-psabi --sysroot=/opt/android-ndk-r8c/platforms/android-8/arch-arm -fpic -funwind-tables -finline-limit=64 -fsigned-char -no-canonical-prefixes -march=armv7-a -mfloat-abi=softfp -mfpu=vfpv3-d16 -fdata-sections -ffunction-sections -Wa,--noexecstack -fsigned-char -W -Wall -Werror=return-type -Werror=address -Werror=sequence-point -Wformat -Werror=format-security -Wmissing-declarations -Wmissing-prototypes -Wstrict-prototypes -Wundef -Winit-self -Wpointer-arith -Wshadow -Wno-narrowing -fdiagnostics-show-option -fomit-frame-pointer -mthumb -fomit-frame-pointer -fno-strict-aliasing -O3 -DNDEBUG -DNDEBUG
I/OpenCVManager/Helper(25924): C flags (Debug): -fexceptions -Wno-psabi --sysroot=/opt/android-ndk-r8c/platforms/android-8/arch-arm -fpic -funwind-tables -finline-limit=64 -fsigned-char -no-canonical-prefixes -march=armv7-a -mfloat-abi=softfp -mfpu=vfpv3-d16 -fdata-sections -ffunction-sections -Wa,--noexecstack -fsigned-char -W -Wall -Werror=return-type -Werror=address -Werror=sequence-point -Wformat -Werror=format-security -Wmissing-declarations -Wmissing-prototypes -Wstrict-prototypes -Wundef -Winit-self -Wpointer-arith -Wshadow -Wno-narrowing -fdiagnostics-show-option -fomit-frame-pointer -marm -fno-omit-frame-pointer -fno-strict-aliasing -O0 -g -DDEBUG -D_DEBUG -O0 -DDEBUG -D_DEBUG
I/OpenCVManager/Helper(25924): Linker flags (Release): -Wl,--fix-cortex-a8 -Wl,--no-undefined -Wl,--gc-sections -fuse-ld=gold -Wl,-z,noexecstack -Wl,-z,relro -Wl,-z,now
I/OpenCVManager/Helper(25924): Linker flags (Debug): -Wl,--fix-cortex-a8 -Wl,--no-undefined -Wl,--gc-sections -fuse-ld=gold -Wl,-z,noexecstack -Wl,-z,relro -Wl,-z,now
I/OpenCVManager/Helper(25924): Precompiled headers: YES
I/OpenCVManager/Helper(25924): OpenCV modules:
I/OpenCVManager/Helper(25924): To be built: core androidcamera flann imgproc highgui features2d calib3d ml objdetect video contrib photo java legacy ocl stitching ts videostab
I/OpenCVManager/Helper(25924): Disabled: gpu world
I/OpenCVManager/Helper(25924): Disabled by dependency: -
I/OpenCVManager/Helper(25924): Unavailable: dynamicuda nonfree python superres
I/OpenCVManager/Helper(25924): Android:
I/OpenCVManager/Helper(25924): Android ABI: armeabi-v7a
I/OpenCVManager/Helper(25924): STL type: gnustl_static
I/OpenCVManager/Helper(25924): Native API level: android-8
I/OpenCVManager/Helper(25924): SDK target: android-11
I/OpenCVManager/Helper(25924): Android NDK: /opt/android-ndk-r8c (toolchain: arm-linux-androideabi-4.6)
I/OpenCVManager/Helper(25924): android tool: /opt/android-sdk-linux/tools/android (Android SDK Tools, revision 22.)
I/OpenCVManager/Helper(25924): Google Play package: YES
I/OpenCVManager/Helper(25924): Android examples: YES
I/OpenCVManager/Helper(25924): GUI:
I/OpenCVManager/Helper(25924): GTK+ 2.x: NO
I/OpenCVManager/Helper(25924): GThread : NO
I/OpenCVManager/Helper(25924): GtkGlExt: NO
I/OpenCVManager/Helper(25924): OpenGL support: NO
I/OpenCVManager/Helper(25924): Media I/O:
I/OpenCVManager/Helper(25924): ZLib: z (ver 1.2.3)
I/OpenCVManager/Helper(25924): JPEG: build (ver 62)
I/OpenCVManager/Helper(25924): PNG: build (ver 1.5.12)
I/OpenCVManager/Helper(25924): TIFF: build (ver 42 - 4.0.2)
I/OpenCVManager/Helper(25924): JPEG 2000: build (ver 1.900.1)
I/OpenCVManager/Helper(25924): OpenEXR: build (ver 1.7.1)
I/OpenCVManager/Helper(25924): Video I/O:
I/OpenCVManager/Helper(25924): AndroidNativeCamera: YES, use prebuilt libraries
I/OpenCVManager/Helper(25924): Other third-party libraries:
I/OpenCVManager/Helper(25924): Use IPP: NO
I/OpenCVManager/Helper(25924): Use Eigen: YES (ver 3.1.2)
I/OpenCVManager/Helper(25924): Use TBB: YES (ver 4.1 interface 6102)
I/OpenCVManager/Helper(25924): Use OpenMP: NO
I/OpenCVManager/Helper(25924): Use GCD NO
I/OpenCVManager/Helper(25924): Use Concurrency NO
I/OpenCVManager/Helper(25924): Use C=: NO
I/OpenCVManager/Helper(25924): Use Cuda: NO
I/OpenCVManager/Helper(25924): Use OpenCL: YES
I/OpenCVManager/Helper(25924): OpenCL:
I/OpenCVManager/Helper(25924): Version: dynamic
I/OpenCVManager/Helper(25924): Include path: /home/reports/ci/slave_desktop/50-SDK/opencv/3rdparty/include/opencl/1.2
I/OpenCVManager/Helper(25924): Use AMD FFT: NO
I/OpenCVManager/Helper(25924): Use AMD BLAS: NO
I/OpenCVManager/Helper(25924): Python:
I/OpenCVManager/Helper(25924): Interpreter: /usr/bin/python2 (ver 2.7.3)
I/OpenCVManager/Helper(25924): Java:
I/OpenCVManager/Helper(25924): ant: /usr/bin/ant (ver 1.8.2)
I/OpenCVManager/Helper(25924): Java tests: NO
I/OpenCVManager/Helper(25924): Documentation:
I/OpenCVManager/Helper(25924): Build Documentation: YES
I/OpenCVManager/Helper(25924): Sphinx: /usr/local/bin/sphinx-build (ver 1.1.3)
I/OpenCVManager/Helper(25924): PdfLaTeX compiler: /usr/bin/pdflatex
I/OpenCVManager/Helper(25924): Tests and samples:
I/OpenCVManager/Helper(25924): Tests: NO
I/OpenCVManager/Helper(25924): Performance tests: NO
I/OpenCVManager/Helper(25924): C/C++ Examples: NO
I/OpenCVManager/Helper(25924): Install path: /home/reports/ci/slave_desktop/50-SDK/build/builds/o4a/install
I/OpenCVManager/Helper(25924): cvconfig.h is in: /home/reports/ci/slave_desktop/50-SDK/build/builds/o4a
I/OpenCVManager/Helper(25924): -----------------------------------------------------------------
D/OpenCVManager/Helper(25924): Init finished with status 0
D/OpenCVManager/Helper(25924): Unbind from service
D/IPCThreadState(25924): [DN #5] BR_CLEAR_DEATH_NOTIFICATION_DONE cookie 0x5d2119e8
D/OpenCVManager/Helper(25924): Calling using callback
I/OCVSample::Activity(25924): OpenCV loaded successfully
I/OpenCVEngine/Service(25477): Service onUnbind called for intent Intent { act=org.opencv.engine.BIND }
D/dalvikvm(25924): Trying to load lib /data/app-lib/org.opencv.samples.NativeActivity-2/libnative_activity.so 0x4231c548
D/dalvikvm(25924): Added shared lib /data/app-lib/org.opencv.samples.NativeActivity-2/libnative_activity.so 0x4231c548
D/dalvikvm(25924): No JNI_OnLoad found in /data/app-lib/org.opencv.samples.NativeActivity-2/libnative_activity.so 0x4231c548, skipping init
I/ActivityManager( 5535): START u0 {cmp=org.opencv.samples.NativeActivity/android.app.NativeActivity} from pid 25924
I/dalvikvm-heap( 5719): Grow heap (frag case) to 61.212MB for 15436816-byte allocation
D/PowerManagerService( 5535): acquireWakeLockInternal: lock=1111143720, flags=0x1, tag="ActivityManager-Launch", ws=null, uid=1000, pid=5535
D/PowerManagerService( 5535): updateWakeLockSummaryLocked: mWakefulness=Awake, mWakeLockSummary=0x1
D/PowerManagerService( 5535): newScreenState = 2
D/PowerManagerDisplayController( 5535): requestPowerState: screenState=2, useProximitySensor=false, screenBrightness=255, screenAutoBrightnessAdjustment=0.0, useAutoBrightness=false, useEcoBrightness=false, blockScreenOn=false, waitForNegativeProximity=false
I/PowerManagerService( 5535): setBrightness mButtonLight, screenBrightness=255
D/PowerManagerService( 5535): updateScreenStateLocked: mDisplayReady=true, newScreenState=2, mWakefulness=1, mWakeLockSummary=0x1, mUserActivitySummary=0x5, mBootCompleted=true
D/PowerManagerService( 5535): handleSandman: canDream=true, mWakefulness=Awake
I/BufferQueue( 133): [unnamed-133-720](this:0x43520a58,api:0) BufferQueue
I/BufferQueue( 133): [unnamed-133-720](this:0x43520a58,api:0) consumerConnect
I/BufferQueue( 133): [unnamed-133-720](this:0x43520a58,api:0) setConsumerName: unnamed-133-720
I/SurfaceTexture( 133): [unnamed-133-720](this:0x43524948,api:0) SurfaceTexture
I/BufferQueue( 133): [unnamed-133-720](this:0x43520a58,api:0) setSynchronousMode: enabled=1
I/BufferQueue( 133): [unnamed-133-720](this:0x43520a58,api:0) setDefaultBufferSize: w=1920, h=1080
I/BufferQueue( 133): [org.opencv.samples.NativeActivity/org.opencv.samples.NativeActivity.CvNativeActivity](this:0x43520a58,api:0) setConsumerName: org.opencv.samples.NativeActivity/org.opencv.samples.NativeActivity.CvNativeActivity
D/dalvikvm( 5719): GC_FOR_ALLOC freed <1K (2), 30% free 62283K/88136K, paused 35ms, total 35ms
D/WallpaperManager( 5719): createBitmap end
V/WindowManager( 5535): Changing focus from null to Window{42aa8860 u0 org.opencv.samples.NativeActivity/org.opencv.samples.NativeActivity.CvNativeActivity}
D/WallpaperManager( 5719): drawBitmap begin targetRect = Rect(-75, 0 - 2085, 1920)
I/SurfaceFlinger( 133): [virtual void android::LayerScreenshot::setGeometry(const android::sp&, android::HWComposer::HWCLayerInterface&)] add:974, count:1
I/SurfaceFlinger( 133): [static bool android::LayerScreenshot::isFrozen()] LayerScreenshot top:974 (orient:0, alpha:255)
D/SurfaceFlinger( 133): Freeze screen...
I/hwcomposer_v1.0( 133): [HWC] Pending External Display orientation...
I/WindowManager( 5535): Gaining focus: Window{42aa8860 u0 org.opencv.samples.NativeActivity/org.opencv.samples.NativeActivity.CvNativeActivity}
D/libEGL (25924): loaded /vendor/lib/egl/libEGL_mtk.so
I/SurfaceFlinger( 133): [virtual void android::LayerScreenshot::setGeometry(const android::sp&, android::HWComposer::HWCLayerInterface&)] add:974, count:1
I/SurfaceFlinger( 133): [static bool android::LayerScreenshot::isFrozen()] LayerScreenshot top:974 (orient:0, alpha:255)
D/SurfaceFlinger( 133): Freeze screen...
I/hwcomposer_v1.0( 133): [HWC] Pending External Display orientation...
D/libEGL (25924): loaded /vendor/lib/egl/libGLESv1_CM_mtk.so
D/libEGL (25924): loaded /vendor/lib/egl/libGLESv2_mtk.so
I/SurfaceFlinger( 133): [virtual void android::LayerScreenshot::setGeometry(const android::sp&, android::HWComposer::HWCLayerInterface&)] add:974, count:1
I/SurfaceFlinger( 133): [static bool android::LayerScreenshot::isFrozen()] LayerScreenshot top:974 (orient:0, alpha:255)
D/SurfaceFlinger( 133): Freeze screen...
I/hwcomposer_v1.0( 133): [HWC] Pending External Display orientation...
I/BufferQueue( 133): [org.opencv.samples.NativeActivity/org.opencv.samples.NativeActivity.CvNativeActivity](this:0x43520a58,api:0) connect: api=1
I/BufferQueue( 133): [org.opencv.samples.NativeActivity/org.opencv.samples.NativeActivity.CvNativeActivity](this:0x43520a58,api:1) setSynchronousMode: enabled=1
I/BufferQueue( 133): [org.opencv.samples.NativeActivity/org.opencv.samples.NativeActivity.CvNativeActivity](this:0x43520a58,api:1) setSynchronousMode: enabled=1
D/dalvikvm( 5719): GC_CONCURRENT freed 5K (108), 30% free 62284K/88136K, paused 3ms+9ms, total 48ms
I/BufferQueue( 133): [org.opencv.samples.NativeActivity/org.opencv.samples.NativeActivity.CvNativeActivity](this:0x43520a58,api:1) new GraphicBuffer needed
D/BufferQueue( 133): [OLD] gb:NULL
D/WallpaperManager( 5719): drawBitmap end
D/ImageWallpaper( 5719): drawWallpaperWithOpenGL begin
I/GraphicBuffer( 133): allocate buffer (w:1088 h:1920 f:5) err(0)
I/BufferQueue( 133): [NEW] gb=0x43244788, handle=0x43519b30, w=1080, h=1920, s=1088, fmt=5
D/StateMachine( 5535): handleMessage: E msg.what=131155
D/StateMachine( 5535): processMsg: ConnectedState
D/WifiStateMachine( 5535): ConnectedState{ what=131155 when=-4ms arg1=32 target=Handler (com.android.internal.util.StateMachine$SmHandler) {4277a800} }
D/StateMachine( 5535): processMsg: L2ConnectedState
D/WifiStateMachine( 5535): L2ConnectedState{ what=131155 when=-4ms arg1=32 target=Handler (com.android.internal.util.StateMachine$SmHandler) {4277a800} }
D/WifiNative-wlan0( 5535): doString: SIGNAL_POLL
D/WifiCommon( 5535): [wlan0] SET "SIGNAL_POLL"
D/wpa_supplicant( 5621): RX ctrl_iface - hexdump(len=11): 53 49 47 4e 41 4c 5f 50 4f 4c 4c
D/wpa_supplicant( 5621): wlan0: Control interface command 'SIGNAL_POLL'
D/wpa_supplicant( 5621): nl80211: survey data missing!
I/WifiStateMachine( 5535): fetchRssiAndLinkSpeedNative, newRssi:-69, newLinkSpeed:65
D/StateMachine( 5535): handleMessage: X
I/BufferQueue( 133): [com.android.systemui.ImageWallpaper](this:0x432431b0,api:0) connect: api=1
I/BufferQueue( 133): [com.android.systemui.ImageWallpaper](this:0x432431b0,api:1) setSynchronousMode: enabled=1
I/BufferQueue( 133): [com.android.systemui.ImageWallpaper](this:0x432431b0,api:1) setSynchronousMode: enabled=1
D/OpenGLRenderer(25924): Enabling debug mode 0
D/InputReader( 5535): InputReader:: getSwitchState lock
D/InputReader( 5535): InputReader::getStateLocked:: return
I/BufferQueue( 133): [com.android.systemui.ImageWallpaper](this:0x432431b0,api:1) new GraphicBuffer needed
D/BufferQueue( 133): [OLD] gb:NULL
V/WindowManager( 5535): Changing focus from Window{42aa8860 u0 org.opencv.samples.NativeActivity/org.opencv.samples.NativeActivity.CvNativeActivity} to null
V/ActivityManager( 5535): ACT-Launching: ActivityRecord{428f4040 u0 org.opencv.samples.NativeActivity/android.app.NativeActivity}
D/dalvikvm( 5535): create interp thread : stack size=32KB
D/dalvikvm( 5535): create new thread
D/dalvikvm( 5535): new thread created
D/dalvikvm( 5535): update thread list
D/dalvikvm( 5535): threadid=95: interp stack at 0x62933000
D/dalvikvm( 5535): threadid=95: created from interp
D/dalvikvm( 5535): start new thread
D/dalvikvm( 5535): threadid=95: notify debugger
D/dalvikvm( 5535): threadid=95 (Thread-3296): calling run()
D/dalvikvm( 5535): threadid=95: exiting
D/dalvikvm( 5535): threadid=95: bye!
V/InputMethodManager(25924): onWindowFocus: null softInputMode=32 first=true flags=#9010100
V/InputMethodManager(25924): START INPUT: com.android.internal.policy.impl.PhoneWindow$DecorView{42338870 V.E..... R.....ID 0,0-1920,1080} ic=null tba=android.view.inputmethod.EditorInfo@4236ac30 controlFlags=#104
V/InputMethodManagerService( 5535): windowGainedFocus: android.os.BinderProxy@42901c88 controlFlags=#104 softInputMode=#20 windowFlags=#9010100
W/WindowManager( 5535): No new IME target
W/InputMethodManagerService( 5535): Focus gain on non-focused client com.android.internal.view.IInputMethodClient$Stub$Proxy@42aa9638 (uid=10134 pid=25924)
V/InputMethodManager(25924): Starting input: Bind result=null
W/InputMethodManager(25924): startInputInner : InputBindResult == null
I/BufferQueue( 133): [Starting org.opencv.samples.NativeActivity](this:0x43523f10,api:2) disconnect: api=2
I/SurfaceTexture( 133): [Starting org.opencv.samples.NativeActivity] [virtual android::status_t android::SurfaceTexture::forceAuxConversionLocked()] mCurrentTexture:0, mCurrentBuf:0x43255328
I/BufferQueue( 133): [Starting org.opencv.samples.NativeActivity](this:0x43523f10,api:0) getReleasedBuffers: returning mask 0xffffffff
I/SurfaceTexture( 133): [Starting org.opencv.samples.NativeActivity](this:0x43525960,api:0) destroying EGLImage dpy=0x1 img=0x43521f18
D/IPCThreadState( 5535): [DN #5] BR_DEAD_BINDER cookie 0x62cc7858
D/IPCThreadState( 5535): [DN #5] BR_DEAD_BINDER cookie 0x65f3bf20
D/IPCThreadState( 5535): [DN #5] BR_DEAD_BINDER cookie 0x62cc8508
D/IPCThreadState( 5535): [DN #5] BR_CLEAR_DEATH_NOTIFICATION_DONE cookie 0x62cc8508
D/IPCThreadState( 5535): [DN #5] BR_DEAD_BINDER cookie 0x637cb898
V/ActivityManager( 5535): Death received in com.android.server.am.ActivityManagerService$AppDeathRecipient@42972de8 for thread android.os.BinderProxy@42a065b0
D/IPCThreadState( 5535): [DN #5] BR_CLEAR_DEATH_NOTIFICATION_DONE cookie 0x637cb898
I/ActivityManager( 5535): Process com.google.android.youtube (pid 24330) has died.
D/IPCThreadState( 5535): [DN #5] BR_CLEAR_DEATH_NOTIFICATION_DONE cookie 0x62cc7858
W/ADB_SERVICES( 9881): terminating JDWP 24330 connection: Try again
D/ADB_SERVICES( 9881): remove pid 24330 to jdwp process list
I/BufferQueue( 133): [Starting org.opencv.samples.NativeActivity](this:0x43523f10,api:0) consumerDisconnect
I/BufferQueue( 133): [Starting org.opencv.samples.NativeActivity](this:0x43523f10,api:0) ~BufferQueue
D/IPCThreadState( 5535): [DN #5] BR_CLEAR_DEATH_NOTIFICATION_DONE cookie 0x65f3bf20
I/WindowManager( 5535): Losing focus: Window{42aa8860 u0 org.opencv.samples.NativeActivity/org.opencv.samples.NativeActivity.CvNativeActivity}
I/GraphicBuffer( 133): allocate buffer (w:1920 h:2010 f:5) err(0)
I/BufferQueue( 133): [NEW] gb=0x43524c38, handle=0x4351dd00, w=1920, h=2010, s=1920, fmt=5
I/SurfaceFlinger( 133): [virtual void android::LayerScreenshot::setGeometry(const android::sp&, android::HWComposer::HWCLayerInterface&)] add:974, count:1
I/SurfaceFlinger( 133): [static bool android::LayerScreenshot::isFrozen()] LayerScreenshot top:974 (orient:0, alpha:255)
D/SurfaceFlinger( 133): Freeze screen...
I/SurfaceFlinger( 133): [SurfaceFlinger] fps:14.848981,dur:1010.17,max:377.54,min:14.77
I/hwcomposer_v1.0( 133): [HWC] Pending External Display orientation...
I/BufferQueue( 133): [org.opencv.samples.NativeActivity/org.opencv.samples.NativeActivity.CvNativeActivity](this:0x43520a58,api:1) new GraphicBuffer needed
D/BufferQueue( 133): [OLD] gb:NULL
D/IPCThreadState( 5535): [DN #5] BR_DEAD_BINDER cookie 0x65f94e88
D/IPCThreadState( 5535): [DN #5] BR_DEAD_BINDER cookie 0x62fcc950
D/IPCThreadState( 5535): [DN #5] BR_CLEAR_DEATH_NOTIFICATION_DONE cookie 0x62fcc950
V/ActivityManager( 5535): Death received in com.android.server.am.ActivityManagerService$AppDeathRecipient@42b2eb20 for thread android.os.BinderProxy@42a27e70
W/ADB_SERVICES( 9881): terminating JDWP 25259 connection: Try again
D/ADB_SERVICES( 9881): remove pid 25259 to jdwp process list
I/ActivityManager( 5535): Process com.mediatek.apst.target (pid 25259) has died.
D/IPCThreadState( 5535): [DN #5] BR_CLEAR_DEATH_NOTIFICATION_DONE cookie 0x65f94e88
I/SurfaceTexture( 133): [org.opencv.samples.NativeActivity/org.opencv.samples.NativeActivity.CvNativeActivity](this:0x43524948,api:1) [void* android::SurfaceTexture::createImage(EGLDisplay, const android::sp&)]
D/SurfaceTexture( 133): GraphicBuffer: gb=0x43244788 handle=0x43519b30
D/SurfaceTexture( 133): EGLImage: dpy=0x1, img=0x43521f18
I/GraphicBuffer( 133): allocate buffer (w:1088 h:1920 f:5) err(0)
I/BufferQueue( 133): [NEW] gb=0x4323d6c8, handle=0x43244680, w=1080, h=1920, s=1088, fmt=5
I/SurfaceFlinger( 133): [virtual void android::LayerScreenshot::setGeometry(const android::sp&, android::HWComposer::HWCLayerInterface&)] add:974, count:1
I/SurfaceFlinger( 133): [static bool android::LayerScreenshot::isFrozen()] LayerScreenshot top:974 (orient:0, alpha:255)
D/SurfaceFlinger( 133): Freeze screen...
I/hwcomposer_v1.0( 133): [HWC] Pending External Display orientation...
V/threaded_app(25924): Creating: 0x5d1fecb8
V/threaded_app(25924): Config: mcc=250 mnc=99 lang=en cnt=US orien=2 touch=3 dens=480 keys=1 nav=2 keysHid=3 navHid=0 sdk=17 size=2 long=2 modetype=1 modenight=1
V/threaded_app(25924): Start: 0x5d1fecb8
V/threaded_app(25924): activityState=10
V/threaded_app(25924): Resume: 0x5d1fecb8
V/threaded_app(25924): activityState=11
D/IPCThreadState( 5535): [DN #5] BR_DEAD_BINDER cookie 0x5baaf0d0
D/IPCThreadState( 5296): [DN #5] BR_DEAD_BINDER cookie 0x42a35e30
D/IPCThreadState( 5535): [DN #5] BR_CLEAR_DEATH_NOTIFICATION_DONE cookie 0x5baaf0d0
D/IPCThreadState( 5535): [DN #5] BR_DEAD_BINDER cookie 0x64760298
D/IPCThreadState( 5535): [DN #5] BR_DEAD_BINDER cookie 0x62c46768
D/IPCThreadState( 5535): [DN #5] BR_DEAD_BINDER cookie 0x62d1eec8
D/IPCThreadState( 5535): [DN #5] BR_CLEAR_DEATH_NOTIFICATION_DONE cookie 0x62d1eec8
V/ActivityManager( 5535): Death received in com.android.server.am.ActivityManagerService$AppDeathRecipient@42bccfa0 for thread android.os.BinderProxy@42ab5378
I/ActivityManager( 5535): Process en.gaydetectorWLR.main (pid 24907) has died.
D/IPCThreadState( 5535): [DN #5] BR_DEAD_BINDER cookie 0x605aa448
D/IPCThreadState( 5535): [DN #5] BR_CLEAR_DEATH_NOTIFICATION_DONE cookie 0x605aa448
I/WindowState( 5535): WIN DEATH: Window{42cfc540 u0 en.gaydetectorWLR.main/en.gaydetector.main.GayDetectorActivity}
I/SurfaceFlinger( 133): EventThread Client Pid (24907) disconnected by (133)
D/MediaPlayerService( 5296): disconnect(173) from pid 24907
W/ADB_SERVICES( 9881): terminating JDWP 24907 connection: Try again
D/ADB_SERVICES( 9881): remove pid 24907 to jdwp process list
D/AudioFlinger( 5296): 24907 died, releasing its sessions
D/AudioFlinger( 5296): removing entry for pid 24907 session 196
D/AudioFlinger( 5296): removing entry for pid 24907 session 197
D/AudioFlinger( 5296): removing entry for pid 24907 session 198
D/AudioFlinger( 5296): +purging stale effects
D/AudioFlinger( 5296): -purging stale effects
D/IPCThreadState( 5296): [DN #5] BR_CLEAR_DEATH_NOTIFICATION_DONE cookie 0x42a35e30
I/AwesomePlayer( 5296): stop extractor in reset
D/AwesomePlayer( 5296): reset_l
D/IPCThreadState( 5535): [DN #5] BR_CLEAR_DEATH_NOTIFICATION_DONE cookie 0x64760298
D/IPCThreadState( 5535): [DN #5] BR_CLEAR_DEATH_NOTIFICATION_DONE cookie 0x62c46768
V/threaded_app(25924): InputQueueCreated: 0x5d1fecb8 -- 0x5d21d900
V/threaded_app(25924): APP_CMD_INPUT_CHANGED
V/threaded_app(25924): Attaching input queue to looper
I/AwesomePlayer( 5296): set flag for stopped
D/AwesomePlayer( 5296): reset_l
I/AwesomePlayer( 5296): set flag for stopped
D/AwesomePlayer( 5296): reset_l
D/AudioSink( 5296): close
D/MediaPlayerService( 5296): [173]~Client
D/MediaPlayerService( 5296): disconnect(174) from pid 24907
I/AwesomePlayer( 5296): stop extractor in reset
D/AwesomePlayer( 5296): reset_l
I/AwesomePlayer( 5296): set flag for stopped
D/AwesomePlayer( 5296): reset_l
I/AwesomePlayer( 5296): set flag for stopped
D/AwesomePlayer( 5296): reset_l
D/AudioSink( 5296): close
D/MediaPlayerService( 5296): [174]~Client
D/MediaPlayerService( 5296): disconnect(175) from pid 24907
I/AwesomePlayer( 5296): stop extractor in reset
D/AwesomePlayer( 5296): reset_l
I/AwesomePlayer( 5296): set flag for stopped
D/AwesomePlayer( 5296): reset_l
I/AwesomePlayer( 5296): set flag for stopped
D/AwesomePlayer( 5296): reset_l
D/AudioSink( 5296): close
D/MediaPlayerService( 5296): [175]~Client
D/OpenGLRenderer(25924): Flushing caches (mode 0)
D/BufferQueue( 133): [org.opencv.samples.NativeActivity/org.opencv.samples.NativeActivity.CvNativeActivity](this:0x43520a58,api:1) cancelBuffer: slot=1
I/BufferQueue( 133): [org.opencv.samples.NativeActivity/org.opencv.samples.NativeActivity.CvNativeActivity](this:0x43520a58,api:1) disconnect: api=1
I/SurfaceTexture( 133): [org.opencv.samples.NativeActivity/org.opencv.samples.NativeActivity.CvNativeActivity] [virtual android::status_t android::SurfaceTexture::forceAuxConversionLocked()] mCurrentTexture:0, mCurrentBuf:0x43244788
I/BufferQueue( 133): [org.opencv.samples.NativeActivity/org.opencv.samples.NativeActivity.CvNativeActivity](this:0x43520a58,api:0) getReleasedBuffers: returning mask 0xffffffff
I/SurfaceTexture( 133): [org.opencv.samples.NativeActivity/org.opencv.samples.NativeActivity.CvNativeActivity](this:0x43524948,api:0) destroying EGLImage dpy=0x1 img=0x43521f18
I/BufferQueue( 133): [unnamed-133-721](this:0x43523f10,api:0) BufferQueue
I/BufferQueue( 133): [unnamed-133-721](this:0x43523f10,api:0) consumerConnect
I/BufferQueue( 133): [unnamed-133-721](this:0x43523f10,api:0) setConsumerName: unnamed-133-721
I/SurfaceTexture( 133): [unnamed-133-721](this:0x43525960,api:0) SurfaceTexture
I/BufferQueue( 133): [unnamed-133-721](this:0x43523f10,api:0) setSynchronousMode: enabled=1
I/BufferQueue( 133): [unnamed-133-721](this:0x43523f10,api:0) setDefaultBufferSize: w=1920, h=1080
I/BufferQueue( 133): [org.opencv.samples.NativeActivity/android.app.NativeActivity](this:0x43523f10,api:0) setConsumerName: org.opencv.samples.NativeActivity/android.app.NativeActivity
V/WindowManager( 5535): Changing focus from null to Window{42bacfa8 u0 org.opencv.samples.NativeActivity/android.app.NativeActivity}
I/BufferQueue( 133): [org.opencv.samples.NativeActivity/org.opencv.samples.NativeActivity.CvNativeActivity](this:0x43520a58,api:0) consumerDisconnect
I/BufferQueue( 133): [org.opencv.samples.NativeActivity/org.opencv.samples.NativeActivity.CvNativeActivity](this:0x43520a58,api:0) ~BufferQueue
I/SurfaceFlinger( 133): [virtual void android::LayerScreenshot::setGeometry(const android::sp&, android::HWComposer::HWCLayerInterface&)] add:974, count:1
I/SurfaceFlinger( 133): [static bool android::LayerScreenshot::isFrozen()] LayerScreenshot top:974 (orient:0, alpha:255)
D/SurfaceFlinger( 133): Freeze screen...
I/hwcomposer_v1.0( 133): [HWC] Pending External Display orientation...
I/WindowManager( 5535): Gaining focus: Window{42bacfa8 u0 org.opencv.samples.NativeActivity/android.app.NativeActivity}
V/threaded_app(25924): NativeWindowCreated: 0x5d1fecb8 -- 0x5d2242d0
V/threaded_app(25924): APP_CMD_INIT_WINDOW
I/OCV:libnative_activity(25924): APP_CMD_INIT_WINDOW
D/OpenCV::camera(25924): CvCapture_Android::CvCapture_Android(0)
V/threaded_app(25924): WindowFocusChanged: 0x5d1fecb8 -- 1
V/InputMethodManager(25924): onWindowFocus: null softInputMode=16 first=true flags=#9010100
V/InputMethodManager(25924): START INPUT: com.android.internal.policy.impl.PhoneWindow$DecorView{4237a558 V.E..... R.....ID 0,0-1920,1080} ic=null tba=android.view.inputmethod.EditorInfo@4239dea0 controlFlags=#104
V/InputMethodManagerService( 5535): windowGainedFocus: android.os.BinderProxy@42901c88 controlFlags=#104 softInputMode=#10 windowFlags=#9010100
D/OpenCV::camera(25924): Library name: libopencv_java.so
D/OpenCV::camera(25924): Library base address: 0x5dad8000
V/InputMethodManagerService( 5535): Current IMS pid=5797
W/IInputConnectionWrapper( 5877): showStatusIcon on inactive InputConnection
V/InputMethodManager(25924): Starting input: Bind result=InputBindResult{null org.pocketworkstation.pckeyboard/.LatinIME #344}
I/SurfaceFlinger( 133): [virtual void android::LayerScreenshot::setGeometry(const android::sp&, android::HWComposer::HWCLayerInterface&)] add:974, count:1
I/SurfaceFlinger( 133): [static bool android::LayerScreenshot::isFrozen()] LayerScreenshot top:974 (orient:0, alpha:255)
D/SurfaceFlinger( 133): Freeze screen...
I/hwcomposer_v1.0( 133): [HWC] Pending External Display orientation...
V/ActivityManager( 5535): Activity idle: Token{429721e0 ActivityRecord{428f4040 u0 org.opencv.samples.NativeActivity/android.app.NativeActivity}}
I/libPerfService( 5535): 1: set: 2
D/PowerManagerService( 5535): releaseWakeLockInternal: lock=1111143720, flags=0x0
D/PowerManagerService( 5535): updateWakeLockSummaryLocked: mWakefulness=Awake, mWakeLockSummary=0x1
D/PowerManagerService( 5535): newScreenState = 2
D/PowerManagerDisplayController( 5535): requestPowerState: screenState=2, useProximitySensor=false, screenBrightness=255, screenAutoBrightnessAdjustment=0.0, useAutoBrightness=false, useEcoBrightness=false, blockScreenOn=false, waitForNegativeProximity=false
I/PowerManagerService( 5535): setBrightness mButtonLight, screenBrightness=255
D/PowerManagerService( 5535): updateScreenStateLocked: mDisplayReady=true, newScreenState=2, mWakefulness=1, mWakeLockSummary=0x1, mUserActivitySummary=0x5, mBootCompleted=true
V/ActivityManager( 5535): Stopping ActivityRecord{42350520 u0 com.android.launcher/com.android.launcher2.Launcher}: nowVisible=false waitingVisible=true finishing=false
V/ActivityManager( 5535): Stopping ActivityRecord{426a6c80 u0 org.opencv.samples.NativeActivity/.CvNativeActivity}: nowVisible=false waitingVisible=true finishing=false
D/PowerManagerService( 5535): handleSandman: canDream=true, mWakefulness=Awake
V/ActivityManager( 5535): Activity idle: Token{426d5558 ActivityRecord{426a6c80 u0 org.opencv.samples.NativeActivity/.CvNativeActivity}}
V/ActivityManager( 5535): Stopping ActivityRecord{42350520 u0 com.android.launcher/com.android.launcher2.Launcher}: nowVisible=false waitingVisible=true finishing=false
V/ActivityManager( 5535): Stopping ActivityRecord{426a6c80 u0 org.opencv.samples.NativeActivity/.CvNativeActivity}: nowVisible=false waitingVisible=true finishing=false
I/SurfaceTextureClient( 5719): [STC::queueBuffer] (this:0x5f172aa8) fps:0.00, dur:211047.70, max:211047.70, min:211047.70
I/SurfaceTextureClient( 5719): [STC::queueBuffer] this:0x5f172aa8, api:1, last queue time elapsed:211047.70
I/BufferQueue( 133): [com.android.systemui.ImageWallpaper](this:0x432431b0,api:1) [queue] fps:0.00, dur:211047.65, max:211047.65, min:211047.65
I/BufferQueue( 133): [com.android.systemui.ImageWallpaper](this:0x432431b0,api:1) new GraphicBuffer needed
D/BufferQueue( 133): [OLD] gb:NULL
I/ActivityManager( 5535): [AppLaunch] Displayed Displayed org.opencv.samples.NativeActivity/android.app.NativeActivity: +310ms (total +1s108ms)
D/ActivityManager( 5535): AP_PROF:AppLaunch_LaunchTime:org.opencv.samples.NativeActivity/android.app.NativeActivity:310:10861895
D/OpenCV::camera(25924): Libraries folder found: /data/app-lib/org.opencv.lib_v24_armv7a-1/
D/OpenCV::camera(25924): CameraWrapperConnector::connectToLib: folderPath=/data/app-lib/org.opencv.lib_v24_armv7a-1/
E/OpenCV::camera(25924): ||libnative_camera_r4.4.0.so
E/OpenCV::camera(25924): ||libnative_camera_r2.3.3.so
E/OpenCV::camera(25924): ||libnative_camera_r4.2.0.so
E/OpenCV::camera(25924): ||libnative_camera_r4.3.0.so
E/OpenCV::camera(25924): ||libnative_camera_r2.2.0.so
E/OpenCV::camera(25924): ||libnative_camera_r4.0.0.so
E/OpenCV::camera(25924): ||libnative_camera_r4.0.3.so
E/OpenCV::camera(25924): ||libnative_camera_r4.1.1.so
E/OpenCV::camera(25924): ||libnative_camera_r3.0.1.so
D/OpenCV::camera(25924): try to load library 'libnative_camera_r4.4.0.so'
D/ActivityManager( 5535): ACT-IDLE_NOW_MSG from windowsVisible() for idle: ActivityRecord{428f4040 u0 org.opencv.samples.NativeActivity/android.app.NativeActivity}
V/ActivityManager( 5535): Activity idle: null
V/ActivityManager( 5535): Stopping ActivityRecord{42350520 u0 com.android.launcher/com.android.launcher2.Launcher}: nowVisible=true waitingVisible=false finishing=false
V/ActivityManager( 5535): Ready to stop: ActivityRecord{42350520 u0 com.android.launcher/com.android.launcher2.Launcher}
V/ActivityManager( 5535): Stopping ActivityRecord{426a6c80 u0 org.opencv.samples.NativeActivity/.CvNativeActivity}: nowVisible=true waitingVisible=false finishing=false
V/ActivityManager( 5535): Ready to stop: ActivityRecord{426a6c80 u0 org.opencv.samples.NativeActivity/.CvNativeActivity}
D/Launcher( 5877): Launcher, onSaveInstanceState: outState = Bundle[{launcher.state=1, apps_customize_currentIndex=10, apps_customize_currentTab=APPS, android:viewHierarchyState=Bundle[{android:Panels=android.util.SparseArray@424468d8, android:views=android.util.SparseArray@42458938}], launcher.current_screen=3}]
D/Launcher( 5877): Launcher, (Launcher)onStop: this = com.android.launcher2.Launcher@423795b0
V/ActivityManager( 5535): Activity stopped: token=Token{426d5558 ActivityRecord{426a6c80 u0 org.opencv.samples.NativeActivity/.CvNativeActivity}}
I/SurfaceTexture( 133): [com.android.systemui.ImageWallpaper](this:0x4323f510,api:1) [void* android::SurfaceTexture::createImage(EGLDisplay, const android::sp&)]
D/SurfaceTexture( 133): GraphicBuffer: gb=0x43524c38 handle=0x4351dd00
D/SurfaceTexture( 133): EGLImage: dpy=0x1, img=0x43521f18
V/ActivityManager( 5535): Activity stopped: token=Token{423b0220 ActivityRecord{42350520 u0 com.android.launcher/com.android.launcher2.Launcher}}
D/OpenCV::camera(25924): CameraWrapperConnector::connectToLib ERROR: cannot dlopen camera wrapper library /data/app-lib/org.opencv.lib_v24_armv7a-1/libnative_camera_r4.4.0.so, dlerror="Cannot load library: soinfo_relocate(linker.cpp:975): cannot locate symbol "_ZN7android17IConsumerListenerD2Ev" referenced by "libnative_camera_r4.4.0.so"..."
D/OpenCV::camera(25924): try to load library 'libnative_camera_r4.3.0.so'
D/NetworkPolicy( 5535): onRecv: MSG_FOREGROUND_ACTIVITIES_CHANGED pid:uid:act=5877:10042:false
V/NetworkStats( 5535): setKernelCounterSet uid=10042 set=0
D/ConnectivityService( 5535): onUidRulesChanged(uid=10042, uidRules=0)
I/GraphicBuffer( 133): allocate buffer (w:1920 h:2010 f:5) err(0)
I/BufferQueue( 133): [NEW] gb=0x4351f580, handle=0x43519b30, w=1920, h=2010, s=1920, fmt=5
D/OpenCV::camera(25924): CameraWrapperConnector::connectToLib ERROR: cannot dlopen camera wrapper library /data/app-lib/org.opencv.lib_v24_armv7a-1/libnative_camera_r4.3.0.so, dlerror="Cannot load library: soinfo_relocate(linker.cpp:975): cannot locate symbol "_ZN7android6Camera17setPreviewTextureERKNS_2spINS_22IGraphicBufferProducerEEE" referenced by "libnative_camera_r4.3.0.so"..."
D/OpenCV::camera(25924): try to load library 'libnative_camera_r4.2.0.so'
I/SurfaceFlinger( 133): [virtual void android::LayerScreenshot::setGeometry(const android::sp&, android::HWComposer::HWCLayerInterface&)] add:974, count:1
I/SurfaceFlinger( 133): [static bool android::LayerScreenshot::isFrozen()] LayerScreenshot top:974 (orient:0, alpha:255)
D/SurfaceFlinger( 133): Freeze screen...
D/OpenCV::camera(25924): Loaded library '/data/app-lib/org.opencv.lib_v24_armv7a-1/libnative_camera_r4.2.0.so'
D/OpenCV_NativeCamera(25924): CameraHandler::initCameraConnect(0x5e19cea1, 0, 0x5d1bcb68, 0x0)
D/OpenCV_NativeCamera(25924): Connecting to CameraService v 2.3
D/CameraService( 5296): CameraService::connect E (pid 25924, id 0)
I/MtkCam/CamDevice( 5296): [CamDeviceManager::getCameraInfo] id(0) (facing,orientation)=(0,90)
D/CameraService( 5296): Client::Client E (pid 25924, id 0)
D/CameraService( 5296): Client::Client X (pid 25924, id 0)
D/CameraClient( 5296): CameraClient::CameraClient E (pid 25924, id 0)
D/CameraClient( 5296): CameraClient::CameraClient X (pid 25924, id 0)
D/CameraService( 5296): [CameraService::loadSound] + tid(11065) mSoundLock - ref=0
D/CameraService( 5296): CameraService::loadSound ref=0
D/CameraService( 5296): [CameraService::newMediaPlayer] + (/system/media/audio/ui/camera_click.ogg)
D/AudioFlinger( 5296): acquiring 203 from 25924
D/AudioFlinger( 5296): added new entry for 203
D/MediaPlayer( 5296): mPlayerID = 180
D/MediaPlayerService( 5296): setDataSource(/system/media/audio/ui/camera_click.ogg)
D/MediaPlayerFactory( 5296): getPlayerType(): using url, check for DRM protected midi.
D/DrmMtkUtil/DrmUtil( 5296): checkDcf ----> path [/system/media/audio/ui/camera_click.ogg]
V/DrmMtkUtil/DrmUtil( 5296): checkExistence ----> [/system/media/audio/ui/camera_click.ogg]
D/DrmMtkUtil/DrmUtil( 5296): checkDcf ----> fd [25]
V/DrmMtkUtil/DrmUtil( 5296): checkDcf: first 3 bytes [4f][67][67]
E/DrmMtkUtil/DrmUtil( 5296): checkDcf: not dcf type, dcf version value [79]
D/DrmMtkUtil/DrmUtil( 5296): checkDcf: result [-1]
I/hwcomposer_v1.0( 133): [HWC] Pending External Display orientation...
I/SurfaceTextureClient( 133): [STC::queueBuffer] (this:0x42ee4978) fps:13.67, dur:1024.16, max:377.55, min:1.70
I/BufferQueue( 133): [FramebufferSurface](this:0x42ee7008,api:1) [release] fps:13.67, dur:1024.15, max:377.55, min:1.65
I/BufferQueue( 133): [FramebufferSurface](this:0x42ee7008,api:1) [queue] fps:13.67, dur:1024.13, max:377.55, min:2.24
I/SurfaceFlinger( 133): [virtual void android::LayerScreenshot::setGeometry(const android::sp&, android::HWComposer::HWCLayerInterface&)] add:974, count:1
I/SurfaceFlinger( 133): [static bool android::LayerScreenshot::isFrozen()] LayerScreenshot top:974 (orient:0, alpha:255)
D/SurfaceFlinger( 133): Freeze screen...
I/hwcomposer_v1.0( 133): [HWC] Pending External Display orientation...
D/BufferQueue( 133): [com.android.systemui.ImageWallpaper](this:0x432431b0,api:1) cancelBuffer: slot=1
D/MediaPlayerService( 5296): player type = 3
D/AwesomePlayer( 5296): @@[SF_PROPERTY]sf.video.jump.key.ms =-1
D/AwesomePlayer( 5296): @@[SF_PROPERTY]sf.video.force.display.cnt=0
D/AwesomePlayer( 5296): @@[SF_PROPERTY]sf.video.late.margin.ms = 250
I/AwesomePlayer( 5296): set flag for stopped
D/AwesomePlayer( 5296): reset_l
I/BufferQueue( 133): [com.android.systemui.ImageWallpaper](this:0x432431b0,api:1) disconnect: api=1
D/AudioSink( 5296): AudioOutput(203)
D/AwesomePlayer( 5296): reset_l
D/AwesomePlayer( 5296): setDataSource_l('/system/media/audio/ui/camera_click.ogg')
D/MediaPlayerService( 5296): setDataSource(/system/media/audio/ui/camera_click.ogg) done
D/MediaPlayer( 5296): Don't notify duration to /system/bin/mediaserver!
D/MediaPlayerService( 5296): [180] prepareAsync
I/SurfaceTexture( 133): [com.android.systemui.ImageWallpaper] [virtual android::status_t android::SurfaceTexture::forceAuxConversionLocked()] mCurrentTexture:0, mCurrentBuf:0x43524c38
I/BufferQueue( 133): [com.android.systemui.ImageWallpaper](this:0x432431b0,api:0) getReleasedBuffers: returning mask 0xffffffff
I/SurfaceTexture( 133): [com.android.systemui.ImageWallpaper](this:0x4323f510,api:0) destroying EGLImage dpy=0x1 img=0x43521f18
D/MediaExtractor( 5296): JB +MediaExtractor::Create
D/ImageWallpaper( 5719): drawWallpaperWithOpenGL finishGL
D/MediaExtractor( 5296): JB -MediaExtractor::Create
V/WallpaperService( 5719): Changes: creating=false format=false size=false
D/MtkOmxCore( 5296): Mtk_OMX_GetHandle (OMX.MTK.AUDIO.DECODER.VORBIS)
D/MtkOmxCore( 5296): comp_index(24), path(libMtkOmxVorbisDec.so)
D/MtkOmxAudioDecBase( 5296): MtkOmxAudioDecBase::MtkOmxAudioDecBase this= 0x42A54898
D/MtkOmxVorbisDec( 5296): MtkOmxVorbisDec::MtkOmxVorbisDec this= 0x42A54898
D/MtkOmxVorbisDec( 5296): MtkOmxComponentCreate mCompHandle(0x42A54898)
D/MtkOmxAudioDecBase( 5296): ComponentInit (OMX.MTK.AUDIO.DECODER.VORBIS)
D/MtkOmxVorbisDec( 5296): MtkOmxVorbisDec::InitAudioParams(VORBIS)
D/MtkOmxAudioDecBase( 5296): 0x42a54898_Ctrl 0, total path is in ,out
D/MtkOmxAudioDecBase( 5296): MtkOmxAudioCommandThread created pOmxAudioDec=0x42A54898
D/MtkOmxAudioDecBase( 5296): fdmax = 29
D/MtkOmxCore( 5296): +++++ dump_inst_handle_pool +++++
D/MtkOmxCore( 5296): gCoreCompInstance[0].comp_module=0x400C4A68, comp_handle=0x42A5489C
D/MtkOmxCore( 5296): ----- dump_inst_handle_pool -----
D/OMX ( 5296): OMX(0x4244E090)::allocateNode &mDispatchers(0x4244E0D8) added pCbDisp(0x42A3A2B8)
D/MtkOmxAudioDecBase( 5296): SetParameter index(0x01000017)
D/OMXCodec( 5296): !@@!>> create tid (25943) OMXCodec mOMXLivesLocally=1, mIsVideoDecoder(0), mIsVideoEncoder(0), mime(audio/vorbis)
D/MtkOmxAudioDecBase( 5296): GetParameter (0x02000001)
D/MtkOmxAudioDecBase( 5296): GetParameter (0x02000001)
D/MtkOmxAudioDecBase( 5296): GetParameter (0x04000002)
D/MtkOmxAudioDecBase( 5296): MtkOmxAudioDecodeThread created pOmxAudioDec=0x42A54898, tid=25945
D/MtkOmxAudioDecBase( 5296): GetParameter (0x7F000008)
I/OMXCodec( 5296): mSupportsPartialFrames 0 err 0
D/MtkOmxAudioDecBase( 5296): SendCommand cmd=OMX_CommandStateSet
D/MtkOmxAudioDecBase( 5296): set MTK_OMX_IDLE_PENDING
D/MtkOmxAudioDecBase( 5296): GetParameter (0x02000001)
D/MtkOmxAudioDecBase( 5296): # Got general command (OMX_CommandStateSet)
D/OMXCodec( 5296): @@ [IN] def.nBufferSize = 32768
D/MtkOmxAudioDecBase( 5296): Request [OMX_StateLoaded]-> [OMX_StateIdle]
D/OMXCodec( 5296): allocating 5 buffers of size 32768 on input port
D/MtkOmxAudioDecBase( 5296): wait on mInPortAllocDoneSem(0), mOutPortAllocDoneSem(0)!!
D/OMXCodec( 5296): @@ Input totalSize = 166400
V/WallpaperService( 5719): New surface: Surface(name=null, identity=199), frame=Rect(0, 0 - 2010, 1920)
D/MtkOmxAudioDecBase( 5296): UseBuffer port_idx(0x0), idx[0], pBuffHead(0x43BEB7D0), pBuffer(0x42630000)
D/OMXCodec( 5296): @@ Input[0], info.mData(0x42630000)
D/MtkOmxAudioDecBase( 5296): UseBuffer port_idx(0x0), idx[1], pBuffHead(0x44071658), pBuffer(0x42638000)
D/OMXCodec( 5296): @@ Input[1], info.mData(0x42638000)
D/MtkOmxAudioDecBase( 5296): UseBuffer port_idx(0x0), idx[2], pBuffHead(0x42A51960), pBuffer(0x42640000)
D/OMXCodec( 5296): @@ Input[2], info.mData(0x42640000)
D/MtkOmxAudioDecBase( 5296): UseBuffer port_idx(0x0), idx[3], pBuffHead(0x42A24C40), pBuffer(0x42648000)
D/OMXCodec( 5296): @@ Input[3], info.mData(0x42648000)
D/MtkOmxAudioDecBase( 5296): UseBuffer port_idx(0x0), idx[4], pBuffHead(0x44070A48), pBuffer(0x42650000)
D/MtkOmxAudioDecBase( 5296): signal mInPortAllocDoneSem (1)
D/MtkOmxAudioDecBase( 5296): input port populated
D/OMXCodec( 5296): @@ Input[4], info.mData(0x42650000)
D/MtkOmxAudioDecBase( 5296): GetParameter (0x02000001)
E/OMXCodec( 5296): @@ [OUT] def.nBufferSize = 32768
E/OMXCodec( 5296): @@ [OUT] totalSize = 131584
D/OMXCodec( 5296): OMXCodec::allocateBuffersOnOutputPort:totalSize=131584
D/MtkOmxAudioDecBase( 5296): UseBuffer port_idx(0x1), idx[0], pBuffHead(0x425D8F08), pBuffer(0x42659000)
D/OMXCodec( 5296): @@ Output[0] info.mData(0x42659000)
D/MtkOmxAudioDecBase( 5296): UseBuffer port_idx(0x1), idx[1], pBuffHead(0x43BF0600), pBuffer(0x42661000)
D/OMXCodec( 5296): @@ Output[1] info.mData(0x42661000)
D/MtkOmxAudioDecBase( 5296): UseBuffer port_idx(0x1), idx[2], pBuffHead(0x44070F88), pBuffer(0x42669000)
D/OMXCodec( 5296): @@ Output[2] info.mData(0x42669000)
D/MtkOmxAudioDecBase( 5296): UseBuffer port_idx(0x1), idx[3], pBuffHead(0x44D9D0B8), pBuffer(0x42671000)
D/MtkOmxAudioDecBase( 5296): signal mOutPortAllocDoneSem (1)
D/MtkOmxAudioDecBase( 5296): output port populated
D/OMXCodec( 5296): @@ Output[3] info.mData(0x42671000)
D/OMX ( 5296): @@ OMX::CbDisp(0x42A3A2B8)::loop(25946)
D/MtkOmxAudioDecBase( 5296): SendCommand cmd=OMX_CommandStateSet
D/MtkOmxAudioDecBase( 5296): # Got general command (OMX_CommandStateSet)
D/MtkOmxAudioDecBase( 5296): Request [OMX_StateIdle]-> [OMX_StateExecuting]
D/MtkOmxAudioDecBase( 5296): state changes to OMX_StateExecuting
D/MediaPlayerService( 5296): [180] notify (0x42a187d0, 5, 0, 0)
D/NotifySender( 5296): sendMessage::owner(0x425d8100),msg(5)
D/MediaPlayerService( 5296): [180] notify (0x42a187d0, 1, 0, 0)
D/NotifySender( 5296): sendMessage::owner(0x425d8100),msg(1)
D/AwesomePlayer( 5296): @@[SF_PROPERTY]sched_setscheduler ok..., priority:95
D/CameraService( 5296): [CameraService::newMediaPlayer] -
D/CameraService( 5296): [CameraService::newMediaPlayer] + (/system/media/audio/ui/VideoRecord.ogg)
D/AudioFlinger( 5296): acquiring 204 from 25924
D/AudioFlinger( 5296): added new entry for 204
D/MediaPlayer( 5296): mPlayerID = 181
D/MediaPlayerService( 5296): setDataSource(/system/media/audio/ui/VideoRecord.ogg)
D/MediaPlayerFactory( 5296): getPlayerType(): using url, check for DRM protected midi.
D/DrmMtkUtil/DrmUtil( 5296): checkDcf ----> path [/system/media/audio/ui/VideoRecord.ogg]
V/DrmMtkUtil/DrmUtil( 5296): checkExistence ----> [/system/media/audio/ui/VideoRecord.ogg]
D/DrmMtkUtil/DrmUtil( 5296): checkDcf ----> fd [40]
V/DrmMtkUtil/DrmUtil( 5296): checkDcf: first 3 bytes [4f][67][67]
E/DrmMtkUtil/DrmUtil( 5296): checkDcf: not dcf type, dcf version value [79]
D/DrmMtkUtil/DrmUtil( 5296): checkDcf: result [-1]
D/MediaPlayerService( 5296): player type = 3
D/AwesomePlayer( 5296): @@[SF_PROPERTY]sf.video.jump.key.ms =-1
D/AwesomePlayer( 5296): @@[SF_PROPERTY]sf.video.force.display.cnt=0
D/AwesomePlayer( 5296): @@[SF_PROPERTY]sf.video.late.margin.ms = 250
I/AwesomePlayer( 5296): set flag for stopped
D/AwesomePlayer( 5296): reset_l
D/AudioSink( 5296): AudioOutput(204)
D/AwesomePlayer( 5296): reset_l
D/AwesomePlayer( 5296): setDataSource_l('/system/media/audio/ui/VideoRecord.ogg')
D/MediaPlayerService( 5296): setDataSource(/system/media/audio/ui/VideoRecord.ogg) done
D/MediaPlayer( 5296): Don't notify duration to /system/bin/mediaserver!
D/MediaPlayerService( 5296): [181] prepareAsync
D/MediaExtractor( 5296): JB +MediaExtractor::Create
D/MediaExtractor( 5296): JB -MediaExtractor::Create
