D/wpa_supplicant( 5621): wlan0: Control interface command 'SIGNAL_POLL'
D/wpa_supplicant( 5621): nl80211: survey data missing!
I/WifiStateMachine( 5535): fetchRssiAndLinkSpeedNative, newRssi:-70, newLinkSpeed:65
D/StateMachine( 5535): handleMessage: X
E/AEE/DUMPSTATE(26240): copy_process: execv /system/xbin/proc_mem failed(2), No such file or directory
I/AEE/DUMPSTATE(26192): done
D/AEE/AED (26188): coredump_socket_receive: 16
I/aee/core_forwarder(26241): Core forwarder(0) executable pid 26148 signo 11
D/aee/core_forwarder(26241): send_req: 26148
I/AEE/AED (26188): Got core forwarder from 26241
I/aee/core_forwarder(26241): send_req: Got core filename from coredump receiver /sdcard/mtklog/aee_exp/temp/db.j26188/CURRENT.dbg
D/WindowManager( 5535): interceptKeyTq keycode=82 screenIsOn=true keyguardActive=false policyFlags = #2000100 down =true canceled = false isWakeKey=false
V/Provider/Settings( 5535): get setting for user -2 by user 0 so skipping cache
V/SettingsProvider( 5535): access setting for user 0
D/SettingsProvider( 5535): call request for 0
V/SettingsProvider( 5535): call(system:haptic_feedback_enabled) for 0
D/SettingsProvider( 5535): lookupValue table system cache contains Key haptic_feedback_enabled , value = Bundle[{value=1}]
V/Provider/Settings( 5535): from db cache, name = haptic_feedback_enabled , value = 1
I/Provider/Settings( 5535): call-query of user -2 by 0 so not updating cache
D/PowerManagerService( 5535): acquireWakeLockInternal: lock=1112187920, flags=0x1, tag="*vibrator*", ws={WorkSource: uids=[1000]}, uid=1000, pid=5535
D/PowerManagerService( 5535): updateWakeLockSummaryLocked: mWakefulness=Awake, mWakeLockSummary=0x1
D/PowerManagerService( 5535): newScreenState = 2
D/PowerManagerDisplayController( 5535): requestPowerState: screenState=2, useProximitySensor=false, screenBrightness=255, screenAutoBrightnessAdjustment=0.0, useAutoBrightness=false, useEcoBrightness=false, blockScreenOn=false, waitForNegativeProximity=false
I/PowerManagerService( 5535): setBrightness mButtonLight 0.
D/PowerManagerService( 5535): updateScreenStateLocked: mDisplayReady=true, newScreenState=2, mWakefulness=1, mWakeLockSummary=0x1, mUserActivitySummary=0x1, mBootCompleted=true
D/dalvikvm( 5535): create interp thread : stack size=32KB
D/PowerManagerService( 5535): handleSandman: canDream=true, mWakefulness=Awake
D/dalvikvm( 5535): create new thread
D/dalvikvm( 5535): new thread created
D/dalvikvm( 5535): update thread list
D/dalvikvm( 5535): threadid=95: interp stack at 0x62926000
D/dalvikvm( 5535): threadid=95: created from interp
D/dalvikvm( 5535): start new thread
D/dalvikvm( 5535): threadid=95: notify debugger
D/dalvikvm( 5535): threadid=95 (Thread-3386): calling run()
I/SurfaceTextureClient( 5719): [STC::queueBuffer] (this:0x5dd8ce08) fps:1.50, dur:1999.91, max:1005.03, min:242.91
I/BufferQueue( 133): [StatusBar](this:0x43515e58,api:1) [queue] fps:1.50, dur:1999.70, max:1005.07, min:242.48
I/BufferQueue( 133): [StatusBar](this:0x43515e58,api:1) [release] fps:0.99, dur:1011.59, max:1011.59, min:1011.59
I/SurfaceFlinger( 133): [SurfaceFlinger] fps:0.988926,dur:1011.20,max:1011.20,min:1011.20
I/SurfaceTextureClient( 133): [STC::queueBuffer] (this:0x42ee4978) fps:0.99, dur:1011.07, max:1011.07, min:1011.07
I/BufferQueue( 133): [FramebufferSurface](this:0x42ee7008,api:1) [release] fps:0.99, dur:1011.03, max:1011.03, min:1011.03
I/BufferQueue( 133): [FramebufferSurface](this:0x42ee7008,api:1) [queue] fps:0.99, dur:1010.99, max:1010.99, min:1010.99
D/PowerManagerService( 5535): releaseWakeLockInternal: lock=1112187920, flags=0x0
D/PowerManagerService( 5535): updateWakeLockSummaryLocked: mWakefulness=Awake, mWakeLockSummary=0x0
D/PowerManagerService( 5535): newScreenState = 2
D/PowerManagerDisplayController( 5535): requestPowerState: screenState=2, useProximitySensor=false, screenBrightness=255, screenAutoBrightnessAdjustment=0.0, useAutoBrightness=false, useEcoBrightness=false, blockScreenOn=false, waitForNegativeProximity=false
D/WindowManager( 5535): interceptKeyTq keycode=82 screenIsOn=true keyguardActive=false policyFlags = #2000100 down =false canceled = false isWakeKey=false
I/PowerManagerService( 5535): setBrightness mButtonLight 0.
D/PowerManagerService( 5535): updateScreenStateLocked: mDisplayReady=true, newScreenState=2, mWakefulness=1, mWakeLockSummary=0x0, mUserActivitySummary=0x1, mBootCompleted=true
D/dalvikvm( 5535): threadid=95: exiting
D/PowerManagerService( 5535): handleSandman: canDream=true, mWakefulness=Awake
D/dalvikvm( 5535): threadid=95: bye!
I/InputDispatcher( 5535): Application is not responding: Window{42fa1af0 u0 org.opencv.samples.NativeActivity/android.app.NativeActivity}. It has been 8000.7ms since event, 8000.6ms since wait started. Reason: Waiting because the touched window has not finished processing the input events that were previously delivered to it.
I/WindowManager( 5535): Input event dispatching timed out sending to org.opencv.samples.NativeActivity/android.app.NativeActivity
I/WindowManager( 5535): Input event dispatching timed out sending to org.opencv.samples.NativeActivity/android.app.NativeActivity
D/PowerManagerService( 5535): userActivityFromNative
D/PowerManagerService( 5535): userActivityNoUpdateLocked: eventTime=10898580, event=1, flags=0x0, uid=1000
D/PowerManagerNotifier( 5535): onUserActivity: event=1, uid=1000
D/PowerManagerService( 5535): updateUserActivitySummaryLocked: mWakefulness=Awake, mUserActivitySummary=0x5, nextTimeout=10906580 (in 7707 ms)
D/PowerManagerService( 5535): newScreenState = 2
D/PowerManagerDisplayController( 5535): requestPowerState: screenState=2, useProximitySensor=false, screenBrightness=255, screenAutoBrightnessAdjustment=0.0, useAutoBrightness=false, useEcoBrightness=false, blockScreenOn=false, waitForNegativeProximity=false
I/ActivityManager( 5535): enableTraceLog: false
D/LightsService( 5535): setLight_native: light=2, colorARGB=0xffffffff, flashMode=0, onMS=0, offMS=0, brightnessMode=0
D/lights ( 5535): write_int open fd=309
I/PowerManagerService( 5535): setBrightness mButtonLight, screenBrightness=255
D/PowerManagerService( 5535): updateScreenStateLocked: mDisplayReady=true, newScreenState=2, mWakefulness=1, mWakeLockSummary=0x0, mUserActivitySummary=0x5, mBootCompleted=true
D/PowerManagerService( 5535): handleSandman: canDream=true, mWakefulness=Awake
E/ActivityManager( 5535): writeStringToFile error: /sys/kernel/debug/tracing/tracing_on java.io.FileNotFoundException: /sys/kernel/debug/tracing/tracing_on: open failed: ENOENT (No such file or directory)
I/ActivityManager( 5535): enableBinderLog: false
E/ActivityManager( 5535): writeStringToFile error: /sys/kernel/debug/binder/transaction_log_enable java.io.FileNotFoundException: /sys/kernel/debug/binder/transaction_log_enable: open failed: ENOENT (No such file or directory)
D/WindowManager( 5535): interceptKeyTi keyCode=82 down=true repeatCount=0 keyguardOn=false mHomePressed=false canceled=false
I/ActivityManager( 5535): appNotResponding: call app.thread.dumpMessageHistory()
I/ANRManager( 5535): updateProcessStats
I/ANRManager( 5535): getProcessState
I/ActivityManager( 5535): Android time :[2014-01-11 16:40:14.783] [18394.604]
I/ActivityManager( 5535): CPU usage from 7131853ms to 20ms ago with 48% awake:
I/ActivityManager( 5535): 3.7% 633/kworker/u:2: 0% user + 3.7% kernel
I/ActivityManager( 5535): 2.4% 5296/mediaserver: 1.4% user + 1% kernel / faults: 110113 minor 1008 major
I/ActivityManager( 5535): 2.2% 5535/system_server: 1.7% user + 0.5% kernel / faults: 658439 minor 1741 major
I/ActivityManager( 5535): 1.3% 5719/com.android.systemui: 1.1% user + 0.2% kernel / faults: 703618 minor 1477 major
I/ActivityManager( 5535): 1% 133/surfaceflinger: 0.4% user + 0.6% kernel / faults: 2081019 minor 24 major
I/ActivityManager( 5535): 0.7% 9881/adbd: 0% user + 0.6% kernel / faults: 243 minor
I/ActivityManager( 5535): 0.4% 5877/com.android.launcher: 0.4% user + 0% kernel / faults: 121585 minor 586 major
I/ActivityManager( 5535): 0.4% 707/tx_thread: 0% user + 0.4% kernel
I/ActivityManager( 5535): 0.2% 57/bat_thread_kthr: 0% user + 0.2% kernel
I/ActivityManager( 5535): 0.2% 65/mmcqd/0: 0% user + 0.2% kernel
I/ActivityManager( 5535): 0.1% 5783/com.android.phone: 0.1% user + 0% kernel / faults: 32461 minor 557 major
I/ActivityManager( 5535): 0.1% 634/ksdioirqd/mmc2: 0% user + 0.1% kernel
I/ActivityManager( 5535): 0% 5797/org.pocketworkstation.pckeyboard: 0% user + 0% kernel / faults: 43577 minor 237 major
I/ActivityManager( 5535): 0% 5892/com.google.process.location: 0% user + 0% kernel / faults: 23939 minor 422 major
I/ActivityManager( 5535): 0% 5952/com.google.process.gapps: 0% user + 0% kernel / faults: 23067 minor 316 major
I/ActivityManager( 5535): 0% 5075/kworker/u:5: 0% user + 0% kernel
I/ActivityManager( 5535): 0% 74/mtk-tpd: 0% user + 0% kernel
I/ActivityManager( 5535): 0% 64/disp_config_upd: 0% user + 0% kernel
I/ActivityManager( 5535): 0% 5299/zygote: 0% user + 0% kernel / faults: 30187 minor 13 major
I/ActivityManager( 5535): 0% 58/mtk charger_hv_: 0% user + 0% kernel
I/ActivityManager( 5535): 0% 26/kswapd0: 0% user + 0% kernel
I/ActivityManager( 5535): 0% 86/flush-179:0: 0% user + 0% kernel
I/ActivityManager( 5535): 0% 498/rild: 0% user + 0% kernel / faults: 2177 minor 13 major
I/ActivityManager( 5535): 0% 50/binder_watchdog: 0% user + 0% kernel
I/ActivityManager( 5535): 0% 118/servicemanager: 0% user + 0% kernel / faults: 189 minor
I/ActivityManager( 5535): 0% 142/installd: 0% user + 0% kernel / faults: 206 minor 5 major
I/ActivityManager( 5535): 0% 463/gsm0710muxd: 0% user + 0% kernel / faults: 914 minor
I/ActivityManager( 5535): 0% 5297/netd: 0% user + 0% kernel / faults: 2858 minor 20 major
I/ActivityManager( 5535): 0% 5621/wpa_supplicant: 0% user + 0% kernel / faults: 2146 minor 55 major
I/ActivityManager( 5535): 0% 120/rilproxy1: 0% user + 0% kernel / faults: 2862 minor 3 major
I/ActivityManager( 5535): 0% 5855/com.mediatek.thermalmanager: 0% user + 0% kernel / faults: 6558 minor 14 major
I/ActivityManager( 5535): 0% 90/jbd2/mmcblk0p7-: 0% user + 0% kernel
I/ActivityManager( 5535): 0% 5921/com.android.location.fused: 0% user + 0% kernel / faults: 6685 minor 3 major
I/ActivityManager( 5535): 0% 5845/com.mediatek.bluetooth: 0% user + 0% kernel / faults: 6888 minor 19 major
I/ActivityManager( 5535): 0% 5820/com.mediatek.voicecommand: 0% user + 0% kernel / faults: 6429 minor 14 major
I/ActivityManager( 5535): 0% 8946/adb: 0% user + 0% kernel / faults: 391 minor
I/ActivityManager( 5535): 0% 1//init: 0% user + 0% kernel / faults: 32 minor
I/ActivityManager( 5535): 0% 144/mtk_agpsd: 0% user + 0% kernel / faults: 614 minor 9 major
I/ActivityManager( 5535): 0% 126/debuggerd: 0% user + 0% kernel / faults: 3064 minor 6 major
I/ActivityManager( 5535): 0% 113/mtk_wmtd: 0% user + 0% kernel
I/ActivityManager( 5535): 0% 25/pmic_thread_kth: 0% user + 0% kernel
I/ActivityManager( 5535): 0% 140/mtkGD: 0% user + 0% kernel / faults: 600 minor 3 major
I/ActivityManager( 5535): 0% 3/ksoftirqd/0: 0% user + 0% kernel
I/ActivityManager( 5535): 0% 119/vold: 0% user + 0% kernel / faults: 750 minor 4 major
I/ActivityManager( 5535): 0% 136/drmserver: 0% user + 0% kernel / faults: 1404 minor 32 major
I/ActivityManager( 5535): 0% 82/ueventd: 0% user + 0% kernel
I/ActivityManager( 5535): 0% 464/mdlogger: 0% user + 0% kernel / faults: 25 minor 5 major
I/ActivityManager( 5535): 0% 2/kthreadd: 0% user + 0% kernel
I/ActivityManager( 5535): 0% 158/6620_launcher: 0% user + 0% kernel / faults: 79 minor 1 major
I/ActivityManager( 5535): 0% 149/dm_agent_binder: 0% user + 0% kernel / faults: 12 minor
I/ActivityManager( 5535): 0% 154/nvram_agent_binder: 0% user + 0% kernel / faults: 15 minor
I/ActivityManager( 5535): 0% 138/vtservice: 0% user + 0% kernel / faults: 15 minor
I/ActivityManager( 5535): 0% 150/mtkbt: 0% user + 0% kernel / faults: 285 minor 19 major
I/ActivityManager( 5535): 0% 135/hald: 0% user + 0% kernel / faults: 199 minor 5 major
I/ActivityManager( 5535): 0% 139/matv: 0% user + 0% kernel / faults: 15 minor
I/ActivityManager( 5535): 0% 143/keystore: 0% user + 0% kernel / faults: 37 minor 1 major
I/ActivityManager( 5535): 0% 111/mtk_stp_psm: 0% user + 0% kernel
I/ActivityManager( 5535): 0% 122/ccci_fsd: 0% user + 0% kernel / faults: 348 minor 5 major
I/ActivityManager( 5535): 0% 127/mobile_log_d: 0% user + 0% kernel / faults: 19 minor 2 major
I/ActivityManager( 5535): 0% 285/akmd8975: 0% user + 0% kernel / faults: 231 minor 5 major
I/ActivityManager( 5535): 0% 593/loop1: 0% user + 0% kernel
I/ActivityManager( 5535): 0% 61/esd_recovery_kt: 0% user + 0% kernel
I/ActivityManager( 5535): 0% 130/netdiag: 0% user + 0% kernel / faults: 30 minor
I/ActivityManager( 5535): 0% 121/logwrapper: 0% user + 0% kernel / faults:
I/ANRManager( 5535): startAsyncDump: AnrDumpRecord{ keyDispatchingTimedOut ProcessRecord{42ce3f68 26148:org.opencv.samples.NativeActivity/u0a10134} IsCompleted:false IsCancelled:false }
I/ActivityManager( 5535): appNotResponding-before get this lock: ProcessRecord{42ce3f68 26148:org.opencv.samples.NativeActivity/u0a10134} keyDispatchingTimedOut
I/ActivityManager( 5535): appNotResponding-got this lock: ProcessRecord{42ce3f68 26148:org.opencv.samples.NativeActivity/u0a10134} keyDispatchingTimedOut
I/ANRManager( 5535): dumpAnrDebugInfo begin: AnrDumpRecord{ keyDispatchingTimedOut ProcessRecord{42ce3f68 26148:org.opencv.samples.NativeActivity/u0a10134} IsCompleted:false IsCancelled:false }
I/ANRManager( 5535): dumpAnrDebugInfoLocked: AnrDumpRecord{ keyDispatchingTimedOut ProcessRecord{42ce3f68 26148:org.opencv.samples.NativeActivity/u0a10134} IsCompleted:false IsCancelled:false }
D/ActivityManager( 5535): dumpStackTraces Full Begin:
I/ActivityManager( 5535): dumpStackTraces process: 26148 parent: 5299 zygote: 5299
D/AEE/RTT_LIB( 5535): aee_exception_running: send req
D/AEE/RTT_LIB( 5535): Rtt waiting finish the job...
D/AEE/AED ( 126): $===AEE===AEE===AEE===$
D/AEE/AED ( 126): p 0 poll events 1 revents 1
D/AEE/AED ( 126): requesting from: pid=5535 cmd=10
D/AEE/AED ( 126): Go RTT_AEE_GET_EXCEPTION_RUNNING
D/AEE/AED ( 126): p 1 poll events 1 revents 0
D/AEE/AED ( 126): not know revents:0
D/AEE/AED ( 126): p 2 poll events 1 revents 0
D/AEE/AED ( 126): not know revents:0
D/AEE/AED ( 126): p 3 poll events 1 revents 0
D/AEE/AED ( 126): not know revents:0
D/AEE/AED ( 126): p 4 poll events 1 revents 0
D/AEE/AED ( 126): not know revents:0
D/AEE/RTT_LIB( 5535): Rtt send req done
I/ANRManager( 5535): [coredump] Process 26148is doing coredump
D/WindowManager( 5535): interceptKeyTq keycode=82 screenIsOn=true keyguardActive=false policyFlags = #2000100 down =true canceled = false isWakeKey=false
V/Provider/Settings( 5535): get setting for user -2 by user 0 so skipping cache
V/SettingsProvider( 5535): access setting for user 0
D/SettingsProvider( 5535): call request for 0
V/SettingsProvider( 5535): call(system:haptic_feedback_enabled) for 0
D/SettingsProvider( 5535): lookupValue table system cache contains Key haptic_feedback_enabled , value = Bundle[{value=1}]
V/Provider/Settings( 5535): from db cache, name = haptic_feedback_enabled , value = 1
I/Provider/Settings( 5535): call-query of user -2 by 0 so not updating cache
D/PowerManagerService( 5535): acquireWakeLockInternal: lock=1112187920, flags=0x1, tag="*vibrator*", ws={WorkSource: uids=[1000]}, uid=1000, pid=5535
D/PowerManagerService( 5535): updateWakeLockSummaryLocked: mWakefulness=Awake, mWakeLockSummary=0x1
D/PowerManagerService( 5535): newScreenState = 2
D/PowerManagerDisplayController( 5535): requestPowerState: screenState=2, useProximitySensor=false, screenBrightness=255, screenAutoBrightnessAdjustment=0.0, useAutoBrightness=false, useEcoBrightness=false, blockScreenOn=false, waitForNegativeProximity=false
I/PowerManagerService( 5535): setBrightness mButtonLight, screenBrightness=255
D/PowerManagerService( 5535): updateScreenStateLocked: mDisplayReady=true, newScreenState=2, mWakefulness=1, mWakeLockSummary=0x1, mUserActivitySummary=0x5, mBootCompleted=true
D/dalvikvm( 5535): create interp thread : stack size=32KB
D/PowerManagerService( 5535): handleSandman: canDream=true, mWakefulness=Awake
D/dalvikvm( 5535): create new thread
D/dalvikvm( 5535): new thread created
D/dalvikvm( 5535): update thread list
D/dalvikvm( 5535): threadid=95: interp stack at 0x62926000
D/dalvikvm( 5535): threadid=95: created from interp
D/dalvikvm( 5535): start new thread
D/dalvikvm( 5535): threadid=95: notify debugger
D/dalvikvm( 5535): threadid=95 (Thread-3387): calling run()
D/WindowManager( 5535): interceptKeyTq keycode=82 screenIsOn=true keyguardActive=false policyFlags = #2000100 down =false canceled = false isWakeKey=false
D/PowerManagerService( 5535): releaseWakeLockInternal: lock=1112187920, flags=0x0
D/PowerManagerService( 5535): updateWakeLockSummaryLocked: mWakefulness=Awake, mWakeLockSummary=0x0
D/PowerManagerService( 5535): newScreenState = 2
D/PowerManagerDisplayController( 5535): requestPowerState: screenState=2, useProximitySensor=false, screenBrightness=255, screenAutoBrightnessAdjustment=0.0, useAutoBrightness=false, useEcoBrightness=false, blockScreenOn=false, waitForNegativeProximity=false
I/PowerManagerService( 5535): setBrightness mButtonLight, screenBrightness=255
D/PowerManagerService( 5535): updateScreenStateLocked: mDisplayReady=true, newScreenState=2, mWakefulness=1, mWakeLockSummary=0x0, mUserActivitySummary=0x5, mBootCompleted=true
D/dalvikvm( 5535): threadid=95: exiting
D/PowerManagerService( 5535): handleSandman: canDream=true, mWakefulness=Awake
D/dalvikvm( 5535): threadid=95: bye!
I/ActivityManager( 5535): dumpStackTraces process: 5535 parent: 5299 zygote: 5299
D/AEE/RTT_LIB( 5535): aee_exception_running: send req
D/AEE/RTT_LIB( 5535): Rtt waiting finish the job...
D/AEE/AED ( 126): $===AEE===AEE===AEE===$
D/AEE/AED ( 126): p 0 poll events 1 revents 1
D/AEE/AED ( 126): requesting from: pid=5535 cmd=10
D/AEE/AED ( 126): Go RTT_AEE_GET_EXCEPTION_RUNNING
D/AEE/RTT_LIB( 5535): Rtt send req done
D/AEE/AED ( 126): p 1 poll events 1 revents 0
D/AEE/AED ( 126): not know revents:0
D/AEE/AED ( 126): p 2 poll events 1 revents 0
D/AEE/AED ( 126): not know revents:0
D/AEE/AED ( 126): p 3 poll events 1 revents 0
D/AEE/AED ( 126): not know revents:0
D/AEE/AED ( 126): p 4 poll events 1 revents 0
D/AEE/AED ( 126): not know revents:0
I/ANRManager( 5535): [coredump] coredump's pid = 26148
I/ANRManager( 5535): [coredump] coredump's pid = -1
I/ANRManager( 5535): [coredump] coredump's pid = -1
I/ANRManager( 5535): [coredump] coredump's pid = -1
I/Process ( 5535): Sending signal. PID: 5535 SIG: 3
I/dalvikvm( 5535): threadid=3: reacting to signal 3
D/dalvikvm( 5535): dump native stack for : main
D/dalvikvm( 5535): unwind backtrace
D/dalvikvm( 5535): get native symbol
D/dalvikvm( 5535): format backtrace line
D/dalvikvm( 5535): get native done
D/dalvikvm( 5535): dump native stack for : Binder_10
D/dalvikvm( 5535): unwind backtrace
D/dalvikvm( 5535): get native symbol
D/dalvikvm( 5535): format backtrace line
D/dalvikvm( 5535): get native done
D/dalvikvm( 5535): dump native stack for : WifiManager
D/dalvikvm( 5535): unwind backtrace
D/dalvikvm( 5535): get native symbol
D/dalvikvm( 5535): format backtrace line
D/dalvikvm( 5535): get native done
D/dalvikvm( 5535): dump native stack for : Binder_F
D/dalvikvm( 5535): unwind backtrace
D/dalvikvm( 5535): get native symbol
D/dalvikvm( 5535): format backtrace line
D/dalvikvm( 5535): get native done
D/dalvikvm( 5535): dump native stack for : Binder_E
D/dalvikvm( 5535): unwind backtrace
D/dalvikvm( 5535): get native symbol
D/dalvikvm( 5535): format backtrace line
D/dalvikvm( 5535): get native done
D/dalvikvm( 5535): dump native stack for : Binder_D
D/dalvikvm( 5535): unwind backtrace
D/dalvikvm( 5535): get native symbol
D/dalvikvm( 5535): format backtrace line
D/dalvikvm( 5535): get native done
D/dalvikvm( 5535): dump native stack for : Binder_C
D/dalvikvm( 5535): unwind backtrace
D/dalvikvm( 5535): get native symbol
D/dalvikvm( 5535): format backtrace line
D/dalvikvm( 5535): get native done
D/dalvikvm( 5535): dump native stack for : Binder_B
D/dalvikvm( 5535): unwind backtrace
D/dalvikvm( 5535): get native symbol
D/dalvikvm( 5535): format backtrace line
D/dalvikvm( 5535): get native done
D/dalvikvm( 5535): dump native stack for : Binder_A
D/dalvikvm( 5535): unwind backtrace
D/dalvikvm( 5535): get native symbol
D/dalvikvm( 5535): format backtrace line
D/dalvikvm( 5535): get native done
D/dalvikvm( 5535): dump native stack for : DhcpStateMachine
D/dalvikvm( 5535): unwind backtrace
D/dalvikvm( 5535): get native symbol
D/dalvikvm( 5535): format backtrace line
D/dalvikvm( 5535): get native done
D/dalvikvm( 5535): dump native stack for : DhcpStateMachine
D/dalvikvm( 5535): unwind backtrace
D/dalvikvm( 5535): get native symbol
D/dalvikvm( 5535): format backtrace line
D/dalvikvm( 5535): get native done
D/dalvikvm( 5535): dump native stack for : SoundPool
D/dalvikvm( 5535): unwind backtrace
D/dalvikvm( 5535): get native symbol
D/dalvikvm( 5535): format backtrace line
D/dalvikvm( 5535): get native done
D/dalvikvm( 5535): dump native stack for : SoundPoolThread
D/dalvikvm( 5535): unwind backtrace
D/dalvikvm( 5535): get native symbol
D/dalvikvm( 5535): format backtrace line
D/dalvikvm( 5535): get native done
D/dalvikvm( 5535): dump native stack for : Binder_9
D/dalvikvm( 5535): unwind backtrace
D/dalvikvm( 5535): get native symbol
D/dalvikvm( 5535): format backtrace line
D/dalvikvm( 5535): get native done
D/dalvikvm( 5535): dump native stack for : Binder_8
D/dalvikvm( 5535): unwind backtrace
D/dalvikvm( 5535): get native symbol
D/dalvikvm( 5535): format backtrace line
D/dalvikvm( 5535): get native done
D/dalvikvm( 5535): dump native stack for : Binder_7
D/dalvikvm( 5535): unwind backtrace
D/dalvikvm( 5535): get native symbol
D/dalvikvm( 5535): format backtrace line
D/dalvikvm( 5535): get native done
D/dalvikvm( 5535): dump native stack for : Binder_6
D/dalvikvm( 5535): unwind backtrace
D/dalvikvm( 5535): get native symbol
D/dalvikvm( 5535): format backtrace line
D/dalvikvm( 5535): get native done
D/dalvikvm( 5535): dump native stack for : Binder_5
D/dalvikvm( 5535): unwind backtrace
D/dalvikvm( 5535): get native symbol
D/dalvikvm( 5535): format backtrace line
D/dalvikvm( 5535): get native done
D/dalvikvm( 5535): dump native stack for : Binder_4
D/dalvikvm( 5535): unwind backtrace
D/dalvikvm( 5535): get native symbol
D/dalvikvm( 5535): format backtrace line
D/dalvikvm( 5535): get native done
D/dalvikvm( 5535): dump native stack for : NetworkTimeUpdateService
D/dalvikvm( 5535): unwind backtrace
D/dalvikvm( 5535): get native symbol
D/dalvikvm( 5535): format backtrace line
D/dalvikvm( 5535): get native done
D/dalvikvm( 5535): dump native stack for : NetworkTimeUpdateService
D/dalvikvm( 5535): unwind backtrace
D/dalvikvm( 5535): get native symbol
D/dalvikvm( 5535): format backtrace line
D/dalvikvm( 5535): get native done
D/dalvikvm( 5535): dump native stack for : ThrottleService
D/dalvikvm( 5535): unwind backtrace
D/dalvikvm( 5535): get native symbol
D/dalvikvm( 5535): format backtrace line
D/dalvikvm( 5535): get native done
D/dalvikvm( 5535): dump native stack for : CountryDetectorService
D/dalvikvm( 5535): unwind backtrace
D/dalvikvm( 5535): get native symbol
D/dalvikvm( 5535): format backtrace line
D/dalvikvm( 5535): get native done
D/dalvikvm( 5535): dump native stack for : LocationManagerService
D/dalvikvm( 5535): unwind backtrace
D/dalvikvm( 5535): get native symbol
D/dalvikvm( 5535): format backtrace line
D/dalvikvm( 5535): get native done
D/dalvikvm( 5535): dump native stack for : UsbService host thread
D/dalvikvm( 5535): unwind backtrace
D/dalvikvm( 5535): get native symbol
D/dalvikvm( 5535): format backtrace line
D/dalvikvm( 5535): get native done
D/dalvikvm( 5535): dump native stack for : SyncHandler-0
D/dalvikvm( 5535): unwind backtrace
D/dalvikvm( 5535): get native symbol
D/dalvikvm( 5535): format backtrace line
D/dalvikvm( 5535): get native done
D/dalvikvm( 5535): dump native stack for : AMPlus
D/dalvikvm( 5535): unwind backtrace
D/dalvikvm( 5535): get native symbol
D/dalvikvm( 5535): format backtrace line
D/dalvikvm( 5535): get native done
D/dalvikvm( 5535): dump native stack for : Thread-78
D/dalvikvm( 5535): unwind backtrace
D/dalvikvm( 5535): get native symbol
D/dalvikvm( 5535): format backtrace line
D/dalvikvm( 5535): get native done
D/dalvikvm( 5535): dump native stack for : Thread-77
D/dalvikvm( 5535): unwind backtrace
D/dalvikvm( 5535): get native symbol
D/dalvikvm( 5535): format backtrace line
D/dalvikvm( 5535): get native done
D/dalvikvm( 5535): dump native stack for : WifiMo-p2p0
D/dalvikvm( 5535): unwind backtrace
D/dalvikvm( 5535): get native symbol
D/dalvikvm( 5535): format backtrace line
D/dalvikvm( 5535): get native done
D/dalvikvm( 5535): dump native stack for : backup
D/dalvikvm( 5535): unwind backtrace
D/dalvikvm( 5535): get native symbol
D/dalvikvm( 5535): format backtrace line
D/dalvikvm( 5535): get native done
D/dalvikvm( 5535): dump native stack for : UsbDeviceManager
D/dalvikvm( 5535): unwind backtrace
D/dalvikvm( 5535): get native symbol
D/dalvikvm( 5535): format backtrace line
D/dalvikvm( 5535): get native done
D/dalvikvm( 5535): dump native stack for : AudioProfileService
D/dalvikvm( 5535): unwind backtrace
D/dalvikvm( 5535): get native symbol
D/dalvikvm( 5535): format backtrace line
D/dalvikvm( 5535): get native done
D/dalvikvm( 5535): dump native stack for : AudioService
D/dalvikvm( 5535): unwind backtrace
D/dalvikvm( 5535): get native symbol
D/dalvikvm( 5535): format backtrace line
D/dalvikvm( 5535): get native done
D/dalvikvm( 5535): dump native stack for : WifiMo-wlan0
D/dalvikvm( 5535): unwind backtrace
D/dalvikvm( 5535): get native symbol
D/dalvikvm( 5535): format backtrace line
D/dalvikvm( 5535): get native done
D/dalvikvm( 5535): dump native stack for : mDnsConnector.CallbackHandler
D/dalvikvm( 5535): unwind backtrace
D/dalvikvm( 5535): get native symbol
D/dalvikvm( 5535): format backtrace line
D/dalvikvm( 5535): get native done
D/dalvikvm( 5535): dump native stack for : mDnsConnector
D/dalvikvm( 5535): unwind backtrace
D/dalvikvm( 5535): get native symbol
D/dalvikvm( 5535): format backtrace line
D/dalvikvm( 5535): get native done
D/dalvikvm( 5535): dump native stack for : NsdService
D/dalvikvm( 5535): unwind backtrace
D/dalvikvm( 5535): get native symbol
D/dalvikvm( 5535): format backtrace line
D/dalvikvm( 5535): get native done
D/dalvikvm( 5535): dump native stack for : WifiWatchdogStateMachine
D/dalvikvm( 5535): unwind backtrace
D/dalvikvm( 5535): get native symbol
D/dalvikvm( 5535): format backtrace line
D/dalvikvm( 5535): get native done
D/dalvikvm( 5535): dump native stack for : CaptivePortalTracker
D/dalvikvm( 5535): unwind backtrace
D/dalvikvm( 5535): get native symbol
D/dalvikvm( 5535): format backtrace line
D/dalvikvm( 5535): get native done
D/dalvikvm( 5535): dump native stack for : Tethering
D/dalvikvm( 5535): unwind backtrace
D/dalvikvm( 5535): get native symbol
D/dalvikvm( 5535): format backtrace line
D/dalvikvm( 5535): get native done
D/dalvikvm( 5535): dump native stack for : WifiManager
D/dalvikvm( 5535): unwind backtrace
D/dalvikvm( 5535): get native symbol
D/dalvikvm( 5535): format backtrace line
D/dalvikvm( 5535): get native done
D/dalvikvm( 5535): dump native stack for : ConnectivityServiceThread
D/dalvikvm( 5535): unwind backtrace
D/dalvikvm( 5535): get native symbol
D/dalvikvm( 5535): format backtrace line
D/dalvikvm( 5535): get native done
D/dalvikvm( 5535): dump native stack for : WifiService
D/dalvikvm( 5535): unwind backtrace
D/dalvikvm( 5535): get native symbol
D/dalvikvm( 5535): format backtrace line
D/dalvikvm( 5535): get native done
D/dalvikvm( 5535): dump native stack for : WifiSMForObserver
D/dalvikvm( 5535): unwind backtrace
D/dalvikvm( 5535): get native symbol
D/dalvikvm( 5535): format backtrace line
D/dalvikvm( 5535): get native done
D/dalvikvm( 5535): dump native stack for : WifiStateMachine
D/dalvikvm( 5535): unwind backtrace
D/dalvikvm( 5535): get native symbol
D/dalvikvm( 5535): format backtrace line
D/dalvikvm( 5535): get native done
D/dalvikvm( 5535): dump native stack for : WifiP2pService
D/dalvikvm( 5535): unwind backtrace
D/dalvikvm( 5535): get native symbol
D/dalvikvm( 5535): format backtrace line
D/dalvikvm( 5535): get native done
D/dalvikvm( 5535): dump native stack for : NetworkPolicy
D/dalvikvm( 5535): unwind backtrace
D/dalvikvm( 5535): get native symbol
D/dalvikvm( 5535): format backtrace line
D/dalvikvm( 5535): get native done
D/dalvikvm( 5535): dump native stack for : NetworkStats
D/dalvikvm( 5535): unwind backtrace
D/dalvikvm( 5535): get native symbol
D/dalvikvm( 5535): format backtrace line
D/dalvikvm( 5535): get native done
D/dalvikvm( 5535): dump native stack for : NetdConnector.CallbackHandler
D/dalvikvm( 5535): unwind backtrace
D/dalvikvm( 5535): get native symbol
D/dalvikvm( 5535): format backtrace line
D/dalvikvm( 5535): get native done
D/dalvikvm( 5535): dump native stack for : NetdConnector
D/dalvikvm( 5535): unwind backtrace
D/dalvikvm( 5535): get native symbol
D/dalvikvm( 5535): format backtrace line
D/dalvikvm( 5535): get native done
D/dalvikvm( 5535): dump native stack for : VoldConnector.CallbackHandler
D/dalvikvm( 5535): unwind backtrace
D/dalvikvm( 5535): get native symbol
D/dalvikvm( 5535): format backtrace line
D/dalvikvm( 5535): get native done
D/dalvikvm( 5535): dump native stack for : VoldConnector
D/dalvikvm( 5535): unwind backtrace
D/dalvikvm( 5535): get native symbol
D/dalvikvm( 5535): format backtrace line
D/dalvikvm( 5535): get native done
D/dalvikvm( 5535): dump native stack for : MountService
D/dalvikvm( 5535): unwind backtrace
D/dalvikvm( 5535): get native symbol
D/dalvikvm( 5535): format backtrace line
D/dalvikvm( 5535): get native done
D/dalvikvm( 5535): dump native stack for : BluetoothAdapterStateMachine
D/dalvikvm( 5535): unwind backtrace
D/dalvikvm( 5535): get native symbol
D/dalvikvm( 5535): format backtrace line
D/dalvikvm( 5535): get native done
D/dalvikvm( 5535): dump native stack for : BluetoothProfileState:0
D/dalvikvm( 5535): unwind backtrace
D/dalvikvm( 5535): get native symbol
D/dalvikvm( 5535): format backtrace line
D/dalvikvm( 5535): get native done
D/dalvikvm( 5535): dump native stack for : BluetoothProfileState:1
D/dalvikvm( 5535): unwind backtrace
D/dalvikvm( 5535): get native symbol
D/dalvikvm( 5535): format backtrace line
D/dalvikvm( 5535): get native done
D/dalvikvm( 5535): dump native stack for : BluetoothProfileState:2
D/dalvikvm( 5535): unwind backtrace
D/dalvikvm( 5535): get native symbol
D/dalvikvm( 5535): format backtrace line
D/dalvikvm( 5535): get native done
D/dalvikvm( 5535): dump native stack for : BluetoothService
D/dalvikvm( 5535): unwind backtrace
D/dalvikvm( 5535): get native symbol
D/dalvikvm( 5535): format backtrace line
D/dalvikvm( 5535): get native done
D/dalvikvm( 5535): dump native stack for : InputDispatcher
D/dalvikvm( 5535): unwind backtrace
D/dalvikvm( 5535): get native symbol
D/dalvikvm( 5535): format backtrace line
D/dalvikvm( 5535): get native done
D/dalvikvm( 5535): dump native stack for : android.hardware.SystemSensorManager$SensorThread
D/dalvikvm( 5535): unwind backtrace
D/dalvikvm( 5535): get native symbol
D/dalvikvm( 5535): format backtrace line
D/dalvikvm( 5535): get native done
D/dalvikvm( 5535): dump native stack for : SoundPoolThread
D/dalvikvm( 5535): unwind backtrace
D/dalvikvm( 5535): get native symbol
D/dalvikvm( 5535): format backtrace line
D/dalvikvm( 5535): get native done
D/dalvikvm( 5535): dump native stack for : SoundPool
D/dalvikvm( 5535): unwind backtrace
D/dalvikvm( 5535): get native symbol
D/dalvikvm( 5535): format backtrace line
D/dalvikvm( 5535): get native done
D/dalvikvm( 5535): dump native stack for : AlarmManager
D/dalvikvm( 5535): unwind backtrace
D/dalvikvm( 5535): get native symbol
D/dalvikvm( 5535): format backtrace line
D/dalvikvm( 5535): get native done
D/dalvikvm( 5535): dump native stack for : PowerManagerService
D/dalvikvm( 5535): unwind backtrace
D/dalvikvm( 5535): get native symbol
D/dalvikvm( 5535): format backtrace line
D/dalvikvm( 5535): get native done
D/dalvikvm( 5535): dump native stack for : UEventObserver
D/dalvikvm( 5535): unwind backtrace
D/dalvikvm( 5535): get native symbol
D/dalvikvm( 5535): format backtrace line
D/dalvikvm( 5535): get native done
D/dalvikvm( 5535): dump native stack for : PackageMonitor
D/dalvikvm( 5535): unwind backtrace
D/dalvikvm( 5535): get native symbol
D/dalvikvm( 5535): format backtrace line
D/dalvikvm( 5535): get native done
D/dalvikvm( 5535): dump native stack for : SyncHandlerThread
D/dalvikvm( 5535): unwind backtrace
D/dalvikvm( 5535): get native symbol
D/dalvikvm( 5535): format backtrace line
D/dalvikvm( 5535): get native done
D/dalvikvm( 5535): dump native stack for : AccountManagerService
D/dalvikvm( 5535): unwind backtrace
D/dalvikvm( 5535): get native symbol
D/dalvikvm( 5535): format backtrace line
D/dalvikvm( 5535): get native done
D/dalvikvm( 5535): dump native stack for : FileObserver
D/dalvikvm( 5535): unwind backtrace
D/dalvikvm( 5535): get native symbol
D/dalvikvm( 5535): format backtrace line
D/dalvikvm( 5535): get native done
D/dalvikvm( 5535): dump native stack for : PackageManager
D/dalvikvm( 5535): unwind backtrace
D/dalvikvm( 5535): get native symbol
D/dalvikvm( 5535): format backtrace line
D/dalvikvm( 5535): get native done
D/dalvikvm( 5535): dump native stack for : WindowManager
D/dalvikvm( 5535): unwind backtrace
D/dalvikvm( 5535): get native symbol
D/dalvikvm( 5535): format backtrace line
D/dalvikvm( 5535): get native done
D/dalvikvm( 5535): dump native stack for : UI
D/dalvikvm( 5535): unwind backtrace
D/dalvikvm( 5535): get native symbol
D/dalvikvm( 5535): format backtrace line
D/dalvikvm( 5535): get native done
D/dalvikvm( 5535): dump native stack for : android.server.ServerThread
D/dalvikvm( 5535): unwind backtrace
D/dalvikvm( 5535): get native symbol
D/dalvikvm( 5535): format backtrace line
D/dalvikvm( 5535): get native done
D/dalvikvm( 5535): dump native stack for : Binder_3
D/dalvikvm( 5535): unwind backtrace
D/dalvikvm( 5535): get native symbol
D/dalvikvm( 5535): format backtrace line
D/dalvikvm( 5535): get native done
D/dalvikvm( 5535): dump native stack for : SensorService
D/dalvikvm( 5535): unwind backtrace
D/dalvikvm( 5535): get native symbol
D/dalvikvm( 5535): format backtrace line
D/dalvikvm( 5535): get native done
D/dalvikvm( 5535): dump native stack for : Binder_2
D/dalvikvm( 5535): unwind backtrace
D/dalvikvm( 5535): get native symbol
D/dalvikvm( 5535): format backtrace line
D/dalvikvm( 5535): get native done
D/dalvikvm( 5535): dump native stack for : Binder_1
D/dalvikvm( 5535): unwind backtrace
D/dalvikvm( 5535): get native symbol
D/dalvikvm( 5535): format backtrace line
D/dalvikvm( 5535): get native done
D/dalvikvm( 5535): dump native stack for : Compiler
D/dalvikvm( 5535): unwind backtrace
D/dalvikvm( 5535): get native symbol
D/dalvikvm( 5535): format backtrace line
D/dalvikvm( 5535): get native done
D/dalvikvm( 5535): dump native stack for : JDWP
D/dalvikvm( 5535): unwind backtrace
D/dalvikvm( 5535): get native symbol
D/dalvikvm( 5535): format backtrace line
D/dalvikvm( 5535): get native done
D/dalvikvm( 5535): dump native stack for : GC
D/dalvikvm( 5535): unwind backtrace
D/dalvikvm( 5535): get native symbol
D/dalvikvm( 5535): format backtrace line
D/dalvikvm( 5535): get native done
D/dalvikvm( 5535): Prepare stack traces for '/data/anr/traces.txt' done
I/dalvikvm( 5535): Wrote stack traces to '/data/anr/traces.txt'
I/ANRManager( 5535): START_ANR_DUMP_MSG: AnrDumpRecord{ keyDispatchingTimedOut ProcessRecord{42ce3f68 26148:org.opencv.samples.NativeActivity/u0a10134} IsCompleted:false IsCancelled:false }
I/ANRManager( 5535): dumpAnrDebugInfo begin: AnrDumpRecord{ keyDispatchingTimedOut ProcessRecord{42ce3f68 26148:org.opencv.samples.NativeActivity/u0a10134} IsCompleted:false IsCancelled:false }
I/ActivityManager( 5535): dumpStackTraces process: 5783 parent: 5299 zygote: 5299
D/AEE/RTT_LIB( 5535): aee_exception_running: send req
D/AEE/AED ( 126): $===AEE===AEE===AEE===$
D/AEE/AED ( 126): p 0 poll events 1 revents 1
D/WindowManager( 5535): interceptKeyTq keycode=82 screenIsOn=true keyguardActive=false policyFlags = #2000100 down =true canceled = false isWakeKey=false
V/Provider/Settings( 5535): get setting for user -2 by user 0 so skipping cache
V/SettingsProvider( 5535): access setting for user 0
D/SettingsProvider( 5535): call request for 0
V/SettingsProvider( 5535): call(system:haptic_feedback_enabled) for 0
D/SettingsProvider( 5535): lookupValue table system cache contains Key haptic_feedback_enabled , value = Bundle[{value=1}]
V/Provider/Settings( 5535): from db cache, name = haptic_feedback_enabled , value = 1
I/Provider/Settings( 5535): call-query of user -2 by 0 so not updating cache
D/PowerManagerService( 5535): acquireWakeLockInternal: lock=1112187920, flags=0x1, tag="*vibrator*", ws={WorkSource: uids=[1000]}, uid=1000, pid=5535
D/PowerManagerService( 5535): updateWakeLockSummaryLocked: mWakefulness=Awake, mWakeLockSummary=0x1
D/PowerManagerService( 5535): newScreenState = 2
D/PowerManagerDisplayController( 5535): requestPowerState: screenState=2, useProximitySensor=false, screenBrightness=255, screenAutoBrightnessAdjustment=0.0, useAutoBrightness=false, useEcoBrightness=false, blockScreenOn=false, waitForNegativeProximity=false
I/PowerManagerService( 5535): setBrightness mButtonLight, screenBrightness=255
D/PowerManagerService( 5535): updateScreenStateLocked: mDisplayReady=true, newScreenState=2, mWakefulness=1, mWakeLockSummary=0x1, mUserActivitySummary=0x5, mBootCompleted=true
D/dalvikvm( 5535): create interp thread : stack size=32KB
D/PowerManagerService( 5535): handleSandman: canDream=true, mWakefulness=Awake
D/dalvikvm( 5535): create new thread
D/dalvikvm( 5535): new thread created
D/dalvikvm( 5535): update thread list
D/dalvikvm( 5535): threadid=95: interp stack at 0x62926000
D/dalvikvm( 5535): threadid=95: created from interp
D/AEE/AED ( 126): requesting from: pid=5535 cmd=10
D/AEE/AED ( 126): Go RTT_AEE_GET_EXCEPTION_RUNNING
D/AEE/AED ( 126): p 1 poll events 1 revents 0
D/AEE/AED ( 126): not know revents:0
D/AEE/AED ( 126): p 2 poll events 1 revents 0
D/AEE/AED ( 126): not know revents:0
D/AEE/AED ( 126): p 3 poll events 1 revents 0
D/AEE/AED ( 126): not know revents:0
D/AEE/AED ( 126): p 4 poll events 1 revents 0
D/AEE/AED ( 126): not know revents:0
D/dalvikvm( 5535): start new thread
D/dalvikvm( 5535): threadid=95: notify debugger
D/dalvikvm( 5535): threadid=95 (Thread-3388): calling run()
D/WindowManager( 5535): interceptKeyTq keycode=82 screenIsOn=true keyguardActive=false policyFlags = #2000100 down =false canceled = false isWakeKey=false
D/AEE/RTT_LIB( 5535): Rtt waiting finish the job...
D/AEE/RTT_LIB( 5535): Rtt send req done
I/ANRManager( 5535): [coredump] coredump's pid = 26148
I/ANRManager( 5535): [coredump] coredump's pid = -1
I/ANRManager( 5535): [coredump] coredump's pid = -1
I/ANRManager( 5535): [coredump] coredump's pid = -1
I/Process ( 5535): Sending signal. PID: 5783 SIG: 3
I/dalvikvm( 5783): threadid=3: reacting to signal 3
D/dalvikvm( 5783): dump native stack for : main
D/dalvikvm( 5783): unwind backtrace
D/dalvikvm( 5783): get native symbol
D/dalvikvm( 5783): format backtrace line
D/dalvikvm( 5783): get native done
D/dalvikvm( 5783): dump native stack for : Binder_F
D/dalvikvm( 5783): unwind backtrace
D/dalvikvm( 5783): get native symbol
D/dalvikvm( 5783): format backtrace line
D/dalvikvm( 5783): get native done
D/dalvikvm( 5783): dump native stack for : Binder_E
D/dalvikvm( 5783): unwind backtrace
D/dalvikvm( 5783): get native symbol
D/dalvikvm( 5783): format backtrace line
D/dalvikvm( 5783): get native done
D/dalvikvm( 5783): dump native stack for : Binder_D
D/dalvikvm( 5783): unwind backtrace
D/dalvikvm( 5783): get native symbol
D/dalvikvm( 5783): format backtrace line
D/dalvikvm( 5783): get native done
D/dalvikvm( 5783): dump native stack for : Binder_C
D/dalvikvm( 5783): unwind backtrace
D/dalvikvm( 5783): get native symbol
D/dalvikvm( 5783): format backtrace line
D/dalvikvm( 5783): get native done
D/dalvikvm( 5783): dump native stack for : Binder_B
D/dalvikvm( 5783): unwind backtrace
D/dalvikvm( 5783): get native symbol
D/dalvikvm( 5783): format backtrace line
D/dalvikvm( 5783): get native done
D/dalvikvm( 5783): dump native stack for : Binder_A
D/dalvikvm( 5783): unwind backtrace
D/dalvikvm( 5783): get native symbol
D/dalvikvm( 5783): format backtrace line
D/dalvikvm( 5783): get native done
D/dalvikvm( 5783): dump native stack for : Binder_9
D/dalvikvm( 5783): unwind backtrace
D/dalvikvm( 5783): get native symbol
D/dalvikvm( 5783): format backtrace line
D/dalvikvm( 5783): get native done
D/dalvikvm( 5783): dump native stack for : Binder_8
D/dalvikvm( 5783): unwind backtrace
D/dalvikvm( 5783): get native symbol
D/dalvikvm( 5783): format backtrace line
D/dalvikvm( 5783): get native done
D/dalvikvm( 5783): dump native stack for : Binder_7
D/dalvikvm( 5783): unwind backtrace
D/PowerManagerService( 5535): releaseWakeLockInternal: lock=1112187920, flags=0x0
D/PowerManagerService( 5535): updateWakeLockSummaryLocked: mWakefulness=Awake, mWakeLockSummary=0x0
D/PowerManagerService( 5535): newScreenState = 2
D/PowerManagerDisplayController( 5535): requestPowerState: screenState=2, useProximitySensor=false, screenBrightness=255, screenAutoBrightnessAdjustment=0.0, useAutoBrightness=false, useEcoBrightness=false, blockScreenOn=false, waitForNegativeProximity=false
I/PowerManagerService( 5535): setBrightness mButtonLight, screenBrightness=255
D/PowerManagerService( 5535): updateScreenStateLocked: mDisplayReady=true, newScreenState=2, mWakefulness=1, mWakeLockSummary=0x0, mUserActivitySummary=0x5, mBootCompleted=true
D/dalvikvm( 5535): threadid=95: exiting
D/dalvikvm( 5535): threadid=95: bye!
D/PowerManagerService( 5535): handleSandman: canDream=true, mWakefulness=Awake
D/dalvikvm( 5783): get native symbol
D/dalvikvm( 5783): format backtrace line
D/dalvikvm( 5783): get native done
D/dalvikvm( 5783): dump native stack for : WifiManager
D/dalvikvm( 5783): unwind backtrace
D/dalvikvm( 5783): get native symbol
D/dalvikvm( 5783): format backtrace line
D/dalvikvm( 5783): get native done
D/dalvikvm( 5783): dump native stack for : WifiManager
D/dalvikvm( 5783): unwind backtrace
D/dalvikvm( 5783): get native symbol
D/dalvikvm( 5783): format backtrace line
D/dalvikvm( 5783): get native done
D/dalvikvm( 5783): dump native stack for : Stk App Service
D/dalvikvm( 5783): unwind backtrace
D/dalvikvm( 5783): get native symbol
D/dalvikvm( 5783): format backtrace line
D/dalvikvm( 5783): get native done
D/dalvikvm( 5783): dump native stack for : SyncHandler-0
D/dalvikvm( 5783): unwind backtrace
D/dalvikvm( 5783): get native symbol
D/dalvikvm( 5783): format backtrace line
D/dalvikvm( 5783): get native done
D/dalvikvm( 5783): dump native stack for : GsmDC-1
D/dalvikvm( 5783): unwind backtrace
D/dalvikvm( 5783): get native symbol
D/dalvikvm( 5783): format backtrace line
D/dalvikvm( 5783): get native done
D/dalvikvm( 5783): dump native stack for : Binder_6
D/dalvikvm( 5783): unwind backtrace
D/dalvikvm( 5783): get native symbol
D/dalvikvm( 5783): format backtrace line
D/dalvikvm( 5783): get native done
D/dalvikvm( 5783): dump native stack for : Binder_5
D/dalvikvm( 5783): unwind backtrace
D/dalvikvm( 5783): get native symbol
D/dalvikvm( 5783): format backtrace line
D/dalvikvm( 5783): get native done
D/dalvikvm( 5783): dump native stack for : Binder_4
D/dalvikvm( 5783): unwind backtrace
D/dalvikvm( 5783): get native symbol
D/dalvikvm( 5783): format backtrace line
D/dalvikvm( 5783): get native done
D/dalvikvm( 5783): dump native stack for : Cat Icon Loader
D/dalvikvm( 5783): unwind backtrace
D/dalvikvm( 5783): get native symbol
D/dalvikvm( 5783): format backtrace line
D/dalvikvm( 5783): get native done
D/dalvikvm( 5783): dump native stack for : RilMessageDecoder
D/dalvikvm( 5783): unwind backtrace
D/dalvikvm( 5783): get native symbol
D/dalvikvm( 5783): format backtrace line
D/dalvikvm( 5783): get native done
D/dalvikvm( 5783): dump native stack for : Cat Telephony service
D/dalvikvm( 5783): unwind backtrace
D/dalvikvm( 5783): get native symbol
D/dalvikvm( 5783): format backtrace line
D/dalvikvm( 5783): get native done
D/dalvikvm( 5783): dump native stack for : BluetoothHandsfreeHandler
D/dalvikvm( 5783): unwind backtrace
D/dalvikvm( 5783): get native symbol
D/dalvikvm( 5783): format backtrace line
D/dalvikvm( 5783): get native done
D/dalvikvm( 5783): dump native stack for : WifiManager
D/dalvikvm( 5783): unwind backtrace
D/dalvikvm( 5783): get native symbol
D/dalvikvm( 5783): format backtrace line
D/dalvikvm( 5783): get native done
D/dalvikvm( 5783): dump native stack for : SipService.Executor
D/dalvikvm( 5783): unwind backtrace
D/dalvikvm( 5783): get native symbol
D/dalvikvm( 5783): format backtrace line
D/dalvikvm( 5783): get native done
D/dalvikvm( 5783): dump native stack for : Binder_3
D/dalvikvm( 5783): unwind backtrace
D/dalvikvm( 5783): get native symbol
D/dalvikvm( 5783): format backtrace line
D/dalvikvm( 5783): get native done
D/dalvikvm( 5783): dump native stack for : SimAssociateHandler
D/dalvikvm( 5783): unwind backtrace
D/dalvikvm( 5783): get native symbol
D/dalvikvm( 5783): format backtrace line
D/dalvikvm( 5783): get native done
D/dalvikvm( 5783): dump native stack for : AsyncQueryWorker
D/dalvikvm( 5783): unwind backtrace
D/dalvikvm( 5783): get native symbol
D/dalvikvm( 5783): format backtrace line
D/dalvikvm( 5783): get native done
D/dalvikvm( 5783): dump native stack for : RILReceiver2
D/dalvikvm( 5783): unwind backtrace
D/dalvikvm( 5783): get native symbol
D/dalvikvm( 5783): format backtrace line
D/dalvikvm( 5783): get native done
D/dalvikvm( 5783): dump native stack for : RILSender2
D/dalvikvm( 5783): unwind backtrace
D/dalvikvm( 5783): get native symbol
D/dalvikvm( 5783): format backtrace line
D/dalvikvm( 5783): get native done
D/dalvikvm( 5783): dump native stack for : RILReceiver1
D/dalvikvm( 5783): unwind backtrace
D/dalvikvm( 5783): get native symbol
D/dalvikvm( 5783): format backtrace line
D/dalvikvm( 5783): get native done
D/dalvikvm( 5783): dump native stack for : RILSender1
D/dalvikvm( 5783): unwind backtrace
D/dalvikvm( 5783): get native symbol
D/dalvikvm( 5783): format backtrace line
D/dalvikvm( 5783): get native done
D/dalvikvm( 5783): dump native stack for : Phone States ServiceThread
D/dalvikvm( 5783): unwind backtrace
D/dalvikvm( 5783): get native symbol
D/dalvikvm( 5783): format backtrace line
D/dalvikvm( 5783): get native done
D/dalvikvm( 5783): dump native stack for : Binder_2
D/dalvikvm( 5783): unwind backtrace
D/dalvikvm( 5783): get native symbol
D/dalvikvm( 5783): format backtrace line
D/dalvikvm( 5783): get native done
D/dalvikvm( 5783): dump native stack for : Binder_1
D/dalvikvm( 5783): unwind backtrace
D/dalvikvm( 5783): get native symbol
D/dalvikvm( 5783): format backtrace line
D/dalvikvm( 5783): get native done
D/dalvikvm( 5783): dump native stack for : Compiler
D/dalvikvm( 5783): unwind backtrace
D/dalvikvm( 5783): get native symbol
D/dalvikvm( 5783): format backtrace line
D/dalvikvm( 5783): get native done
D/dalvikvm( 5783): dump native stack for : JDWP
D/dalvikvm( 5783): unwind backtrace
D/dalvikvm( 5783): get native symbol
D/dalvikvm( 5783): format backtrace line
D/dalvikvm( 5783): get native done
D/dalvikvm( 5783): dump native stack for : GC
D/dalvikvm( 5783): unwind backtrace
D/dalvikvm( 5783): get native symbol
D/dalvikvm( 5783): format backtrace line
D/dalvikvm( 5783): get native done
D/dalvikvm( 5783): Prepare stack traces for '/data/anr/traces.txt' done
I/dalvikvm( 5783): Wrote stack traces to '/data/anr/traces.txt'
I/ActivityManager( 5535): dumpStackTraces process: 5719 parent: 5299 zygote: 5299
D/AEE/RTT_LIB( 5535): aee_exception_running: send req
D/AEE/AED ( 126): $===AEE===AEE===AEE===$
D/AEE/AED ( 126): p 0 poll events 1 revents 1
D/AEE/AED ( 126): requesting from: pid=5535 cmd=10
D/AEE/AED ( 126): Go RTT_AEE_GET_EXCEPTION_RUNNING
D/AEE/AED ( 126): p 1 poll events 1 revents 0
D/AEE/AED ( 126): not know revents:0
D/AEE/AED ( 126): p 2 poll events 1 revents 0
D/AEE/AED ( 126): not know revents:0
D/AEE/AED ( 126): p 3 poll events 1 revents 0
D/AEE/AED ( 126): not know revents:0
D/AEE/AED ( 126): p 4 poll events 1 revents 0
D/AEE/AED ( 126): not know revents:0
D/AEE/RTT_LIB( 5535): Rtt waiting finish the job...
D/AEE/RTT_LIB( 5535): Rtt send req done
I/ANRManager( 5535): [coredump] coredump's pid = 26148
I/ANRManager( 5535): [coredump] coredump's pid = -1
I/ANRManager( 5535): [coredump] coredump's pid = -1
I/ANRManager( 5535): [coredump] coredump's pid = -1
I/Process ( 5535): Sending signal. PID: 5719 SIG: 3
I/dalvikvm( 5719): threadid=3: reacting to signal 3
D/dalvikvm( 5719): dump native stack for : main
D/dalvikvm( 5719): unwind backtrace
D/dalvikvm( 5719): get native symbol
D/dalvikvm( 5719): format backtrace line
D/dalvikvm( 5719): get native done
D/dalvikvm( 5719): dump native stack for : Binder_6
D/dalvikvm( 5719): unwind backtrace
D/dalvikvm( 5719): get native symbol
D/dalvikvm( 5719): format backtrace line
D/dalvikvm( 5719): get native done
D/dalvikvm( 5719): dump native stack for : Binder_5
D/dalvikvm( 5719): unwind backtrace
D/dalvikvm( 5719): get native symbol
D/dalvikvm( 5719): format backtrace line
D/dalvikvm( 5719): get native done
D/dalvikvm( 5719): dump native stack for : Binder_4
D/dalvikvm( 5719): unwind backtrace
D/dalvikvm( 5719): get native symbol
D/dalvikvm( 5719): format backtrace line
D/dalvikvm( 5719): get native done
D/dalvikvm( 5719): dump native stack for : Binder_3
D/dalvikvm( 5719): unwind backtrace
D/dalvikvm( 5719): get native symbol
D/dalvikvm( 5719): format backtrace line
D/dalvikvm( 5719): get native done
D/dalvikvm( 5719): dump native stack for : AudioTrack
D/dalvikvm( 5719): unwind backtrace
D/dalvikvm( 5719): get native symbol
