I/PackageManager( 5535): Apk copy done
I/PackageManager( 5535): Start copying apk
I/PackageManager( 5535): Apk copy done
I/PackageManager( 5535): Start copying apk
I/PackageManager( 5535): Apk copy done
I/PackageManager( 5535): Start copying apk
I/PackageManager( 5535): Apk copy done
I/PackageManager( 5535): Start copying apk
I/PackageManager( 5535): Apk copy done
I/PackageManager( 5535): Start copying apk
I/PackageManager( 5535): Apk copy done
I/PackageManager( 5535): Start copying apk
I/PackageManager( 5535): Apk copy done
I/PackageManager( 5535): Start copying apk
I/PackageManager( 5535): Apk copy done
I/PackageManager( 5535): Start copying apk
I/PackageManager( 5535): Apk copy done
I/PackageManager( 5535): Start copying apk
I/PackageManager( 5535): Apk copy done
I/PackageManager( 5535): Start copying apk
I/PackageManager( 5535): Apk copy done
I/PackageManager( 5535): Start copying apk
I/PackageManager( 5535): Apk copy done
I/PackageManager( 5535): Start copying apk
I/PackageManager( 5535): Apk copy done
I/PackageManager( 5535): Start copying apk
I/PackageManager( 5535): Apk copy done
I/PackageManager( 5535): Start copying apk
I/PackageManager( 5535): Apk copy done
I/PackageManager( 5535): Start copying apk
I/PackageManager( 5535): Apk copy done
I/PackageManager( 5535): Start copying apk
I/PackageManager( 5535): Apk copy done
I/PackageManager( 5535): Start copying apk
I/PackageManager( 5535): Apk copy done
I/PackageManager( 5535): Start copying apk
I/PackageManager( 5535): Apk copy done
I/PackageManager( 5535): Start copying apk
I/PackageManager( 5535): Apk copy done
I/PackageManager( 5535): Start copying apk
I/PackageManager( 5535): Apk copy done
I/PackageManager( 5535): Start copying apk
I/PackageManager( 5535): Apk copy done
I/PackageManager( 5535): Start copying apk
I/PackageManager( 5535): Apk copy done
I/PackageManager( 5535): Start copying apk
I/PackageManager( 5535): Apk copy done
I/PackageManager( 5535): Start copying apk
I/PackageManager( 5535): Apk copy done
I/PackageManager( 5535): Start copying apk
I/PackageManager( 5535): Apk copy done
I/PackageManager( 5535): Start copying apk
I/PackageManager( 5535): Apk copy done
I/PackageManager( 5535): Start copying apk
I/PackageManager( 5535): Apk copy done
I/PackageManager( 5535): Start copying apk
I/PackageManager( 5535): Apk copy done
I/PackageManager( 5535): Start copying apk
I/PackageManager( 5535): Apk copy done
I/PackageManager( 5535): Start copying apk
I/PackageManager( 5535): Apk copy done
I/PackageManager( 5535): Start copying apk
I/PackageManager( 5535): Apk copy done
I/PackageManager( 5535): Start copying apk
I/PackageManager( 5535): Apk copy done
I/PackageManager( 5535): Start copying apk
D/VoldConnector( 5535): SND -> {48 asec fspath pl.netox.spray-1}
D/FrameworkListener( 119): dispatchCommand data = (48 asec fspath pl.netox.spray-1)
D/VoldCmdListener( 119): asec fspath pl.netox.spray-1
D/SocketClient( 119): SocketClient msg = /mnt/secure/asec/pl.netox.spray-1.asec
D/SocketClient( 119): SocketClient sendDatalocked done: 211 48 /mnt/secure/asec/pl.netox.spray-1.asec
D/VoldConnector( 5535): RCV <- {211 48 /mnt/secure/asec/pl.netox.spray-1.asec}
D/VoldConnector( 5535): RMV <- {211 48 /mnt/secure/asec/pl.netox.spray-1.asec}
I/PackageManager( 5535): Apk copy done
I/PackageManager( 5535): Start copying apk
I/PackageManager( 5535): Apk copy done
I/PackageManager( 5535): Start copying apk
I/PackageManager( 5535): Apk copy done
I/PackageManager( 5535): Start copying apk
I/PackageManager( 5535): Apk copy done
I/PackageManager( 5535): Start copying apk
I/PackageManager( 5535): Apk copy done
I/PackageManager( 5535): Start copying apk
I/PackageManager( 5535): Apk copy done
I/PackageManager( 5535): Start copying apk
I/PackageManager( 5535): Apk copy done
I/PackageManager( 5535): Start copying apk
I/PackageManager( 5535): Apk copy done
I/PackageManager( 5535): Start copying apk
I/PackageManager( 5535): Apk copy done
I/PackageManager( 5535): Start copying apk
I/PackageManager( 5535): Apk copy done
I/PackageManager( 5535): Start copying apk
I/PackageManager( 5535): Apk copy done
I/PackageManager( 5535): Start copying apk
I/PackageManager( 5535): Apk copy done
I/PackageManager( 5535): Start copying apk
I/PackageManager( 5535): Apk copy done
I/PackageManager( 5535): Start copying apk
I/PackageManager( 5535): Apk copy done
I/PackageManager( 5535): Start copying apk
I/PackageManager( 5535): Apk copy done
I/PackageManager( 5535): Start copying apk
I/PackageManager( 5535): Apk copy done
I/PackageManager( 5535): Start copying apk
I/PackageManager( 5535): Apk copy done
I/PackageManager( 5535): Start copying apk
I/PackageManager( 5535): Apk copy done
I/PackageManager( 5535): Start copying apk
I/PackageManager( 5535): Apk copy done
I/PackageManager( 5535): Start copying apk
I/PackageManager( 5535): Apk copy done
I/PackageManager( 5535): Start copying apk
I/PackageManager( 5535): Apk copy done
I/PackageManager( 5535): Start copying apk
I/PackageManager( 5535): Apk copy done
I/PackageManager( 5535): Start copying apk
I/PackageManager( 5535): Apk copy done
I/PackageManager( 5535): Start copying apk
I/PackageManager( 5535): Apk copy done
I/PackageManager( 5535): Start copying apk
I/PackageManager( 5535): Apk copy done
I/PackageManager( 5535): Start copying apk
I/PackageManager( 5535): Apk copy done
I/PackageManager( 5535): Start copying apk
I/PackageManager( 5535): Apk copy done
I/PackageManager( 5535): Start copying apk
I/PackageManager( 5535): Apk copy done
I/PackageManager( 5535): Start copying apk
I/PackageManager( 5535): Apk copy done
I/PackageManager( 5535): Start copying apk
I/PackageManager( 5535): Apk copy done
I/PackageManager( 5535): Start copying apk
I/PackageManager( 5535): Apk copy done
I/PackageManager( 5535): Start copying apk
I/PackageManager( 5535): Apk copy done
I/PackageManager( 5535): Start copying apk
I/PackageManager( 5535): Apk copy done
I/PackageManager( 5535): Start copying apk
I/PackageManager( 5535): Apk copy done
I/PackageManager( 5535): Start copying apk
I/PackageManager( 5535): Apk copy done
I/PackageManager( 5535): Start copying apk
I/PackageManager( 5535): Apk copy done
I/PackageManager( 5535): Start copying apk
I/PackageManager( 5535): Apk copy done
I/PackageManager( 5535): Start copying apk
I/PackageManager( 5535): Apk copy done
I/PackageManager( 5535): Start copying apk
I/PackageManager( 5535): Apk copy done
I/PackageManager( 5535): Start copying apk
I/PackageManager( 5535): Apk copy done
I/PackageManager( 5535): Start copying apk
I/PackageManager( 5535): Apk copy done
I/PackageManager( 5535): Start copying apk
I/PackageManager( 5535): Apk copy done
I/PackageManager( 5535): Start copying apk
I/PackageManager( 5535): Apk copy done
I/PackageManager( 5535): Start copying apk
I/PackageManager( 5535): Apk copy done
I/PackageManager( 5535): Start copying apk
I/PackageManager( 5535): Apk copy done
I/PackageManager( 5535): Start copying apk
I/PackageManager( 5535): Apk copy done
I/PackageManager( 5535): Start copying apk
I/PackageManager( 5535): Apk copy done
I/PackageManager( 5535): Start copying apk
I/PackageManager( 5535): Apk copy done
I/PackageManager( 5535): Start copying apk
I/PackageManager( 5535): Apk copy done
I/PackageManager( 5535): Start copying apk
I/PackageManager( 5535): Apk copy done
I/PackageManager( 5535): Start copying apk
I/PackageManager( 5535): Apk copy done
I/PackageManager( 5535): Start copying apk
I/PackageManager( 5535): Apk copy done
I/PackageManager( 5535): Start copying apk
I/PackageManager( 5535): Apk copy done
I/PackageManager( 5535): Start copying apk
I/PackageManager( 5535): Apk copy done
I/PackageManager( 5535): Start copying apk
I/PackageManager( 5535): Apk copy done
I/PackageManager( 5535): Start copying apk
I/PackageManager( 5535): Apk copy done
I/PackageManager( 5535): Start copying apk
I/PackageManager( 5535): Apk copy done
I/PackageManager( 5535): Start copying apk
I/PackageManager( 5535): Apk copy done
I/PackageManager( 5535): Start copying apk
I/PackageManager( 5535): Apk copy done
I/PackageManager( 5535): Start copying apk
I/PackageManager( 5535): Apk copy done
I/PackageManager( 5535): Start copying apk
I/PackageManager( 5535): Apk copy done
I/PackageManager( 5535): Start copying apk
I/PackageManager( 5535): Apk copy done
I/PackageManager( 5535): Start copying apk
I/PackageManager( 5535): Apk copy done
I/PackageManager( 5535): Start copying apk
I/PackageManager( 5535): Apk copy done
I/PackageManager( 5535): Start copying apk
I/PackageManager( 5535): Apk copy done
I/PackageManager( 5535): Start copying apk
I/PackageManager( 5535): Apk copy done
I/PackageManager( 5535): Start copying apk
I/PackageManager( 5535): Apk copy done
I/PackageManager( 5535): Start copying apk
I/PackageManager( 5535): Apk copy done
I/PackageManager( 5535): Start copying apk
I/PackageManager( 5535): Apk copy done
I/PackageManager( 5535): Start copying apk
I/PackageManager( 5535): Apk copy done
I/PackageManager( 5535): Start copying apk
I/PackageManager( 5535): Apk copy done
I/PackageManager( 5535): Start copying apk
I/PackageManager( 5535): Apk copy done
I/PackageManager( 5535): Start copying apk
I/PackageManager( 5535): Apk copy done
I/PackageManager( 5535): Start copying apk
I/PackageManager( 5535): Apk copy done
I/PackageManager( 5535): Start copying apk
I/PackageManager( 5535): Apk copy done
I/PackageManager( 5535): Start copying apk
I/PackageManager( 5535): Apk copy done
I/PackageManager( 5535): Start copying apk
I/PackageManager( 5535): Apk copy done
I/PackageManager( 5535): Start copying apk
I/PackageManager( 5535): Apk copy done
I/PackageManager( 5535): Start copying apk
I/PackageManager( 5535): Apk copy done
I/PackageManager( 5535): Start copying apk
I/PackageManager( 5535): Apk copy done
I/PackageManager( 5535): Start copying apk
I/PackageManager( 5535): Apk copy done
I/PackageManager( 5535): Start copying apk
I/PackageManager( 5535): Apk copy done
I/PackageManager( 5535): Start copying apk
I/PackageManager( 5535): Apk copy done
I/PackageManager( 5535): Start copying apk
I/PackageManager( 5535): Apk copy done
I/PackageManager( 5535): Start copying apk
I/PackageManager( 5535): Apk copy done
I/PackageManager( 5535): Start copying apk
I/PackageManager( 5535): Apk copy done
I/PackageManager( 5535): Start copying apk
I/PackageManager( 5535): Apk copy done
I/PackageManager( 5535): Start copying apk
I/PackageManager( 5535): Apk copy done
I/PackageManager( 5535): Start copying apk
I/PackageManager( 5535): Apk copy done
I/PackageManager( 5535): Start copying apk
I/PackageManager( 5535): Apk copy done
I/PackageManager( 5535): Start copying apk
I/PackageManager( 5535): Apk copy done
I/PackageManager( 5535): Start copying apk
I/PackageManager( 5535): Apk copy done
I/PackageManager( 5535): Start copying apk
I/PackageManager( 5535): Apk copy done
I/PackageManager( 5535): Start copying apk
I/PackageManager( 5535): Apk copy done
I/PackageManager( 5535): Start copying apk
I/PackageManager( 5535): Apk copy done
I/PackageManager( 5535): Start copying apk
I/PackageManager( 5535): Apk copy done
I/PackageManager( 5535): Start copying apk
I/PackageManager( 5535): Apk copy done
I/PackageManager( 5535): Start copying apk
I/PackageManager( 5535): Apk copy done
I/PackageManager( 5535): Start copying apk
I/PackageManager( 5535): Apk copy done
I/PackageManager( 5535): Start copying apk
I/PackageManager( 5535): Apk copy done
I/PackageManager( 5535): Start copying apk
I/PackageManager( 5535): Apk copy done
I/PackageManager( 5535): Start copying apk
I/PackageManager( 5535): Apk copy done
I/PackageManager( 5535): Start copying apk
I/PackageManager( 5535): Apk copy done
I/PackageManager( 5535): Start copying apk
I/PackageManager( 5535): Apk copy done
I/PackageManager( 5535): Start copying apk
I/PackageManager( 5535): Apk copy done
I/PackageManager( 5535): Start copying apk
I/PackageManager( 5535): Apk copy done
I/PackageManager( 5535): Start copying apk
I/PackageManager( 5535): Apk copy done
D/PowerManagerService( 5535): userActivityFromNative
D/PowerManagerService( 5535): userActivityNoUpdateLocked: eventTime=10779988, event=2, flags=0x0, uid=1000
D/PowerManagerNotifier( 5535): onUserActivity: event=2, uid=1000
D/PowerManagerService( 5535): updateUserActivitySummaryLocked: mWakefulness=Awake, mUserActivitySummary=0x5, nextTimeout=10785983 (in 5994 ms)
D/PowerManagerService( 5535): newScreenState = 2
D/PowerManagerDisplayController( 5535): requestPowerState: screenState=2, useProximitySensor=false, screenBrightness=255, screenAutoBrightnessAdjustment=0.0, useAutoBrightness=false, useEcoBrightness=false, blockScreenOn=false, waitForNegativeProximity=false
I/PowerManagerService( 5535): setBrightness mButtonLight, screenBrightness=255
D/PowerManagerService( 5535): updateScreenStateLocked: mDisplayReady=true, newScreenState=2, mWakefulness=1, mWakeLockSummary=0x0, mUserActivitySummary=0x5, mBootCompleted=true
D/PowerManagerService( 5535): handleSandman: canDream=true, mWakefulness=Awake
D/PowerManagerService( 5535): userActivityFromNative
D/PowerManagerService( 5535): userActivityNoUpdateLocked: eventTime=10780489, event=2, flags=0x0, uid=1000
D/PowerManagerNotifier( 5535): onUserActivity: event=2, uid=1000
D/PowerManagerService( 5535): updateUserActivitySummaryLocked: mWakefulness=Awake, mUserActivitySummary=0x5, nextTimeout=10785983 (in 5494 ms)
D/PowerManagerService( 5535): newScreenState = 2
D/PowerManagerDisplayController( 5535): requestPowerState: screenState=2, useProximitySensor=false, screenBrightness=255, screenAutoBrightnessAdjustment=0.0, useAutoBrightness=false, useEcoBrightness=false, blockScreenOn=false, waitForNegativeProximity=false
I/PowerManagerService( 5535): setBrightness mButtonLight, screenBrightness=255
D/PowerManagerService( 5535): updateScreenStateLocked: mDisplayReady=true, newScreenState=2, mWakefulness=1, mWakeLockSummary=0x0, mUserActivitySummary=0x5, mBootCompleted=true
D/PowerManagerService( 5535): handleSandman: canDream=true, mWakefulness=Awake
D/PowerManagerService( 5535): userActivityFromNative
D/PowerManagerService( 5535): userActivityNoUpdateLocked: eventTime=10781762, event=2, flags=0x0, uid=1000
D/PowerManagerNotifier( 5535): onUserActivity: event=2, uid=1000
D/PowerManagerService( 5535): updateUserActivitySummaryLocked: mWakefulness=Awake, mUserActivitySummary=0x5, nextTimeout=10785983 (in 4220 ms)
D/PowerManagerService( 5535): newScreenState = 2
D/PowerManagerDisplayController( 5535): requestPowerState: screenState=2, useProximitySensor=false, screenBrightness=255, screenAutoBrightnessAdjustment=0.0, useAutoBrightness=false, useEcoBrightness=false, blockScreenOn=false, waitForNegativeProximity=false
I/PowerManagerService( 5535): setBrightness mButtonLight, screenBrightness=255
D/PowerManagerService( 5535): updateScreenStateLocked: mDisplayReady=true, newScreenState=2, mWakefulness=1, mWakeLockSummary=0x0, mUserActivitySummary=0x5, mBootCompleted=true
D/PowerManagerService( 5535): handleSandman: canDream=true, mWakefulness=Awake
I/ActivityManager( 5535): START u0 {act=android.intent.action.MAIN cmp=com.android.settings/.SubSettings (has extras)} from pid 25199
D/PowerManagerService( 5535): acquireWakeLockInternal: lock=1111143720, flags=0x1, tag="ActivityManager-Launch", ws=null, uid=1000, pid=5535
D/PowerManagerService( 5535): updateWakeLockSummaryLocked: mWakefulness=Awake, mWakeLockSummary=0x1
D/PowerManagerService( 5535): newScreenState = 2
D/PowerManagerDisplayController( 5535): requestPowerState: screenState=2, useProximitySensor=false, screenBrightness=255, screenAutoBrightnessAdjustment=0.0, useAutoBrightness=false, useEcoBrightness=false, blockScreenOn=false, waitForNegativeProximity=false
I/PowerManagerService( 5535): setBrightness mButtonLight, screenBrightness=255
D/PowerManagerService( 5535): updateScreenStateLocked: mDisplayReady=true, newScreenState=2, mWakefulness=1, mWakeLockSummary=0x1, mUserActivitySummary=0x5, mBootCompleted=true
D/PowerManagerService( 5535): handleSandman: canDream=true, mWakefulness=Awake
V/ActivityManager( 5535): ACT-Launching: ActivityRecord{42ae59e8 u0 com.android.settings/.SubSettings}
V/WindowManager( 5535): Changing focus from Window{427968f0 u0 com.android.settings/com.android.settings.SubSettings} to null
I/WindowManager( 5535): Losing focus: Window{427968f0 u0 com.android.settings/com.android.settings.SubSettings}
I/PackageManager( 5535): Start copying apk
I/PackageManager( 5535): Apk copy done
I/PackageManager( 5535): Start copying apk
I/PackageManager( 5535): Apk copy done
I/PackageManager( 5535): Start copying apk
I/PackageManager( 5535): Apk copy done
I/PackageManager( 5535): Start copying apk
I/PackageManager( 5535): Apk copy done
I/PackageManager( 5535): Start copying apk
I/PackageManager( 5535): Apk copy done
I/PackageManager( 5535): Start copying apk
I/PackageManager( 5535): Apk copy done
I/PackageManager( 5535): Start copying apk
I/PackageManager( 5535): Apk copy done
I/PackageManager( 5535): Start copying apk
D/VoldConnector( 5535): SND -> {49 asec fspath com.appsimple.DetectorBilleteFalso2-1}
D/FrameworkListener( 119): dispatchCommand data = (49 asec fspath com.appsimple.DetectorBilleteFalso2-1)
D/VoldCmdListener( 119): asec fspath com.appsimple.DetectorBilleteFalso2-1
D/SocketClient( 119): SocketClient msg = /mnt/secure/asec/com.appsimple.DetectorBilleteFalso2-1.asec
D/SocketClient( 119): SocketClient sendDatalocked done: 211 49 /mnt/secure/asec/com.appsimple.DetectorBilleteFalso2-1.asec
D/VoldConnector( 5535): RCV <- {211 49 /mnt/secure/asec/com.appsimple.DetectorBilleteFalso2-1.asec}
D/VoldConnector( 5535): RMV <- {211 49 /mnt/secure/asec/com.appsimple.DetectorBilleteFalso2-1.asec}
I/PackageManager( 5535): Apk copy done
I/PackageManager( 5535): Start copying apk
D/VoldConnector( 5535): SND -> {50 asec fspath com.appstar.callrecorderpro-1}
D/FrameworkListener( 119): dispatchCommand data = (50 asec fspath com.appstar.callrecorderpro-1)
D/VoldCmdListener( 119): asec fspath com.appstar.callrecorderpro-1
D/SocketClient( 119): SocketClient msg = /data/app-asec/com.appstar.callrecorderpro-1.asec
D/SocketClient( 119): SocketClient sendDatalocked done: 211 50 /data/app-asec/com.appstar.callrecorderpro-1.asec
D/VoldConnector( 5535): RCV <- {211 50 /data/app-asec/com.appstar.callrecorderpro-1.asec}
D/VoldConnector( 5535): RMV <- {211 50 /data/app-asec/com.appstar.callrecorderpro-1.asec}
I/PackageManager( 5535): Apk copy done
I/PackageManager( 5535): Start copying apk
I/PackageManager( 5535): Apk copy done
I/PackageManager( 5535): Start copying apk
I/PackageManager( 5535): Apk copy done
I/PackageManager( 5535): Start copying apk
I/PackageManager( 5535): Apk copy done
I/PackageManager( 5535): Start copying apk
I/PackageManager( 5535): Apk copy done
I/PackageManager( 5535): Start copying apk
I/PackageManager( 5535): Apk copy done
I/PackageManager( 5535): Start copying apk
I/PackageManager( 5535): Apk copy done
I/PackageManager( 5535): Start copying apk
I/PackageManager( 5535): Apk copy done
I/PackageManager( 5535): Start copying apk
I/PackageManager( 5535): Apk copy done
I/PackageManager( 5535): Start copying apk
I/PackageManager( 5535): Apk copy done
I/PackageManager( 5535): Start copying apk
I/PackageManager( 5535): Apk copy done
I/PackageManager( 5535): Start copying apk
I/PackageManager( 5535): Apk copy done
I/PackageManager( 5535): Start copying apk
I/PackageManager( 5535): Apk copy done
I/PackageManager( 5535): Start copying apk
I/PackageManager( 5535): Apk copy done
I/PackageManager( 5535): Start copying apk
I/PackageManager( 5535): Apk copy done
I/PackageManager( 5535): Start copying apk
I/PackageManager( 5535): Apk copy done
I/PackageManager( 5535): Start copying apk
I/PackageManager( 5535): Apk copy done
I/PackageManager( 5535): Start copying apk
I/PackageManager( 5535): Apk copy done
I/PackageManager( 5535): Start copying apk
I/PackageManager( 5535): Apk copy done
I/PackageManager( 5535): Start copying apk
I/PackageManager( 5535): Apk copy done
I/PackageManager( 5535): Start copying apk
I/PackageManager( 5535): Apk copy done
I/PackageManager( 5535): Start copying apk
I/PackageManager( 5535): Apk copy done
I/PackageManager( 5535): Start copying apk
I/PackageManager( 5535): Apk copy done
I/PackageManager( 5535): Start copying apk
I/PackageManager( 5535): Apk copy done
I/PackageManager( 5535): Start copying apk
I/PackageManager( 5535): Apk copy done
I/PackageManager( 5535): Start copying apk
I/PackageManager( 5535): Apk copy done
I/PackageManager( 5535): Start copying apk
W/ApplicationContext(25199): Calling a method in the system process without a qualified user: android.app.ContextImpl.sendOrderedBroadcast:1150 android.content.ContextWrapper.sendOrderedBroadcast:357 com.android.settings.applications.InstalledAppDetails.checkForceStop:1389
V/ActivityManager( 5535): Broadcast: Intent { act=android.intent.action.QUERY_PACKAGE_RESTART dat=package:org.opencv.lib_v24_armv7a flg=0x10 (has extras) } ordered=true userid=0
D/ActivityThread( 5535): BDC-Calling onReceive: intent=Intent { act=android.intent.action.QUERY_PACKAGE_RESTART dat=package:org.opencv.lib_v24_armv7a flg=0x10 (has extras) }, ordered=true, receiver=com.android.server.am.UsageStatsService$2@4247e340, IIntentReceiver=425ecea8
D/ActivityThread( 5535): BDC-Calling finishReceiver: IIntentReceiver=425ecea8
V/NotificationService( 5535): notifications are enabled for org.opencv.lib_v24_armv7a
I/PackageManager( 5535): Apk copy done
D/ActivityThread( 5535): BDC-Calling onReceive: intent=Intent { act=android.intent.action.QUERY_PACKAGE_RESTART dat=package:org.opencv.lib_v24_armv7a flg=0x10 (has extras) }, ordered=true, receiver=com.android.server.AlarmManagerService$UninstallReceiver@4267e648, IIntentReceiver=426b5f50
D/ActivityThread( 5535): BDC-Calling finishReceiver: IIntentReceiver=426b5f50
I/PackageManager( 5535): Start copying apk
D/ActivityThread( 5535): BDC-Calling onReceive: intent=Intent { act=android.intent.action.QUERY_PACKAGE_RESTART dat=package:org.opencv.lib_v24_armv7a flg=0x10 (has extras) }, ordered=true, receiver=com.android.server.InputMethodManagerService$MyPackageMonitor@427fbe70, IIntentReceiver=427c7898
D/ActivityThread( 5535): BDC-Calling finishReceiver: IIntentReceiver=427c7898
I/PackageManager( 5535): Apk copy done
I/PackageManager( 5535): Start copying apk
D/ActivityThread( 5535): BDC-Calling onReceive: intent=Intent { act=android.intent.action.QUERY_PACKAGE_RESTART dat=package:org.opencv.lib_v24_armv7a flg=0x10 (has extras) }, ordered=true, receiver=com.android.server.accessibility.AccessibilityManagerService$1@426c8910, IIntentReceiver=4275fcb0
D/ActivityThread( 5535): BDC-Calling finishReceiver: IIntentReceiver=4275fcb0
I/PackageManager( 5535): Apk copy done
D/ActivityThread( 5535): BDC-Calling onReceive: intent=Intent { act=android.intent.action.QUERY_PACKAGE_RESTART dat=package:org.opencv.lib_v24_armv7a flg=0x10 (has extras) }, ordered=true, receiver=com.android.server.TextServicesManagerService$TextServicesMonitor@42693118, IIntentReceiver=426931a8
D/ActivityThread( 5535): BDC-Calling finishReceiver: IIntentReceiver=426931a8
D/ActivityThread( 5535): BDC-Calling onReceive: intent=Intent { act=android.intent.action.QUERY_PACKAGE_RESTART dat=package:org.opencv.lib_v24_armv7a flg=0x10 (has extras) }, ordered=true, receiver=com.android.server.NotificationManagerService$2@429653d0, IIntentReceiver=42907320
D/ActivityThread( 5535): BDC-Calling finishReceiver: IIntentReceiver=42907320
I/PackageManager( 5535): Start copying apk
D/ActivityThread( 5535): BDC-Calling onReceive: intent=Intent { act=android.intent.action.QUERY_PACKAGE_RESTART dat=package:org.opencv.lib_v24_armv7a flg=0x10 (has extras) }, ordered=true, receiver=android.server.search.SearchManagerService$MyPackageMonitor@42852c00, IIntentReceiver=4279e378
D/ActivityThread( 5535): BDC-Calling finishReceiver: IIntentReceiver=4279e378
I/PackageManager( 5535): Apk copy done
I/PackageManager( 5535): Start copying apk
D/ActivityThread( 5535): BDC-Calling onReceive: intent=Intent { act=android.intent.action.QUERY_PACKAGE_RESTART dat=package:org.opencv.lib_v24_armv7a flg=0x10 (has extras) }, ordered=true, receiver=com.android.server.WallpaperManagerService$MyPackageMonitor@4270b6f8, IIntentReceiver=4259c450
D/ActivityThread( 5535): BDC-Calling finishReceiver: IIntentReceiver=4259c450
D/ActivityThread( 5535): BDC-Calling onReceive: intent=Intent { act=android.intent.action.QUERY_PACKAGE_RESTART dat=package:org.opencv.lib_v24_armv7a flg=0x10 (has extras) }, ordered=true, receiver=com.android.server.usb.UsbSettingsManager$MyPackageMonitor@427b2f08, IIntentReceiver=4286b510
D/ActivityThread( 5535): BDC-Calling finishReceiver: IIntentReceiver=4286b510
D/ActivityThread( 5535): BDC-Calling onReceive: intent=Intent { act=android.intent.action.QUERY_PACKAGE_RESTART dat=package:org.opencv.lib_v24_armv7a flg=0x10 (has extras) }, ordered=true, receiver=com.android.server.RecognitionManagerService$MyPackageMonitor@42a30ca8, IIntentReceiver=42a30d68
D/ActivityThread( 5535): BDC-Calling finishReceiver: IIntentReceiver=42a30d68
D/ActivityThread( 5535): BDC-Calling onReceive: intent=Intent { act=android.intent.action.QUERY_PACKAGE_RESTART dat=package:org.opencv.lib_v24_armv7a flg=0x10 (has extras) }, ordered=true, receiver=com.android.server.ServiceWatcher$1@429d8808, IIntentReceiver=42450568
D/ActivityThread( 5535): BDC-Calling finishReceiver: IIntentReceiver=42450568
I/PackageManager( 5535): Apk copy done
I/PackageManager( 5535): Start copying apk
D/ActivityThread( 5535): BDC-Calling onReceive: intent=Intent { act=android.intent.action.QUERY_PACKAGE_RESTART dat=package:org.opencv.lib_v24_armv7a flg=0x10 (has extras) }, ordered=true, receiver=com.android.server.ServiceWatcher$1@429524f8, IIntentReceiver=42823708
D/ActivityThread( 5535): BDC-Calling finishReceiver: IIntentReceiver=42823708
I/PackageManager( 5535): Apk copy done
V/ActivityManager( 5535): Broadcast sticky: Intent { act=android.intent.action.SIG_STR flg=0x10 (has extras) } ordered=false userid=-1
I/PackageManager( 5535): Start copying apk
I/PackageManager( 5535): Apk copy done
D/ActivityThread( 5535): BDC-Calling onReceive: intent=Intent { act=android.intent.action.QUERY_PACKAGE_RESTART dat=package:org.opencv.lib_v24_armv7a flg=0x10 (has extras) }, ordered=true, receiver=com.android.server.ServiceWatcher$1@42a9d0b8, IIntentReceiver=429de700
D/ActivityThread( 5535): BDC-Calling finishReceiver: IIntentReceiver=429de700
D/ActivityThread( 5535): BDC-Calling onReceive: intent=Intent { act=android.intent.action.QUERY_PACKAGE_RESTART dat=package:org.opencv.lib_v24_armv7a flg=0x10 (has extras) }, ordered=true, receiver=com.android.server.LocationManagerService$4@428743f0, IIntentReceiver=42a80ae8
D/ActivityThread( 5535): BDC-Calling finishReceiver: IIntentReceiver=42a80ae8
D/ActivityThread( 5535): BDC-Calling onReceive: intent=Intent { act=android.intent.action.QUERY_PACKAGE_RESTART dat=package:org.opencv.lib_v24_armv7a flg=0x10 (has extras) }, ordered=true, receiver=com.android.server.am.ActivityManagerService$6@4285ff48, IIntentReceiver=4285ff90
D/ActivityThread( 5535): BDC-Calling finishReceiver: IIntentReceiver=4285ff90
I/PackageManager( 5535): Start copying apk
I/PackageManager( 5535): Apk copy done
I/PackageManager( 5535): Start copying apk
I/PackageManager( 5535): Apk copy done
I/PackageManager( 5535): Start copying apk
I/PackageManager( 5535): Apk copy done
I/PackageManager( 5535): Start copying apk
I/PackageManager( 5535): Apk copy done
I/PackageManager( 5535): Start copying apk
I/PackageManager( 5535): Apk copy done
I/PackageManager( 5535): Start copying apk
V/WindowManager( 5535): Changing focus from null to Window{42e7c288 u0 com.android.settings/com.android.settings.SubSettings}
I/PackageManager( 5535): Apk copy done
I/PackageManager( 5535): Start copying apk
I/PackageManager( 5535): Apk copy done
I/PackageManager( 5535): Start copying apk
I/PackageManager( 5535): Apk copy done
I/PackageManager( 5535): Start copying apk
I/PackageManager( 5535): Apk copy done
I/PackageManager( 5535): Start copying apk
I/PackageManager( 5535): Apk copy done
I/PackageManager( 5535): Start copying apk
I/PackageManager( 5535): Apk copy done
I/PackageManager( 5535): Start copying apk
I/PackageManager( 5535): Apk copy done
I/PackageManager( 5535): Start copying apk
I/WindowManager( 5535): Gaining focus: Window{42e7c288 u0 com.android.settings/com.android.settings.SubSettings}
I/PackageManager( 5535): Apk copy done
I/PackageManager( 5535): Start copying apk
I/PackageManager( 5535): Apk copy done
I/PackageManager( 5535): Start copying apk
I/PackageManager( 5535): Apk copy done
I/PackageManager( 5535): Start copying apk
I/PackageManager( 5535): Apk copy done
I/PackageManager( 5535): Start copying apk
I/PackageManager( 5535): Apk copy done
I/PackageManager( 5535): Start copying apk
I/PackageManager( 5535): Apk copy done
I/PackageManager( 5535): Start copying apk
I/PackageManager( 5535): Apk copy done
I/PackageManager( 5535): Start copying apk
I/PackageManager( 5535): Apk copy done
I/PackageManager( 5535): Start copying apk
I/PackageManager( 5535): Apk copy done
I/PackageManager( 5535): Start copying apk
I/PackageManager( 5535): Apk copy done
I/PackageManager( 5535): Start copying apk
I/PackageManager( 5535): Apk copy done
I/PackageManager( 5535): Start copying apk
I/PackageManager( 5535): Apk copy done
I/PackageManager( 5535): Start copying apk
D/VoldConnector( 5535): SND -> {51 asec fspath pl.netox.spray-1}
D/FrameworkListener( 119): dispatchCommand data = (51 asec fspath pl.netox.spray-1)
D/VoldCmdListener( 119): asec fspath pl.netox.spray-1
D/SocketClient( 119): SocketClient msg = /mnt/secure/asec/pl.netox.spray-1.asec
D/SocketClient( 119): SocketClient sendDatalocked done: 211 51 /mnt/secure/asec/pl.netox.spray-1.asec
D/VoldConnector( 5535): RCV <- {211 51 /mnt/secure/asec/pl.netox.spray-1.asec}
D/VoldConnector( 5535): RMV <- {211 51 /mnt/secure/asec/pl.netox.spray-1.asec}
I/PackageManager( 5535): Apk copy done
I/PackageManager( 5535): Start copying apk
I/PackageManager( 5535): Apk copy done
I/PackageManager( 5535): Start copying apk
I/PackageManager( 5535): Apk copy done
I/PackageManager( 5535): Start copying apk
I/PackageManager( 5535): Apk copy done
I/PackageManager( 5535): Start copying apk
I/PackageManager( 5535): Apk copy done
I/PackageManager( 5535): Start copying apk
I/PackageManager( 5535): Apk copy done
I/PackageManager( 5535): Start copying apk
I/PackageManager( 5535): Apk copy done
I/PackageManager( 5535): Start copying apk
I/PackageManager( 5535): Apk copy done
I/PackageManager( 5535): Start copying apk
I/PackageManager( 5535): Apk copy done
I/PackageManager( 5535): Start copying apk
I/PackageManager( 5535): Apk copy done
I/PackageManager( 5535): Start copying apk
I/PackageManager( 5535): Apk copy done
I/PackageManager( 5535): Start copying apk
I/PackageManager( 5535): Apk copy done
I/PackageManager( 5535): Start copying apk
I/PackageManager( 5535): Apk copy done
I/PackageManager( 5535): Start copying apk
I/PackageManager( 5535): Apk copy done
I/PackageManager( 5535): Start copying apk
I/PackageManager( 5535): Apk copy done
I/PackageManager( 5535): Start copying apk
I/PackageManager( 5535): Apk copy done
I/PackageManager( 5535): Start copying apk
I/PackageManager( 5535): Apk copy done
I/PackageManager( 5535): Start copying apk
I/PackageManager( 5535): Apk copy done
V/InputMethodManagerService( 5535): windowGainedFocus: android.os.BinderProxy@42ea7ee8 controlFlags=#104 softInputMode=#110 windowFlags=#1810100
I/PackageManager( 5535): Start copying apk
I/PackageManager( 5535): Apk copy done
I/PackageManager( 5535): Start copying apk
I/PackageManager( 5535): Apk copy done
I/PackageManager( 5535): Start copying apk
I/PackageManager( 5535): Apk copy done
I/PackageManager( 5535): Start copying apk
I/PackageManager( 5535): Apk copy done
I/PackageManager( 5535): Start copying apk
I/PackageManager( 5535): Apk copy done
I/PackageManager( 5535): Start copying apk
V/ActivityManager( 5535): Stopping ActivityRecord{42e349d8 u0 com.android.settings/.SubSettings}: nowVisible=true waitingVisible=true finishing=false
I/PackageManager( 5535): Apk copy done
I/PackageManager( 5535): Start copying apk
I/PackageManager( 5535): Apk copy done
I/PackageManager( 5535): Start copying apk
I/PackageManager( 5535): Apk copy done
I/PackageManager( 5535): Start copying apk
I/PackageManager( 5535): Apk copy done
I/PackageManager( 5535): Start copying apk
I/PackageManager( 5535): Apk copy done
I/PackageManager( 5535): Start copying apk
I/PackageManager( 5535): Apk copy done
I/PackageManager( 5535): Start copying apk
I/PackageManager( 5535): Apk copy done
I/PackageManager( 5535): Start copying apk
I/PackageManager( 5535): Apk copy done
I/PackageManager( 5535): Start copying apk
I/PackageManager( 5535): Apk copy done
I/PackageManager( 5535): Start copying apk
I/PackageManager( 5535): Apk copy done
I/PackageManager( 5535): Start copying apk
I/PackageManager( 5535): Apk copy done
I/PackageManager( 5535): Start copying apk
I/PackageManager( 5535): Apk copy done
I/PackageManager( 5535): Start copying apk
I/PackageManager( 5535): Apk copy done
I/PackageManager( 5535): Start copying apk
I/PackageManager( 5535): Apk copy done
I/PackageManager( 5535): Start copying apk
I/PackageManager( 5535): Apk copy done
I/PackageManager( 5535): Start copying apk
I/PackageManager( 5535): Apk copy done
I/PackageManager( 5535): Start copying apk
I/PackageManager( 5535): Apk copy done
I/PackageManager( 5535): Start copying apk
I/PackageManager( 5535): Apk copy done
I/PackageManager( 5535): Start copying apk
I/PackageManager( 5535): Apk copy done
I/PackageManager( 5535): Start copying apk
I/PackageManager( 5535): Apk copy done
I/PackageManager( 5535): Start copying apk
I/PackageManager( 5535): Apk copy done
I/PackageManager( 5535): Start copying apk
I/PackageManager( 5535): Apk copy done
I/PackageManager( 5535): Start copying apk
I/PackageManager( 5535): Apk copy done
I/PackageManager( 5535): Start copying apk
I/PackageManager( 5535): Apk copy done
I/PackageManager( 5535): Start copying apk
I/PackageManager( 5535): Apk copy done
I/PackageManager( 5535): Start copying apk
I/PackageManager( 5535): Apk copy done
I/PackageManager( 5535): Start copying apk
I/PackageManager( 5535): Apk copy done
I/PackageManager( 5535): Start copying apk
I/PackageManager( 5535): Apk copy done
I/PackageManager( 5535): Start copying apk
I/PackageManager( 5535): Apk copy done
I/PackageManager( 5535): Start copying apk
I/PackageManager( 5535): Apk copy done
I/PackageManager( 5535): Start copying apk
I/PackageManager( 5535): Apk copy done
I/PackageManager( 5535): Start copying apk
I/PackageManager( 5535): Apk copy done
I/PackageManager( 5535): Start copying apk
I/PackageManager( 5535): Apk copy done
I/PackageManager( 5535): Start copying apk
I/PackageManager( 5535): Apk copy done
I/PackageManager( 5535): Start copying apk
I/PackageManager( 5535): Apk copy done
I/PackageManager( 5535): Start copying apk
I/PackageManager( 5535): Apk copy done
I/PackageManager( 5535): Start copying apk
I/PackageManager( 5535): Apk copy done
I/PackageManager( 5535): Start copying apk
I/PackageManager( 5535): Apk copy done
I/PackageManager( 5535): Start copying apk
I/PackageManager( 5535): Apk copy done
I/PackageManager( 5535): Start copying apk
I/PackageManager( 5535): Apk copy done
I/PackageManager( 5535): Start copying apk
V/ActivityManager( 5535): Activity idle: Token{42ae5b28 ActivityRecord{42ae59e8 u0 com.android.settings/.SubSettings}}
D/PowerManagerService( 5535): releaseWakeLockInternal: lock=1111143720, flags=0x0
D/PowerManagerService( 5535): updateWakeLockSummaryLocked: mWakefulness=Awake, mWakeLockSummary=0x0
D/PowerManagerService( 5535): newScreenState = 2
D/PowerManagerDisplayController( 5535): requestPowerState: screenState=2, useProximitySensor=false, screenBrightness=255, screenAutoBrightnessAdjustment=0.0, useAutoBrightness=false, useEcoBrightness=false, blockScreenOn=false, waitForNegativeProximity=false
I/PowerManagerService( 5535): setBrightness mButtonLight, screenBrightness=255
D/PowerManagerService( 5535): updateScreenStateLocked: mDisplayReady=true, newScreenState=2, mWakefulness=1, mWakeLockSummary=0x0, mUserActivitySummary=0x5, mBootCompleted=true
D/PowerManagerService( 5535): handleSandman: canDream=true, mWakefulness=Awake
V/ActivityManager( 5535): Stopping ActivityRecord{42e349d8 u0 com.android.settings/.SubSettings}: nowVisible=true waitingVisible=false finishing=false
V/ActivityManager( 5535): Ready to stop: ActivityRecord{42e349d8 u0 com.android.settings/.SubSettings}
I/PackageManager( 5535): Apk copy done
I/PackageManager( 5535): Start copying apk
I/PackageManager( 5535): Apk copy done
I/PackageManager( 5535): Start copying apk
I/PackageManager( 5535): Apk copy done
I/PackageManager( 5535): Start copying apk
I/PackageManager( 5535): Apk copy done
I/PackageManager( 5535): Start copying apk
I/PackageManager( 5535): Apk copy done
I/PackageManager( 5535): Start copying apk
I/PackageManager( 5535): Apk copy done
I/PackageManager( 5535): Start copying apk
I/PackageManager( 5535): Apk copy done
I/PackageManager( 5535): Start copying apk
V/ActivityManager( 5535): Activity stopped: token=Token{42b71740 ActivityRecord{42e349d8 u0 com.android.settings/.SubSettings}}
I/PackageManager( 5535): Apk copy done
I/PackageManager( 5535): Start copying apk
I/PackageManager( 5535): Apk copy done
I/PackageManager( 5535): Start copying apk
I/PackageManager( 5535): Apk copy done
I/PackageManager( 5535): Start copying apk
I/PackageManager( 5535): Apk copy done
I/PackageManager( 5535): Start copying apk
I/PackageManager( 5535): Apk copy done
I/PackageManager( 5535): Start copying apk
I/PackageManager( 5535): Apk copy done
I/PackageManager( 5535): Start copying apk
I/PackageManager( 5535): Apk copy done
I/PackageManager( 5535): Start copying apk
I/PackageManager( 5535): Apk copy done
I/PackageManager( 5535): Start copying apk
I/PackageManager( 5535): Apk copy done
I/PackageManager( 5535): Start copying apk
I/PackageManager( 5535): Apk copy done
I/PackageManager( 5535): Start copying apk
I/PackageManager( 5535): Apk copy done
I/PackageManager( 5535): Start copying apk
I/PackageManager( 5535): Apk copy done
I/PackageManager( 5535): Start copying apk
I/PackageManager( 5535): Apk copy done
I/PackageManager( 5535): Start copying apk
I/PackageManager( 5535): Apk copy done
I/PackageManager( 5535): Start copying apk
I/PackageManager( 5535): Apk copy done
I/PackageManager( 5535): Start copying apk
I/PackageManager( 5535): Apk copy done
I/PackageManager( 5535): Start copying apk
I/PackageManager( 5535): Apk copy done
I/PackageManager( 5535): Start copying apk
I/PackageManager( 5535): Apk copy done
I/PackageManager( 5535): Start copying apk
I/PackageManager( 5535): Apk copy done
I/PackageManager( 5535): Start copying apk
I/PackageManager( 5535): Apk copy done
I/PackageManager( 5535): Start copying apk
I/PackageManager( 5535): Apk copy done
I/PackageManager( 5535): Start copying apk
I/PackageManager( 5535): Apk copy done
I/PackageManager( 5535): Start copying apk
I/PackageManager( 5535): Apk copy done
I/PackageManager( 5535): Start copying apk
I/PackageManager( 5535): Apk copy done
I/PackageManager( 5535): Start copying apk
I/PackageManager( 5535): Apk copy done
I/PackageManager( 5535): Start copying apk
I/PackageManager( 5535): Apk copy done
I/PackageManager( 5535): Start copying apk
I/PackageManager( 5535): Apk copy done
I/PackageManager( 5535): Start copying apk
I/PackageManager( 5535): Apk copy done
I/PackageManager( 5535): Start copying apk
I/PackageManager( 5535): Apk copy done
I/PackageManager( 5535): Start copying apk
I/PackageManager( 5535): Apk copy done
I/PackageManager( 5535): Start copying apk
I/PackageManager( 5535): Apk copy done
I/PackageManager( 5535): Start copying apk
I/PackageManager( 5535): Apk copy done
I/PackageManager( 5535): Start copying apk
I/PackageManager( 5535): Apk copy done
I/PackageManager( 5535): Start copying apk
I/PackageManager( 5535): Apk copy done
I/PackageManager( 5535): Start copying apk
I/PackageManager( 5535): Apk copy done
I/PackageManager( 5535): Start copying apk
I/PackageManager( 5535): Apk copy done
I/PackageManager( 5535): Start copying apk
I/PackageManager( 5535): Apk copy done
V/SettingsProvider( 5535): access setting for user 0
V/SettingsProvider( 5535): call(system:haptic_feedback_enabled) for 0
D/PowerManagerService( 5535): acquireWakeLockInternal: lock=1112187920, flags=0x1, tag="*vibrator*", ws={WorkSource: uids=[1000]}, uid=1000, pid=5535
D/PowerManagerService( 5535): updateWakeLockSummaryLocked: mWakefulness=Awake, mWakeLockSummary=0x1
D/PowerManagerService( 5535): newScreenState = 2
D/PowerManagerDisplayController( 5535): requestPowerState: screenState=2, useProximitySensor=false, screenBrightness=255, screenAutoBrightnessAdjustment=0.0, useAutoBrightness=false, useEcoBrightness=false, blockScreenOn=false, waitForNegativeProximity=false
I/PowerManagerService( 5535): setBrightness mButtonLight, screenBrightness=255
D/PowerManagerService( 5535): updateScreenStateLocked: mDisplayReady=true, newScreenState=2, mWakefulness=1, mWakeLockSummary=0x1, mUserActivitySummary=0x5, mBootCompleted=true
D/PowerManagerService( 5535): handleSandman: canDream=true, mWakefulness=Awake
D/PowerManagerService( 5535): userActivityFromNative
D/PowerManagerService( 5535): userActivityNoUpdateLocked: eventTime=10784120, event=1, flags=0x0, uid=1000
D/PowerManagerNotifier( 5535): onUserActivity: event=1, uid=1000
D/PowerManagerService( 5535): updateUserActivitySummaryLocked: mWakefulness=Awake, mUserActivitySummary=0x5, nextTimeout=10792120 (in 7997 ms)
D/PowerManagerService( 5535): newScreenState = 2
D/PowerManagerDisplayController( 5535): requestPowerState: screenState=2, useProximitySensor=false, screenBrightness=255, screenAutoBrightnessAdjustment=0.0, useAutoBrightness=false, useEcoBrightness=false, blockScreenOn=false, waitForNegativeProximity=false
I/PowerManagerService( 5535): setBrightness mButtonLight, screenBrightness=255
D/PowerManagerService( 5535): updateScreenStateLocked: mDisplayReady=true, newScreenState=2, mWakefulness=1, mWakeLockSummary=0x1, mUserActivitySummary=0x5, mBootCompleted=true
D/PowerManagerService( 5535): handleSandman: canDream=true, mWakefulness=Awake
D/PowerManagerService( 5535): releaseWakeLockInternal: lock=1112187920, flags=0x0
D/PowerManagerService( 5535): updateWakeLockSummaryLocked: mWakefulness=Awake, mWakeLockSummary=0x0
D/PowerManagerService( 5535): newScreenState = 2
D/PowerManagerDisplayController( 5535): requestPowerState: screenState=2, useProximitySensor=false, screenBrightness=255, screenAutoBrightnessAdjustment=0.0, useAutoBrightness=false, useEcoBrightness=false, blockScreenOn=false, waitForNegativeProximity=false
I/PowerManagerService( 5535): setBrightness mButtonLight, screenBrightness=255
D/PowerManagerService( 5535): updateScreenStateLocked: mDisplayReady=true, newScreenState=2, mWakefulness=1, mWakeLockSummary=0x0, mUserActivitySummary=0x5, mBootCompleted=true
D/PowerManagerService( 5535): handleSandman: canDream=true, mWakefulness=Awake
D/PowerManagerService( 5535): acquireWakeLockInternal: lock=1111143720, flags=0x1, tag="ActivityManager-Launch", ws=null, uid=1000, pid=5535
D/PowerManagerService( 5535): updateWakeLockSummaryLocked: mWakefulness=Awake, mWakeLockSummary=0x1
D/PowerManagerService( 5535): newScreenState = 2
D/PowerManagerDisplayController( 5535): requestPowerState: screenState=2, useProximitySensor=false, screenBrightness=255, screenAutoBrightnessAdjustment=0.0, useAutoBrightness=false, useEcoBrightness=false, blockScreenOn=false, waitForNegativeProximity=false
I/PowerManagerService( 5535): setBrightness mButtonLight, screenBrightness=255
D/PowerManagerService( 5535): updateScreenStateLocked: mDisplayReady=true, newScreenState=2, mWakefulness=1, mWakeLockSummary=0x1, mUserActivitySummary=0x5, mBootCompleted=true
D/PowerManagerService( 5535): handleSandman: canDream=true, mWakefulness=Awake
I/PackageManager( 5535): Start copying apk
I/PackageManager( 5535): Apk copy done
I/PackageManager( 5535): Start copying apk
I/PackageManager( 5535): Apk copy done
I/PackageManager( 5535): Start copying apk
I/PackageManager( 5535): Apk copy done
I/PackageManager( 5535): Start copying apk
V/WindowManager( 5535): Changing focus from Window{42e7c288 u0 com.android.settings/com.android.settings.SubSettings} to Window{427968f0 u0 com.android.settings/com.android.settings.SubSettings}
I/PackageManager( 5535): Apk copy done
I/PackageManager( 5535): Start copying apk
I/WindowManager( 5535): Gaining focus: Window{427968f0 u0 com.android.settings/com.android.settings.SubSettings}
I/PackageManager( 5535): Apk copy done
I/PackageManager( 5535): Start copying apk
I/PackageManager( 5535): Apk copy done
I/PackageManager( 5535): Start copying apk
I/PackageManager( 5535): Apk copy done
I/PackageManager( 5535): Start copying apk
I/PackageManager( 5535): Apk copy done
I/PackageManager( 5535): Start copying apk
D/VoldConnector( 5535): SND -> {52 asec fspath com.appsimple.DetectorBilleteFalso2-1}
D/FrameworkListener( 119): dispatchCommand data = (52 asec fspath com.appsimple.DetectorBilleteFalso2-1)
D/VoldCmdListener( 119): asec fspath com.appsimple.DetectorBilleteFalso2-1
D/SocketClient( 119): SocketClient msg = /mnt/secure/asec/com.appsimple.DetectorBilleteFalso2-1.asec
D/SocketClient( 119): SocketClient sendDatalocked done: 211 52 /mnt/secure/asec/com.appsimple.DetectorBilleteFalso2-1.asec
D/VoldConnector( 5535): RCV <- {211 52 /mnt/secure/asec/com.appsimple.DetectorBilleteFalso2-1.asec}
D/VoldConnector( 5535): RMV <- {211 52 /mnt/secure/asec/com.appsimple.DetectorBilleteFalso2-1.asec}
I/PackageManager( 5535): Apk copy done
I/PackageManager( 5535): Start copying apk
D/VoldConnector( 5535): SND -> {53 asec fspath com.appstar.callrecorderpro-1}
D/FrameworkListener( 119): dispatchCommand data = (53 asec fspath com.appstar.callrecorderpro-1)
D/VoldCmdListener( 119): asec fspath com.appstar.callrecorderpro-1
D/SocketClient( 119): SocketClient msg = /data/app-asec/com.appstar.callrecorderpro-1.asec
D/SocketClient( 119): SocketClient sendDatalocked done: 211 53 /data/app-asec/com.appstar.callrecorderpro-1.asec
D/VoldConnector( 5535): RCV <- {211 53 /data/app-asec/com.appstar.callrecorderpro-1.asec}
D/VoldConnector( 5535): RMV <- {211 53 /data/app-asec/com.appstar.callrecorderpro-1.asec}
I/PackageManager( 5535): Apk copy done
I/PackageManager( 5535): Start copying apk
I/PackageManager( 5535): Apk copy done
I/PackageManager( 5535): Start copying apk
I/PackageManager( 5535): Apk copy done
I/PackageManager( 5535): Start copying apk
I/PackageManager( 5535): Apk copy done
I/PackageManager( 5535): Start copying apk
I/PackageManager( 5535): Apk copy done
I/PackageManager( 5535): Start copying apk
I/PackageManager( 5535): Apk copy done
I/PackageManager( 5535): Start copying apk
I/PackageManager( 5535): Apk copy done
I/PackageManager( 5535): Start copying apk
I/PackageManager( 5535): Apk copy done
I/PackageManager( 5535): Start copying apk
I/PackageManager( 5535): Apk copy done
I/PackageManager( 5535): Start copying apk
I/PackageManager( 5535): Apk copy done
I/PackageManager( 5535): Start copying apk
I/PackageManager( 5535): Apk copy done
I/PackageManager( 5535): Start copying apk
I/PackageManager( 5535): Apk copy done
I/PackageManager( 5535): Start copying apk
I/PackageManager( 5535): Apk copy done
I/PackageManager( 5535): Start copying apk
V/InputMethodManagerService( 5535): windowGainedFocus: android.os.BinderProxy@42ea7ee8 controlFlags=#105 softInputMode=#10 windowFlags=#1810100
I/PackageManager( 5535): Apk copy done
I/PackageManager( 5535): Start copying apk
I/PackageManager( 5535): Apk copy done
I/PackageManager( 5535): Start copying apk
I/PackageManager( 5535): Apk copy done
I/PackageManager( 5535): Start copying apk
I/PackageManager( 5535): Apk copy done
I/PackageManager( 5535): Start copying apk
V/ActivityManager( 5535): Stopping ActivityRecord{42ae59e8 u0 com.android.settings/.SubSettings}: nowVisible=true waitingVisible=true finishing=true
V/ActivityManager( 5535): Before stopping, can hide: ActivityRecord{42ae59e8 u0 com.android.settings/.SubSettings}
I/PackageManager( 5535): Apk copy done
I/PackageManager( 5535): Start copying apk
I/PackageManager( 5535): Apk copy done
I/PackageManager( 5535): Start copying apk
I/PackageManager( 5535): Apk copy done
I/PackageManager( 5535): Start copying apk
I/PackageManager( 5535): Apk copy done
I/PackageManager( 5535): Start copying apk
I/PackageManager( 5535): Apk copy done
I/PackageManager( 5535): Start copying apk
I/PackageManager( 5535): Apk copy done
I/PackageManager( 5535): Start copying apk
V/ActivityManager( 5535): Activity idle: Token{42b71740 ActivityRecord{42e349d8 u0 com.android.settings/.SubSettings}}
D/PowerManagerService( 5535): releaseWakeLockInternal: lock=1111143720, flags=0x0
D/PowerManagerService( 5535): updateWakeLockSummaryLocked: mWakefulness=Awake, mWakeLockSummary=0x0
D/PowerManagerService( 5535): newScreenState = 2
D/PowerManagerDisplayController( 5535): requestPowerState: screenState=2, useProximitySensor=false, screenBrightness=255, screenAutoBrightnessAdjustment=0.0, useAutoBrightness=false, useEcoBrightness=false, blockScreenOn=false, waitForNegativeProximity=false
I/PowerManagerService( 5535): setBrightness mButtonLight, screenBrightness=255
D/PowerManagerService( 5535): updateScreenStateLocked: mDisplayReady=true, newScreenState=2, mWakefulness=1, mWakeLockSummary=0x0, mUserActivitySummary=0x5, mBootCompleted=true
V/ActivityManager( 5535): Stopping ActivityRecord{42ae59e8 u0 com.android.settings/.SubSettings}: nowVisible=true waitingVisible=false finishing=true
V/ActivityManager( 5535): Ready to stop: ActivityRecord{42ae59e8 u0 com.android.settings/.SubSettings}
D/PowerManagerService( 5535): handleSandman: canDream=true, mWakefulness=Awake
I/PackageManager( 5535): Apk copy done
