D/isp_tuning_custom( 5296): CWF AWB Gain = (725, 512, 989)
D/isp_tuning_custom( 5296): A AWB Gain = (607, 512, 1175)
D/isp_tuning_custom( 5296): evaluate_PCA_LUT_index()
D/isp_tuning_custom( 5296): [+evaluate_PCA_LUT_index](rCamInfo.eIdx_PCA_LUT, rCamInfo.rAWBInfo.i4CCT, rCamInfo.rAWBInfo.i4FluorescentIndex)=(0, 3029, 78)
D/ae_mgr ( 5296): [doPvAE]AE Wait Vd frame:1 Enable:1 avgY:263
D/isp_tuning_custom( 5296): map_ISO_value_to_index()
D/paramctrl_validate( 5296): [validatePerFrame](ParamChangeCount, fgForce)=(1, 0)
D/isp_tuning_custom( 5296): [IspCamInfo][dump](eIspProfile, eIdx_Scene)=(0, 0)
D/isp_tuning_custom( 5296): [RAWIspCamInfo][dump](eIdx_ISO, u4ISOValue, i4ZoomRatio_x100, i4LightValue_x10)=(2, 455, 100, 33, 1118145920)
D/isp_tuning_custom( 5296): [8 evaluate_Shading_CCT_index] CCT:3029 DF_IDX:100 i4PT:96 i4PW:2
D/isp_tuning_custom( 5296): [evaluate_Shading_CCT_index] eIdx_Shading_CCT_new:0
D/lsc_mgr ( 5296): [setCTIdx] Shading idx= 0
D/lsc_mgr ( 5296): [LscMgr:SetTBAToISP] TSF enable 0, state 1
D/lsc_mgr ( 5296): [getCTIdx] Shading idx= 0
D/lsc_mgr ( 5296): [getCTIdx] Shading idx= 0
D/lsc_mgr ( 5296): [LscMgr] SetTBAToISP m_eLscScenario 0, TableSize 16384, CCT 0x0, phyAddr 0x1f00000, XSize 0x3fff m_eSensorOp 0
D/lsc_mgr ( 5296): [LscMgr:enableLsc] Meta 0, Shading param 0x2, 0x1f00000, 0x20, 0x0,0xf03e ,0xf02f ,0x44002b ,0x20202020, 0x0
I/IspDrv ( 5296): {IspDrv} [createInstance] fgIsGdmaMode: 0.
D/lsc_mgr ( 5296): [getCTIdx] Shading idx= 0
I/IspDrv ( 5296): {IspDrv} [createInstance] fgIsGdmaMode: 0.
I/TdriMgr ( 5296): [applySetting] Cq(5)-Fun(3)
I/TdriMgr ( 5296): [applySetting] Cq(5)-Fun(4)
I/TdriMgr ( 5296): [applySetting] Cq(5)-Fun(5)
D/FLICKER ( 5296): [FLK Hal] FFLK func=sendCommand line=837 cmd=5
D/FLICKER ( 5296): [FLK Hal] FFLK func=enableFlickerDetection line=1090
D/aaa_hal/3Athread( 5296): rCmd(10)-
D/af_mgr ( 5296): DoAF[SGG|AF|FK|EIS|HRZ|ESFKO]d4 [X]16 342 668 994 1320 1646 [Y]16 260 504 748 992 1236 [Size]326 244 [TH]5 5 5
D/af_mgr ( 5296): [SGG_GN]16 [GMR1]31 [GMR2]63 [GMR3]127 [Deci]0 [Zig]0 [Odd]0 [IIRKeep]1 [Hsize]1996
D/af_mgr ( 5296): [F0]4 [F1]15 36 43 36 22 10 3 0 0 0 0 0
D/af_mgr ( 5296): [WinXE]668 [WinYE]504 [SizeXE]652 [SizeYE]488 [THE]5
D/FLICKER ( 5296): [FLK Hal] FFLK func=sendCommand line=837 cmd=7
D/AfAlgo ( 5296): [AfAlgoC][fv]37890 [gsum]38 [AEStbl]0 [ISO]455 [wait]3
D/MtkCam/VSSScen( 5296): [deque] P1:Idx(0),Id(97),VA(0x45FB7000),PA(0x03440000),S(3740000),T(10862.955023)
D/af_mgr ( 5296): [AFStatH]36381 [AFStatFL]36381 [AFStatV]503 [moveMCU] 431
D/aaa_hal/3Athread( 5296): mCmdQ size(0) + cmd(10)
D/MtkCam/PrvCQT( 5296): (25974)[delay] delay(Init): 3A(3) + sensor(2)
D/aaa_hal/3Athread( 5296): CmdQ-size(1), todo(10)
D/MtkCam/PrvCQT( 5296): (25974)[delay] -
D/aaa_hal/3Athread( 5296): rCmd(10)+
D/MtkCam/PrvCQT( 5296): (25974)[threadLoop] -
D/MtkCam/PrvCQT( 5296): (25974)[threadLoop] +
D/MtkCam/PrvCQT( 5296): (11970)[postCommand] -
D/MtkCam/PrvCQT( 5296): (25974)[getCommand] +
D/MtkCam/PrvCQT( 5296): (11970)[postCommand] +
D/MtkCam/PrvCQT( 5296): (25974)[getCommand] + tid(25974), que size(0)
D/MtkCam/PrvCQT( 5296): (11970)[postCommand] + tid(11970), que size(0)
D/MtkCam/PrvCQT( 5296): (11970)[postCommand] - new command added(2): tid(11970), que size(1)
D/MtkCam/PrvCQT( 5296): (25974)[getCommand] Command: 2
D/MtkCam/PrvCQT( 5296): (25974)[getCommand] - tid(25974), que size(0), ret(1)
D/MtkCam/PrvCQT( 5296): (25974)[getCommand] -
D/MtkCam/VSSScen( 5296): [deque] +
D/MtkCam/PrvCQT( 5296): (11970)[postCommand] -
D/MtkCam/CamAdapter( 5296): (11970)(Default)[onHandleStartPreview] -
D/MtkCam/CamAdapter( 5296): (11970)(StateIdle)[onStartPreview] - status(0)
D/MtkCam/CamClient( 5296): (11970)[enableMsgType] msgType: 1024
I/MtkCam/CamDevice( 5296): (11970)(Default:0)[CamDevice::startPreview] - status(0)
D/OpenCV_NativeCamera(25924): Preview started successfully
E/OpenCV::camera(25924): calling (*pGetPropertyC)(0x5f323f60, 2)
D/OpenCV_NativeCamera(25924): CameraHandler::getProperty(2)
I/OCV:libnative_activity(25924): Camera initialized at resolution 640x480
D/awb_algo( 5296): [PV AWB Gain] Rgain = 608, Ggain = 512, Bgain = 1112
D/awb_algo( 5296): CCT = 3025
D/paramctrl_attributes( 5296): setAWBInfo(): bAWBGainChanged = MTRUE
D/isp_tuning_custom( 5296): refineLightSourceAWBGainforMultiCCM()
D/isp_tuning_custom( 5296): D65 AWB Gain = (897, 512, 703)
D/isp_tuning_custom( 5296): TL84 AWB Gain = (681, 512, 957)
D/isp_tuning_custom( 5296): CWF AWB Gain = (725, 512, 989)
D/isp_tuning_custom( 5296): A AWB Gain = (607, 512, 1175)
D/isp_tuning_custom( 5296): evaluate_PCA_LUT_index()
D/isp_tuning_custom( 5296): [+evaluate_PCA_LUT_index](rCamInfo.eIdx_PCA_LUT, rCamInfo.rAWBInfo.i4CCT, rCamInfo.rAWBInfo.i4FluorescentIndex)=(0, 3025, 72)
D/AeAlgo ( 5296): [modifyHistogramWinConfig] XOffset:0 Width:1996 YOffset:0 Height:1496 MaxBlock:120 90 eZoomX:0 119 eZoomY:0 89
D/AeAlgo ( 5296): [modifyHistogramWinConfig] Bin0:2 Mode0:3 RatioX0:0 100 RatioY0:0 100 Bin1:0 Mode1:3 RatioX1:0 100 RatioY1:0 100 Bin2:0 Mode2:4 RatioX2:0 100 RatioY2:0 100 Bin3:0 Mode3:4 RatioX3:25 75 RatioY3:25 75
D/AeAlgo ( 5296): [modifyHistogramWinConfig] HistConfig Bin0:2 Mode0:3 RatioX0:0 119 RatioY0:0 89 Bin1:0 Mode1:3 RatioX1:0 119 RatioY1:0 89 Bin2:0 Mode2:4 RatioX2:0 119 RatioY2:0 89 Bin3:0 Mode3:4 RatioX3:30 90 RatioY3:22 67
D/paramctrl_validate( 5296): [validatePerFrame](ParamChangeCount, fgForce)=(1, 0)
D/isp_tuning_custom( 5296): [IspCamInfo][dump](eIspProfile, eIdx_Scene)=(0, 0)
D/isp_tuning_custom( 5296): [RAWIspCamInfo][dump](eIdx_ISO, u4ISOValue, i4ZoomRatio_x100, i4LightValue_x10)=(2, 455, 100, 33, 1118145920)
D/isp_tuning_custom( 5296): [8 evaluate_Shading_CCT_index] CCT:3025 DF_IDX:100 i4PT:95 i4PW:2
D/isp_tuning_custom( 5296): [evaluate_Shading_CCT_index] eIdx_Shading_CCT_new:0
D/lsc_mgr ( 5296): [setCTIdx] Shading idx= 0
D/lsc_mgr ( 5296): [LscMgr:SetTBAToISP] TSF enable 0, state 1
D/lsc_mgr ( 5296): [getCTIdx] Shading idx= 0
D/lsc_mgr ( 5296): [getCTIdx] Shading idx= 0
D/lsc_mgr ( 5296): [LscMgr] SetTBAToISP m_eLscScenario 0, TableSize 16384, CCT 0x0, phyAddr 0x1f00000, XSize 0x3fff m_eSensorOp 0
D/lsc_mgr ( 5296): [LscMgr:enableLsc] Meta 0, Shading param 0x2, 0x1f00000, 0x20, 0x0,0xf03e ,0xf02f ,0x44002b ,0x20202020, 0x0
I/IspDrv ( 5296): {IspDrv} [createInstance] fgIsGdmaMode: 0.
D/lsc_mgr ( 5296): [getCTIdx] Shading idx= 0
I/IspDrv ( 5296): {IspDrv} [createInstance] fgIsGdmaMode: 0.
I/TdriMgr ( 5296): [applySetting] Cq(5)-Fun(3)
I/TdriMgr ( 5296): [applySetting] Cq(5)-Fun(4)
I/TdriMgr ( 5296): [applySetting] Cq(5)-Fun(5)
D/FLICKER ( 5296): [FLK Hal] FFLK func=sendCommand line=837 cmd=5
D/FLICKER ( 5296): [FLK Hal] FFLK func=enableFlickerDetection line=1090
D/aaa_hal/3Athread( 5296): rCmd(10)-
D/af_mgr ( 5296): DoAF[SGG|AF|FK|EIS|HRZ|ESFKO]d4 [X]16 342 668 994 1320 1646 [Y]16 260 504 748 992 1236 [Size]326 244 [TH]5 5 5
D/af_mgr ( 5296): [SGG_GN]16 [GMR1]31 [GMR2]63 [GMR3]127 [Deci]0 [Zig]0 [Odd]0 [IIRKeep]1 [Hsize]1996
D/af_mgr ( 5296): [F0]4 [F1]15 36 43 36 22 10 3 0 0 0 0 0
D/af_mgr ( 5296): [WinXE]668 [WinYE]504 [SizeXE]652 [SizeYE]488 [THE]5
D/FLICKER ( 5296): [FLK Hal] FFLK func=sendCommand line=837 cmd=7
D/AfAlgo ( 5296): [AfAlgoC][fv]1058 [gsum]33 [AEStbl]0 [ISO]455 [wait]3
D/af_mgr ( 5296): [AFStatH]575 [AFStatFL]575 [AFStatV]161 [moveMCU] 431
D/MtkCam/VSSScen( 5296): [deque] P1:Idx(0),Id(93),VA(0x4516F000),PA(0x02540000),S(3740000),T(10863.045085)
D/aaa_hal/3Athread( 5296): mCmdQ size(0) + cmd(10)
D/aaa_hal/3Athread( 5296): CmdQ-size(1), todo(10)
D/aaa_hal/3Athread( 5296): rCmd(10)+
D/EISHal ( 5296): [doEIS]not first frame
D/EISDrv ( 5296): [setFirstFrame]First(0x0)
D/MtkCam/MtkCamUtils( 5296): [queryRawStride]imgFmt(2), imgWidth(1996), stride(2000)
D/MtkCam/MtkCamUtils( 5296): (RecCB@ImgBufQue)[dequeProvider] Empty Que
D/MtkCam/PrvCQT( 5296): (25974)[updateOne] P2(0x18)
D/MtkCam/PrvCQT( 5296): (25974)[doCrop] S(1996/1496),D(640/480),Z(100),C(1,0,1994,1496)
D/ae_mgr ( 5296): [AeMgr::setZoomWinInfo] New WinX:1 1994 New WinY:0 1496 Old WinX:0 1996 Old WinY:0 1496
D/af_mgr ( 5296): [setZoomWinInfo][w]1994[h]1496[x]1[y]0
I/Drv/IMem( 5296): Drv/IMem[mapPhyAddr] mID(0x5d),size(0x391160),VA(x4516f000),PA(0x2540000),S/C(0/0)
I/Drv/IMem( 5296): Drv/IMem[mapPhyAddr] mID(0x56),size(0x70800),VA(x44da0000),PA(0x2280000),S/C(0/0)
I/Drv/IMem( 5296): Drv/IMem[allocM4UMemory] [StdM4U]VA(0x44e11000)/PA(0x2300000)/size(0x70800)/mID(0xffffffff)
I/Drv/IMem( 5296): Drv/IMem[mapPhyAddr] mID(0xffffffff),size(0x70800),VA(x44e11000),PA(0x2300000),S/C(0/0)
I/iio/ppp ( 5296): [configPipe] Pass(0),sceFmt(0),imgi.fmt(2),isByImgi(0),sceID(8),dma(0x280080) isTurn(1),VA=0x43bca000 PA=0x2200000
I/IspDrv ( 5296): {IspDrv} [updateTurningCq1] updateCqdes(12) CtlEn1(0x4a00800) CtlEn2(0x1d) CtlMma(0x0)
I/iio/ifunc( 5296): [_config] path(2),CQ(4),en1(0x40300000),en2(0x38a20003),dma(0x00280080),fmt(0x00000106),ctl(0x00010050),tcm_en(0x9811e003),isIspOn(0x1)
I/iio/ifunc( 5296): [_config] cq(4),turEn1(0x04800800),turEn2(0x0000001d),turDma(0x00000000),dmaMerg(0x00280080),tcm(0x9811e003)
I/iio/ifunc( 5296): [_config] [Pass2]AppTurn(1) EN1-Set(0x44b00800),Clr(0x3400200)-En2:Set(0x38a2001f),Clr(0x40020)-DMA:Set(0x280080),Clr(0x7500)
I/TpipeDrv( 5296): {TpipeDrv} [runTpipeMain] [Top]bnr(0),lsc(0),lsci(0),lce(0),lcei(0),nbc(1),seee(1),cfa(1)--en1(0x00300000),en2(0x00220016),dma(0x00280080)
I/TpipeDrv( 5296): {TpipeDrv} [runTpipeMain] size(360)||[0-4]0000D00D-00000000-05D703BF-00000000-05D802EA||[85-89]600001C6-000000E3-01E000BA-00000000-000000E3
D/MtkCam/VSSScen( 5296): [deque] +
I/CdpDrv ( 5296): {CdpDrv} [DISPO_SetOutputAddr] cqPhy(0x443d3000),Dispo(0x2280000),DispCo(0x22ddc00),DispVo(0x22cb000)
I/CdpDrv ( 5296): {CdpDrv} [VIDO_SetOutputAddr] cqPhy(0x443d3000),Vido(0x2300000),VidCo(0x234b000),VidVo(0x2300000)
I/iio/path( 5296): [setDMACurrBuf] [VIDO]base(0x2300000)-0x234b000-0x2300000
I/iio/ifunc( 5296): [_enable] path(2),start(1),SCIO(6),En1(0x44b5b8a9),En2(0xb8a3401f),Dma(0x2800ab),CQ_status(0x1111),CQ_debugset(24576)
I/iio/pathp2( 5296): [_waitIrq] type(0),irq(16384)
D/MtkCam/VSSScen( 5296): [deque] P2DISPO:Id(86),VA(0x44DA0000),PA(0x02280000),S(460800),T(0.000000)
I/Drv/IMem( 5296): Drv/IMem[freeM4UMemory] [StdM4U]VA(0x44e11000)/PA(0x2300000)/size(0x70800)/mID(0xffffffff)
D/MtkCam/VSSScen( 5296): [deque] P2VIDO:Id(-1),VA(0x44E11000),PA(0x02300000),S(460800),T(0.000000)
I/iio/ifunc( 5296): [_disable] P2 start(0x0)
D/MtkCam/DisplayClient( 5296): (25973)[handleReturnBuffers] + (703) 34ms < Duration(754)
I/MtkCam/MtkCamUtils( 5296): {CamProfile}[::updateOne] : (0-th) ===> [start-->now: 114 ms]
D/MtkCam/PrvCB( 5296): (25971)[handleReturnBuffers] + 34ms>> org.opencv.samples.NativeActivity <<<
D/ContactsProvider(25953): performBackgroundTask()+ **** task=20
D/ContactsProvider(25953): loadAccountsInBackground()+
D/IPCThreadState( 5535): [DN #5] BR_DEAD_BINDER cookie 0x62c2f688
D/IPCThreadState( 5535): [DN #5] BR_DEAD_BINDER cookie 0x5b978b10
W/ADB_SERVICES( 9881): terminating JDWP 25342 connection: Try again
D/ADB_SERVICES( 9881): remove pid 25342 to jdwp process list
V/ActivityManager( 5535): Death received in com.android.server.am.ActivityManagerService$AppDeathRecipient@42aba7b0 for thread android.os.BinderProxy@42b84cb8
D/IPCThreadState( 5535): [DN #5] BR_CLEAR_DEATH_NOTIFICATION_DONE cookie 0x5b978b10
I/ActivityManager( 5535): Process com.android.providers.calendar (pid 25342) has died.
D/IPCThreadState( 5535): [DN #5] BR_CLEAR_DEATH_NOTIFICATION_DONE cookie 0x62c2f688
I/ContactsProvider(25953): getAccountTypeBySlot()+ - slotId:0
I/ContactsProvider(25953): getAccountTypeBySlot()- - slotId:0 AccountType:SIM Account
I/ContactsProvider(25953): getSimAccountNameBySlot()+ slotId:0
I/ContactsProvider(25953): getSimAccountNameBySlot() slotId:0 simType(0-SIM/1-USIM):0
I/ContactsProvider(25953): getSimAccountNameBySlot()- slotId:0 SimName:SIM0
I/ContactsProvider(25953): loadAccountsInBackground slotid:0 simAccountType:SIM Account simAccountName:SIM0
D/ContactsProvider(25953): loadLocalSimAccounts()+
I/ContactsProvider(25953): loadLocalSimAccounts -cursor.count:1
I/ContactsProvider(25953): Handle SIM1 Accounts -c.count:
D/ContactsProvider(25953): deleteLocalSimAccounts()+ accountName=USIM0
D/awb_algo( 5296): [PV AWB Gain] Rgain = 610, Ggain = 512, Bgain = 1114
D/awb_algo( 5296): CCT = 3029
D/paramctrl_attributes( 5296): setAWBInfo(): bAWBGainChanged = MTRUE
D/isp_tuning_custom( 5296): refineLightSourceAWBGainforMultiCCM()
D/isp_tuning_custom( 5296): D65 AWB Gain = (897, 512, 703)
D/isp_tuning_custom( 5296): TL84 AWB Gain = (681, 512, 957)
D/isp_tuning_custom( 5296): CWF AWB Gain = (725, 512, 989)
D/isp_tuning_custom( 5296): A AWB Gain = (607, 512, 1175)
D/isp_tuning_custom( 5296): evaluate_PCA_LUT_index()
D/isp_tuning_custom( 5296): [+evaluate_PCA_LUT_index](rCamInfo.eIdx_PCA_LUT, rCamInfo.rAWBInfo.i4CCT, rCamInfo.rAWBInfo.i4FluorescentIndex)=(0, 3029, 67)
I/ContactsProvider(25953): Handle Accounts -c.count:0
D/ContactsProvider(25953): deleteLocalSimAccounts()+ accountName=UIM0
I/ContactsProvider(25953): Handle Accounts -c.count:0
D/ae_mgr ( 5296): [doPvAE]AE Wait Vd frame:2 Enable:1 avgY:242
D/isp_tuning_custom( 5296): map_ISO_value_to_index()
D/paramctrl_validate( 5296): [validatePerFrame](ParamChangeCount, fgForce)=(1, 0)
D/isp_tuning_custom( 5296): [IspCamInfo][dump](eIspProfile, eIdx_Scene)=(0, 0)
D/isp_tuning_custom( 5296): [RAWIspCamInfo][dump](eIdx_ISO, u4ISOValue, i4ZoomRatio_x100, i4LightValue_x10)=(2, 455, 100, 33, 1118145920)
D/isp_tuning_custom( 5296): [8 evaluate_Shading_CCT_index] CCT:3029 DF_IDX:100 i4PT:94 i4PW:2
D/isp_tuning_custom( 5296): [evaluate_Shading_CCT_index] eIdx_Shading_CCT_new:0
D/lsc_mgr ( 5296): [setCTIdx] Shading idx= 0
D/lsc_mgr ( 5296): [LscMgr:SetTBAToISP] TSF enable 0, state 1
D/lsc_mgr ( 5296): [getCTIdx] Shading idx= 0
D/lsc_mgr ( 5296): [getCTIdx] Shading idx= 0
D/lsc_mgr ( 5296): [LscMgr] SetTBAToISP m_eLscScenario 0, TableSize 16384, CCT 0x0, phyAddr 0x1f00000, XSize 0x3fff m_eSensorOp 0
D/lsc_mgr ( 5296): [LscMgr:enableLsc] Meta 0, Shading param 0x2, 0x1f00000, 0x20, 0x0,0xf03e ,0xf02f ,0x44002b ,0x20202020, 0x0
I/IspDrv ( 5296): {IspDrv} [createInstance] fgIsGdmaMode: 0.
D/lsc_mgr ( 5296): [getCTIdx] Shading idx= 0
I/IspDrv ( 5296): {IspDrv} [createInstance] fgIsGdmaMode: 0.
I/TdriMgr ( 5296): [applySetting] Cq(5)-Fun(3)
I/TdriMgr ( 5296): [applySetting] Cq(5)-Fun(4)
I/TdriMgr ( 5296): [applySetting] Cq(5)-Fun(5)
D/FLICKER ( 5296): [FLK Hal] FFLK func=sendCommand line=837 cmd=5
D/FLICKER ( 5296): [FLK Hal] FFLK func=enableFlickerDetection line=1090
D/aaa_hal/3Athread( 5296): rCmd(10)-
D/af_mgr ( 5296): DoAF[SGG|AF|FK|EIS|HRZ|ESFKO]d4 [X]16 342 668 994 1320 1646 [Y]16 260 504 748 992 1236 [Size]326 244 [TH]5 5 5
D/af_mgr ( 5296): [SGG_GN]16 [GMR1]31 [GMR2]63 [GMR3]127 [Deci]0 [Zig]0 [Odd]0 [IIRKeep]1 [Hsize]1996
D/af_mgr ( 5296): [F0]4 [F1]15 36 43 36 22 10 3 0 0 0 0 0
D/af_mgr ( 5296): [WinXE]668 [WinYE]504 [SizeXE]652 [SizeYE]488 [THE]5
D/FLICKER ( 5296): [FLK Hal] FFLK func=sendCommand line=837 cmd=7
D/AfAlgo ( 5296): [AfAlgoC][fv]287860 [gsum]29 [AEStbl]0 [ISO]455 [wait]3
D/af_mgr ( 5296): [AFStatH]282583 [AFStatFL]282583 [AFStatV]1759 [moveMCU] 431
D/MtkCam/VSSScen( 5296): [deque] P1:Idx(0),Id(94),VA(0x45501000),PA(0x02900000),S(3740000),T(10863.135150)
D/aaa_hal/3Athread( 5296): mCmdQ size(0) + cmd(10)
D/aaa_hal/3Athread( 5296): CmdQ-size(1), todo(10)
D/aaa_hal/3Athread( 5296): rCmd(10)+
D/MtkCam/MtkCamUtils( 5296): [queryRawStride]imgFmt(2), imgWidth(1996), stride(2000)
D/MtkCam/MtkCamUtils( 5296): (RecCB@ImgBufQue)[dequeProvider] Empty Que
D/MtkCam/PrvCQT( 5296): (25974)[updateOne] P2(0x18)
D/MtkCam/PrvCQT( 5296): (25974)[doCrop] S(1996/1496),D(640/480),Z(100),C(1,0,1994,1496)
I/Drv/IMem( 5296): Drv/IMem[mapPhyAddr] mID(0x5e),size(0x391160),VA(x45501000),PA(0x2900000),S/C(0/0)
I/Drv/IMem( 5296): Drv/IMem[mapPhyAddr] mID(0x59),size(0x70800),VA(x44ff6000),PA(0x2300000),S/C(0/0)
I/Drv/IMem( 5296): Drv/IMem[allocM4UMemory] [StdM4U]VA(0x44e82000)/PA(0x2380000)/size(0x70800)/mID(0xffffffff)
I/Drv/IMem( 5296): Drv/IMem[mapPhyAddr] mID(0xffffffff),size(0x70800),VA(x44e82000),PA(0x2380000),S/C(0/0)
I/iio/ppp ( 5296): [configPipe] Pass(0),sceFmt(0),imgi.fmt(2),isByImgi(0),sceID(8),dma(0x280080) isTurn(1),VA=0x43bca000 PA=0x2200000
I/ContactsProvider(25953): getAccountTypeBySlot()+ - slotId:1
I/IspDrv ( 5296): {IspDrv} [updateTurningCq1] updateCqdes(12) CtlEn1(0x4a00800) CtlEn2(0x1d) CtlMma(0x0)
I/iio/ifunc( 5296): [_config] path(2),CQ(4),en1(0x40300000),en2(0x38a20003),dma(0x00280080),fmt(0x00000106),ctl(0x00010050),tcm_en(0x9811e003),isIspOn(0x1)
I/iio/ifunc( 5296): [_config] cq(4),turEn1(0x04800800),turEn2(0x0000001d),turDma(0x00000000),dmaMerg(0x00280080),tcm(0x9811e003)
I/iio/ifunc( 5296): [_config] [Pass2]AppTurn(1) EN1-Set(0x44b00800),Clr(0x3400200)-En2:Set(0x38a2001f),Clr(0x40020)-DMA:Set(0x280080),Clr(0x7500)
I/TpipeDrv( 5296): {TpipeDrv} [runTpipeMain] [Top]bnr(0),lsc(0),lsci(0),lce(0),lcei(0),nbc(1),seee(1),cfa(1)--en1(0x00300000),en2(0x00220016),dma(0x00280080)
I/ContactsProvider(25953): getAccountTypeBySlot()- - slotId:1 AccountType:null
I/ContactsProvider(25953): getSimAccountNameBySlot()+ slotId:1
I/TpipeDrv( 5296): {TpipeDrv} [runTpipeMain] size(360)||[0-4]0000D00D-00000000-05D703BF-00000000-05D802EA||[85-89]600001C6-000000E3-01E000BA-00000000-000000E3
D/MtkCam/VSSScen( 5296): [deque] +
I/CdpDrv ( 5296): {CdpDrv} [DISPO_SetOutputAddr] cqPhy(0x443d3000),Dispo(0x2300000),DispCo(0x235dc00),DispVo(0x234b000)
I/CdpDrv ( 5296): {CdpDrv} [VIDO_SetOutputAddr] cqPhy(0x443d3000),Vido(0x2380000),VidCo(0x23cb000),VidVo(0x2380000)
I/iio/path( 5296): [setDMACurrBuf] [VIDO]base(0x2380000)-0x23cb000-0x2380000
I/iio/ifunc( 5296): [_enable] path(2),start(1),SCIO(6),En1(0x44b5b8a9),En2(0xb8a3401f),Dma(0x2800ab),CQ_status(0x4001111),CQ_debugset(24576)
I/iio/pathp2( 5296): [_waitIrq] type(0),irq(16384)
I/ContactsProvider(25953): getSimAccountNameBySlot() slotId:1 simType(0-SIM/1-USIM):-1
E/ContactsProvider(25953): getSimAccountNameBySlot() Error! get SIM Type error! simType:-1
I/ContactsProvider(25953): getSimAccountNameBySlot()- slotId:1 SimName:null
I/ContactsProvider(25953): loadAccountsInBackground slotid2:1 simAccountType:null simAccountName:null
D/ContactsProvider(25953): loadLocalSimAccounts()+
I/ContactsProvider(25953): Account Name or type is null
D/ContactsProvider(25953): performBackgroundTask()- **** task=20
I/DEBUG (25978): *** *** *** *** *** *** *** *** *** *** *** *** *** *** *** ***
I/DEBUG (25978): Build fingerprint: 'ThL/ThL/ThL:4.2.1/JOP40D/1371548056:user/test-keys'
I/DEBUG (25978): pid: 25924, tid: 25937, name: Binder_1 >>> org.opencv.samples.NativeActivity <<<
I/DEBUG (25978): signal 11 (SIGSEGV), code 1 (SEGV_MAPERR), fault addr 00000003
D/MtkCam/VSSScen( 5296): [deque] P2DISPO:Id(89),VA(0x44FF6000),PA(0x02300000),S(460800),T(0.000000)
I/Drv/IMem( 5296): Drv/IMem[freeM4UMemory] [StdM4U]VA(0x44e82000)/PA(0x2380000)/size(0x70800)/mID(0xffffffff)
D/MtkCam/VSSScen( 5296): [deque] P2VIDO:Id(-1),VA(0x44E82000),PA(0x02380000),S(460800),T(0.000000)
I/iio/ifunc( 5296): [_disable] P2 start(0x0)
I/MtkCam/MtkCamUtils( 5296): {CamProfile}[::updateOne] : (0-th) ===> [start-->now: 80 ms]
D/MtkCam/PrvCB( 5296): (25971)[handleReturnBuffers] + 34ms&)]
D/SurfaceTexture( 133): GraphicBuffer: gb=0x4323d6c8 handle=0x4351e980
D/SurfaceTexture( 133): EGLImage: dpy=0x1, img=0x4324e7e8
I/SurfaceFlinger( 133): [SurfaceFlinger] fps:7.043216,dur:1561.79,max:600.67,min:13.61
I/SurfaceTextureClient( 133): [STC::queueBuffer] (this:0x42ee4978) fps:5.56, dur:1258.55, max:600.72, min:1.12
I/BufferQueue( 133): [FramebufferSurface](this:0x42ee7008,api:1) [release] fps:5.56, dur:1258.54, max:600.74, min:1.08
I/BufferQueue( 133): [FramebufferSurface](this:0x42ee7008,api:1) [queue] fps:5.56, dur:1258.54, max:600.76, min:1.06
D/awb_algo( 5296): [PV AWB Gain] Rgain = 610, Ggain = 512, Bgain = 1112
D/awb_algo( 5296): CCT = 3033
D/paramctrl_attributes( 5296): setAWBInfo(): bAWBGainChanged = MTRUE
D/isp_tuning_custom( 5296): refineLightSourceAWBGainforMultiCCM()
D/isp_tuning_custom( 5296): D65 AWB Gain = (897, 512, 703)
D/isp_tuning_custom( 5296): TL84 AWB Gain = (681, 512, 957)
D/isp_tuning_custom( 5296): CWF AWB Gain = (725, 512, 989)
D/isp_tuning_custom( 5296): A AWB Gain = (607, 512, 1175)
D/isp_tuning_custom( 5296): evaluate_PCA_LUT_index()
D/isp_tuning_custom( 5296): [+evaluate_PCA_LUT_index](rCamInfo.eIdx_PCA_LUT, rCamInfo.rAWBInfo.i4CCT, rCamInfo.rAWBInfo.i4FluorescentIndex)=(0, 3033, 67)
D/ae_mgr ( 5296): [doPvAE]AE Wait Vd frame:1 Enable:1 avgY:242
D/isp_tuning_custom( 5296): map_ISO_value_to_index()
D/paramctrl_validate( 5296): [validatePerFrame](ParamChangeCount, fgForce)=(1, 0)
D/isp_tuning_custom( 5296): [IspCamInfo][dump](eIspProfile, eIdx_Scene)=(0, 0)
D/isp_tuning_custom( 5296): [RAWIspCamInfo][dump](eIdx_ISO, u4ISOValue, i4ZoomRatio_x100, i4LightValue_x10)=(2, 455, 100, 33, 1118145920)
D/isp_tuning_custom( 5296): [8 evaluate_Shading_CCT_index] CCT:3033 DF_IDX:100 i4PT:96 i4PW:0
D/isp_tuning_custom( 5296): [evaluate_Shading_CCT_index] eIdx_Shading_CCT_new:0
D/lsc_mgr ( 5296): [setCTIdx] Shading idx= 0
D/lsc_mgr ( 5296): [LscMgr:SetTBAToISP] TSF enable 0, state 1
D/lsc_mgr ( 5296): [getCTIdx] Shading idx= 0
D/lsc_mgr ( 5296): [getCTIdx] Shading idx= 0
D/lsc_mgr ( 5296): [LscMgr] SetTBAToISP m_eLscScenario 0, TableSize 16384, CCT 0x0, phyAddr 0x1f00000, XSize 0x3fff m_eSensorOp 0
D/lsc_mgr ( 5296): [LscMgr:enableLsc] Meta 0, Shading param 0x2, 0x1f00000, 0x20, 0x0,0xf03e ,0xf02f ,0x44002b ,0x20202020, 0x0
I/IspDrv ( 5296): {IspDrv} [createInstance] fgIsGdmaMode: 0.
D/lsc_mgr ( 5296): [getCTIdx] Shading idx= 0
I/IspDrv ( 5296): {IspDrv} [createInstance] fgIsGdmaMode: 0.
I/TdriMgr ( 5296): [applySetting] Cq(5)-Fun(3)
I/TdriMgr ( 5296): [applySetting] Cq(5)-Fun(4)
I/TdriMgr ( 5296): [applySetting] Cq(5)-Fun(5)
D/FLICKER ( 5296): [FLK Hal] FFLK func=sendCommand line=837 cmd=5
D/FLICKER ( 5296): [FLK Hal] FFLK func=enableFlickerDetection line=1090
D/aaa_hal/3Athread( 5296): rCmd(10)-
D/af_mgr ( 5296): DoAF[SGG|AF|FK|EIS|HRZ|ESFKO]d4 [X]16 342 668 994 1320 1646 [Y]16 260 504 748 992 1236 [Size]326 244 [TH]5 5 5
D/af_mgr ( 5296): [SGG_GN]16 [GMR1]31 [GMR2]63 [GMR3]127 [Deci]0 [Zig]0 [Odd]0 [IIRKeep]1 [Hsize]1996
D/af_mgr ( 5296): [F0]4 [F1]15 36 43 36 22 10 3 0 0 0 0 0
D/af_mgr ( 5296): [WinXE]668 [WinYE]504 [SizeXE]652 [SizeYE]488 [THE]5
D/FLICKER ( 5296): [FLK Hal] FFLK func=sendCommand line=837 cmd=7
D/AfAlgo ( 5296): [AfAlgoC][fv]499486 [gsum]26 [AEStbl]0 [ISO]455 [wait]3
D/af_mgr ( 5296): [AFStatH]492883 [AFStatFL]492883 [AFStatV]2201 [moveMCU] 431
D/MtkCam/VSSScen( 5296): [deque] P1:Idx(0),Id(95),VA(0x45893000),PA(0x02CC0000),S(3740000),T(10863.225206)
D/aaa_hal/3Athread( 5296): mCmdQ size(0) + cmd(10)
D/aaa_hal/3Athread( 5296): CmdQ-size(1), todo(10)
D/aaa_hal/3Athread( 5296): rCmd(10)+
D/MtkCam/MtkCamUtils( 5296): [queryRawStride]imgFmt(2), imgWidth(1996), stride(2000)
D/MtkCam/MtkCamUtils( 5296): (RecCB@ImgBufQue)[dequeProvider] Empty Que
D/MtkCam/PrvCQT( 5296): (25974)[updateOne] P2(0x18)
D/MtkCam/PrvCQT( 5296): (25974)[doCrop] S(1996/1496),D(640/480),Z(100),C(1,0,1994,1496)
I/Drv/IMem( 5296): Drv/IMem[mapPhyAddr] mID(0x5f),size(0x391160),VA(x45893000),PA(0x2cc0000),S/C(0/0)
I/Drv/IMem( 5296): Drv/IMem[mapPhyAddr] mID(0x5b),size(0x70800),VA(x450fe000),PA(0x2380000),S/C(0/0)
I/Drv/IMem( 5296): Drv/IMem[allocM4UMemory] [StdM4U]VA(0x44ef3000)/PA(0x2400000)/size(0x70800)/mID(0xffffffff)
I/Drv/IMem( 5296): Drv/IMem[mapPhyAddr] mID(0xffffffff),size(0x70800),VA(x44ef3000),PA(0x2400000),S/C(0/0)
I/iio/ppp ( 5296): [configPipe] Pass(0),sceFmt(0),imgi.fmt(2),isByImgi(0),sceID(8),dma(0x280080) isTurn(1),VA=0x43bca000 PA=0x2200000
I/IspDrv ( 5296): {IspDrv} [updateTurningCq1] updateCqdes(12) CtlEn1(0x4a00800) CtlEn2(0x1d) CtlMma(0x0)
I/iio/ifunc( 5296): [_config] path(2),CQ(4),en1(0x40300000),en2(0x38a20003),dma(0x00280080),fmt(0x00000106),ctl(0x00010050),tcm_en(0x9811e003),isIspOn(0x1)
I/iio/ifunc( 5296): [_config] cq(4),turEn1(0x04800800),turEn2(0x0000001d),turDma(0x00000000),dmaMerg(0x00280080),tcm(0x9811e003)
I/iio/ifunc( 5296): [_config] [Pass2]AppTurn(1) EN1-Set(0x44b00800),Clr(0x3400200)-En2:Set(0x38a2001f),Clr(0x40020)-DMA:Set(0x280080),Clr(0x7500)
I/TpipeDrv( 5296): {TpipeDrv} [runTpipeMain] [Top]bnr(0),lsc(0),lsci(0),lce(0),lcei(0),nbc(1),seee(1),cfa(1)--en1(0x00300000),en2(0x00220016),dma(0x00280080)
I/TpipeDrv( 5296): {TpipeDrv} [runTpipeMain] size(360)||[0-4]0000D00D-00000000-05D703BF-00000000-05D802EA||[85-89]600001C6-000000E3-01E000BA-00000000-000000E3
D/MtkCam/VSSScen( 5296): [deque] +
I/CdpDrv ( 5296): {CdpDrv} [DISPO_SetOutputAddr] cqPhy(0x443d3000),Dispo(0x2380000),DispCo(0x23ddc00),DispVo(0x23cb000)
I/CdpDrv ( 5296): {CdpDrv} [VIDO_SetOutputAddr] cqPhy(0x443d3000),Vido(0x2400000),VidCo(0x244b000),VidVo(0x2400000)
I/iio/path( 5296): [setDMACurrBuf] [VIDO]base(0x2400000)-0x244b000-0x2400000
I/iio/ifunc( 5296): [_enable] path(2),start(1),SCIO(6),En1(0x44b5b8a9),En2(0xb8a3401f),Dma(0x2800ab),CQ_status(0x4001111),CQ_debugset(24576)
I/iio/pathp2( 5296): [_waitIrq] type(0),irq(16384)
D/MtkCam/VSSScen( 5296): [deque] P2DISPO:Id(91),VA(0x450FE000),PA(0x02380000),S(460800),T(0.000000)
I/Drv/IMem( 5296): Drv/IMem[freeM4UMemory] [StdM4U]VA(0x44ef3000)/PA(0x2400000)/size(0x70800)/mID(0xffffffff)
D/MtkCam/VSSScen( 5296): [deque] P2VIDO:Id(-1),VA(0x44EF3000),PA(0x02400000),S(460800),T(0.000000)
I/iio/ifunc( 5296): [_disable] P2 start(0x0)
I/MtkCam/MtkCamUtils( 5296): {CamProfile}[::updateOne] : (0-th) ===> [start-->now: 89 ms]
D/MtkCam/PrvCB( 5296): (25971)[handleReturnBuffers] + 34ms [start-->now: 88 ms]
D/MtkCam/PrvCB( 5296): (25971)[handleReturnBuffers] + 34ms const&, android::Parcel const&, android::sp*)+84)
I/DEBUG (25978): #08 pc 0001a4db /system/lib/libbinder.so (android::Parcel::readStrongBinder() const+22)
I/DEBUG (25978): #09 pc 0001635b /system/lib/libcamera_client.so (deleted)
I/DEBUG (25978): #10 pc 00014361 /system/lib/libbinder.so (android::BBinder::transact(unsigned int, android::Parcel const&, android::Parcel*, unsigned int)+60)
I/DEBUG (25978): #11 pc 00016f15 /system/lib/libbinder.so (android::IPCThreadState::executeCommand(int)+516)
I/DEBUG (25978): #12 pc 0001736d /system/lib/libbinder.so (android::IPCThreadState::joinThreadPool(bool)+184)
I/DEBUG (25978): #13 pc 0001b1c9 /system/lib/libbinder.so
I/DEBUG (25978): #14 pc 00011267 /system/lib/libutils.so (android::Thread::_threadLoop(void*)+114)
I/DEBUG (25978): #15 pc 0004d053 /system/lib/libandroid_runtime.so (android::AndroidRuntime::javaThreadShell(void*)+150)
I/DEBUG (25978): #16 pc 00010dcd /system/lib/libutils.so
I/DEBUG (25978): #17 pc 0000e058 /system/lib/libc.so (__thread_entry+72)
I/DEBUG (25978):
I/DEBUG (25978): stack:
I/DEBUG (25978): 5d94cba8 0785aa28
I/DEBUG (25978): 5d94cbac 00054290
I/DEBUG (25978): 5d94cbb0 0000008a
I/DEBUG (25978): 5d94cbb4 00000000
I/DEBUG (25978): 5d94cbb8 5d1ed708
I/DEBUG (25978): 5d94cbbc 40090b20 /system/lib/libc.so (dlmalloc+480)
I/DEBUG (25978): 5d94cbc0 0785aa28
I/DEBUG (25978): 5d94cbc4 00054290
I/DEBUG (25978): 5d94cbc8 0000000c
I/DEBUG (25978): 5d94cbcc 00000003
I/DEBUG (25978): 5d94cbd0 0785aa28
I/DEBUG (25978): 5d94cbd4 00054290
I/DEBUG (25978): 5d94cbd8 00000130
I/DEBUG (25978): 5d94cbdc 00000001
I/DEBUG (25978): 5d94cbe0 df0027ad
I/DEBUG (25978): 5d94cbe4 00000000
I/DEBUG (25978): #00 5d94cbe8 0785aa28
I/DEBUG (25978): 5d94cbec 00054290
I/DEBUG (25978): 5d94cbf0 00000006
I/DEBUG (25978): 5d94cbf4 00000000
I/DEBUG (25978): 5d94cbf8 5d1da720
I/DEBUG (25978): 5d94cbfc 40090b20 /system/lib/libc.so (dlmalloc+480)
I/DEBUG (25978): 5d94cc00 40e37c88 /system/lib/libdvm.so
I/DEBUG (25978): 5d94cc04 572f5128 /dev/ashmem/dalvik-LinearAlloc (deleted)
I/DEBUG (25978): 5d94cc08 0785aa28
I/DEBUG (25978): 5d94cc0c 00054290
I/DEBUG (25978): 5d94cc10 0785aa28
I/DEBUG (25978): 5d94cc14 00054290
I/DEBUG (25978): 5d94cc18 0000004e
I/DEBUG (25978): 5d94cc1c 0000001e
I/DEBUG (25978): 5d94cc20 00000130
I/DEBUG (25978): 5d94cc24 40090b20 /system/lib/libc.so (dlmalloc+480)
I/DEBUG (25978): ........ ........
I/DEBUG (25978): #01 5d94cc90 00000000
I/DEBUG (25978): 5d94cc94 40138179 /system/lib/libutils.so (android::SharedBuffer::alloc(unsigned int)+12)
I/DEBUG (25978): #02 5d94cc98 5d209730
I/DEBUG (25978): 5d94cc9c 4013b137 /system/lib/libutils.so (android::VectorImpl::_grow(unsigned int, unsigned int)+82)
I/DEBUG (25978):
I/DEBUG (25978): memory near r4:
I/DEBUG (25978): 5f454d48 00000000 00000000 ff000000 00000000 ................
I/DEBUG (25978): 5f454d58 40800000 05000100 5b973b18 00000000 ...@.....;.[....
I/DEBUG (25978): 5f454d68 00000003 000001d9 5f454d68 5f454d68 ........hME_hME_
I/DEBUG (25978): 5f454d78 00000000 5d1d41e0 400e4d2c 00000001 .....A.],M.@....
I/DEBUG (25978): 5f454d88 6f662d78 2d737563 70657473 613b303d x-focus-step=0;a
I/DEBUG (25978):
I/DEBUG (25978): memory near sl:
I/DEBUG (25978): 400e51d4 00000000 00000000 00000000 00000000 ................
I/DEBUG (25978): 400e51e4 00000000 00000000 00000000 00000000 ................
I/DEBUG (25978): 400e51f4 8cd8e39b 00000000 00000000 00000000 ................
I/DEBUG (25978): 400e5204 00000007 00000002 00000000 00000000 ................
I/DEBUG (25978): 400e5214 00000000 00000000 00000000 00000000 ................
I/DEBUG (25978):
I/DEBUG (25978): memory near ip:
I/DEBUG (25978): 400e4bd8 00000000 00000000 00000000 00000000 ................
I/DEBUG (25978): 400e4be8 00000000 00000000 00000000 00000000 ................
I/DEBUG (25978): 400e4bf8 670040ec 000000df 00000080 00001338 .@.g........8...
I/DEBUG (25978): 400e4c08 41b88000 5d20b630 5f2c9ca0 00200000 ...A0. ]..,_.. .
I/DEBUG (25978): 400e4c18 000007ca 0785aa28 00000000 00000000 ....(...........
I/DEBUG (25978):
I/DEBUG (25978): memory near sp:
I/DEBUG (25978): 5d94cbc8 0000000c 00000003 0785aa28 00054290 ........(....B..
I/DEBUG (25978): 5d94cbd8 00000130 00000001 df0027ad 00000000 0........'......
I/DEBUG (25978): 5d94cbe8 0785aa28 00054290 00000006 00000000 (....B..........
I/DEBUG (25978): 5d94cbf8 5d1da720 40090b20 40e37c88 572f5128 ..] ..@.|.@(Q/W
I/DEBUG (25978): 5d94cc08 0785aa28 00054290 0785aa28 00054290 (....B..(....B..
I/DEBUG (25978):
I/DEBUG (25978): code around pc:
I/DEBUG (25978): 40090e04 11a02001 e3530000 1affffec e3540000 . ....S.......T.
I/DEBUG (25978): 40090e14 03520000 0a000124 e3520000 0a00000d ..R.$.....R.....
I/DEBUG (25978): 40090e24 e5920004 e3c01007 e0653001 e1530006 .........0e...S.
I/DEBUG (25978): 40090e34 31a06003 e5923010 31a04002 e3530000 .`.1.0...@.1..S.
I/DEBUG (25978): 40090e44 0a000001 e1a02003 eafffff4 e5923014 ..... .......0..
I/DEBUG (25978):
I/DEBUG (25978): code around lr:
I/DEBUG (25978): 40090b68 e5821008 e58c3004 e78c1001 e5845004 .....0.......P..
I/DEBUG (25978): 40090b78 e2844008 eaffffe0 e2800d07 ebffde0a .@..............
I/DEBUG (25978): 40090b88 e3500000 0affff77 e3a04000 eaffffe1 ..P.w....@......
I/DEBUG (25978): 40090b98 ebfff13f eaffff6e e59f2d38 e285500b ?...n...8-...P..
I/DEBUG (25978): 40090ba8 e3c55007 e08f3002 e593c004 e35c0000 .P...0........\.
D/af_mgr ( 5296): DoAF[SGG|AF|FK|EIS|HRZ|ESFKO]d4 [X]16 342 668 994 1320 1646 [Y]16 260 504 748 992 1236 [Size]326 244 [TH]5 5 5
D/af_mgr ( 5296): [SGG_GN]16 [GMR1]31 [GMR2]63 [GMR3]127 [Deci]0 [Zig]0 [Odd]0 [IIRKeep]1 [Hsize]1996
D/af_mgr ( 5296): [F0]4 [F1]15 36 43 36 22 10 3 0 0 0 0 0
D/af_mgr ( 5296): [WinXE]668 [WinYE]504 [SizeXE]652 [SizeYE]488 [THE]5
D/FLICKER ( 5296): [FLK Hal] FFLK func=sendCommand line=837 cmd=7
D/AfAlgo ( 5296): [AfAlgoC][fv]558083 [gsum]22 [AEStbl]0 [ISO]455 [wait]3
D/af_mgr ( 5296): [AFStatH]553496 [AFStatFL]553496 [AFStatV]1529 [moveMCU] 431
D/MtkCam/VSSScen( 5296): [deque] P1:Idx(0),Id(97),VA(0x45FB7000),PA(0x03440000),S(3740000),T(10863.405329)
D/aaa_hal/3Athread( 5296): mCmdQ size(0) + cmd(10)
D/aaa_hal/3Athread( 5296): CmdQ-size(1), todo(10)
D/aaa_hal/3Athread( 5296): rCmd(10)+
D/MtkCam/MtkCamUtils( 5296): [queryRawStride]imgFmt(2), imgWidth(1996), stride(2000)
D/MtkCam/MtkCamUtils( 5296): (CameraDisplay@ImgBufQue)[dequeProvider] Empty Que
D/MtkCam/MtkCamUtils( 5296): (RecCB@ImgBufQue)[dequeProvider] Empty Que
D/MtkCam/PrvCQT( 5296): (25974)[updateOne] P2(0x10)
D/MtkCam/PrvCQT( 5296): (25974)[doCrop] S(1996/1496),D(640/480),Z(100),C(1,0,1994,1496)
I/Drv/IMem( 5296): Drv/IMem[mapPhyAddr] mID(0x61),size(0x391160),VA(x45fb7000),PA(0x3440000),S/C(0/0)
I/Drv/IMem( 5296): Drv/IMem[allocM4UMemory] [StdM4U]VA(0x44e82000)/PA(0x2400000)/size(0x70800)/mID(0xffffffff)
I/Drv/IMem( 5296): Drv/IMem[mapPhyAddr] mID(0xffffffff),size(0x70800),VA(x44e82000),PA(0x2400000),S/C(0/0)
I/iio/ppp ( 5296): [configPipe] Pass(0),sceFmt(0),imgi.fmt(2),isByImgi(0),sceID(8),dma(0x80080) isTurn(1),VA=0x43bca000 PA=0x2200000
I/IspDrv ( 5296): {IspDrv} [updateTurningCq1] updateCqdes(12) CtlEn1(0x4a00800) CtlEn2(0x1d) CtlMma(0x0)
I/iio/ifunc( 5296): [_config] path(2),CQ(4),en1(0x40300000),en2(0x38a20003),dma(0x00080080),fmt(0x00000106),ctl(0x00810050),tcm_en(0x9811c003),isIspOn(0x1)
I/iio/ifunc( 5296): [_config] cq(4),turEn1(0x04800800),turEn2(0x0000001d),turDma(0x00000000),dmaMerg(0x00080080),tcm(0x9811c003)
I/iio/ifunc( 5296): [_config] [Pass2]AppTurn(1) EN1-Set(0x44b00800),Clr(0x3400200)-En2:Set(0x38a2001f),Clr(0x40020)-DMA:Set(0x80080),Clr(0x207500)
I/TpipeDrv( 5296): {TpipeDrv} [runTpipeMain] [Top]bnr(0),lsc(0),lsci(0),lce(0),lcei(0),nbc(1),seee(1),cfa(1)--en1(0x00300000),en2(0x00220016),dma(0x00080080)
I/TpipeDrv( 5296): {TpipeDrv} [runTpipeMain] size(300)||[0-4]0000D00D-00000000-05D703BF-00000000-05D802EA||[70-74]A00001CA-000001CA-01E000B6-00000000-000001CA
D/MtkCam/VSSScen( 5296): [deque] +
I/CdpDrv ( 5296): {CdpDrv} [VIDO_SetOutputAddr] cqPhy(0x443d3000),Vido(0x2400000),VidCo(0x244b000),VidVo(0x2400000)
I/iio/path( 5296): [setDMACurrBuf] [VIDO]base(0x2400000)-0x244b000-0x2400000
I/iio/ifunc( 5296): [_enable] path(2),start(1),SCIO(6),En1(0x44b5b8a9),En2(0xb8a3401f),Dma(0x800ab),CQ_status(0x4001111),CQ_debugset(24576)
I/iio/pathp2( 5296): [_waitIrq] type(0),irq(16384)
I/Drv/IMem( 5296): Drv/IMem[freeM4UMemory] [StdM4U]VA(0x44e82000)/PA(0x2400000)/size(0x70800)/mID(0xffffffff)
D/MtkCam/VSSScen( 5296): [deque] P2VIDO:Id(-1),VA(0x44E82000),PA(0x02400000),S(460800),T(0.000000)
I/iio/ifunc( 5296): [_disable] P2 start(0x0)
I/MtkCam/MtkCamUtils( 5296): {CamProfile}[::updateOne] : (0-th) ===> [start-->now: 89 ms]
D/MtkCam/PrvCB( 5296): (25971)[handleReturnBuffers] + 34ms [start-->now: 90 ms]
D/MtkCam/PrvCB( 5296): (25971)[handleReturnBuffers] + 34ms [start-->now: 89 ms]
D/MtkCam/PrvCB( 5296): (25971)[handleReturnBuffers] + 34ms [start-->now: 90 ms]
D/MtkCam/PrvCB( 5296): (25971)[handleReturnBuffers] + 34ms [start-->now: 90 ms]
D/MtkCam/PrvCB( 5296): (25971)[handleReturnBuffers] + 34ms [start-->now: 89 ms]
D/MtkCam/PrvCB( 5296): (25971)[handleReturnBuffers] + 34ms const&, android::Parcel const&, android::sp*)+84)
I/AEE/AED (25978): #08 pc 0001a4db /system/lib/libbinder.so (android::Parcel::readStrongBinder() const+22)
I/AEE/AED (25978): #09 pc 0001635b /system/lib/libcamera_client.so (deleted)
I/AEE/AED (25978): #10 pc 00014361 /system/lib/libbin
I/AEE/AED (25978): $** *** *** *** *** *** *** *** Exception *** *** *** *** *** *** *** **$
D/AEE/AED (25978): aed_report_dumpstate: filepath /sdcard/mtklog/aee_exp/temp/db.G25978, pid 25924, tid 25937, exp_class 1, db_opt 0
D/af_mgr ( 5296): DoAF[SGG|AF|FK|EIS|HRZ|ESFKO]d4 [X]16 342 668 994 1320 1646 [Y]16 260 504 748 992 1236 [Size]326 244 [TH]5 5 5
D/af_mgr ( 5296): [SGG_GN]16 [GMR1]31 [GMR2]63 [GMR3]127 [Deci]0 [Zig]0 [Odd]0 [IIRKeep]1 [Hsize]1996
D/af_mgr ( 5296): [F0]4 [F1]15 36 43 36 22 10 3 0 0 0 0 0
D/af_mgr ( 5296): [WinXE]668 [WinYE]504 [SizeXE]652 [SizeYE]488 [THE]5
D/FLICKER ( 5296): [FLK Hal] FFLK func=sendCommand line=837 cmd=7
D/AfAlgo ( 5296): [AfAlgoC][fv]563603 [gsum]9 [AEStbl]1 [ISO]455 [wait]3
D/AfAlgo ( 5296): [AfAlgoC][Thres]422650 [ValidCnt] 0 [ShockCnt] 0 [FrmCnt)] 0
D/AfAlgo ( 5296): [AfAlgoC][FirstFV]845353 [FVDiff]281750 [FVThres]380385 [FVCnt]0 [FVNum]2 [GSDiff]1 [GSThres]20 [GSCnt]0 [GSNum]2
D/af_mgr ( 5296): [AFStatH]563528 [AFStatFL]563528 [AFStatV]25 [moveMCU] 431
D/MtkCam/VSSScen( 5296): [deque] P1:Idx(0),Id(93),VA(0x4516F000),PA(0x02540000),S(3740000),T(10863.945699)
D/aaa_hal/3Athread( 5296): mCmdQ size(0) + cmd(10)
D/aaa_hal/3Athread( 5296): CmdQ-size(1), todo(10)
D/aaa_hal/3Athread( 5296): rCmd(10)+
D/MtkCam/MtkCamUtils( 5296): [queryRawStride]imgFmt(2), imgWidth(1996), stride(2000)
D/MtkCam/MtkCamUtils( 5296): (CameraDisplay@ImgBufQue)[dequeProvider] Empty Que
D/MtkCam/MtkCamUtils( 5296): (RecCB@ImgBufQue)[dequeProvider] Empty Que
D/MtkCam/PrvCQT( 5296): (25974)[updateOne] P2(0x10)
D/MtkCam/PrvCQT( 5296): (25974)[doCrop] S(1996/1496),D(640/480),Z(100),C(1,0,1994,1496)
I/Drv/IMem( 5296): Drv/IMem[mapPhyAddr] mID(0x5d),size(0x391160),VA(x4516f000),PA(0x2540000),S/C(0/0)
I/Drv/IMem( 5296): Drv/IMem[allocM4UMemory] [StdM4U]VA(0x44e82000)/PA(0x2400000)/size(0x70800)/mID(0xffffffff)
I/Drv/IMem( 5296): Drv/IMem[mapPhyAddr] mID(0xffffffff),size(0x70800),VA(x44e82000),PA(0x2400000),S/C(0/0)
I/iio/ppp ( 5296): [configPipe] Pass(0),sceFmt(0),imgi.fmt(2),isByImgi(0),sceID(8),dma(0x80080) isTurn(1),VA=0x43bca000 PA=0x2200000
I/IspDrv ( 5296): {IspDrv} [updateTurningCq1] updateCqdes(0) CtlEn1(0x0) CtlEn2(0x0) CtlMma(0x0)
I/iio/ifunc( 5296): [_config] path(2),CQ(4),en1(0x40300000),en2(0x38a20003),dma(0x00080080),fmt(0x00000106),ctl(0x00810050),tcm_en(0x9811c003),isIspOn(0x1)
I/iio/ifunc( 5296): [_config] cq(4),turEn1(0x04800800),turEn2(0x0000001d),turDma(0x00000000),dmaMerg(0x00080080),tcm(0x9811c003)
I/iio/ifunc( 5296): [_config] [Pass2]AppTurn(1) EN1-Set(0x44b00800),Clr(0x3400200)-En2:Set(0x38a2001f),Clr(0x40020)-DMA:Set(0x80080),Clr(0x207500)
I/TpipeDrv( 5296): {TpipeDrv} [runTpipeMain] [Top]bnr(0),lsc(0),lsci(0),lce(0),lcei(0),nbc(1),seee(1),cfa(1)--en1(0x00300000),en2(0x00220016),dma(0x00080080)
I/TpipeDrv( 5296): {TpipeDrv} [runTpipeMain] size(300)||[0-4]0000D00D-00000000-05D703BF-00000000-05D802EA||[70-74]A00001CA-000001CA-01E000B6-00000000-000001CA
D/MtkCam/VSSScen( 5296): [deque] +
I/CdpDrv ( 5296): {CdpDrv} [VIDO_SetOutputAddr] cqPhy(0x443d3000),Vido(0x2400000),VidCo(0x244b000),VidVo(0x2400000)
I/iio/path( 5296): [setDMACurrBuf] [VIDO]base(0x2400000)-0x244b000-0x2400000
I/iio/ifunc( 5296): [_enable] path(2),start(1),SCIO(6),En1(0x44b5b8a9),En2(0xb8a3401f),Dma(0x800ab),CQ_status(0x4001111),CQ_debugset(24576)
I/iio/pathp2( 5296): [_waitIrq] type(0),irq(16384)
I/AEE/DUMPSTATE(25982): begin
I/Drv/IMem( 5296): Drv/IMem[freeM4UMemory] [StdM4U]VA(0x44e82000)/PA(0x2400000)/size(0x70800)/mID(0xffffffff)
D/MtkCam/VSSScen( 5296): [deque] P2VIDO:Id(-1),VA(0x44E82000),PA(0x02400000),S(460800),T(0.000000)
I/iio/ifunc( 5296): [_disable] P2 start(0x0)
I/MtkCam/MtkCamUtils( 5296): {CamProfile}[::updateOne] : (0-th) ===> [start-->now: 90 ms]
D/MtkCam/PrvCB( 5296): (25971)[handleReturnBuffers] + 34ms [start-->now: 89 ms]
D/MtkCam/PrvCB( 5296): (25971)[handleReturnBuffers] + 34ms [start-->now: 90 ms]
D/MtkCam/PrvCQT( 5296): (25974)[update] frameCnt(12)
D/MtkCam/PrvCB( 5296): (25971)[handleReturnBuffers] + 34ms&)]
D/SurfaceTexture( 133): GraphicBuffer: gb=0x4351f580 handle=0x43519b30
D/SurfaceTexture( 133): EGLImage: dpy=0x1, img=0x4351f9f0
I/BufferQueue( 133): [StatusBar](this:0x43515e58,api:1) [release] fps:1.21, dur:1647.04, max:1046.36, min:600.68
I/SurfaceFlinger( 133): [SurfaceFlinger] fps:0.955590,dur:1046.47,max:1046.47,min:1046.47
I/SurfaceTextureClient( 133): [STC::queueBuffer] (this:0x42ee4978) fps:0.96, dur:1046.48, max:1046.48, min:1046.48
I/BufferQueue( 133): [FramebufferSurface](this:0x42ee7008,api:1) [release] fps:0.96, dur:1046.47, max:1046.47, min:1046.47
I/BufferQueue( 133): [FramebufferSurface](this:0x42ee7008,api:1) [queue] fps:0.96, dur:1046.47, max:1046.47, min:1046.47
I/Drv/IMem( 5296): Drv/IMem[freeM4UMemory] [StdM4U]VA(0x44e82000)/PA(0x2400000)/size(0x70800)/mID(0xffffffff)
D/MtkCam/VSSScen( 5296): [deque] P2VIDO:Id(-1),VA(0x44E82000),PA(0x02400000),S(460800),T(0.000000)
I/iio/ifunc( 5296): [_disable] P2 start(0x0)
I/MtkCam/MtkCamUtils( 5296): {CamProfile}[::updateOne] : (0-th) ===> [start-->now: 90 ms]
D/MtkCam/PrvCB( 5296): (25971)[handleReturnBuffers] + 34ms [start-->now: 89 ms]
D/MtkCam/PrvCB( 5296): (25971)[handleReturnBuffers] + 34ms [start-->now: 89 ms]
D/MtkCam/PrvCB( 5296): (25971)[handleReturnBuffers] + 34ms [start-->now: 94 ms]
D/MtkCam/PrvCB( 5296): (25971)[handleReturnBuffers] + 34ms [start-->now: 85 ms]
D/MtkCam/PrvCB( 5296): (25971)[handleReturnBuffers] + 34ms [start-->now: 90 ms]
D/MtkCam/PrvCB( 5296): (25971)[handleReturnBuffers] + 34ms [start-->now: 90 ms]
D/MtkCam/PrvCB( 5296): (25971)[handleReturnBuffers] + 34ms [start-->now: 89 ms]
D/MtkCam/PrvCB( 5296): (25971)[handleReturnBuffers] + 34ms [start-->now: 89 ms]
D/MtkCam/PrvCQT( 5296): (25974)[update] frameCnt(21)
D/MtkCam/PrvCB( 5296): (25971)[handleReturnBuffers] + 34ms [start-->now: 90 ms]
D/MtkCam/PrvCQT( 5296): (25974)[update] frameCnt(22)
D/MtkCam/PrvCB( 5296): (25971)[handleReturnBuffers] + 34ms [start-->now: 90 ms]
D/MtkCam/PrvCQT( 5296): (25974)[update] frameCnt(23)
D/MtkCam/PrvCB( 5296): (25971)[handleReturnBuffers] + 34ms [start-->now: 90 ms]
D/MtkCam/PrvCB( 5296): (25971)[handleReturnBuffers] + 34ms [start-->now: 89 ms]
D/MtkCam/PrvCB( 5296): (25971)[handleReturnBuffers] + 34ms [start-->now: 90 ms]
D/MtkCam/PrvCB( 5296): (25971)[handleReturnBuffers] + 34ms [start-->now: 90 ms]
D/MtkCam/PrvCB( 5296): (25971)[handleReturnBuffers] + 34ms [start-->now: 89 ms]
D/MtkCam/PrvCB( 5296): (25971)[handleReturnBuffers] + 34ms [start-->now: 89 ms]
D/MtkCam/PrvCB( 5296): (25971)[handleReturnBuffers] + 34ms [start-->now: 89 ms]
D/MtkCam/PrvCB( 5296): (25971)[handleReturnBuffers] + 34ms [start-->now: 89 ms]
D/MtkCam/PrvCB( 5296): (25971)[handleReturnBuffers] + 34ms [start-->now: 90 ms]
D/MtkCam/PrvCB( 5296): (25971)[handleReturnBuffers] + 34ms [start-->now: 90 ms]
D/MtkCam/PrvCB( 5296): (25971)[handleReturnBuffers] + 34ms [start-->now: 90 ms]
D/MtkCam/PrvCB( 5296): (25971)[handleReturnBuffers] + 34ms [start-->now: 89 ms]
D/MtkCam/PrvCQT( 5296): (25974)[update] frameCnt(35)
D/MtkCam/PrvCB( 5296): (25971)[handleReturnBuffers] + 34ms [start-->now: 89 ms]
D/MtkCam/PrvCB( 5296): (25971)[handleReturnBuffers] + 34ms [start-->now: 90 ms]
D/MtkCam/PrvCB( 5296): (25971)[handleReturnBuffers] + 34ms [start-->now: 89 ms]
D/MtkCam/PrvCB( 5296): (25971)[handleReturnBuffers] + 34ms [start-->now: 90 ms]
D/MtkCam/PrvCB( 5296): (25971)[handleReturnBuffers] + 34ms [start-->now: 89 ms]
D/MtkCam/PrvCB( 5296): (25971)[handleReturnBuffers] + 34ms [start-->now: 92 ms]
D/MtkCam/PrvCB( 5296): (25971)[handleReturnBuffers] + 34ms [start-->now: 87 ms]
D/MtkCam/PrvCB( 5296): (25971)[handleReturnBuffers] + 34ms [start-->now: 92 ms]
D/MtkCam/PrvCB( 5296): (25971)[handleReturnBuffers] + 34ms [start-->now: 89 ms]
D/MtkCam/PrvCB( 5296): (25971)[handleReturnBuffers] + 34ms [start-->now: 90 ms]
D/MtkCam/PrvCB( 5296): (25971)[handleReturnBuffers] + 34ms [start-->now: 89 ms]
D/MtkCam/PrvCB( 5296): (25971)[handleReturnBuffers] + 34ms [start-->now: 87 ms]
D/MtkCam/PrvCB( 5296): (25971)[handleReturnBuffers] + 34ms [start-->now: 89 ms]
D/MtkCam/PrvCB( 5296): (25971)[handleReturnBuffers] + 34ms [start-->now: 92 ms]
D/MtkCam/PrvCQT( 5296): (25974)[update] frameCnt(49)
D/MtkCam/PrvCB( 5296): (25971)[handleReturnBuffers] + 34ms [start-->now: 90 ms]
D/MtkCam/PrvCB( 5296): (25971)[handleReturnBuffers] + 34ms [start-->now: 89 ms]
D/MtkCam/PrvCB( 5296): (25971)[handleReturnBuffers] + 34ms [start-->now: 89 ms]
D/MtkCam/PrvCB( 5296): (25971)[handleReturnBuffers] + 34ms [start-->now: 89 ms]
D/MtkCam/PrvCB( 5296): (25971)[handleReturnBuffers] + 34ms [start-->now: 89 ms]
D/MtkCam/PrvCQT( 5296): (25974)[update] frameCnt(54)
D/MtkCam/PrvCB( 5296): (25971)[handleReturnBuffers] + 34ms [start-->now: 89 ms]
D/MtkCam/PrvCB( 5296): (25971)[handleReturnBuffers] + 34ms [start-->now: 89 ms]
D/MtkCam/PrvCB( 5296): (25971)[handleReturnBuffers] + 34ms [start-->now: 90 ms]
D/MtkCam/PrvCB( 5296): (25971)[handleReturnBuffers] + 34ms [start-->now: 89 ms]
D/MtkCam/PrvCB( 5296): (25971)[handleReturnBuffers] + 34ms [start-->now: 90 ms]
D/MtkCam/PrvCQT( 5296): (25974)[update] frameCnt(59)
D/MtkCam/VSSScen( 5296): [deque] +
D/MtkCam/PrvCB( 5296): (25971)[handleReturnBuffers] + 34ms [start-->now: 89 ms]
D/MtkCam/PrvCQT( 5296): (25974)[update] frameCnt(60)
D/MtkCam/VSSScen( 5296): [deque] +
D/MtkCam/PrvCB( 5296): (25971)[handleReturnBuffers] + 34ms [start-->now: 90 ms]
D/MtkCam/PrvCQT( 5296): (25974)[update] frameCnt(61)
D/MtkCam/VSSScen( 5296): [deque] +
D/MtkCam/PrvCB( 5296): (25971)[handleReturnBuffers] + 34ms [start-->now: 87 ms]
D/MtkCam/PrvCQT( 5296): (25974)[update] frameCnt(62)
D/MtkCam/VSSScen( 5296): [deque] +
D/MtkCam/PrvCB( 5296): (25971)[handleReturnBuffers] + 34ms [start-->now: 92 ms]
D/MtkCam/PrvCQT( 5296): (25974)[update] frameCnt(63)
D/MtkCam/VSSScen( 5296): [deque] +
D/MtkCam/PrvCB( 5296): (25971)[handleReturnBuffers] + 34ms [start-->now: 89 ms]
D/MtkCam/PrvCQT( 5296): (25974)[update] frameCnt(64)
D/MtkCam/VSSScen( 5296): [deque] +
D/MtkCam/PrvCB( 5296): (25971)[handleReturnBuffers] + 34ms [start-->now: 90 ms]
D/MtkCam/PrvCQT( 5296): (25974)[update] frameCnt(65)
D/MtkCam/VSSScen( 5296): [deque] +
D/MtkCam/PrvCB( 5296): (25971)[handleReturnBuffers] + 34ms [start-->now: 89 ms]
D/MtkCam/PrvCQT( 5296): (25974)[update] frameCnt(66)
D/MtkCam/VSSScen( 5296): [deque] +
D/MtkCam/PrvCB( 5296): (25971)[handleReturnBuffers] + 34ms [start-->now: 89 ms]
D/MtkCam/PrvCQT( 5296): (25974)[update] frameCnt(67)
D/MtkCam/VSSScen( 5296): [deque] +
D/MtkCam/PrvCB( 5296): (25971)[handleReturnBuffers] + 34ms [start-->now: 89 ms]
D/MtkCam/PrvCQT( 5296): (25974)[update] frameCnt(68)
D/MtkCam/VSSScen( 5296): [deque] +
D/MtkCam/PrvCB( 5296): (25971)[handleReturnBuffers] + 34ms [start-->now: 90 ms]
D/MtkCam/PrvCQT( 5296): (25974)[update] frameCnt(69)
D/MtkCam/VSSScen( 5296): [deque] +
D/MtkCam/PrvCB( 5296): (25971)[handleReturnBuffers] + 34ms [start-->now: 89 ms]
D/MtkCam/PrvCQT( 5296): (25974)[update] frameCnt(70)
D/MtkCam/VSSScen( 5296): [deque] +
D/MtkCam/PrvCB( 5296): (25971)[handleReturnBuffers] + 34ms [start-->now: 89 ms]
D/MtkCam/PrvCQT( 5296): (25974)[update] frameCnt(71)
D/MtkCam/VSSScen( 5296): [deque] +
D/MtkCam/PrvCB( 5296): (25971)[handleReturnBuffers] + 34ms [start-->now: 89 ms]
D/MtkCam/PrvCQT( 5296): (25974)[update] frameCnt(72)
D/MtkCam/VSSScen( 5296): [deque] +
D/MtkCam/PrvCB( 5296): (25971)[handleReturnBuffers] + 34ms [start-->now: 87 ms]
D/MtkCam/PrvCQT( 5296): (25974)[update] frameCnt(73)
D/MtkCam/VSSScen( 5296): [deque] +
D/MtkCam/PrvCB( 5296): (25971)[handleReturnBuffers] + 34ms [start-->now: 92 ms]
D/MtkCam/PrvCQT( 5296): (25974)[update] frameCnt(74)
D/MtkCam/VSSScen( 5296): [deque] +
D/MtkCam/PrvCB( 5296): (25971)[handleReturnBuffers] + 34ms [start-->now: 89 ms]
D/MtkCam/PrvCQT( 5296): (25974)[update] frameCnt(75)
D/MtkCam/VSSScen( 5296): [deque] +
D/MtkCam/PrvCB( 5296): (25971)[handleReturnBuffers] + 34ms [start-->now: 89 ms]
D/MtkCam/PrvCQT( 5296): (25974)[update] frameCnt(76)
D/MtkCam/VSSScen( 5296): [deque] +
D/MtkCam/PrvCB( 5296): (25971)[handleReturnBuffers] + 34ms [start-->now: 89 ms]
D/MtkCam/PrvCQT( 5296): (25974)[update] frameCnt(77)
D/MtkCam/VSSScen( 5296): [deque] +
D/MtkCam/PrvCB( 5296): (25971)[handleReturnBuffers] + 34ms [start-->now: 89 ms]
D/MtkCam/PrvCQT( 5296): (25974)[update] frameCnt(78)
D/MtkCam/VSSScen( 5296): [deque] +
D/MtkCam/PrvCB( 5296): (25971)[handleReturnBuffers] + 34ms [start-->now: 89 ms]
D/MtkCam/PrvCQT( 5296): (25974)[update] frameCnt(79)
D/MtkCam/VSSScen( 5296): [deque] +
D/MtkCam/PrvCB( 5296): (25971)[handleReturnBuffers] + 34ms [start-->now: 89 ms]
D/MtkCam/PrvCQT( 5296): (25974)[update] frameCnt(80)
D/MtkCam/VSSScen( 5296): [deque] +
D/MtkCam/PrvCB( 5296): (25971)[handleReturnBuffers] + 34ms [start-->now: 87 ms]
D/MtkCam/PrvCQT( 5296): (25974)[update] frameCnt(81)
D/MtkCam/VSSScen( 5296): [deque] +
D/MtkCam/PrvCB( 5296): (25971)[handleReturnBuffers] + 34ms [start-->now: 92 ms]
D/MtkCam/PrvCQT( 5296): (25974)[update] frameCnt(82)
D/MtkCam/VSSScen( 5296): [deque] +
D/MtkCam/PrvCB( 5296): (25971)[handleReturnBuffers] + 34ms [start-->now: 89 ms]
D/MtkCam/PrvCQT( 5296): (25974)[update] frameCnt(83)
D/MtkCam/VSSScen( 5296): [deque] +
D/MtkCam/PrvCB( 5296): (25971)[handleReturnBuffers] + 34ms [start-->now: 89 ms]
D/MtkCam/PrvCQT( 5296): (25974)[update] frameCnt(84)
D/MtkCam/VSSScen( 5296): [deque] +
D/MtkCam/PrvCB( 5296): (25971)[handleReturnBuffers] + 34ms [start-->now: 87 ms]
D/MtkCam/PrvCQT( 5296): (25974)[update] frameCnt(85)
D/MtkCam/VSSScen( 5296): [deque] +
D/MtkCam/PrvCB( 5296): (25971)[handleReturnBuffers] + 34ms [start-->now: 92 ms]
D/MtkCam/PrvCQT( 5296): (25974)[update] frameCnt(86)
D/MtkCam/VSSScen( 5296): [deque] +
D/MtkCam/PrvCB( 5296): (25971)[handleReturnBuffers] + 34ms [start-->now: 87 ms]
D/MtkCam/PrvCQT( 5296): (25974)[update] frameCnt(87)
D/MtkCam/VSSScen( 5296): [deque] +
D/MtkCam/PrvCB( 5296): (25971)[handleReturnBuffers] + 34ms [start-->now: 92 ms]
D/MtkCam/PrvCQT( 5296): (25974)[update] frameCnt(88)
D/MtkCam/VSSScen( 5296): [deque] +
D/MtkCam/PrvCB( 5296): (25971)[handleReturnBuffers] + 34ms [start-->now: 89 ms]
D/MtkCam/PrvCQT( 5296): (25974)[update] frameCnt(89)
D/MtkCam/VSSScen( 5296): [deque] +
D/MtkCam/PrvCB( 5296): (25971)[handleReturnBuffers] + 34ms [start-->now: 89 ms]
D/MtkCam/PrvCQT( 5296): (25974)[update] frameCnt(90)
D/MtkCam/VSSScen( 5296): [deque] +
D/MtkCam/PrvCB( 5296): (25971)[handleReturnBuffers] + 34ms [start-->now: 89 ms]
D/MtkCam/PrvCQT( 5296): (25974)[update] frameCnt(91)
D/MtkCam/VSSScen( 5296): [deque] +
D/MtkCam/PrvCB( 5296): (25971)[handleReturnBuffers] + 34ms [start-->now: 89 ms]
D/MtkCam/PrvCQT( 5296): (25974)[update] frameCnt(92)
D/MtkCam/VSSScen( 5296): [deque] +
D/MtkCam/PrvCB( 5296): (25971)[handleReturnBuffers] + 34ms [start-->now: 89 ms]
D/MtkCam/PrvCQT( 5296): (25974)[update] frameCnt(93)
D/MtkCam/VSSScen( 5296): [deque] +
D/MtkCam/PrvCB( 5296): (25971)[handleReturnBuffers] + 34ms [start-->now: 89 ms]
D/MtkCam/PrvCQT( 5296): (25974)[update] frameCnt(94)
