D/SignalClusterViewGemini( 5719): isSimInserted(1), SimInserted=true
D/SignalClusterViewGemini( 5719): apply, mMobileVisible=true, mWifiVisible=true, mIsAirplaneMode=false
W/ResourceType( 5719): No package identifier when getting value for resource number 0x00000000
D/SignalClusterViewGemini( 5719): isSimInserted(0), SimInserted=true
D/SignalClusterViewGemini( 5719): isSimInserted(1), SimInserted=true
D/NetworkControllerGemini( 5719): PhoneStateListener:onSignalStrengthsChanged, sim1 after.
D/TelephonyManager( 5892): getDefaultSim is sim1
D/TelephonyManager( 5892): getDefaultSim is sim1
I/SurfaceTextureClient( 5719): [STC::queueBuffer] (this:0x5dd8ce08) fps:2.91, dur:1031.53, max:950.06, min:7.78
I/BufferQueue( 133): [StatusBar](this:0x43515e58,api:1) [queue] fps:2.91, dur:1031.75, max:950.32, min:7.70
I/BufferQueue( 133): [StatusBar](this:0x43515e58,api:1) [release] fps:2.91, dur:1030.51, max:944.51, min:17.13
I/SurfaceFlinger( 133): [SurfaceFlinger] fps:4.850677,dur:1030.78,max:608.55,min:17.07
V/Provider/Settings( 5783): from settings cache , name = pdp_watchdog_poll_interval_ms , value = null
I/BufferQueue( 133): [StatusBar](this:0x43515e58,api:1) [release] fps:0.99, dur:1012.41, max:1012.41, min:1012.41
I/SurfaceFlinger( 133): [SurfaceFlinger] fps:2.963148,dur:1012.44,max:606.50,min:182.93
V/Provider/Settings( 5783): from settings cache , name = pdp_watchdog_poll_interval_ms , value = null
D/BatteryService( 5535): mBatteryVoltage=3861
V/ActivityManager( 5535): Broadcast sticky: Intent { act=android.intent.action.BATTERY_CHANGED flg=0x60000010 (has extras) } ordered=false userid=-1
D/StatusBar.BatteryController( 5719): BatteryController onReceive action is android.intent.action.BATTERY_CHANGED
D/StatusBar.BatteryController( 5719): status = 4
D/StatusBar.BatteryController( 5719): plugged is false fulled is false mBatteryProtection = false R.drawable.stat_sys_battery_charge is 2130837828 R.drawable.stat_sys_battery is 2130837819 icon is 2130837819
D/KeyguardUpdateMonitor( 5535): received broadcast android.intent.action.BATTERY_CHANGED
D/KeyguardUpdateMonitor( 5535): handleBatteryUpdate
D/Bluetooth HS/HF( 5783): [BT][HFG] [API] mStateReceiver.onReceive(android.intent.action.BATTERY_CHANGED)
D/Bluetooth HS/HF( 5783): [BT][HFG] [API] mHandler.handleMessage(9)
D/Bluetooth HS/HF( 5783): [BT][HFG] [API] updateBatteryState
D/WifiService( 5535): onReceive, action:android.intent.action.BATTERY_CHANGED
V/Provider/Settings( 5535): from settings cache , name = wifi_idle_ms , value = null
V/Provider/Settings( 5535): from settings cache , name = stay_on_while_plugged_in , value = 0
D/WifiService( 5535): ACTION_BATTERY_CHANGED pluggedType: 0
D/UsbDeviceManager( 5535): onReceive - BATTERY_CHANGED - mPlugType: 0, mSettingUsbCharging: false, mConnected: false, mSettingUsbBicr: false
D/PowerManagerService( 5535): updateIsPoweredLocked: wasPowered=false, mIsPowered=false, oldPlugType=0, mPlugType=0, mBatteryLevel=73
D/PowerManagerService( 5535): handleSandman: canDream=true, mWakefulness=Awake
D/StatusBar.BatteryController( 5719): mBatteryPercentage is 73% mShouldShowBatteryPercentage is false mLabelViews.size() 1
D/PowerUI ( 5719): action = android.intent.action.BATTERY_CHANGED
D/PowerUI ( 5719): Intent start() ret = false mHideLowBDialog= true
D/PowerUI ( 5719): oldBatteryLevel = 73mBatteryLevel = 73
I/SurfaceTextureClient( 5719): [STC::queueBuffer] (this:0x5dd8ce08) fps:1.50, dur:1336.71, max:996.48, min:340.22
I/BufferQueue( 133): [StatusBar](this:0x43515e58,api:1) [queue] fps:1.50, dur:1336.49, max:996.36, min:340.12
V/Provider/Settings( 5535): from settings cache , name = location_providers_allowed , value = network
I/SurfaceTextureClient(25747): [STC::queueBuffer] (this:0x5eda7318) fps:1.70, dur:1769.13, max:773.62, min:223.04
I/BufferQueue( 133): [com.android.deskclock/com.android.deskclock.DeskClock](this:0x43523f10,api:1) [queue] fps:1.70, dur:1769.16, max:773.71, min:223.02
I/BufferQueue( 133): [com.android.deskclock/com.android.deskclock.DeskClock](this:0x43523f10,api:1) [release] fps:1.70, dur:1767.94, max:772.66, min:223.05
V/Provider/Settings( 5783): from settings cache , name = pdp_watchdog_poll_interval_ms , value = null
D/StateMachine( 5535): handleMessage: E msg.what=131155
D/StateMachine( 5535): processMsg: ConnectedState
D/WifiStateMachine( 5535): ConnectedState{ what=131155 when=-3ms arg1=30 target=Handler (com.android.internal.util.StateMachine$SmHandler) {4277a800} }
D/StateMachine( 5535): processMsg: L2ConnectedState
D/WifiStateMachine( 5535): L2ConnectedState{ what=131155 when=-4ms arg1=30 target=Handler (com.android.internal.util.StateMachine$SmHandler) {4277a800} }
D/WifiNative-wlan0( 5535): doString: SIGNAL_POLL
D/WifiCommon( 5535): [wlan0] SET "SIGNAL_POLL"
D/wpa_supplicant( 5621): RX ctrl_iface - hexdump(len=11): 53 49 47 4e 41 4c 5f 50 4f 4c 4c
D/wpa_supplicant( 5621): wlan0: Control interface command 'SIGNAL_POLL'
D/wpa_supplicant( 5621): nl80211: survey data missing!
I/WifiStateMachine( 5535): fetchRssiAndLinkSpeedNative, newRssi:-75, newLinkSpeed:39
D/StateMachine( 5535): handleMessage: X
I/SurfaceTextureClient(25747): [STC::queueBuffer] (this:0x5eda7318) fps:1.97, dur:1013.34, max:773.63, min:239.71
I/BufferQueue( 133): [com.android.deskclock/com.android.deskclock.DeskClock](this:0x43523f10,api:1) [queue] fps:1.97, dur:1013.35, max:773.74, min:239.61
I/BufferQueue( 133): [com.android.deskclock/com.android.deskclock.DeskClock](this:0x43523f10,api:1) [release] fps:1.98, dur:1012.45, max:772.23, min:240.23
I/SurfaceFlinger( 133): [SurfaceFlinger] fps:3.117032,dur:1604.09,max:608.45,min:165.27
I/SurfaceTextureClient( 5719): [STC::queueBuffer] (this:0x5dd8ce08) fps:1.20, dur:1662.63, max:993.38, min:669.25
I/BufferQueue( 133): [StatusBar](this:0x43515e58,api:1) [queue] fps:1.20, dur:1662.83, max:993.47, min:669.36
I/BufferQueue( 133): [StatusBar](this:0x43515e58,api:1) [release] fps:1.51, dur:1990.99, max:995.27, min:326.27
V/Provider/Settings( 5783): from settings cache , name = pdp_watchdog_poll_interval_ms , value = null
D/ADB_SERVICES( 9881): adb fdevent_process list (15) (48)
D/ADB_SERVICES( 9881): adb socket read list (15)
D/ADB_SERVICES( 9881): read_data=27
D/ADB_SERVICES( 9881): max_read_time=0.000064 max_send_time=0.000171
D/ADB_SERVICES( 9881): adb local_socket_ready list (15)
I/SurfaceTextureClient(25747): [STC::queueBuffer] (this:0x5eda7318) fps:2.43, dur:1233.70, max:773.25, min:221.13
I/BufferQueue( 133): [com.android.deskclock/com.android.deskclock.DeskClock](this:0x43523f10,api:1) [queue] fps:2.43, dur:1233.66, max:773.27, min:221.03
I/BufferQueue( 133): [com.android.deskclock/com.android.deskclock.DeskClock](this:0x43523f10,api:1) [release] fps:2.43, dur:1235.63, max:772.40, min:223.04
I/SurfaceFlinger( 133): [SurfaceFlinger] fps:3.242145,dur:1233.75,max:607.42,min:165.79
V/Provider/Settings( 5783): from settings cache , name = pdp_watchdog_poll_interval_ms , value = null
I/SurfaceTextureClient( 5719): [STC::queueBuffer] (this:0x5dd8ce08) fps:0.99, dur:2016.31, max:1021.65, min:994.65
I/BufferQueue( 133): [StatusBar](this:0x43515e58,api:1) [queue] fps:0.99, dur:2016.33, max:1021.77, min:994.55
V/ActivityManager( 5535): Broadcast sticky: Intent { act=android.intent.action.SIG_STR flg=0x10 (has extras) } ordered=false userid=-1
I/BufferQueue( 133): [StatusBar](this:0x43515e58,api:1) [release] fps:0.99, dur:2025.09, max:1029.64, min:995.45
I/SurfaceFlinger( 133): [SurfaceFlinger] fps:3.394863,dur:1178.25,max:623.99,min:148.52
D/Bluetooth HS/HF( 5783): [BT][HFG] [API] mStateReceiver.onReceive(android.intent.action.SIG_STR)
D/Bluetooth HS/HF( 5783): [BT][HFG] [API] mHandler.handleMessage(10)
D/NetworkControllerGemini( 5719): PhoneStateListener:onSignalStrengthsChanged, sim1 before.
D/NetworkControllerGemini( 5719): PhoneStateListener:onSignalStrengthsChanged, signalStrength=3
D/NetworkControllerGemini( 5719): updateDataNetType(0), DataNetType=3.
D/NetworkControllerGemini( 5719): updateDataNetType(0), simColorId=0
D/TelephonyManagerEx( 5719): isNetworkRoaming
D/NetworkControllerGemini( 5719): updateDataNetType(0), DataNetType3G=Type_3G tempDataTypeIconId= 2130837873.
D/NetworkControllerGemini( 5719): isSimInserted(0), SimInserted=true
D/NetworkControllerGemini( 5719): updateTelephonySignalStrength(0), regState=1
D/NetworkControllerGemini( 5719): updateTelephonySignalStrength(0), hasService=true
D/TelephonyManagerEx( 5719): isNetworkRoaming
D/NetworkControllerGemini( 5719): updateTelephonySignalStrength(0), isRoaming=false, mInetCondition=1
D/NetworkControllerGemini( 5719): updateTelephonySignalStrength(0), simColorId=0
D/NetworkControllerGemini( 5719): updateTelephonySignalStrength(0), tempDataNetType = Type_3G , simColorId=0 tempPhoneSignalIconId[0] = 2130837950 tempPhoneSignalIconId[1] = 0
D/NetworkControllerGemini( 5719): updateTelephonySignalStrength(0) tempSIMCUSignVisible= true
D/NetworkControllerGemini( 5719): updateTelephonySignalStrength(0) mSIMCUSignVisible = true
D/NetworkControllerGemini( 5719): updateTelephonySignalStrength(0) mSIMCUSignVisible = true
D/NetworkControllerGemini( 5719): refreshViews(0), DataConnected=false simColorId = 0
D/SignalClusterViewGemini( 5719): setShowSimIndicator(0), showSimIndicator=false simIndicatorResource = 0
D/SignalClusterViewGemini( 5719): setDataConnected(0), dataConnected=false
D/SignalClusterViewGemini( 5719): setDataNetType3G(0), dataNetType=Type_3G
D/SignalClusterViewGemini( 5719): apply : mShowSimIndicator = false mSimIndicatorResource = 0 mShowSimIndicatorGemini = false mSimIndicatorResourceGemini = 0
D/SignalClusterViewGemini( 5719): apply, mMobileVisible=true mMobileActivityId=0 mMobileTypeId=2130837873 mMobileStrengthId[0] = 2130837950 mMobileStrengthId[1] = 0
D/SignalClusterViewGemini( 5719): isSimInserted(0), SimInserted=true
D/SignalClusterViewGemini( 5719): mDataNetType =Type_3G resId= 0 simColorId = 0
D/SignalClusterViewGemini( 5719): apply, mMobileVisibleGemini=true mMobileActivityIdGemini=0 mMobileTypeIdGemini=0 mMobileStrengthIdGemini[0] = 2130837938 mMobileStrengthIdGemini[1] = 0
D/SignalClusterViewGemini( 5719): isSimInserted(1), SimInserted=true
D/SignalClusterViewGemini( 5719): apply, mMobileVisible=true, mWifiVisible=true, mIsAirplaneMode=false
W/ResourceType( 5719): No package identifier when getting value for resource number 0x00000000
D/SignalClusterViewGemini( 5719): isSimInserted(0), SimInserted=true
D/SignalClusterViewGemini( 5719): isSimInserted(1), SimInserted=true
D/NetworkControllerGemini( 5719): PhoneStateListener:onSignalStrengthsChanged, sim1 after.
D/TelephonyManager( 5892): getDefaultSim is sim1
D/TelephonyManager( 5892): getDefaultSim is sim1
V/Provider/Settings( 5783): from settings cache , name = pdp_watchdog_poll_interval_ms , value = null
D/StateMachine( 5535): handleMessage: E msg.what=131155
D/StateMachine( 5535): processMsg: ConnectedState
D/WifiStateMachine( 5535): ConnectedState{ what=131155 when=-4ms arg1=30 target=Handler (com.android.internal.util.StateMachine$SmHandler) {4277a800} }
D/StateMachine( 5535): processMsg: L2ConnectedState
D/WifiStateMachine( 5535): L2ConnectedState{ what=131155 when=-4ms arg1=30 target=Handler (com.android.internal.util.StateMachine$SmHandler) {4277a800} }
D/WifiNative-wlan0( 5535): doString: SIGNAL_POLL
D/WifiCommon( 5535): [wlan0] SET "SIGNAL_POLL"
D/wpa_supplicant( 5621): RX ctrl_iface - hexdump(len=11): 53 49 47 4e 41 4c 5f 50 4f 4c 4c
D/wpa_supplicant( 5621): wlan0: Control interface command 'SIGNAL_POLL'
D/wpa_supplicant( 5621): nl80211: survey data missing!
I/WifiStateMachine( 5535): fetchRssiAndLinkSpeedNative, newRssi:-74, newLinkSpeed:39
D/StateMachine( 5535): handleMessage: X
I/SurfaceTextureClient(25747): [STC::queueBuffer] (this:0x5eda7318) fps:1.70, dur:1767.79, max:772.44, min:223.11
I/BufferQueue( 133): [com.android.deskclock/com.android.deskclock.DeskClock](this:0x43523f10,api:1) [queue] fps:1.70, dur:1767.82, max:772.39, min:223.10
I/BufferQueue( 133): [com.android.deskclock/com.android.deskclock.DeskClock](this:0x43523f10,api:1) [release] fps:1.70, dur:1767.60, max:772.30, min:223.05
V/Provider/Settings( 5783): from settings cache , name = pdp_watchdog_poll_interval_ms , value = null
I/SurfaceTextureClient(25747): [STC::queueBuffer] (this:0x5eda7318) fps:1.97, dur:1013.06, max:773.15, min:239.91
I/BufferQueue( 133): [com.android.deskclock/com.android.deskclock.DeskClock](this:0x43523f10,api:1) [queue] fps:1.97, dur:1013.05, max:773.25, min:239.80
I/BufferQueue( 133): [com.android.deskclock/com.android.deskclock.DeskClock](this:0x43523f10,api:1) [release] fps:1.98, dur:1012.45, max:772.26, min:240.19
I/SurfaceFlinger( 133): [SurfaceFlinger] fps:3.119609,dur:1602.77,max:624.69,min:33.69
D/Settings/BW(24502): ReadCodeTask:file size: 4096
D/NetworkControllerGemini( 5719): refreshViews(0), DataConnected=false simColorId = 0
D/NetworkControllerGemini( 5719): refreshViews(0), set parameters to signal cluster view.
D/NetworkControllerGemini( 5719): refreshViews(0), tempPhoneSignalIconId.0 = 2130837950 tempPhoneSignalIconId.1 = 0 tempMobileActivityIconId= 0 tempDataTypeIconId= 2130837873
D/SignalClusterViewGemini( 5719): setMobileDataIndicators(0), visible=true, strengthIcon[0] ~ [1] 2130837950 ~ 0
D/SignalClusterViewGemini( 5719): isSimInserted(0), SimInserted=true
D/SignalClusterViewGemini( 5719): isSimInserted(1), SimInserted=true
D/NetworkControllerGemini( 5719): refreshViews(0), tempPhoneSignalIconId.0 = 2130837950 tempPhoneSignalIconId.1 = 0 tempMobileActivityIconId= 0 tempDataTypeIconId= 2130837873
D/SignalClusterViewGemini( 5719): setShowSimIndicator(0), showSimIndicator=false simIndicatorResource = 0
D/SignalClusterViewGemini( 5719): setDataConnected(0), dataConnected=false
D/SignalClusterViewGemini( 5719): setDataNetType3G(0), dataNetType=Type_3G
D/SignalClusterViewGemini( 5719): apply : mShowSimIndicator = false mSimIndicatorResource = 0 mShowSimIndicatorGemini = false mSimIndicatorResourceGemini = 0
D/SignalClusterViewGemini( 5719): apply, mMobileVisible=true mMobileActivityId=0 mMobileTypeId=2130837873 mMobileStrengthId[0] = 2130837950 mMobileStrengthId[1] = 0
D/SignalClusterViewGemini( 5719): isSimInserted(0), SimInserted=true
D/SignalClusterViewGemini( 5719): mDataNetType =Type_3G resId= 0 simColorId = 0
D/SignalClusterViewGemini( 5719): apply, mMobileVisibleGemini=true mMobileActivityIdGemini=0 mMobileTypeIdGemini=0 mMobileStrengthIdGemini[0] = 2130837938 mMobileStrengthIdGemini[1] = 0
D/SignalClusterViewGemini( 5719): isSimInserted(1), SimInserted=true
D/SignalClusterViewGemini( 5719): apply, mMobileVisible=true, mWifiVisible=true, mIsAirplaneMode=false
W/ResourceType( 5719): No package identifier when getting value for resource number 0x00000000
D/SignalClusterViewGemini( 5719): isSimInserted(0), SimInserted=true
D/SignalClusterViewGemini( 5719): isSimInserted(1), SimInserted=true
D/NetworkControllerGemini( 5719): refreshViews(1), DataConnected=false simColorId = 2
D/SignalClusterViewGemini( 5719): setShowSimIndicator(1), showSimIndicator=false simIndicatorResource = 0
D/SignalClusterViewGemini( 5719): setDataConnected(1), dataConnected=false
D/SignalClusterViewGemini( 5719): setDataNetType3G(1), dataNetType=Type_G
D/SignalClusterViewGemini( 5719): apply : mShowSimIndicator = false mSimIndicatorResource = 0 mShowSimIndicatorGemini = false mSimIndicatorResourceGemini = 0
D/SignalClusterViewGemini( 5719): apply, mMobileVisible=true mMobileActivityId=0 mMobileTypeId=2130837873 mMobileStrengthId[0] = 2130837950 mMobileStrengthId[1] = 0
D/SignalClusterViewGemini( 5719): isSimInserted(0), SimInserted=true
D/SignalClusterViewGemini( 5719): mDataNetType =Type_3G resId= 0 simColorId = 0
D/SignalClusterViewGemini( 5719): apply, mMobileVisibleGemini=true mMobileActivityIdGemini=0 mMobileTypeIdGemini=0 mMobileStrengthIdGemini[0] = 2130837938 mMobileStrengthIdGemini[1] = 0
D/SignalClusterViewGemini( 5719): isSimInserted(1), SimInserted=true
D/SignalClusterViewGemini( 5719): apply, mMobileVisible=true, mWifiVisible=true, mIsAirplaneMode=false
W/ResourceType( 5719): No package identifier when getting value for resource number 0x00000000
D/SignalClusterViewGemini( 5719): isSimInserted(0), SimInserted=true
D/SignalClusterViewGemini( 5719): isSimInserted(1), SimInserted=true
I/SurfaceTextureClient( 5719): [STC::queueBuffer] (this:0x5dd8ce08) fps:1.52, dur:1979.46, max:988.45, min:37.40
I/BufferQueue( 133): [StatusBar](this:0x43515e58,api:1) [queue] fps:1.52, dur:1979.26, max:988.35, min:37.13
I/BufferQueue( 133): [StatusBar](this:0x43515e58,api:1) [release] fps:1.52, dur:1973.18, max:995.01, min:34.02
D/PowerManagerService( 5535): handleUserActivityTimeout
D/PowerManagerService( 5535): updateUserActivitySummaryLocked: mWakefulness=Awake, mUserActivitySummary=0x2, nextTimeout=10846750 (in 5994 ms)
D/PowerManagerService( 5535): newScreenState = 1
D/PowerManagerDisplayController( 5535): requestPowerState: screenState=1, useProximitySensor=false, screenBrightness=255, screenAutoBrightnessAdjustment=0.0, useAutoBrightness=false, useEcoBrightness=false, blockScreenOn=false, waitForNegativeProximity=false
D/PowerManagerDisplayController( 5535): sendMessage.
I/PowerManagerService( 5535): setBrightness mButtonLight 0.
D/PowerManagerService( 5535): updateScreenStateLocked: mDisplayReady=false, newScreenState=1, mWakefulness=1, mWakeLockSummary=0x0, mUserActivitySummary=0x2, mBootCompleted=true
D/PowerManagerService( 5535): handleSandman: canDream=true, mWakefulness=Awake
D/PowerManagerDisplayController( 5535): mProximity = -1
D/PowerManagerDisplayController( 5535): setScreenOn true
D/PowerManagerDisplayController( 5535): updatePowerState: mustNotify=true, mScreenOnWasBlocked=false, mElectronBeamOnAnimator=false, mElectronBeamOffAnimator=false, waitUntilClean=true
D/PowerManagerDisplayController( 5535): Display ready!
D/PowerManagerService( 5535): newScreenState = 1
D/PowerManagerDisplayController( 5535): requestPowerState: screenState=1, useProximitySensor=false, screenBrightness=255, screenAutoBrightnessAdjustment=0.0, useAutoBrightness=false, useEcoBrightness=false, blockScreenOn=false, waitForNegativeProximity=false
I/PowerManagerService( 5535): setBrightness mButtonLight 0.
D/PowerManagerService( 5535): updateScreenStateLocked: mDisplayReady=true, newScreenState=1, mWakefulness=1, mWakeLockSummary=0x0, mUserActivitySummary=0x2, mBootCompleted=true
D/PowerManagerDisplayState( 5535): setScreenBrightness: brightness=15
D/PowerManagerDisplayState( 5535): Requesting new screen state: on=true, backlight=15, mChangeInProgress=false
D/PowerManagerDisplayState( 5535): on mTask
D/PowerManagerDisplayState( 5535): mTask: on = true, mActualOn = true, backlight = 15, mActualBacklight = 255
D/PowerManagerDisplayState( 5535): mTask: on = true, onChanged = false, backlightChanged = true, backlight = 15
D/LightsService( 5535): setLight_native: light=0, colorARGB=0xff0f0f0f, flashMode=0, onMS=0, offMS=0, brightnessMode=0
D/lights ( 5535): write_int open fd=306
D/PowerManagerDisplayState( 5535): mTask: on = true, mActualOn = true, backlight = 15, mActualBacklight = 15
V/Provider/Settings( 5783): from settings cache , name = pdp_watchdog_poll_interval_ms , value = null
I/SurfaceTextureClient(25747): [STC::queueBuffer] (this:0x5eda7318) fps:2.43, dur:1235.10, max:772.36, min:222.30
I/BufferQueue( 133): [com.android.deskclock/com.android.deskclock.DeskClock](this:0x43523f10,api:1) [queue] fps:2.43, dur:1235.07, max:772.38, min:222.20
I/BufferQueue( 133): [com.android.deskclock/com.android.deskclock.DeskClock](this:0x43523f10,api:1) [release] fps:2.43, dur:1235.61, max:772.36, min:223.04
I/SurfaceFlinger( 133): [SurfaceFlinger] fps:4.048923,dur:1234.90,max:607.23,min:17.09
D/NetworkControllerGemini( 5719): refreshViews(0), DataConnected=false simColorId = 0
D/NetworkControllerGemini( 5719): refreshViews(0), set parameters to signal cluster view.
D/NetworkControllerGemini( 5719): refreshViews(0), tempPhoneSignalIconId.0 = 2130837950 tempPhoneSignalIconId.1 = 0 tempMobileActivityIconId= 0 tempDataTypeIconId= 2130837873
D/SignalClusterViewGemini( 5719): setMobileDataIndicators(0), visible=true, strengthIcon[0] ~ [1] 2130837950 ~ 0
D/SignalClusterViewGemini( 5719): isSimInserted(0), SimInserted=true
D/SignalClusterViewGemini( 5719): isSimInserted(1), SimInserted=true
D/NetworkControllerGemini( 5719): refreshViews(0), tempPhoneSignalIconId.0 = 2130837950 tempPhoneSignalIconId.1 = 0 tempMobileActivityIconId= 0 tempDataTypeIconId= 2130837873
D/SignalClusterViewGemini( 5719): setShowSimIndicator(0), showSimIndicator=false simIndicatorResource = 0
D/SignalClusterViewGemini( 5719): setDataConnected(0), dataConnected=false
D/SignalClusterViewGemini( 5719): setDataNetType3G(0), dataNetType=Type_3G
D/SignalClusterViewGemini( 5719): apply : mShowSimIndicator = false mSimIndicatorResource = 0 mShowSimIndicatorGemini = false mSimIndicatorResourceGemini = 0
D/SignalClusterViewGemini( 5719): apply, mMobileVisible=true mMobileActivityId=0 mMobileTypeId=2130837873 mMobileStrengthId[0] = 2130837950 mMobileStrengthId[1] = 0
D/SignalClusterViewGemini( 5719): isSimInserted(0), SimInserted=true
D/SignalClusterViewGemini( 5719): mDataNetType =Type_3G resId= 0 simColorId = 0
D/SignalClusterViewGemini( 5719): apply, mMobileVisibleGemini=true mMobileActivityIdGemini=0 mMobileTypeIdGemini=0 mMobileStrengthIdGemini[0] = 2130837938 mMobileStrengthIdGemini[1] = 0
D/SignalClusterViewGemini( 5719): isSimInserted(1), SimInserted=true
D/SignalClusterViewGemini( 5719): apply, mMobileVisible=true, mWifiVisible=true, mIsAirplaneMode=false
W/ResourceType( 5719): No package identifier when getting value for resource number 0x00000000
W/ResourceType( 5719): No package identifier when getting value for resource number 0x00000000
D/SignalClusterViewGemini( 5719): isSimInserted(0), SimInserted=true
D/SignalClusterViewGemini( 5719): isSimInserted(1), SimInserted=true
D/NetworkControllerGemini( 5719): refreshViews(1), DataConnected=false simColorId = 2
D/SignalClusterViewGemini( 5719): setShowSimIndicator(1), showSimIndicator=false simIndicatorResource = 0
D/SignalClusterViewGemini( 5719): setDataConnected(1), dataConnected=false
D/SignalClusterViewGemini( 5719): setDataNetType3G(1), dataNetType=Type_G
D/SignalClusterViewGemini( 5719): apply : mShowSimIndicator = false mSimIndicatorResource = 0 mShowSimIndicatorGemini = false mSimIndicatorResourceGemini = 0
D/SignalClusterViewGemini( 5719): apply, mMobileVisible=true mMobileActivityId=0 mMobileTypeId=2130837873 mMobileStrengthId[0] = 2130837950 mMobileStrengthId[1] = 0
D/SignalClusterViewGemini( 5719): isSimInserted(0), SimInserted=true
D/SignalClusterViewGemini( 5719): mDataNetType =Type_3G resId= 0 simColorId = 0
D/SignalClusterViewGemini( 5719): apply, mMobileVisibleGemini=true mMobileActivityIdGemini=0 mMobileTypeIdGemini=0 mMobileStrengthIdGemini[0] = 2130837938 mMobileStrengthIdGemini[1] = 0
D/SignalClusterViewGemini( 5719): isSimInserted(1), SimInserted=true
D/SignalClusterViewGemini( 5719): apply, mMobileVisible=true, mWifiVisible=true, mIsAirplaneMode=false
W/ResourceType( 5719): No package identifier when getting value for resource number 0x00000000
W/ResourceType( 5719): No package identifier when getting value for resource number 0x00000000
D/SignalClusterViewGemini( 5719): isSimInserted(0), SimInserted=true
D/SignalClusterViewGemini( 5719): isSimInserted(1), SimInserted=true
I/SurfaceTextureClient( 5719): [STC::queueBuffer] (this:0x5dd8ce08) fps:1.98, dur:1010.60, max:997.42, min:13.18
I/BufferQueue( 133): [StatusBar](this:0x43515e58,api:1) [queue] fps:1.98, dur:1010.59, max:997.47, min:13.12
I/BufferQueue( 133): [StatusBar](this:0x43515e58,api:1) [release] fps:1.98, dur:1012.58, max:995.44, min:17.14
V/Provider/Settings( 5783): from settings cache , name = pdp_watchdog_poll_interval_ms , value = null
D/StateMachine( 5535): handleMessage: E msg.what=131155
D/StateMachine( 5535): processMsg: ConnectedState
D/WifiStateMachine( 5535): ConnectedState{ what=131155 when=-3ms arg1=30 target=Handler (com.android.internal.util.StateMachine$SmHandler) {4277a800} }
D/StateMachine( 5535): processMsg: L2ConnectedState
D/WifiStateMachine( 5535): L2ConnectedState{ what=131155 when=-3ms arg1=30 target=Handler (com.android.internal.util.StateMachine$SmHandler) {4277a800} }
D/WifiNative-wlan0( 5535): doString: SIGNAL_POLL
D/WifiCommon( 5535): [wlan0] SET "SIGNAL_POLL"
D/wpa_supplicant( 5621): RX ctrl_iface - hexdump(len=11): 53 49 47 4e 41 4c 5f 50 4f 4c 4c
D/wpa_supplicant( 5621): wlan0: Control interface command 'SIGNAL_POLL'
D/wpa_supplicant( 5621): nl80211: survey data missing!
I/WifiStateMachine( 5535): fetchRssiAndLinkSpeedNative, newRssi:-74, newLinkSpeed:26
D/StateMachine( 5535): handleMessage: X
I/SurfaceTextureClient( 5719): [STC::queueBuffer] (this:0x5dd8ce08) fps:1.97, dur:1016.97, max:1001.80, min:15.17
I/BufferQueue( 133): [StatusBar](this:0x43515e58,api:1) [queue] fps:1.97, dur:1017.16, max:1002.08, min:15.08
I/BufferQueue( 133): [StatusBar](this:0x43515e58,api:1) [release] fps:1.98, dur:1012.66, max:995.50, min:17.16
I/SurfaceFlinger( 133): [SurfaceFlinger] fps:4.307677,dur:1160.72,max:607.71,min:17.10
V/Provider/Settings( 5783): from settings cache , name = pdp_watchdog_poll_interval_ms , value = null
I/SurfaceTextureClient(25747): [STC::queueBuffer] (this:0x5eda7318) fps:1.70, dur:1768.02, max:772.88, min:222.66
I/BufferQueue( 133): [com.android.deskclock/com.android.deskclock.DeskClock](this:0x43523f10,api:1) [queue] fps:1.70, dur:1768.06, max:772.98, min:222.64
I/BufferQueue( 133): [com.android.deskclock/com.android.deskclock.DeskClock](this:0x43523f10,api:1) [release] fps:1.70, dur:1767.66, max:772.41, min:223.04
D/NetworkControllerGemini( 5719): refreshViews(0), DataConnected=false simColorId = 0
D/NetworkControllerGemini( 5719): refreshViews(0), set parameters to signal cluster view.
D/NetworkControllerGemini( 5719): refreshViews(0), tempPhoneSignalIconId.0 = 2130837950 tempPhoneSignalIconId.1 = 0 tempMobileActivityIconId= 0 tempDataTypeIconId= 2130837873
D/SignalClusterViewGemini( 5719): setMobileDataIndicators(0), visible=true, strengthIcon[0] ~ [1] 2130837950 ~ 0
D/SignalClusterViewGemini( 5719): isSimInserted(0), SimInserted=true
D/SignalClusterViewGemini( 5719): isSimInserted(1), SimInserted=true
D/NetworkControllerGemini( 5719): refreshViews(0), tempPhoneSignalIconId.0 = 2130837950 tempPhoneSignalIconId.1 = 0 tempMobileActivityIconId= 0 tempDataTypeIconId= 2130837873
D/SignalClusterViewGemini( 5719): setShowSimIndicator(0), showSimIndicator=false simIndicatorResource = 0
D/SignalClusterViewGemini( 5719): setDataConnected(0), dataConnected=false
D/SignalClusterViewGemini( 5719): setDataNetType3G(0), dataNetType=Type_3G
D/SignalClusterViewGemini( 5719): apply : mShowSimIndicator = false mSimIndicatorResource = 0 mShowSimIndicatorGemini = false mSimIndicatorResourceGemini = 0
D/SignalClusterViewGemini( 5719): apply, mMobileVisible=true mMobileActivityId=0 mMobileTypeId=2130837873 mMobileStrengthId[0] = 2130837950 mMobileStrengthId[1] = 0
D/SignalClusterViewGemini( 5719): isSimInserted(0), SimInserted=true
D/SignalClusterViewGemini( 5719): mDataNetType =Type_3G resId= 0 simColorId = 0
D/SignalClusterViewGemini( 5719): apply, mMobileVisibleGemini=true mMobileActivityIdGemini=0 mMobileTypeIdGemini=0 mMobileStrengthIdGemini[0] = 2130837938 mMobileStrengthIdGemini[1] = 0
D/SignalClusterViewGemini( 5719): isSimInserted(1), SimInserted=true
D/SignalClusterViewGemini( 5719): apply, mMobileVisible=true, mWifiVisible=true, mIsAirplaneMode=false
W/ResourceType( 5719): No package identifier when getting value for resource number 0x00000000
D/SignalClusterViewGemini( 5719): isSimInserted(0), SimInserted=true
D/SignalClusterViewGemini( 5719): isSimInserted(1), SimInserted=true
D/NetworkControllerGemini( 5719): refreshViews(1), DataConnected=false simColorId = 2
D/SignalClusterViewGemini( 5719): setShowSimIndicator(1), showSimIndicator=false simIndicatorResource = 0
D/SignalClusterViewGemini( 5719): setDataConnected(1), dataConnected=false
D/SignalClusterViewGemini( 5719): setDataNetType3G(1), dataNetType=Type_G
D/SignalClusterViewGemini( 5719): apply : mShowSimIndicator = false mSimIndicatorResource = 0 mShowSimIndicatorGemini = false mSimIndicatorResourceGemini = 0
D/SignalClusterViewGemini( 5719): apply, mMobileVisible=true mMobileActivityId=0 mMobileTypeId=2130837873 mMobileStrengthId[0] = 2130837950 mMobileStrengthId[1] = 0
D/SignalClusterViewGemini( 5719): isSimInserted(0), SimInserted=true
D/SignalClusterViewGemini( 5719): mDataNetType =Type_3G resId= 0 simColorId = 0
D/SignalClusterViewGemini( 5719): apply, mMobileVisibleGemini=true mMobileActivityIdGemini=0 mMobileTypeIdGemini=0 mMobileStrengthIdGemini[0] = 2130837938 mMobileStrengthIdGemini[1] = 0
D/SignalClusterViewGemini( 5719): isSimInserted(1), SimInserted=true
D/SignalClusterViewGemini( 5719): apply, mMobileVisible=true, mWifiVisible=true, mIsAirplaneMode=false
W/ResourceType( 5719): No package identifier when getting value for resource number 0x00000000
D/SignalClusterViewGemini( 5719): isSimInserted(0), SimInserted=true
D/SignalClusterViewGemini( 5719): isSimInserted(1), SimInserted=true
I/SurfaceTextureClient( 5719): [STC::queueBuffer] (this:0x5dd8ce08) fps:1.99, dur:1006.16, max:993.68, min:12.48
I/BufferQueue( 133): [StatusBar](this:0x43515e58,api:1) [queue] fps:1.99, dur:1005.95, max:993.46, min:12.49
I/BufferQueue( 133): [StatusBar](this:0x43515e58,api:1) [release] fps:1.98, dur:1012.34, max:995.20, min:17.13
I/SurfaceFlinger( 133): [SurfaceFlinger] fps:3.952416,dur:1012.04,max:607.24,min:17.13
V/ActivityManager( 5535): Broadcast sticky: Intent { act=android.intent.action.SIG_STR flg=0x10 (has extras) } ordered=false userid=-1
D/NetworkControllerGemini( 5719): PhoneStateListener:onSignalStrengthsChanged, sim1 before.
D/NetworkControllerGemini( 5719): PhoneStateListener:onSignalStrengthsChanged, signalStrength=3
D/NetworkControllerGemini( 5719): updateDataNetType(0), DataNetType=3.
D/NetworkControllerGemini( 5719): updateDataNetType(0), simColorId=0
D/TelephonyManagerEx( 5719): isNetworkRoaming
D/NetworkControllerGemini( 5719): updateDataNetType(0), DataNetType3G=Type_3G tempDataTypeIconId= 2130837873.
D/NetworkControllerGemini( 5719): isSimInserted(0), SimInserted=true
D/NetworkControllerGemini( 5719): updateTelephonySignalStrength(0), regState=1
D/NetworkControllerGemini( 5719): updateTelephonySignalStrength(0), hasService=true
D/TelephonyManagerEx( 5719): isNetworkRoaming
D/NetworkControllerGemini( 5719): updateTelephonySignalStrength(0), isRoaming=false, mInetCondition=1
D/NetworkControllerGemini( 5719): updateTelephonySignalStrength(0), simColorId=0
D/NetworkControllerGemini( 5719): updateTelephonySignalStrength(0), tempDataNetType = Type_3G , simColorId=0 tempPhoneSignalIconId[0] = 2130837950 tempPhoneSignalIconId[1] = 0
D/NetworkControllerGemini( 5719): updateTelephonySignalStrength(0) tempSIMCUSignVisible= true
D/NetworkControllerGemini( 5719): updateTelephonySignalStrength(0) mSIMCUSignVisible = true
D/NetworkControllerGemini( 5719): updateTelephonySignalStrength(0) mSIMCUSignVisible = true
D/NetworkControllerGemini( 5719): refreshViews(0), DataConnected=false simColorId = 0
D/SignalClusterViewGemini( 5719): setShowSimIndicator(0), showSimIndicator=false simIndicatorResource = 0
D/SignalClusterViewGemini( 5719): setDataConnected(0), dataConnected=false
D/SignalClusterViewGemini( 5719): setDataNetType3G(0), dataNetType=Type_3G
D/Bluetooth HS/HF( 5783): [BT][HFG] [API] mStateReceiver.onReceive(android.intent.action.SIG_STR)
D/Bluetooth HS/HF( 5783): [BT][HFG] [API] mHandler.handleMessage(10)
D/SignalClusterViewGemini( 5719): apply : mShowSimIndicator = false mSimIndicatorResource = 0 mShowSimIndicatorGemini = false mSimIndicatorResourceGemini = 0
D/SignalClusterViewGemini( 5719): apply, mMobileVisible=true mMobileActivityId=0 mMobileTypeId=2130837873 mMobileStrengthId[0] = 2130837950 mMobileStrengthId[1] = 0
D/SignalClusterViewGemini( 5719): isSimInserted(0), SimInserted=true
D/SignalClusterViewGemini( 5719): mDataNetType =Type_3G resId= 0 simColorId = 0
D/SignalClusterViewGemini( 5719): apply, mMobileVisibleGemini=true mMobileActivityIdGemini=0 mMobileTypeIdGemini=0 mMobileStrengthIdGemini[0] = 2130837938 mMobileStrengthIdGemini[1] = 0
D/SignalClusterViewGemini( 5719): isSimInserted(1), SimInserted=true
D/SignalClusterViewGemini( 5719): apply, mMobileVisible=true, mWifiVisible=true, mIsAirplaneMode=false
W/ResourceType( 5719): No package identifier when getting value for resource number 0x00000000
D/SignalClusterViewGemini( 5719): isSimInserted(0), SimInserted=true
D/SignalClusterViewGemini( 5719): isSimInserted(1), SimInserted=true
D/NetworkControllerGemini( 5719): PhoneStateListener:onSignalStrengthsChanged, sim1 after.
D/TelephonyManager( 5892): getDefaultSim is sim1
D/TelephonyManager( 5892): getDefaultSim is sim1
V/Provider/Settings( 5783): from settings cache , name = pdp_watchdog_poll_interval_ms , value = null
I/SurfaceTextureClient(25747): [STC::queueBuffer] (this:0x5eda7318) fps:1.98, dur:1011.77, max:772.34, min:239.43
I/BufferQueue( 133): [com.android.deskclock/com.android.deskclock.DeskClock](this:0x43523f10,api:1) [queue] fps:1.98, dur:1011.77, max:772.45, min:239.31
I/BufferQueue( 133): [com.android.deskclock/com.android.deskclock.DeskClock](this:0x43523f10,api:1) [release] fps:1.98, dur:1012.30, max:772.12, min:240.18
D/ADB_SERVICES( 9881): adb fdevent_process list (15) (48)
D/ADB_SERVICES( 9881): adb socket read list (15)
D/ADB_SERVICES( 9881): read_data=270
D/ADB_SERVICES( 9881): max_read_time=0.000088 max_send_time=0.000031
D/ADB_SERVICES( 9881): adb local_socket_ready list (15)
D/NetworkControllerGemini( 5719): refreshViews(0), DataConnected=false simColorId = 0
D/NetworkControllerGemini( 5719): refreshViews(0), set parameters to signal cluster view.
D/NetworkControllerGemini( 5719): refreshViews(0), tempPhoneSignalIconId.0 = 2130837950 tempPhoneSignalIconId.1 = 0 tempMobileActivityIconId= 0 tempDataTypeIconId= 2130837873
D/SignalClusterViewGemini( 5719): setMobileDataIndicators(0), visible=true, strengthIcon[0] ~ [1] 2130837950 ~ 0
D/SignalClusterViewGemini( 5719): isSimInserted(0), SimInserted=true
D/SignalClusterViewGemini( 5719): isSimInserted(1), SimInserted=true
D/NetworkControllerGemini( 5719): refreshViews(0), tempPhoneSignalIconId.0 = 2130837950 tempPhoneSignalIconId.1 = 0 tempMobileActivityIconId= 0 tempDataTypeIconId= 2130837873
D/SignalClusterViewGemini( 5719): setShowSimIndicator(0), showSimIndicator=false simIndicatorResource = 0
D/SignalClusterViewGemini( 5719): setDataConnected(0), dataConnected=false
D/SignalClusterViewGemini( 5719): setDataNetType3G(0), dataNetType=Type_3G
D/SignalClusterViewGemini( 5719): apply : mShowSimIndicator = false mSimIndicatorResource = 0 mShowSimIndicatorGemini = false mSimIndicatorResourceGemini = 0
D/SignalClusterViewGemini( 5719): apply, mMobileVisible=true mMobileActivityId=0 mMobileTypeId=2130837873 mMobileStrengthId[0] = 2130837950 mMobileStrengthId[1] = 0
D/SignalClusterViewGemini( 5719): isSimInserted(0), SimInserted=true
D/SignalClusterViewGemini( 5719): mDataNetType =Type_3G resId= 0 simColorId = 0
D/SignalClusterViewGemini( 5719): apply, mMobileVisibleGemini=true mMobileActivityIdGemini=0 mMobileTypeIdGemini=0 mMobileStrengthIdGemini[0] = 2130837938 mMobileStrengthIdGemini[1] = 0
D/SignalClusterViewGemini( 5719): isSimInserted(1), SimInserted=true
D/SignalClusterViewGemini( 5719): apply, mMobileVisible=true, mWifiVisible=true, mIsAirplaneMode=false
W/ResourceType( 5719): No package identifier when getting value for resource number 0x00000000
D/SignalClusterViewGemini( 5719): isSimInserted(0), SimInserted=true
D/SignalClusterViewGemini( 5719): isSimInserted(1), SimInserted=true
D/NetworkControllerGemini( 5719): refreshViews(1), DataConnected=false simColorId = 2
D/SignalClusterViewGemini( 5719): setShowSimIndicator(1), showSimIndicator=false simIndicatorResource = 0
D/SignalClusterViewGemini( 5719): setDataConnected(1), dataConnected=false
D/SignalClusterViewGemini( 5719): setDataNetType3G(1), dataNetType=Type_G
D/SignalClusterViewGemini( 5719): apply : mShowSimIndicator = false mSimIndicatorResource = 0 mShowSimIndicatorGemini = false mSimIndicatorResourceGemini = 0
D/SignalClusterViewGemini( 5719): apply, mMobileVisible=true mMobileActivityId=0 mMobileTypeId=2130837873 mMobileStrengthId[0] = 2130837950 mMobileStrengthId[1] = 0
D/SignalClusterViewGemini( 5719): isSimInserted(0), SimInserted=true
D/SignalClusterViewGemini( 5719): mDataNetType =Type_3G resId= 0 simColorId = 0
D/SignalClusterViewGemini( 5719): apply, mMobileVisibleGemini=true mMobileActivityIdGemini=0 mMobileTypeIdGemini=0 mMobileStrengthIdGemini[0] = 2130837938 mMobileStrengthIdGemini[1] = 0
D/SignalClusterViewGemini( 5719): isSimInserted(1), SimInserted=true
D/SignalClusterViewGemini( 5719): apply, mMobileVisible=true, mWifiVisible=true, mIsAirplaneMode=false
W/ResourceType( 5719): No package identifier when getting value for resource number 0x00000000
D/SignalClusterViewGemini( 5719): isSimInserted(0), SimInserted=true
D/SignalClusterViewGemini( 5719): isSimInserted(1), SimInserted=true
I/SurfaceTextureClient( 5719): [STC::queueBuffer] (this:0x5dd8ce08) fps:2.96, dur:1014.14, max:843.94, min:15.83
I/BufferQueue( 133): [StatusBar](this:0x43515e58,api:1) [queue] fps:2.96, dur:1014.14, max:843.95, min:15.84
I/BufferQueue( 133): [StatusBar](this:0x43515e58,api:1) [release] fps:2.96, dur:1012.33, max:840.76, min:17.16
I/SurfaceFlinger( 133): [SurfaceFlinger] fps:4.939058,dur:1012.34,max:452.67,min:17.16
V/Provider/Settings( 5783): from settings cache , name = pdp_watchdog_poll_interval_ms , value = null
D/BatteryService( 5535): mBatteryVoltage=3864
V/ActivityManager( 5535): Broadcast sticky: Intent { act=android.intent.action.BATTERY_CHANGED flg=0x60000010 (has extras) } ordered=false userid=-1
D/StatusBar.BatteryController( 5719): BatteryController onReceive action is android.intent.action.BATTERY_CHANGED
D/StatusBar.BatteryController( 5719): status = 4
D/StatusBar.BatteryController( 5719): plugged is false fulled is false mBatteryProtection = false R.drawable.stat_sys_battery_charge is 2130837828 R.drawable.stat_sys_battery is 2130837819 icon is 2130837819
D/StatusBar.BatteryController( 5719): mBatteryPercentage is 73% mShouldShowBatteryPercentage is false mLabelViews.size() 1
D/PowerUI ( 5719): action = android.intent.action.BATTERY_CHANGED
D/PowerUI ( 5719): Intent start() ret = false mHideLowBDialog= true
D/PowerUI ( 5719): oldBatteryLevel = 73mBatteryLevel = 73
D/Bluetooth HS/HF( 5783): [BT][HFG] [API] mStateReceiver.onReceive(android.intent.action.BATTERY_CHANGED)
D/Bluetooth HS/HF( 5783): [BT][HFG] [API] mHandler.handleMessage(9)
D/Bluetooth HS/HF( 5783): [BT][HFG] [API] updateBatteryState
D/KeyguardUpdateMonitor( 5535): received broadcast android.intent.action.BATTERY_CHANGED
D/KeyguardUpdateMonitor( 5535): handleBatteryUpdate
D/WifiService( 5535): onReceive, action:android.intent.action.BATTERY_CHANGED
V/Provider/Settings( 5535): from settings cache , name = wifi_idle_ms , value = null
V/Provider/Settings( 5535): from settings cache , name = stay_on_while_plugged_in , value = 0
D/WifiService( 5535): ACTION_BATTERY_CHANGED pluggedType: 0
D/UsbDeviceManager( 5535): onReceive - BATTERY_CHANGED - mPlugType: 0, mSettingUsbCharging: false, mConnected: false, mSettingUsbBicr: false
D/PowerManagerService( 5535): updateIsPoweredLocked: wasPowered=false, mIsPowered=false, oldPlugType=0, mPlugType=0, mBatteryLevel=73
D/PowerManagerService( 5535): handleSandman: canDream=true, mWakefulness=Awake
V/Provider/Settings( 5535): from settings cache , name = location_providers_allowed , value = network
D/StateMachine( 5535): handleMessage: E msg.what=131155
D/StateMachine( 5535): processMsg: ConnectedState
D/WifiStateMachine( 5535): ConnectedState{ what=131155 when=-4ms arg1=30 target=Handler (com.android.internal.util.StateMachine$SmHandler) {4277a800} }
D/StateMachine( 5535): processMsg: L2ConnectedState
D/WifiStateMachine( 5535): L2ConnectedState{ what=131155 when=-4ms arg1=30 target=Handler (com.android.internal.util.StateMachine$SmHandler) {4277a800} }
D/WifiNative-wlan0( 5535): doString: SIGNAL_POLL
D/WifiCommon( 5535): [wlan0] SET "SIGNAL_POLL"
D/wpa_supplicant( 5621): RX ctrl_iface - hexdump(len=11): 53 49 47 4e 41 4c 5f 50 4f 4c 4c
D/wpa_supplicant( 5621): wlan0: Control interface command 'SIGNAL_POLL'
D/wpa_supplicant( 5621): nl80211: survey data missing!
I/WifiStateMachine( 5535): fetchRssiAndLinkSpeedNative, newRssi:-77, newLinkSpeed:26
D/StateMachine( 5535): handleMessage: X
I/SurfaceTextureClient(25747): [STC::queueBuffer] (this:0x5eda7318) fps:2.46, dur:1218.66, max:773.62, min:222.03
I/BufferQueue( 133): [com.android.deskclock/com.android.deskclock.DeskClock](this:0x43523f10,api:1) [queue] fps:2.46, dur:1218.64, max:773.65, min:222.09
I/BufferQueue( 133): [com.android.deskclock/com.android.deskclock.DeskClock](this:0x43523f10,api:1) [release] fps:2.46, dur:1218.39, max:772.28, min:223.05
I/SurfaceTextureClient( 5719): [STC::queueBuffer] (this:0x5dd8ce08) fps:2.00, dur:1002.14, max:712.26, min:289.88
I/BufferQueue( 133): [StatusBar](this:0x43515e58,api:1) [queue] fps:2.00, dur:1002.34, max:712.29, min:290.05
V/Provider/Settings( 5783): from settings cache , name = pdp_watchdog_poll_interval_ms , value = null
I/SurfaceFlinger( 133): [SurfaceFlinger] fps:3.120166,dur:1602.48,max:606.61,min:182.60
I/SurfaceTextureClient(25747): [STC::queueBuffer] (this:0x5eda7318) fps:1.98, dur:1011.97, max:789.13, min:222.85
I/BufferQueue( 133): [com.android.deskclock/com.android.deskclock.DeskClock](this:0x43523f10,api:1) [queue] fps:1.98, dur:1011.96, max:789.05, min:222.90
I/BufferQueue( 133): [com.android.deskclock/com.android.deskclock.DeskClock](this:0x43523f10,api:1) [release] fps:1.98, dur:1012.48, max:789.37, min:223.11
I/SurfaceTextureClient( 5719): [STC::queueBuffer] (this:0x5dd8ce08) fps:0.99, dur:1014.55, max:1014.55, min:1014.55
I/BufferQueue( 133): [StatusBar](this:0x43515e58,api:1) [queue] fps:0.99, dur:1014.58, max:1014.58, min:1014.58
I/BufferQueue( 133): [StatusBar](this:0x43515e58,api:1) [release] fps:1.49, dur:2008.03, max:1012.41, min:291.83
D/PowerManagerService( 5535): handleUserActivityTimeout
D/PowerManagerService( 5535): updateUserActivitySummaryLocked: mWakefulness=Awake, mUserActivitySummary=0x0, nextTimeout=10773171 (73581 ms ago)
D/PowerManagerService( 5535): updateWakefulnessLocked: Bed time...
D/PowerManagerService( 5535): |----com.android.server.power.PowerManagerService.goToSleepNoUpdateLocked(PowerManagerService.java:1170)
D/PowerManagerService( 5535): |----com.android.server.power.PowerManagerService.updateWakefulnessLocked(PowerManagerService.java:1613)
D/PowerManagerService( 5535): |----com.android.server.power.PowerManagerService.updatePowerStateLocked(PowerManagerService.java:1296)
D/PowerManagerService( 5535): |----com.android.server.power.PowerManagerService.handleUserActivityTimeout(PowerManagerService.java:1566)
D/PowerManagerService( 5535): |----com.android.server.power.PowerManagerService.access$2800(PowerManagerService.java:82)
D/PowerManagerService( 5535): |----com.android.server.power.PowerManagerService$PowerManagerHandler.handleMessage(PowerManagerService.java:2689)
D/PowerManagerService( 5535): |----android.os.Handler.dispatchMessage(Handler.java:99)
D/PowerManagerService( 5535): |----android.os.Looper.loop(Looper.java:153)
D/PowerManagerService( 5535): |----android.os.HandlerThread.run(HandlerThread.java:60)
D/PowerManagerService( 5535): goToSleepNoUpdateLocked: eventTime=10846752, reason=2
I/PowerManagerService( 5535): Going to sleep due to screen timeout...
D/PowerManagerNotifier( 5535): onGoToSleepStarted.
D/PowerManagerService( 5535): updateWakeLockSummaryLocked: mWakefulness=Asleep, mWakeLockSummary=0x0
D/PowerManagerService( 5535): updateUserActivitySummaryLocked: mWakefulness=Asleep, mUserActivitySummary=0x0, nextTimeout=0 (10846770 ms ago)
D/PowerManagerService( 5535): newScreenState = 0
D/PowerManagerDisplayController( 5535): requestPowerState: screenState=0, useProximitySensor=false, screenBrightness=255, screenAutoBrightnessAdjustment=0.0, useAutoBrightness=false, useEcoBrightness=false, blockScreenOn=false, waitForNegativeProximity=false
D/PowerManagerDisplayController( 5535): sendMessage.
I/PowerManagerService( 5535): setBrightness mButtonLight 0.
D/PowerManagerService( 5535): updateScreenStateLocked: mDisplayReady=false, newScreenState=0, mWakefulness=0, mWakeLockSummary=0x0, mUserActivitySummary=0x0, mBootCompleted=true
D/PowerManagerService( 5535): handleSandman: canDream=false, mWakefulness=Asleep
D/PowerManagerDisplayController( 5535): mProximity = -1
I/BufferQueue( 133): [unnamed-133-717](this:0x43520a58,api:0) BufferQueue
I/BufferQueue( 133): [unnamed-133-717](this:0x43520a58,api:0) consumerConnect
I/BufferQueue( 133): [unnamed-133-717](this:0x43520a58,api:0) setConsumerName: unnamed-133-717
I/SurfaceTexture( 133): [unnamed-133-717](this:0x43524948,api:0) SurfaceTexture
I/BufferQueue( 133): [unnamed-133-717](this:0x43520a58,api:0) setSynchronousMode: enabled=1
I/BufferQueue( 133): [unnamed-133-717](this:0x43520a58,api:0) setDefaultBufferSize: w=1080, h=1920
I/BufferQueue( 133): [ElectronBeam](this:0x43520a58,api:0) setConsumerName: ElectronBeam
I/BufferQueue( 133): [ElectronBeam](this:0x43520a58,api:0) connect: api=1
I/BufferQueue( 133): [ElectronBeam](this:0x43520a58,api:1) setSynchronousMode: enabled=1
I/BufferQueue( 133): [ElectronBeam](this:0x43520a58,api:1) setSynchronousMode: enabled=1
V/Provider/Settings( 5783): from settings cache , name = pdp_watchdog_poll_interval_ms , value = null
I/BufferQueue( 133): [ElectronBeam](this:0x43520a58,api:1) new GraphicBuffer needed
D/BufferQueue( 133): [OLD] gb:NULL
I/GraphicBuffer( 133): allocate buffer (w:1088 h:1920 f:5) err(0)
I/BufferQueue( 133): [NEW] gb=0x43524c38, handle=0x43240c80, w=1080, h=1920, s=1088, fmt=5
I/BufferQueue( 133): [ElectronBeam](this:0x43520a58,api:1) new GraphicBuffer needed
D/BufferQueue( 133): [OLD] gb:NULL
I/SurfaceTexture( 133): [ElectronBeam](this:0x43524948,api:1) [void* android::SurfaceTexture::createImage(EGLDisplay, const android::sp&)]
D/SurfaceTexture( 133): GraphicBuffer: gb=0x43524c38 handle=0x43240c80
D/SurfaceTexture( 133): EGLImage: dpy=0x1, img=0x43522480
I/GraphicBuffer( 133): allocate buffer (w:1088 h:1920 f:5) err(0)
I/BufferQueue( 133): [NEW] gb=0x43521748, handle=0x4324d938, w=1080, h=1920, s=1088, fmt=5
I/BufferQueue( 133): [ElectronBeam](this:0x43520a58,api:1) new GraphicBuffer needed
D/BufferQueue( 133): [OLD] gb:NULL
I/SurfaceTexture( 133): [ElectronBeam](this:0x43524948,api:1) [void* android::SurfaceTexture::createImage(EGLDisplay, const android::sp&)]
D/SurfaceTexture( 133): GraphicBuffer: gb=0x43521748 handle=0x4324d938
D/SurfaceTexture( 133): EGLImage: dpy=0x1, img=0x43520258
I/GraphicBuffer( 133): allocate buffer (w:1088 h:1920 f:5) err(0)
I/BufferQueue( 133): [NEW] gb=0x43525f28, handle=0x4351f2d8, w=1080, h=1920, s=1088, fmt=5
I/BufferQueue( 133): [ElectronBeam](this:0x43520a58,api:1) new GraphicBuffer needed
D/BufferQueue( 133): [OLD] gb:NULL
I/GraphicBuffer( 133): allocate buffer (w:1088 h:1920 f:5) err(0)
I/BufferQueue( 133): [NEW] gb=0x43526228, handle=0x435226f0, w=1080, h=1920, s=1088, fmt=5
I/SurfaceTexture( 133): [ElectronBeam](this:0x43524948,api:1) [void* android::SurfaceTexture::createImage(EGLDisplay, const android::sp&)]
D/SurfaceTexture( 133): GraphicBuffer: gb=0x43525f28 handle=0x4351f2d8
D/SurfaceTexture( 133): EGLImage: dpy=0x1, img=0x435227f8
D/PowerManagerDisplayState( 5535): setElectronBeamLevel: level=0.0
D/PowerManagerDisplayController( 5535): mElectronBeamOffAnimator.start
D/PowerManagerDisplayController( 5535): updatePowerState: mustNotify=true, mScreenOnWasBlocked=false, mElectronBeamOnAnimator=false, mElectronBeamOffAnimator=true, waitUntilClean=false
D/PowerManagerDisplayState( 5535): Requesting new screen state: on=true, backlight=0, mChangeInProgress=false
D/PowerManagerDisplayState( 5535): on mTask
D/PowerManagerDisplayState( 5535): mTask: on = true, mActualOn = true, backlight = 0, mActualBacklight = 15
D/PowerManagerDisplayState( 5535): mTask: on = true, onChanged = false, backlightChanged = true, backlight = 0
D/LightsService( 5535): setLight_native: light=0, colorARGB=0xff000000, flashMode=0, onMS=0, offMS=0, brightnessMode=0
D/lights ( 5535): write_int open fd=306
D/PowerManagerDisplayState( 5535): mTask: on = true, mActualOn = true, backlight = 0, mActualBacklight = 0
D/PowerManagerDisplayController( 5535): sendMessage.
D/PowerManagerDisplayController( 5535): mProximity = -1
D/PowerManagerDisplayState( 5535): setScreenOn: on=false
D/PowerManagerDisplayController( 5535): setScreenOn true
D/PowerManagerDisplayController( 5535): updatePowerState: mustNotify=true, mScreenOnWasBlocked=false, mElectronBeamOnAnimator=false, mElectronBeamOffAnimator=false, waitUntilClean=false
D/PowerManagerDisplayState( 5535): Requesting new screen state: on=false, backlight=0, mChangeInProgress=false
D/PowerManagerDisplayController( 5535): sendMessage.
D/PowerManagerDisplayState( 5535): on mTask
D/PowerManagerDisplayState( 5535): mTask: on = false, mActualOn = true, backlight = 0, mActualBacklight = 0
D/PowerManagerDisplayState( 5535): mTask: on = false, onChanged = true, backlightChanged = false, backlight = 0
D/PowerManagerService( 5535): blankAllDisplays in ...
D/SurfaceFlinger( 133): Screen released, type=0 flinger=0x40e74510
I/hwcomposer_v1.0( 133): [HWC] Blank(1) Display(0)
I/SurfaceTexture( 133): [ElectronBeam](this:0x43524948,api:1) [void* android::SurfaceTexture::createImage(EGLDisplay, const android::sp&)]
D/SurfaceTexture( 133): GraphicBuffer: gb=0x43526228 handle=0x435226f0
D/SurfaceTexture( 133): EGLImage: dpy=0x1, img=0x435152c0
I/TV/JNI ( 5535): [TVOut] jboolean tvoutPowerEnable(JNIEnv*, jobject, jboolean)(0) ret = 0
