D/isp_tuning_custom( 5296): [+evaluate_PCA_LUT_index](rCamInfo.eIdx_PCA_LUT, rCamInfo.rAWBInfo.i4CCT, rCamInfo.rAWBInfo.i4FluorescentIndex)=(1, 4528, -58)
D/AeAlgo ( 5296): u4Ratio:13 CWvalue:10 CWR:75 Delta:25 Con:0x00000004 Y:9 Index:114 m_bAEOneShot:0 Stable:1
D/AeAlgo ( 5296): The AE index is at the boundary Idx:114 DeIdx:200 Max:114 Min:0
D/ImgSensorDrv( 5296): [getInstance][ImgSensorDrv] getInstance
D/SensorHal( 5296): [sendCommand] Exposure Time: 89998
D/ImgSensorDrv( 5296): [getInstance][ImgSensorDrv] getInstance
D/ae_mgr ( 5296): [doPvAE] State:0 Shutter:89998 Sensor gain:6656 Isp gain:1024 frame rate:111 flare:520 64 ISO:455 SmoothGain:0
D/isp_tuning_custom( 5296): map_ISO_value_to_index()
D/paramctrl_attributes( 5296): [+m_rIspCamInfo.i4LightValue_x10](old, new)=(17, 19)
D/paramctrl_validate( 5296): [validatePerFrame](ParamChangeCount, fgForce)=(2, 0)
D/isp_tuning_custom( 5296): [IspCamInfo][dump](eIspProfile, eIdx_Scene)=(0, 0)
D/isp_tuning_custom( 5296): [RAWIspCamInfo][dump](eIdx_ISO, u4ISOValue, i4ZoomRatio_x100, i4LightValue_x10)=(2, 455, 100, 19, 1118145920)
D/isp_tuning_custom( 5296): [8 evaluate_Shading_CCT_index] CCT:4528 DF_IDX:-100 i4PT:0 i4PW:0
D/isp_tuning_custom( 5296): [evaluate_Shading_CCT_index] eIdx_Shading_CCT_new:1
D/lsc_mgr ( 5296): [setCTIdx] Shading idx= 1
D/AEE/AED (26090): put_in_archive: Archive file /sdcard/mtklog/aee_exp/temp/db.V26090/SYS_ANDROID_RADIO_LOG, size 308141
D/lsc_mgr ( 5296): [LscMgr:SetTBAToISP] TSF enable 0, state 1
D/lsc_mgr ( 5296): [getCTIdx] Shading idx= 1
D/lsc_mgr ( 5296): [getCTIdx] Shading idx= 1
D/lsc_mgr ( 5296): [LscMgr] SetTBAToISP m_eLscScenario 0, TableSize 16384, CCT 0x1, phyAddr 0x1f04000, XSize 0x3fff m_eSensorOp 0
D/lsc_mgr ( 5296): [LscMgr:enableLsc] Meta 0, Shading param 0x2, 0x1f04000, 0x20, 0x0,0xf03e ,0xf02f ,0x44002b ,0x20202020, 0x0
I/IspDrv ( 5296): {IspDrv} [createInstance] fgIsGdmaMode: 0.
D/lsc_mgr ( 5296): [getCTIdx] Shading idx= 1
I/IspDrv ( 5296): {IspDrv} [createInstance] fgIsGdmaMode: 0.
I/TdriMgr ( 5296): [applySetting] Cq(5)-Fun(3)
I/TdriMgr ( 5296): [applySetting] Cq(5)-Fun(4)
I/TdriMgr ( 5296): [applySetting] Cq(5)-Fun(5)
D/FLICKER ( 5296): [FLK Hal] FFLK func=sendCommand line=837 cmd=5
D/FLICKER ( 5296): [FLK Hal] FFLK func=enableFlickerDetection line=1090
D/aaa_hal/3Athread( 5296): rCmd(10)-
D/aaa_hal/3Athread( 5296): CmdQ-size(1), todo(1)
D/aaa_hal/3Athread( 5296): rCmd(1)+
D/FLICKER ( 5296): [FLK Hal] FFLK func=sendCommand line=837 cmd=8
D/FLICKER ( 5296): [FLK Hal] FFLK func=uninitThread line=501
D/ispdrv_mgr( 5296): [uninit()] - E. m_Users: 3
D/FLICKER ( 5296): [FLK Hal] uninit Thread
D/ispdrv_mgr( 5296): Still 2 users
D/FLICKER ( 5296): [FLK Hal] FFLK func=uninit line=523
D/FLICKER ( 5296): [FLK Hal] uninit - mUsers: 1
D/FLICKER ( 5296): [FLK Hal] FFLK func=enableFlickerDetection line=1090
D/aaa_sensor_mgr( 5296): [int NS3A::AAASensorMgr::uninit()()] - E. m_Users: 1
D/SensorHal( 5296): [deleteImp][deleteImp]: 4
D/SensorHal( 5296): [deleteImp] Still users
D/EISHal ( 5296): [destroyInstance]AutoFliker
D/AeAlgo ( 5296): AeAlgo destroyInstance
D/EISHal ( 5296): [uninit]mUsers(2)
D/ispdrv_mgr( 5296): [uninit()] - E. m_Users: 2
D/EISHal ( 5296): [uninit]Still 1 users
D/ispdrv_mgr( 5296): Still 1 users
D/EISHal ( 5296): [uninit]-
I/TdriMgr ( 5296): [uninit] mInitCount(2)
I/IspDrv ( 5296): {IspDrv} [uninit] - E. mInitCount(10)
D/af_mgr ( 5296): [uninit] m_Users: 0
I/IspDrv ( 5296): {IspDrv} [ProfilingPrint] [Event_IspDrv_Uninit] atomic_dec:(0-th) ===> [start-->now: 0.007000 ms]
I/IspDrv ( 5296): {IspDrv} [uninit] - X. ret: 1. mInitCount: 9.
I/IspDrv ( 5296): {IspDrv} [ProfilingPrint] [Event_IspDrv_Uninit] Exit:(1-th) ===> [start-->now: 0.032000 ms] [last-->now: 0.025000 ms]
D/LensDrv ( 5296): uninit() [m_userCnt]1 +
D/dalvikvm( 5299): GC_EXPLICIT freed 41K (1014), 8% free 5451K/5892K, paused 1ms+2ms, total 47ms
D/AEE/AED (26090): put_in_archive: Archive file /sdcard/mtklog/aee_exp/temp/db.V26090/SYS_EVENT_LOG_TAGS, size 13978
V/ActivityManager( 5535): Broadcast: Intent { act=android.intent.action.CONFIGURATION_CHANGED flg=0x60000010 } ordered=false userid=-1
D/AEE/AED (26090): put_in_archive: Archive file /sdcard/mtklog/aee_exp/temp/db.V26090/SYS_MEMORY_INFO, size 1036
D/AEE/AED (26090): put_in_archive: Archive file /sdcard/mtklog/aee_exp/temp/db.V26090/SYS_PROC_SCHED_DEBUG, size 16178
D/AEE/AED (26090): put_in_archive: Archive file /sdcard/mtklog/aee_exp/temp/db.V26090/SYS_CPU_INFO, size 2395
D/AEE/AED (26090): put_in_archive: Archive file /sdcard/mtklog/aee_exp/temp/db.V26090/SYS_PROCRANK, size 0
D/AEE/AED (26090): put_in_archive: Archive file /sdcard/mtklog/aee_exp/temp/db.V26090/SCREEN.png, size 0
D/AEE/AED (26090): put_in_archive: Archive file /sdcard/mtklog/aee_exp/temp/db.V26090/SYS_VIRTUAL_MEMORY_STATS, size 1621
D/dalvikvm( 5299): GC_EXPLICIT freed <1K (2), 8% free 5451K/5892K, paused 1ms+1ms, total 24ms
D/AEE/AED (26090): put_in_archive: Archive file /sdcard/mtklog/aee_exp/temp/db.V26090/SYS_VMALLOC_INFO, size 38810
D/LensDrv ( 5296): uninit() -
I/IspDrv ( 5296): {IspDrv} [uninit] - E. mInitCount(9)
I/IspDrv ( 5296): {IspDrv} [ProfilingPrint] [Event_IspDrv_Uninit] atomic_dec:(0-th) ===> [start-->now: 0.015000 ms]
I/IspDrv ( 5296): {IspDrv} [uninit] - X. ret: 1. mInitCount: 8.
I/IspDrv ( 5296): {IspDrv} [ProfilingPrint] [Event_IspDrv_Uninit] Exit:(1-th) ===> [start-->now: 0.050000 ms] [last-->now: 0.035000 ms]
D/FLICKER ( 5296): [FLK Hal] FFLK func=destroyInstance line=272
D/aaa_state( 5296): [StateCommon::transitState] StateCameraPreview --> StateInit
D/aaa_hal/3Athread( 5296): rCmd(1)-
D/MtkCam/VSSScen( 5296): [stop] +
D/AEE/AED (26090): put_in_archive: Archive file /sdcard/mtklog/aee_exp/temp/db.V26090/SYS_ZONEINFO, size 2110
I/BufferQueue( 133): [StatusBar](this:0x43515e58,api:1) setDefaultBufferSize: w=1080, h=75
I/BufferQueue( 133): [PieTriggerBOTTOM](this:0x4323ead8,api:2) setDefaultBufferSize: w=1080, h=15
I/BufferQueue( 133): [StrictModeFlash](this:0x43247fb0,api:2) setDefaultBufferSize: w=1080, h=1920
I/SurfaceFlinger( 133): [virtual void android::LayerScreenshot::setGeometry(const android::sp&, android::HWComposer::HWCLayerInterface&)] add:983, count:1
I/SurfaceFlinger( 133): [static bool android::LayerScreenshot::isFrozen()] LayerScreenshot top:983 (orient:0, alpha:255)
D/SurfaceFlinger( 133): Freeze screen...
D/AEE/AED (26090): put_in_archive: Archive file /sdcard/mtklog/aee_exp/temp/db.V26090/SYS_BUDDY_INFO, size 200
I/hwcomposer_v1.0( 133): [HWC] Pending External Display orientation...
V/WindowManager( 5535): Rotation changed to 1 from 0, forceApp=0
D/AEE/AED (26090): put_in_archive: Archive file /sdcard/mtklog/aee_exp/temp/db.V26090/SYS_NETWORK_STATE, size 2941
D/AEE/AED (26090): put_in_archive: Archive file /sdcard/mtklog/aee_exp/temp/db.V26090/SYS_PROPERTIES, size 10564
D/dalvikvm( 5299): GC_EXPLICIT freed <1K (5), 8% free 5451K/5892K, paused 2ms+2ms, total 23ms
I/BufferQueue( 133): [StatusBar](this:0x43515e58,api:1) setDefaultBufferSize: w=1920, h=75
I/BufferQueue( 133): [PieTriggerBOTTOM](this:0x4323ead8,api:2) setDefaultBufferSize: w=1536, h=15
I/SurfaceFlinger( 133): [virtual void android::LayerScreenshot::setGeometry(const android::sp&, android::HWComposer::HWCLayerInterface&)] add:983, count:1
I/SurfaceFlinger( 133): [static bool android::LayerScreenshot::isFrozen()] LayerScreenshot top:983 (orient:0, alpha:255)
D/SurfaceFlinger( 133): Freeze screen...
D/AEE/AED (26090): put_in_archive: Archive file /sdcard/mtklog/aee_exp/temp/db.V26090/SYS_KERNEL_LOG, size 130938
D/KeyguardUpdateMonitor( 5535): received broadcast android.intent.action.CONFIGURATION_CHANGED
D/AEE/AED (26090): put_in_archive: Archive file /sdcard/mtklog/aee_exp/temp/db.V26090/SYS_KERNEL_CPUFREQ, size 68
D/InputReader( 5535): InputReader:: getSwitchState lock
D/InputReader( 5535): InputReader::getStateLocked:: return
I/ActivityManager( 5535): Config changed: {0.9 250mcc99mnc en_US ldltr sw360dp w640dp h335dp 480dpi nrml long land finger -keyb/v/h dpad/v skin=/system/framework/framework-res.apk s.49}
V/ActivityManager( 5535): Broadcast: Intent { act=android.intent.action.CONFIGURATION_CHANGED flg=0x60000010 } ordered=false userid=-1
D/dalvikvm(25953): threadid=13: interp stack at 0x5e033000
D/AEE/AED (26090): put_in_archive: Archive file /sdcard/mtklog/aee_exp/temp/db.V26090/SYS_PROCESSES_AND_THREADS, size 80456
I/BufferQueue( 133): [StrictModeFlash](this:0x43247fb0,api:2) setDefaultBufferSize: w=1920, h=1080
I/SurfaceFlinger( 133): [virtual void android::LayerScreenshot::setGeometry(const android::sp&, android::HWComposer::HWCLayerInterface&)] add:983, count:1
I/SurfaceFlinger( 133): [static bool android::LayerScreenshot::isFrozen()] LayerScreenshot top:983 (orient:0, alpha:255)
D/SurfaceFlinger( 133): Freeze screen...
I/BufferQueue( 133): [unnamed-133-724](this:0x43520a58,api:0) BufferQueue
D/AEE/AED (26090): put_in_archive: Archive file /sdcard/mtklog/aee_exp/temp/db.V26090/SYS_LIBRANK, size 0
I/BufferQueue( 133): [unnamed-133-724](this:0x43520a58,api:0) consumerConnect
I/BufferQueue( 133): [unnamed-133-724](this:0x43520a58,api:0) setConsumerName: unnamed-133-724
I/SurfaceTexture( 133): [unnamed-133-724](this:0x43525960,api:0) SurfaceTexture
I/BufferQueue( 133): [unnamed-133-724](this:0x43520a58,api:0) setSynchronousMode: enabled=1
I/BufferQueue( 133): [unnamed-133-724](this:0x43520a58,api:0) setDefaultBufferSize: w=1080, h=1920
I/BufferQueue( 133): [Starting org.opencv.samples.NativeActivity](this:0x43520a58,api:0) setConsumerName: Starting org.opencv.samples.NativeActivity
D/AEE/AED (26090): put_in_archive: Archive file /sdcard/mtklog/aee_exp/temp/db.V26090/SYS_FILE_SYSTEMS, size 891
I/iio/ifunc( 5296): [_disable] wait 1 VD till DMA stop tgStatus(0x1)
I/iio/ifunc( 5296): [_disable] - P1 stop VF(0x1000),TG_IN(0x88880102),STX(0x0)
I/iio/ifunc( 5296): [_disable] rtBufCtrl.ctrl(5)/id(4)/ptr(0x44c67b84)
I/iio/ifunc( 5296): [_disable] rtBufCtrl.ctrl(5)/id(5)/ptr(0x44c67b84)
I/iio/ifunc( 5296): [_disable] P1 start(0x0)
D/MtkCam/VSSScen( 5296): [stop] -
D/MtkCam/VSSScen( 5296): [uninit] +
I/IspDrv ( 5296): {IspDrv} [GlobalPipeCountDec] - E.
I/IspDrv ( 5296): {IspDrv} [GlobalPipeCountDec] - X. Result: 1. count: 1.
I/iio/camio( 5296): [~CamIOPipe] :E
I/iio/camio( 5296): [~CamIOPipe] :X
I/iio/ppp ( 5296): [uninit] :E
I/Drv/IMem( 5296): Drv/IMem[freeVirtBuf] mID[0x53]/size[0x9000]/VA[0x43bca000]/PA[0x2200000]
I/Drv/IMem( 5296): Drv/IMem[freeVirtBuf] mID[0x5c]/size[0x200]/VA[0x43c16000]/PA[0x2200000]
I/IspDrv ( 5296): {IspDrv} [GlobalPipeCountDec] - E.
I/IspDrv ( 5296): {IspDrv} [GlobalPipeCountDec] - X. Result: 1. count: 0.
I/CdpDrv ( 5296): {CdpDrv} [Uninit] - E. mInitCount: 1. mSysramUsageCount: 1.
I/CdpDrv ( 5296): {CdpDrv} [ProfilingPrint] [Event_CdpDrv_Uninit] atomic_dec:(0-th) ===> [start-->now: 0.029000 ms]
I/CdpDrv ( 5296): {CdpDrv} [FreeRotationBuf] - E. mSysramUsageCount: 1.
I/CdpDrv ( 5296): {CdpDrv} [FreeRotationBuf] - X. ret: 1. mSysramUsageCount: 0.
I/CdpDrv ( 5296): {CdpDrv} [ProfilingPrint] [Event_CdpDrv_Uninit] FreeRotationBuf:(1-th) ===> [start-->now: 0.103000 ms] [last-->now: 0.074000 ms]
I/CdpDrv ( 5296): {CdpDrv} [ProfilingPrint] [Event_CdpDrv_Uninit] Close SYSRAM kernel drv:(2-th) ===> [start-->now: 0.156000 ms] [last-->now: 0.053000 ms]
I/CdpDrv ( 5296): {CdpDrv} [Uninit] - X. Result: 1. mInitCount: 0. mFdSysram: 78. mSysramUsageCount: 0.
I/CdpDrv ( 5296): {CdpDrv} [ProfilingPrint] [Event_CdpDrv_Uninit] Exit:(3-th) ===> [start-->now: 0.177000 ms] [last-->now: 0.021000 ms]
I/CdpDrv ( 5296): {CdpDrv} [DestroyInstance]
I/TpipeDrv( 5296): {TpipeDrv} [uninit] mInitCount(2)
I/TpipeDrv( 5296): {TpipeDrv} [uninit] X
I/IspDrv ( 5296): {IspDrv} [uninit] - E. mInitCount(8)
I/IspDrv ( 5296): {IspDrv} [ProfilingPrint] [Event_IspDrv_Uninit] atomic_dec:(0-th) ===> [start-->now: 0.009000 ms]
I/IspDrv ( 5296): {IspDrv} [uninit] - X. ret: 1. mInitCount: 7.
I/IspDrv ( 5296): {IspDrv} [ProfilingPrint] [Event_IspDrv_Uninit] Exit:(1-th) ===> [start-->now: 0.026000 ms] [last-->now: 0.017000 ms]
I/iio/ifunc( 5296): [uninit] mInitCount(0)
I/iio/ppp ( 5296): [uninit] :X
I/iio/pppb( 5296): [uninit] - mu4InitRefCount(0), ret(1)
D/MtkCam/VSSScen( 5296): [uninit] -
D/MtkCam/VSSScen( 5296): [~VSSScenario]
D/MtkCam/HwBuffhandler( 5296): (26088)[virtual void HwBuffProvider::removeBuf()] +
W/MtkCam/HwBuffhandler( 5296): (26088)[virtual void HwBuffProvider::removeBuf()] the number of to-be-de-allocated buffer is not enough: 0
D/MtkCam/HwBuffhandler( 5296): (26088)[virtual void HwBuffProvider::removeBuf()] clear Hwbuff with size: 0, 6
D/MtkCam/HwBuffhandler( 5296): (26088)[virtual void HwBuffer::destroyBuffer()] +
I/Drv/IMem( 5296): Drv/IMem[freeVirtBuf] mID[0x5d]/size[0x391160]/VA[0x4516f000]/PA[0x2540000]
D/MtkCam/HwBuffhandler( 5296): (26088)[virtual void HwBuffer::destroyBuffer()] -
D/MtkCam/HwBuffhandler( 5296): (26088)[virtual void HwBuffer::destroyBuffer()] +
I/Drv/IMem( 5296): Drv/IMem[freeVirtBuf] mID[0x5e]/size[0x391160]/VA[0x45501000]/PA[0x2900000]
D/MtkCam/HwBuffhandler( 5296): (26088)[virtual void HwBuffer::destroyBuffer()] -
D/MtkCam/HwBuffhandler( 5296): (26088)[virtual void HwBuffer::destroyBuffer()] +
I/Drv/IMem( 5296): Drv/IMem[freeVirtBuf] mID[0x5f]/size[0x391160]/VA[0x45893000]/PA[0x2cc0000]
D/MtkCam/HwBuffhandler( 5296): (26088)[virtual void HwBuffer::destroyBuffer()] -
D/MtkCam/HwBuffhandler( 5296): (26088)[virtual void HwBuffer::destroyBuffer()] +
I/Drv/IMem( 5296): Drv/IMem[freeVirtBuf] mID[0x60]/size[0x391160]/VA[0x45c25000]/PA[0x3080000]
D/MtkCam/HwBuffhandler( 5296): (26088)[virtual void HwBuffer::destroyBuffer()] -
D/MtkCam/HwBuffhandler( 5296): (26088)[virtual void HwBuffer::destroyBuffer()] +
I/Drv/IMem( 5296): Drv/IMem[freeVirtBuf] mID[0x61]/size[0x391160]/VA[0x45fb7000]/PA[0x3440000]
I/BufferQueue( 133): [Starting org.opencv.samples.NativeActivity](this:0x43520a58,api:0) setDefaultBufferSize: w=1920, h=1080
D/MtkCam/HwBuffhandler( 5296): (26088)[virtual void HwBuffer::destroyBuffer()] -
D/MtkCam/HwBuffhandler( 5296): (26088)[virtual void HwBuffer::destroyBuffer()] +
I/Drv/IMem( 5296): Drv/IMem[freeVirtBuf] mID[0x62]/size[0x391160]/VA[0x46349000]/PA[0x3800000]
I/SurfaceFlinger( 133): [virtual void android::LayerScreenshot::setGeometry(const android::sp&, android::HWComposer::HWCLayerInterface&)] add:983, count:1
I/SurfaceFlinger( 133): [static bool android::LayerScreenshot::isFrozen()] LayerScreenshot top:983 (orient:0, alpha:255)
D/SurfaceFlinger( 133): Freeze screen...
D/MtkCam/HwBuffhandler( 5296): (26088)[virtual void HwBuffer::destroyBuffer()] -
D/MtkCam/HwBuffhandler( 5296): (26088)[virtual void HwBuffProvider::removeBuf()] -
D/SensorHal( 5296): [uninit][uninit]: 3
D/SensorHal( 5296): [uninit] Still users
D/SensorHal( 5296): [deleteImp][deleteImp]: 3
D/SensorHal( 5296): [deleteImp] Still users
D/EISHal ( 5296): [destroyInstance]mtkdefaultAdapter
D/EISHal ( 5296): [uninit]mUsers(1)
D/EISDrv ( 5296): [enableEIS]Enable(0x0)
D/EISDrv ( 5296): [uninit]mUsers(1)
D/EISDrv ( 5296): [resetRegister]+
D/EISDrv ( 5296): [resetRegister]-
D/EISDrv ( 5296): [destroyMemBuf]Cnt(1)
I/Drv/IMem( 5296): Drv/IMem[freeVirtBuf] mID[0x63]/size[0x1a0]/VA[0x43c17000]/PA[0x2240000]
D/EISDrv ( 5296): [destroyMemBuf]-
I/IspDrv ( 5296): {IspDrv} [uninit] - E. mInitCount(7)
I/IspDrv ( 5296): {IspDrv} [ProfilingPrint] [Event_IspDrv_Uninit] atomic_dec:(0-th) ===> [start-->now: 0.032000 ms]
I/IspDrv ( 5296): {IspDrv} [uninit] - X. ret: 1. mInitCount: 6.
I/IspDrv ( 5296): {IspDrv} [ProfilingPrint] [Event_IspDrv_Uninit] Exit:(1-th) ===> [start-->now: 0.060000 ms] [last-->now: 0.028000 ms]
D/EISDrv ( 5296): [uninit]X
D/EISHal ( 5296): [uninit]-
I/MtkCam/CamAdapter( 5296): (26088)[transitState] StatePreview --> StateIdle
D/MtkCam/PrvCQT( 5296): (26088)[stop] -
D/MtkCam/PrvCQT( 5296): (26088)[threadLoop] -
D/MtkCam/PrvCQT( 5296): (26088)[threadLoop] +
D/MtkCam/PrvCQT( 5296): (26088)[getCommand] +
D/MtkCam/PrvCQT( 5296): (26088)[getCommand] + tid(26088), que size(0)
D/MtkCam/PrvCQT( 5296): (11305)[postCommand] -
D/MtkCam/ResourceLock( 5296): (11305)[Unlock] Type(2)
D/MtkCam/ResourceLock( 5296): (11305)[GetPipeMgr] Type(2),Dst(0x00000003)
D/PipeMgrDrv( 5296): [Unlock]OK,PipeMask(0x00000003)
D/MtkCam/ResourceLock( 5296): (11305)[Unlock] Unlock OK
D/MtkCam/ResourceLock( 5296): (11305)[SetMode] Type(1)
D/MtkCam/ResourceLock( 5296): (11305)[GetResMgr] Type(1),ScenSw(1),ScenHw(0),Dev(0)
D/ResMgrDrv( 5296): [SetMode]ScenSw(1),ScenHw(0),Dev(0)
D/ResMgrDrv( 5296): [GetMode]ScenSw(2),ScenHw(6),Dev(0)
D/ResMgrDrv( 5296): [SetMode]OK
I/ ( 5296): [BWC INFO](11305): [bwc.mm._Profile] Get : 5
I/ ( 5296): [BWC INFO](11305): [bwc.mm._Profile] Set : 0
I/ ( 5296): [BWC INFO](11305): [bwc.mm.SensorSize] Get : 1996 1496
I/ ( 5296): [BWC INFO](11305): [bwc.mm.VideoRecordSize] Get :
I/ ( 5296): [BWC INFO](11305): [bwc.mm.DisplaySize] Get :
I/ ( 5296): [BWC INFO](11305): [bwc.mm.TvOutSize] Get :
I/ ( 5296): [BWC INFO](11305): [bwc.mm.Fps] Get :
I/ ( 5296): [BWC INFO](11305): [bwc.mm.VideoEncodeCodec] Get :
I/ ( 5296): [BWC INFO](11305): [bwc.mm.VideoDecodeCodec] Get : 1
I/ ( 5296): [BWC INFO](11305): BWC_SETTING::DumpInfo-------
I/ ( 5296):
I/ ( 5296): [BWC INFO](11305): sensor_size = 1996 x 1496
I/ ( 5296): [BWC INFO](11305): vr_size = 0 x 0
I/ ( 5296): [BWC INFO](11305): disp_size = 0 x 0
I/ ( 5296): [BWC INFO](11305): tv_size = 0 x 0
I/ ( 5296): [BWC INFO](11305): fps = 0
I/ ( 5296): [BWC INFO](11305): venc_codec_type = 0
I/ ( 5296): [BWC INFO](11305): vdec_codec_type = 1
I/ ( 5296): [BWC INFO](11305): ----------------------------
I/ ( 5296):
I/ ( 5296): [BWC INFO](11305): BWCLIMIT_VR_1066 VR=840222720
I/ ( 5296): [BWC INFO](11305): BWCLIMIT_VR_1066 VT=933534720
I/ ( 5296): [BWC INFO](11305): BWCLIMIT_VT_1066 VR=402278400
I/ ( 5296): [BWC INFO](11305): BWCLIMIT_VT_1066 VT=487987200
I/ ( 5296): [BWC INFO](11305): Read DDR type string:LPDDR2
I/ ( 5296): [BWC INFO](11305): DDR Type = 0
I/ ( 5296): [BWC INFO](11305): smi_bw_ctrl_set: scen 0, reduce cmd 0
I/ ( 5296): [BWC INFO](11305): emi_bw_ctrl_set: CON_SCE_NORMAL OFF
I/ ( 5296): [BWC INFO](11305): ifc_set_throttle: -1 -1 (Normal)
D/NetUtils( 5296): enter ifc_set_throttle: ifname = ccmni0, rx = -1 kbs, tx = -1 kbs
D/NetUtils( 5296): ifc_netd_sock_init: connect to netd failed, err: 13(Permission denied)
D/NetUtils( 5296): ifc_netd_sock_close
I/ ( 5296): [BWC INFO](11305): Profile_Change:[BWCPT_CAMERA_PREVIEW]:OFF
I/ ( 5296): [BWC INFO](11305): [bwc.mm._Profile] Get : 0
I/ ( 5296): [BWC INFO](11305): [bwc.mm._Profile] Set : 0
I/ ( 5296): [BWC INFO](11305): [bwc.mm.SensorSize] Get : 1996 1496
I/ ( 5296): [BWC INFO](11305): [bwc.mm.VideoRecordSize] Get :
I/ ( 5296): [BWC INFO](11305): [bwc.mm.DisplaySize] Get :
I/ ( 5296): [BWC INFO](11305): [bwc.mm.TvOutSize] Get :
I/ ( 5296): [BWC INFO](11305): [bwc.mm.Fps] Get :
I/ ( 5296): [BWC INFO](11305): [bwc.mm.VideoEncodeCodec] Get :
I/ ( 5296): [BWC INFO](11305): [bwc.mm.VideoDecodeCodec] Get : 1
I/ ( 5296): [BWC INFO](11305): BWC_SETTING::DumpInfo-------
I/ ( 5296):
I/ ( 5296): [BWC INFO](11305): sensor_size = 1996 x 1496
I/ ( 5296): [BWC INFO](11305): vr_size = 0 x 0
I/ ( 5296): [BWC INFO](11305): disp_size = 0 x 0
I/ ( 5296): [BWC INFO](11305): tv_size = 0 x 0
I/ ( 5296): [BWC INFO](11305): fps = 0
I/ ( 5296): [BWC INFO](11305): venc_codec_type = 0
I/ ( 5296): [BWC INFO](11305): vdec_codec_type = 1
I/ ( 5296): [BWC INFO](11305): ----------------------------
I/ ( 5296):
I/ ( 5296): [BWC INFO](11305): BWCLIMIT_VR_1066 VR=840222720
I/ ( 5296): [BWC INFO](11305): BWCLIMIT_VR_1066 VT=933534720
I/ ( 5296): [BWC INFO](11305): BWCLIMIT_VT_1066 VR=402278400
I/ ( 5296): [BWC INFO](11305): BWCLIMIT_VT_1066 VT=487987200
I/ ( 5296): [BWC INFO](11305): Read DDR type string:LPDDR2
I/ ( 5296): [BWC INFO](11305): DDR Type = 0
I/ ( 5296): [BWC INFO](11305): smi_bw_ctrl_set: scen 0, reduce cmd 0
I/ ( 5296): [BWC INFO](11305): emi_bw_ctrl_set: CON_SCE_NORMAL OFF
I/ ( 5296): [BWC INFO](11305): ifc_set_throttle: -1 -1 (Normal)
D/NetUtils( 5296): enter ifc_set_throttle: ifname = ccmni0, rx = -1 kbs, tx = -1 kbs
D/NetUtils( 5296): ifc_netd_sock_init: connect to netd failed, err: 13(Permission denied)
D/NetUtils( 5296): ifc_netd_sock_close
I/ ( 5296): [BWC INFO](11305): Profile_Change:[BWCPT_CAMERA_PREVIEW]:OFF
D/ResMgrDrv( 5296): [CloseHdmi]En(1)
W/ResMgrDrv( 5296): [CloseHdmi]WRN( 456):HDMITX kernel open fail, errno(2):No such file or directory
D/MtkCam/CamAdapter( 5296): (11305)(Default)[onHandleStopPreview] -
D/MtkCam/CamAdapter( 5296): (11305)(StatePreview)[onStopPreview] - status(0)
D/MtkCam/CamClient( 5296): (11305)[stopPreview] +
D/MtkCam/PrvCB( 5296): (11305)[stopPreview] + current mIsPrvStarted=1
D/MtkCam/PrvCB( 5296): (11305)(PreviewClientCb)[ImgBufManager::uninit] + mu4BufCount(3)
D/MtkCam/PrvCB( 5296): (11305)(PreviewClientCb)[ImgBufManager::uninit] -
D/MtkCam/PrvCB( 5296): (11305)(PreviewClientCb)[ImgBufManager::~ImgBufManager]
D/MtkCam/CamClient/FDClient( 5296): (11305)[stopFaceDetection] +
I/MtkCam/CamAdapter( 5296): (Default)[BaseCamAdapter::onImgBufProviderDestroyed] id=4, ImgBufProvider=0x0
D/MtkCam/CamClient/FDClient( 5296): (11305)[stopFaceDetection] isEnabledState(0) +
W/MtkCam/CamClient/FDClient( 5296): (11305)[stopFaceDetection] FD was not running
D/MtkCam/CamClient/FDClient( 5296): (11305)[stopFaceDetection] -
D/MtkCam/CamClient( 5296): (11305)[stopPreview] -
D/MtkCam/DisplayClient( 5296): (11305)[disableDisplay] + isDisplayEnabled(1)
D/MtkCam/MtkCamUtils( 5296): (CameraDisplay@ImgBufQue)[dequeProcessor] Empty Que
W/MtkCam/DisplayClient( 5296): (26087)[waitAndHandleReturnBuffers] vQueNode.empty()
I/MtkCam/DisplayClient( 5296): (26087)[onThreadLoop] Display disabled
D/MtkCam/DisplayClient( 5296): (26087)[cancelAllUnreturnBuffers] +
D/MtkCam/DisplayClient( 5296): (11305)[disableDisplay] - isDisplayEnabled(0)
D/MtkCam/DisplayClient( 5296): (26087)[cancelAllUnreturnBuffers] -
D/MtkCam/DisplayClient( 5296): (26087)[DisplayThread::threadLoop] - mpThreadHandler.get(0x42a347cc)
D/MtkCam/DisplayClient( 5296): (26087)[DisplayThread::getCommand] + que size(0)
W/MtkCam/CamAdapter( 5296): (11305)(StateIdle)[op_UnSupport] onCancelCapture
D/MtkCam/CamAdapter( 5296): (11305)(Default)[uninit] +
D/MtkCam/CamAdapter( 5296): (11305)[CaptureCmdQueThread::requestExit] +
D/MtkCam/CamAdapter( 5296): (11305)[CaptureCmdQueThread::postCommand] - new command::eID_EXIT
D/MtkCam/CamAdapter( 5296): (26089)[CaptureCmdQueThread::getCommand] command:eID_EXIT
D/MtkCam/CamAdapter( 5296): (26089)[CaptureCmdQueThread::getCommand] - que size(0), ret(1)
D/MtkCam/CamAdapter( 5296): (26089)[CaptureCmdQueThread::threadLoop] Command::eID_EXIT
D/MtkCam/CamAdapter( 5296): (26089)[CaptureCmdQueThread::threadLoop] - mpCmdQueThreadHandler.get(0x42a2199c)
D/MtkCam/CamAdapter( 5296): (11305)[CaptureCmdQueThread::requestExit] -
D/MtkCam/CamAdapter( 5296): (11305)(Default)[uninit] PreviewCmdQ Thread: (tid, getStrongCount)=(26088, 2)
D/MtkCam/PrvCQT( 5296): (11305)[requestExit] +
D/MtkCam/PrvCQT( 5296): (11305)[postCommand] +
D/MtkCam/PrvCQT( 5296): (11305)[postCommand] + tid(11305), que size(0)
D/MtkCam/PrvCQT( 5296): (11305)[postCommand] - new command added(5): tid(11305), que size(1)
D/MtkCam/PrvCQT( 5296): (26088)[getCommand] Command: 5
D/MtkCam/PrvCQT( 5296): (26088)[getCommand] - tid(26088), que size(0), ret(1)
D/MtkCam/PrvCQT( 5296): (26088)[getCommand] -
D/MtkCam/PrvCQT( 5296): (26088)[threadLoop] -
D/MtkCam/PrvCQT( 5296): (11305)[postCommand] -
D/MtkCam/PrvCQT( 5296): (11305)[requestExit] -
D/MtkCam/PrvCQT( 5296): (11305)[~PreviewCmdQueThread] this=0x42a51c30, sizeof:192
D/MtkCam/PreviewBufMgr( 5296): (11305)[~PreviewBufMgr] this=0x42a21a48, mspImgBufProvidersMgr=0x42a21a4c, mspHwBufPvdr=0x42a21a50, sizeof:20
D/MtkCam/HwBuffhandler( 5296): (11305)[virtual HwBuffProvider::~HwBuffProvider()] +
D/MtkCam/HwBuffhandler( 5296): (11305)[virtual HwBuffProvider::~HwBuffProvider()] -
D/MtkCam/CamAdapter( 5296): (11305)(Default)[uninit3A]
D/MtkCam/ResourceLock( 5296): (11305)[Uninit] Last user(0)
D/ResMgrDrv( 5296): [Uninit]More user(1)
D/PipeMgrDrv( 5296): [Uninit]Last user(0)
D/MtkCam/CamAdapter( 5296): (11305)(Default)[uninit] -
I/MtkCam/CamDevice( 5296): (11305)(Default:0)[CamDevice::stopPreview] -
D/MtkCam/CamDevice( 5296): (11305)(Default:0)[onUninit] +
D/MtkCam/CamDevice( 5296): (11305)(Default:0)[CamDevice::onUninit] +
I/MtkCam/DisplayClient( 5296): (11305)[uninit] + getStrongCount(2)
D/MtkCam/DisplayClient( 5296): (11305)[disableDisplay] + isDisplayEnabled(0)
D/MtkCam/DisplayClient( 5296): (11305)[disableDisplay] Display is already disabled
D/MtkCam/DisplayClient( 5296): (11305)[disableDisplay] - isDisplayEnabled(0)
D/MtkCam/DisplayClient( 5296): (11305)[destroyDisplayThread] DisplayThread: (tid, getStrongCount, pDisplayThread)=(26087, 2, 0x42a21838)
D/MtkCam/DisplayClient( 5296): (11305)[DisplayThread::requestExit] +
D/MtkCam/DisplayClient( 5296): (11305)[DisplayThread::postCommand] - new command::eID_EXIT
D/MtkCam/DisplayClient( 5296): (26087)[DisplayThread::getCommand] command:eID_EXIT
D/MtkCam/DisplayClient( 5296): (26087)[DisplayThread::getCommand] - que size(0), ret(1)
D/MtkCam/DisplayClient( 5296): (26087)[DisplayThread::threadLoop] Command::eID_EXIT
D/MtkCam/DisplayClient( 5296): (26087)[DisplayThread::threadLoop] - mpThreadHandler.get(0x42a347cc)
D/MtkCam/DisplayClient( 5296): (11305)[DisplayThread::requestExit] -
D/MtkCam/DisplayClient( 5296): (11305)[destroyDisplayThread] join() exit
D/MtkCam/DisplayClient( 5296): (11305)[destroyImgBufQueue] +
I/MtkCam/CamAdapter( 5296): (Default)[BaseCamAdapter::onImgBufProviderDestroyed] id=1, ImgBufProvider=0x44d9cc28
D/MtkCam/DisplayClient( 5296): (11305)[destroyImgBufQueue] -
I/MtkCam/DisplayClient( 5296): (11305)[uninit] - getStrongCount(1)
D/MtkCam/DisplayClient( 5296): (11305)[~DisplayClient] +
I/MtkCam/CamClient( 5296): (11305)[uninit] + getStrongCount(1)
D/MtkCam/PrvCB( 5296): (11305)[uninit] +
I/MtkCam/CamAdapter( 5296): (Default)[BaseCamAdapter::onImgBufProviderDestroyed] id=3, ImgBufProvider=0x42a55338
W/MtkCam/MtkCamUtils( 5296): (PrvCB@ImgBufQue)[stopProcessor] intent to clear Done Que: size(1)!=0
D/MtkCam/PrvCB( 5296): [PrvCbImgBuf::~PrvCbImgBuf] Buffer[PreviewClientCb@0x44E11000@460800@yuv420sp@(640)640x480@12@Timestamp(10889050752000)] - mCamMem.release(0x40994bd3)
D/MtkCam/PrvCB( 5296): [PrvCbImgBuf::~PrvCbImgBuf] Buffer[PreviewClientCb@0x44E82000@460800@yuv420sp@(640)640x480@12@Timestamp(10888870627000)] - mCamMem.release(0x40994bd3)
D/MtkCam/PrvCB( 5296): [PrvCbImgBuf::~PrvCbImgBuf] Buffer[PreviewClientCb@0x44EF3000@460800@yuv420sp@(640)640x480@12@Timestamp(10888960691000)] - mCamMem.release(0x40994bd3)
D/MtkCam/PrvCB( 5296): (11305)[uninit] getThreadId(26085), getStrongCount(2), this(0x44d9d928)
D/MtkCam/PrvCB( 5296): (11305)[requestExit] +
D/MtkCam/PrvCB( 5296): (11305)[postCommand] - new command::eID_EXIT
D/MtkCam/PrvCB( 5296): (11305)[requestExit] -
D/MtkCam/PrvCB( 5296): (26085)[getCommand] command:eID_EXIT
D/MtkCam/PrvCB( 5296): (26085)[threadLoop] Command::eID_EXIT
D/MtkCam/PrvCB( 5296): (26085)[threadLoop] -
D/MtkCam/PrvCB( 5296): (11305)[uninit] join() exit
D/MtkCam/PrvCB( 5296): (11305)[uninit] -
D/MtkCam/PrvCB( 5296): (11305)[~PreviewClient] +
D/MtkCam/CamClient/RecordClient( 5296): (11305)[uninit] +
I/MtkCam/CamAdapter( 5296): (Default)[BaseCamAdapter::onImgBufProviderDestroyed] id=2, ImgBufProvider=0x42a554f0
D/MtkCam/CamClient/RecordClient( 5296): (11305)[uninit] getThreadId(26086), getStrongCount(2), this(0x42a553e0)
D/MtkCam/CamClient/RecordClient( 5296): (11305)[requestExit] +
D/MtkCam/CamClient/RecordClient( 5296): (11305)[postCommand] - new command::eID_EXIT
D/MtkCam/CamClient/RecordClient( 5296): (11305)[requestExit] -
D/MtkCam/CamClient/RecordClient( 5296): (26086)[getCommand] command:eID_EXIT
D/MtkCam/CamClient/RecordClient( 5296): (26086)[getCommand] - que size(0), ret(1)
D/MtkCam/CamClient/RecordClient( 5296): (26086)[threadLoop] Command::eID_EXIT
D/MtkCam/CamClient/RecordClient( 5296): (26086)[threadLoop] -
D/MtkCam/CamClient/RecordClient( 5296): (11305)[uninit] join() exit
D/MtkCam/CamClient/RecordClient( 5296): (11305)[uninit] -
D/MtkCam/CamClient/RecordClient( 5296): (11305)[~RecordClient] -
D/MtkCam/CamClient/FDClient( 5296): (11305)[uninit] +
D/MtkCam/CamClient/FDClient( 5296): (11305)[uninit] getThreadId(0), getStrongCount(1), this(0x42a520c8)
D/MtkCam/CamClient/FDClient( 5296): (11305)[requestExit] +
D/MtkCam/CamClient/FDClient( 5296): (11305)[postCommand] - new command::1
D/MtkCam/CamClient/FDClient( 5296): (11305)[requestExit] -
D/MtkCam/CamClient/FDClient( 5296): (11305)[uninit] join() exit
D/MtkCam/CamClient/FDClient( 5296): (11305)[uninit] -
D/MtkCam/CamClient/FDClient( 5296): (11305)[~FDClient] -
D/MtkCam/CamClient/PREFEATUREBASE( 5296): (11305)[uninit] +
D/MtkCam/MtkCamUtils( 5296): (PrvFeatureBuf@ImgBufQue)[flushProcessor] TODO Que.size(0)
D/MtkCam/CamClient/PREFEATUREBASE( 5296): (11305)[uninit] -
D/MtkCam/CamClient/PREFEATUREBASE( 5296): (11305)[~PREFEATUREABSE] -
D/MtkCam/CamAdapter( 5296): (11305)(Default)[~CamAdapter] tid(11305), OpenId(0)
D/MtkCam/CamAdapter( 5296): (Default)[BaseCamAdapter::~BaseCamAdapter] tid(11305), OpenId(0)
D/MtkCam/CamAdapter( 5296): (Default)[BaseCamAdapter::~BaseCamAdapter] sizeof=32, this=0x42a21980, mpCamMsgCbInfo=0x42a2198c, mpParamsMgr=0x42a21990, mImgBufProvidersMgr=0x42a21994
I/MtkCam/CamClient( 5296): (11305)[uninit] - getStrongCount(1)
D/MtkCam/CamClient( 5296): (11305)[~CamClient]
D/MtkCam/CamDevice( 5296): (11305)(Default:0)[CamDevice::onUninit] -
I/MtkCam/MtkCamUtils( 5296): {CamProfile}[DefaultCamDevice::onUninit] CamDevice::onUninit() -: (0-th) ===> [start-->now: 2 ms]
D/aaa_hal/3Athread( 5296): +
D/aaa_hal/3Athread( 5296): mCmdQ size(0) + cmd(12)
D/aaa_hal/3Athread( 5296): CmdQ-size(1), todo(12)
D/aaa_hal/3Athread( 5296): -
D/aaa_hal/3Athread( 5296): -
I/IspDrv ( 5296): {IspDrv} [uninit] - E. mInitCount(6)
I/IspDrv ( 5296): {IspDrv} [ProfilingPrint] [Event_IspDrv_Uninit] atomic_dec:(0-th) ===> [start-->now: 0.042000 ms]
I/IspDrv ( 5296): {IspDrv} [uninit] - X. ret: 1. mInitCount: 5.
I/IspDrv ( 5296): {IspDrv} [ProfilingPrint] [Event_IspDrv_Uninit] Exit:(1-th) ===> [start-->now: 0.074000 ms] [last-->now: 0.032000 ms]
D/aaa_hal ( 5296): [AFThread] End
D/aaa_hal ( 5296): [AFThread] Delete
D/aaa_state( 5296): [StateInit::sendIntent]
D/flash_mgr.cpp( 5296): turnOffFlashDevice line=2041
D/FlashlightDrv( 5296): getInstance line=128
D/FlashlightDrv( 5296): setOnOff() isOn = 0
D/FlashlightDrv( 5296):
D/FlashlightDrv( 5296): setTimeOutTime(ms=1000)
D/flash_mgr.cpp( 5296): turnOffFlashDevice-thisFireEndTime=0
D/buf_mgr ( 5296): [int NS3A::BufMgr::uninit()()] - E. m_Users: 1
I/Drv/IMem( 5296): Drv/IMem[freeVirtBuf] mID[0x36]/size[0xd6f0]/VA[0x426e1000]/PA[0x1dc0000]
I/Drv/IMem( 5296): Drv/IMem[freeVirtBuf] mID[0x37]/size[0xd6f0]/VA[0x426ef000]/PA[0x1e00000]
I/Drv/IMem( 5296): Drv/IMem[freeVirtBuf] mID[0x38]/size[0x1bc]/VA[0x426fd000]/PA[0x1e40000]
I/IspDrv ( 5296): {IspDrv} [uninit] - E. mInitCount(5)
D/AEE/AED (26090): put_in_archive: Archive file /sdcard/mtklog/aee_exp/temp/db.V26090/SYS_PACKAGE_SETTINGS, size 255216
I/IspDrv ( 5296): {IspDrv} [ProfilingPrint] [Event_IspDrv_Uninit] atomic_dec:(0-th) ===> [start-->now: 0.012000 ms]
I/IspDrv ( 5296): {IspDrv} [uninit] - X. ret: 1. mInitCount: 4.
I/IspDrv ( 5296): {IspDrv} [ProfilingPrint] [Event_IspDrv_Uninit] Exit:(1-th) ===> [start-->now: 0.034000 ms] [last-->now: 0.022000 ms]
D/aaa_state( 5296): [StateCommon::transitState] StateInit --> StateUninit
I/IspDrv ( 5296): {IspDrv} [uninit] - E. mInitCount(4)
I/IspDrv ( 5296): {IspDrv} [ProfilingPrint] [Event_IspDrv_Uninit] atomic_dec:(0-th) ===> [start-->now: 0.006000 ms]
I/IspDrv ( 5296): {IspDrv} [uninit] - X. ret: 1. mInitCount: 3.
I/IspDrv ( 5296): {IspDrv} [ProfilingPrint] [Event_IspDrv_Uninit] Exit:(1-th) ===> [start-->now: 0.019000 ms] [last-->now: 0.013000 ms]
D/paramctrl_lifetime( 5296): [+uninit]
D/ispdrv_mgr( 5296): [uninit()] - E. m_Users: 1
I/IspDrv ( 5296): {IspDrv} [uninit] - E. mInitCount(3)
I/IspDrv ( 5296): {IspDrv} [ProfilingPrint] [Event_IspDrv_Uninit] atomic_dec:(0-th) ===> [start-->now: 0.006000 ms]
I/IspDrv ( 5296): {IspDrv} [uninit] - X. ret: 1. mInitCount: 2.
I/IspDrv ( 5296): {IspDrv} [ProfilingPrint] [Event_IspDrv_Uninit] Exit:(1-th) ===> [start-->now: 0.021000 ms] [last-->now: 0.015000 ms]
I/TdriMgr ( 5296): [uninit] mInitCount(1)
I/TpipeDrv( 5296): {TpipeDrv} [uninit] mInitCount(1)
I/Drv/IMem( 5296): Drv/IMem[freeVirtBuf] mID[0x3b]/size[0x278]/VA[0x42702000]/PA[0x0]
I/Drv/IMem( 5296): Drv/IMem[freeVirtBuf] mID[0x3f]/size[0x278]/VA[0x42a37000]/PA[0x0]
I/Drv/IMem( 5296): Drv/IMem[freeVirtBuf] mID[0x40]/size[0x278]/VA[0x42a38000]/PA[0x0]
I/Drv/IMem( 5296): Drv/IMem[freeVirtBuf] mID[0x41]/size[0x278]/VA[0x437cf000]/PA[0x0]
I/Drv/IMem( 5296): Drv/IMem[freeVirtBuf] mID[0x3c]/size[0x278]/VA[0x42703000]/PA[0x0]
I/Drv/IMem( 5296): Drv/IMem[freeVirtBuf] mID[0x3d]/size[0x278]/VA[0x42704000]/PA[0x0]
I/Drv/IMem( 5296): Drv/IMem[freeVirtBuf] mID[0x3e]/size[0x278]/VA[0x42a36000]/PA[0x0]
I/dalvikvm(26148): Turning on JNI app bug workarounds for target SDK version 9...
I/Drv/IMem( 5296): Drv/IMem[freeVirtBuf] mID[0x42]/size[0xd178]/VA[0x437d0000]/PA[0x0]
I/TpipeDrv( 5296): {TpipeDrv} [uninit] X
I/IspDrv ( 5296): {IspDrv} [uninit] - E. mInitCount(2)
I/IspDrv ( 5296): {IspDrv} [ProfilingPrint] [Event_IspDrv_Uninit] atomic_dec:(0-th) ===> [start-->now: 0.008000 ms]
I/IspDrv ( 5296): {IspDrv} [uninit] - X. ret: 1. mInitCount: 1.
I/IspDrv ( 5296): {IspDrv} [ProfilingPrint] [Event_IspDrv_Uninit] Exit:(1-th) ===> [start-->now: 0.028000 ms] [last-->now: 0.020000 ms]
I/TdriMgr ( 5296): [uninit] Release
D/lsc_mgr ( 5296): [LscMgr:uninit]
D/AppTsf ( 5296): [TsfExit] TsfExit
D/AppTsf ( 5296): [~AppTsf] destructor
D/dalvikvm(26148): threadid=9: interp stack at 0x5d94d000
D/lsc_mgr ( 5296): [LscMgr:mThreadLoop] end
D/lsc_mgr ( 5296): ~ RawLscTblUnInit(0)!!!
I/Drv/IMem( 5296): Drv/IMem[freeVirtBuf] mID[0x43]/size[0x10000]/VA[0x437de000]/PA[0x1f00000]
D/lsc_mgr ( 5296): RawLsc free VirtBuf/PhyBuf 0x437de000/0x01f00000 success
D/lsc_mgr ( 5296): ~ RawLscTblUnInit(1)!!!
I/Drv/IMem( 5296): Drv/IMem[freeVirtBuf] mID[0x44]/size[0x10000]/VA[0x437ee000]/PA[0x1f40000]
D/lsc_mgr ( 5296): RawLsc free VirtBuf/PhyBuf 0x437ee000/0x01f40000 success
D/lsc_mgr ( 5296): ~ RawLscTblUnInit(2)!!!
I/Drv/IMem( 5296): Drv/IMem[freeVirtBuf] mID[0x45]/size[0x40000]/VA[0x437fe000]/PA[0x1f80000]
D/dalvikvm(26148): threadid=10: interp stack at 0x5da55000
D/lsc_mgr ( 5296): RawLsc free VirtBuf/PhyBuf 0x437fe000/0x01f80000 success
D/lsc_mgr ( 5296): ~ RawLscTblUnInit(3)!!!
I/Drv/IMem( 5296): Drv/IMem[freeVirtBuf] mID[0x46]/size[0x10000]/VA[0x4383e000]/PA[0x2000000]
D/lsc_mgr ( 5296): RawLsc free VirtBuf/PhyBuf 0x4383e000/0x02000000 success
D/lsc_mgr ( 5296): ~ RawLscTblUnInit(4)!!!
I/Drv/IMem( 5296): Drv/IMem[freeVirtBuf] mID[0x47]/size[0x40000]/VA[0x43b89000]/PA[0x2040000]
D/lsc_mgr ( 5296): RawLsc free VirtBuf/PhyBuf 0x43b89000/0x02040000 success
D/lsc_mgr ( 5296): ~ RawLscTblUnInit(5)!!!
I/Drv/IMem( 5296): Drv/IMem[freeVirtBuf] mID[0x48]/size[0x10000]/VA[0x4384e000]/PA[0x20c0000]
D/lsc_mgr ( 5296): RawLsc free VirtBuf/PhyBuf 0x4384e000/0x020c0000 success
I/Drv/IMem( 5296): Drv/IMem[freeVirtBuf] mID[0x49]/size[0x10000]/VA[0x4385e000]/PA[0x2100000]
D/lsc_mgr ( 5296): RawLsc free VirtBuf/PhyBuf 0x4385e000/0x02100000 success
I/Drv/IMem( 5296): Drv/IMem[freeVirtBuf] mID[0x4a]/size[0x10000]/VA[0x43bf6000]/PA[0x2140000]
D/lsc_mgr ( 5296): RawLsc free VirtBuf/PhyBuf 0x43bf6000/0x02140000 success
I/Drv/IMem( 5296): Drv/IMem[freeVirtBuf] mID[0x4b]/size[0x10000]/VA[0x43c06000]/PA[0x2180000]
D/lsc_mgr ( 5296): RawLsc free VirtBuf/PhyBuf 0x43c06000/0x02180000 success
I/Drv/IMem( 5296): Drv/IMem[freeVirtBuf] mID[0x4c]/size[0xa8c0]/VA[0x4386e000]/PA[0x21c0000]
D/lsc_mgr ( 5296): RawLsc free VirtBuf/PhyBuf 0x4386e000/0x021c0000 success
D/SensorHal( 5296): [uninit][uninit]: 2
D/SensorHal( 5296): [uninit] Still users
D/SensorHal( 5296): [deleteImp][deleteImp]: 2
D/SensorHal( 5296): [deleteImp] Still users
D/lsc_mgr ( 5296): [LscMgr:uninit] (m_pIMemDrv:0x 0) (m_pSensorHal:0x0)
D/FLICKER ( 5296): [FLK Hal] FFLK func=getInstance line=134
D/FLICKER ( 5296): [FLK Hal] FFLK func=getInstance line=141
D/FLICKER ( 5296): [FLK Hal] FFLK func=releaseBuf line=229
I/Drv/IMem( 5296): Drv/IMem[freeVirtBuf] mID[0x39]/size[0x3a98]/VA[0x426fe000]/PA[0x1e80000]
I/Drv/IMem( 5296): Drv/IMem[freeVirtBuf] mID[0x3a]/size[0x3a98]/VA[0x437cb000]/PA[0x1ec0000]
D/FLICKER ( 5296): [FLK Hal] FFLK func=getInstance line=134
D/FLICKER ( 5296): [FLK Hal] FFLK func=getInstance line=141
D/FLICKER ( 5296): [FLK Hal] FFLK func=destroyInstance line=272
I/MtkCam/MtkCamUtils( 5296): {CamProfile}[DefaultCamDevice::onUninit] 3A Hal -: (1-th) ===> [start-->now: 6 ms] [last-->now: 3 ms]
D/SensorHal( 5296): [uninit][uninit]: 1
D/SeninfDrvImp( 5296): [initTg1CSI2][initCSI2]:enable = 0
D/AEE/AED (26090): put_in_archive: Archive file /sdcard/mtklog/aee_exp/temp/db.V26090/SYS_PACKAGE_UID_ERRORS, size 270
I/BufferQueue( 133): [Starting org.opencv.samples.NativeActivity](this:0x43520a58,api:0) connect: api=2
I/BufferQueue( 133): [Starting org.opencv.samples.NativeActivity](this:0x43520a58,api:2) setSynchronousMode: enabled=1
I/BufferQueue( 133): [Starting org.opencv.samples.NativeActivity](this:0x43520a58,api:2) new GraphicBuffer needed
D/BufferQueue( 133): [OLD] gb:NULL
D/AEE/AED (26090): put_in_archive: Archive file /sdcard/mtklog/aee_exp/temp/db.V26090/SYS_BACKLIGHTS, size 92
D/ImgSensorDrv( 5296): [uninit][uninit] mUsers = 1
D/SeninfDrvImp( 5296): [uninit][uninit]: 1
D/SeninfDrvImp( 5296): [setTg1PhaseCounter][setTg1PhaseCounter] pcEn(0) clkPol(0)
D/SeninfDrvImp( 5296): [setTg2PhaseCounter][setTg2PhaseCounter]
I/IspDrv ( 5296): {IspDrv} [uninit] - E. mInitCount(1)
I/IspDrv ( 5296): {IspDrv} [ProfilingPrint] [Event_IspDrv_Uninit] atomic_dec:(0-th) ===> [start-->now: 0.018000 ms]
I/IspDrv ( 5296): {IspDrv} [ProfilingPrint] [Event_IspDrv_Uninit] munmap(mpIspHwRegAddr):(1-th) ===> [start-->now: 0.051000 ms] [last-->now: 0.033000 ms]
I/IspDrv ( 5296): {IspDrv} [ProfilingPrint] [Event_IspDrv_Uninit] munmap(m_pRTBufTbl):(2-th) ===> [start-->now: 0.074000 ms] [last-->now: 0.023000 ms]
I/IspDrv ( 5296): {IspDrv} [ProfilingPrint] [Event_IspDrv_Uninit] m_pIMemDrv->unmapPhyAddr(m_ispVirRegBufInfo):(3-th) ===> [start-->now: 0.087000 ms] [last-->now: 0.013000 ms]
I/Drv/IMem( 5296): Drv/IMem[freeVirtBuf] mID[0x33]/size[0xc2004]/VA[0x44372000]/PA[0x1c80000]
I/IspDrv ( 5296): {IspDrv} [ProfilingPrint] [Event_IspDrv_Uninit] m_pIMemDrv->freeVirtBuf(m_ispVirRegBufInfo):(4-th) ===> [start-->now: 0.385000 ms] [last-->now: 0.298000 ms]
I/IspDrv ( 5296): {IspDrv} [ProfilingPrint] [Event_IspDrv_Uninit] m_pIMemDrv->unmapPhyAddr(m_ispCQDescBufInfo):(5-th) ===> [start-->now: 0.407000 ms] [last-->now: 0.022000 ms]
I/Drv/IMem( 5296): Drv/IMem[freeVirtBuf] mID[0x34]/size[0xba8]/VA[0x42605000]/PA[0x1d80000]
I/IspDrv ( 5296): {IspDrv} [ProfilingPrint] [Event_IspDrv_Uninit] m_pIMemDrv->freeVirtBuf(m_ispCQDescBufInfo):(6-th) ===> [start-->now: 0.461000 ms] [last-->now: 0.054000 ms]
I/Drv/IMem( 5296): Drv/IMem[uninit] close ion id(50).
I/IspDrv ( 5296): {IspDrv} [ProfilingPrint] [Event_IspDrv_Uninit] m_pIMemDrv->uninit():(7-th) ===> [start-->now: 0.669000 ms] [last-->now: 0.208000 ms]
I/IspDrv ( 5296): {IspDrv} [ProfilingPrint] [Event_IspDrv_Uninit] m_pIMemDrv->destroyInstance():(8-th) ===> [start-->now: 0.687000 ms] [last-->now: 0.018000 ms]
I/IspDrv ( 5296): {IspDrv} [ProfilingPrint] [Event_IspDrv_Uninit] memset(tdriMgrInfoCq1):(9-th) ===> [start-->now: 0.700000 ms] [last-->now: 0.013000 ms]
I/IspDrv ( 5296): {IspDrv} [ProfilingPrint] [Event_IspDrv_Uninit] memset(tdriMgrInfoCq2):(10-th) ===> [start-->now: 0.712000 ms] [last-->now: 0.012000 ms]
I/IspDrv ( 5296): {IspDrv} [uninit] ISP Global Count: 0.
I/IspDrv ( 5296): {IspDrv} [ProfilingPrint] [Event_IspDrv_Uninit] close isp mFd:(11-th) ===> [start-->now: 0.817000 ms] [last-->now: 0.105000 ms]
I/IspDrv ( 5296): {IspDrv} [ProfilingPrint] [Event_IspDrv_Uninit] free(mpIspDrvRegMap):(12-th) ===> [start-->now: 0.832000 ms] [last-->now: 0.015000 ms]
I/IspDrv ( 5296): {IspDrv} [uninit] - X. ret: 1. mInitCount: 0.
I/IspDrv ( 5296): {IspDrv} [ProfilingPrint] [Event_IspDrv_Uninit] Exit:(13-th) ===> [start-->now: 0.850000 ms] [last-->now: 0.018000 ms]
D/SeninfDrvImp( 5296): [uninit][uninit]: 0
D/SensorHal( 5296): [deleteImp][deleteImp]: 1
D/SensorHal( 5296): [uninit][uninit]: 0
D/MtkCam/CamDevice( 5296): (11305)(Default:0)[onUninit] SensorHal::destroyInstance()
I/MtkCam/MtkCamUtils( 5296): {CamProfile}[DefaultCamDevice::onUninit] Sensor Hal -: (2-th) ===> [start-->now: 15 ms] [last-->now: 8 ms]
D/MtkCam/ResManager( 5296): [close] DefaultCamDevice
D/ResMgrDrv( 5296): [SetMode]ScenSw(0),ScenHw(0),Dev(0)
D/ResMgrDrv( 5296): [GetMode]ScenSw(1),ScenHw(0),Dev(0)
D/ResMgrDrv( 5296): [SetMode]OK
I/ ( 5296): [BWC INFO](11305): [bwc.mm._Profile] Get : 0
D/AEE/AED (26090): put_in_archive: Archive file /sdcard/mtklog/aee_exp/temp/db.V26090/SYS_VERSION_INFO, size 4384
I/ ( 5296): [BWC INFO](11305): [bwc.mm._Profile] Set : 0
I/ ( 5296): [BWC INFO](11305): [bwc.mm.SensorSize] Get : 1996 1496
I/ ( 5296): [BWC INFO](11305): [bwc.mm.VideoRecordSize] Get :
I/ ( 5296): [BWC INFO](11305): [bwc.mm.DisplaySize] Get :
I/ ( 5296): [BWC INFO](11305): [bwc.mm.TvOutSize] Get :
I/ ( 5296): [BWC INFO](11305): [bwc.mm.Fps] Get :
I/ ( 5296): [BWC INFO](11305): [bwc.mm.VideoEncodeCodec] Get :
I/ ( 5296): [BWC INFO](11305): [bwc.mm.VideoDecodeCodec] Get : 1
I/ ( 5296): [BWC INFO](11305): BWC_SETTING::DumpInfo-------
I/ ( 5296):
I/ ( 5296): [BWC INFO](11305): sensor_size = 1996 x 1496
I/ ( 5296): [BWC INFO](11305): vr_size = 0 x 0
I/ ( 5296): [BWC INFO](11305): disp_size = 0 x 0
I/ ( 5296): [BWC INFO](11305): tv_size = 0 x 0
I/ ( 5296): [BWC INFO](11305): fps = 0
I/ ( 5296): [BWC INFO](11305): venc_codec_type = 0
I/ ( 5296): [BWC INFO](11305): vdec_codec_type = 1
I/ ( 5296): [BWC INFO](11305): ----------------------------
I/ ( 5296):
I/ ( 5296): [BWC INFO](11305): BWCLIMIT_VR_1066 VR=840222720
I/ ( 5296): [BWC INFO](11305): BWCLIMIT_VR_1066 VT=933534720
I/ ( 5296): [BWC INFO](11305): BWCLIMIT_VT_1066 VR=402278400
I/ ( 5296): [BWC INFO](11305): BWCLIMIT_VT_1066 VT=487987200
I/ ( 5296): [BWC INFO](11305): Read DDR type string:LPDDR2
I/ ( 5296): [BWC INFO](11305): DDR Type = 0
I/ ( 5296): [BWC INFO](11305): smi_bw_ctrl_set: scen 0, reduce cmd 0
I/ ( 5296): [BWC INFO](11305): emi_bw_ctrl_set: CON_SCE_NORMAL OFF
I/ ( 5296): [BWC INFO](11305): ifc_set_throttle: -1 -1 (Normal)
D/NetUtils( 5296): enter ifc_set_throttle: ifname = ccmni0, rx = -1 kbs, tx = -1 kbs
D/NetUtils( 5296): ifc_netd_sock_init: connect to netd failed, err: 13(Permission denied)
D/NetUtils( 5296): ifc_netd_sock_close
I/ ( 5296): [BWC INFO](11305): Profile_Change:[BWCPT_CAMERA_PREVIEW]:OFF
D/ResMgrDrv( 5296): [CloseHdmi]En(0)
W/ResMgrDrv( 5296): [CloseHdmi]WRN( 456):HDMITX kernel open fail, errno(2):No such file or directory
D/MtkCam/ResManager( 5296): [uninit] Last user(0)
D/ResMgrDrv( 5296): [Uninit]Last user(0)
I/MtkCam/MtkCamUtils( 5296): {CamProfile}[DefaultCamDevice::onUninit] Resource -: (3-th) ===> [start-->now: 17 ms] [last-->now: 2 ms]
I/MtkCam/MtkCamUtils( 5296): {CamProfile}[DefaultCamDevice::onUninit] : (4-th) ===> [start-->now: 17 ms] [last-->now: 0 ms]
D/MtkCam/CamDevice( 5296): (11305)(Default:0)[onUninit] -
W/CameraClient( 5296): native_window_api_disconnect failed: Broken pipe (-32)
I/MtkCam/CamDevice( 5296): (11305)(Default:0)[CamDevice::setPreviewWindow] + window(0x0)
D/MtkCam/CamDevice( 5296): (11305)(Default:0)[CamDevice::initDisplayClient] + window(0x0)
W/MtkCam/CamDevice( 5296): (11305)(Default:0)[CamDevice::initDisplayClient] NULL window is passed into...
D/MtkCam/CamDevice( 5296): (11305)(Default:0)[CamDevice::initDisplayClient] - status(0)
I/CameraClient( 5296): Destroying camera 0
I/MtkCam/CamDevice( 5296): [CamDeviceManager::closeDevice] + device(0x42a21318), ICamDevice(0x42a21310)
D/MtkCam/MtkCamUtils( 5296): [CamPropertyMap::set] pid/tid=5296/11305 (client.appmode)=()
D/MtkCam/CamDevice( 5296): (11305)(Default:0)[CamDevice::~CamDevice]
I/MtkCam/CamDevice( 5296): [CamDeviceManager::closeDevice] - status(0)
D/CameraService( 5296): CameraService::removeClient E (pid 5296)
D/CameraService( 5296): removeClient: clear camera 0
D/CameraService( 5296): CameraService::removeClient X (pid 5296)
D/CameraClient( 5296): disconnect X (pid 5296)
D/CameraClient( 5296): CameraClient::~CameraClient E (pid 5296, this 0x425d6158)
D/CameraClient( 5296): disconnect E (pid 5296)
D/CameraClient( 5296): CameraClient::~CameraClient X (pid 5296, this 0x425d6158)
D/CameraService( 5296): CameraService::releaseSound ref=1
D/AEE/AED (26090): put_in_archive: Archive file /sdcard/mtklog/aee_exp/temp/db.V26090/DUMPSYS_GFXINFO, size 19967
I/GraphicBuffer( 133): allocate buffer (w:1920 h:1080 f:2) err(0)
I/BufferQueue( 133): [NEW] gb=0x4324d7f8, handle=0x4324dda0, w=1920, h=1080, s=1920, fmt=2
I/SurfaceFlinger( 133): [virtual void android::LayerScreenshot::setGeometry(const android::sp&, android::HWComposer::HWCLayerInterface&)] add:983, count:1
I/SurfaceFlinger( 133): [static bool android::LayerScreenshot::isFrozen()] LayerScreenshot top:983 (orient:0, alpha:255)
D/SurfaceFlinger( 133): Freeze screen...
D/AEE/AED (26090): put_in_archive: Archive file /sdcard/mtklog/aee_exp/temp/db.V26090/NE_JBT_TRACES, size 183012
D/InputReader( 5535): AP_PROF:AppLaunch_dispatchPtr:Down:10889280
I/AP_PROF ( 5535): unable to open /proc/mtprof/status entry
D/AEE/AED (26090): put_in_archive: Archive file /sdcard/mtklog/aee_exp/temp/db.V26090/SYS_LOW_MEMORY_KILLER, size 48
D/AEE/AED (26090): put_in_archive: Archive file /sdcard/mtklog/aee_exp/temp/db.V26090/SYS_PROC_MEM, size 0
I/SurfaceTexture( 133): [Starting org.opencv.samples.NativeActivity](this:0x43525960,api:2) [void* android::SurfaceTexture::createImage(EGLDisplay, const android::sp&)]
D/SurfaceTexture( 133): GraphicBuffer: gb=0x4324d7f8 handle=0x4324dda0
D/SurfaceTexture( 133): EGLImage: dpy=0x1, img=0x43253e90
I/SurfaceFlinger( 133): [virtual void android::LayerScreenshot::setGeometry(const android::sp&, android::HWComposer::HWCLayerInterface&)] add:983, count:1
I/SurfaceFlinger( 133): [static bool android::LayerScreenshot::isFrozen()] LayerScreenshot top:983 (orient:0, alpha:255)
D/SurfaceFlinger( 133): Freeze screen...
D/AEE/AED (26090): put_in_archive: Archive file /sdcard/mtklog/aee_exp/temp/db.V26090/_exp_detail.txt, size 82853
D/AEE/AED (26090): put_in_archive: Archive file /sdcard/mtklog/aee_exp/temp/db.V26090/ZZ_INTERNAL, size 113
I/AEE/AED (26090): aed_report_archive: pack /sdcard/mtklog/aee_exp/temp/db.V26090/CURRENT.dbg completed
I/AEE/AED (26090): *** INDEX: '/sdcard/mtklog/aee_exp/db.04' from /sdcard/mtklog/aee_exp/temp/db.V26090 ***
I/AEE/AED (26090): aed_report_complete: OK find db slot /sdcard/mtklog/aee_exp/db.04
D/AEE/AED (26163): notify_ok: am broadcast calling for /sdcard/mtklog/aee_exp/db.04
D/MediaPlayerService( 5296): disconnect(182) from pid 5296
I/AwesomePlayer( 5296): stop extractor in reset
D/AwesomePlayer( 5296): reset_l
D/MtkOmxAudioDecBase( 5296): SendCommand cmd=OMX_CommandStateSet
D/MtkOmxAudioDecBase( 5296): set MTK_OMX_IDLE_PENDING
D/MtkOmxAudioDecBase( 5296): # Got general command (OMX_CommandStateSet)
D/MtkOmxAudioDecBase( 5296): Request [OMX_StateExecuting]-> [OMX_StateIdle]
D/MtkOmxAudioDecBase( 5296): FlushInputPort -> mNumPendingInput(0)
D/MtkOmxAudioDecBase( 5296): -FlushInputPort
D/MtkOmxAudioDecBase( 5296): FlushOutputPort -> mNumPendingOutput(0)
D/MtkOmxAudioDecBase( 5296): -FlushOutputPort -> mNumPendingOutput(0)
D/MtkOmxVorbisDec( 5296): DeinitAudioDecoder(Vorbis)
D/MtkOmxAudioDecBase( 5296): SendCommand cmd=OMX_CommandStateSet
D/MtkOmxAudioDecBase( 5296): set MTK_OMX_LOADED_PENDING
D/MtkOmxAudioDecBase( 5296): # Got general command (OMX_CommandStateSet)
D/MtkOmxAudioDecBase( 5296): FreeBuffer input (0x43BF0630)
D/MtkOmxAudioDecBase( 5296): Request [OMX_StateIdle]-> [OMX_StateLoaded]
D/MtkOmxAudioDecBase( 5296): wait on mInPortFreeDoneSem(0), mOutPortFreeDoneSem(0)
D/MtkOmxAudioDecBase( 5296): FreeBuffer input (0x44070F88)
D/MtkOmxAudioDecBase( 5296): FreeBuffer input (0x450F9EF8)
D/MtkOmxAudioDecBase( 5296): FreeBuffer input (0x42A24C28)
D/MtkOmxAudioDecBase( 5296): FreeBuffer input (0x44867EF0)
D/MtkOmxAudioDecBase( 5296): FreeBuffer all input buffers have been freed!!! signal mInPortFreeDoneSem(1)
D/MtkOmxAudioDecBase( 5296): FreeBuffer output (0x43BEC950)
D/MtkOmxAudioDecBase( 5296): FreeBuffer output (0x42A355C0)
D/MtkOmxAudioDecBase( 5296): FreeBuffer output (0x43BEBED8)
D/MtkOmxAudioDecBase( 5296): FreeBuffer output (0x41BF12D8)
D/MtkOmxAudioDecBase( 5296): FreeBuffer all output buffers have been freed!!! signal mOutPortFreeDoneSem(1)
D/MtkOmxAudioDecBase( 5296): GetState (mState=OMX_StateLoaded)
D/MtkOmxCore( 5296): Mtk_OMX_FreeHandle
D/MtkOmxAudioDecBase( 5296): +ComponentDeInit
D/MtkOmxAudioDecBase( 5296): MtkOmxAudioDecodeThread terminated pOmxAudioDec=0x42A54898
D/MtkOmxAudioDecBase( 5296): MtkOmxAudioCommandThread terminated
D/MtkOmxAudioDecBase( 5296): -ComponentDeInit
D/MtkOmxVorbisDec( 5296): ~MtkOmxVorbisDec this= 0x42A54898
D/MtkOmxAudioDecBase( 5296): ~MtkOmxAudioDecBase this= 0x42A54898
D/MtkOmxCore( 5296): free_inst_handle dlclose(0x400C4A68), free(0x42A5489C)
D/OMX ( 5296): @@ OMX::CbDisp(0x425D62C0)::loop(26073) terminated
D/OMX ( 5296): @@ OMX::CbDisp::CbDisp(0x425D62C0), tid(11305), WOULD_BLOCK(0)
D/OMXCodec( 5296): !@@!>> destroy tid (11305)
I/AwesomePlayer( 5296): set flag for stopped
D/AwesomePlayer( 5296): reset_l
I/AwesomePlayer( 5296): set flag for stopped
D/AwesomePlayer( 5296): reset_l
D/AudioSink( 5296): close
D/MediaPlayerService( 5296): disconnect(182) from pid 5296
D/MediaPlayerService( 5296): [182]~Client
D/InputReader( 5535): AP_PROF:AppLaunch_dispatchPtr:Up:10889322
I/PCKeyboard( 5797): onConfigurationChanged()
