I/DEBUG (26188): 400e4d38 00000000 00000000 5d228750 5f3fa000 ........P."]..?_
I/DEBUG (26188):
I/DEBUG (26188): memory near sl:
I/DEBUG (26188): 000016d8 ffffffff ffffffff ffffffff ffffffff ................
I/DEBUG (26188): 000016e8 ffffffff ffffffff ffffffff ffffffff ................
I/DEBUG (26188): 000016f8 ffffffff ffffffff ffffffff ffffffff ................
I/DEBUG (26188): 00001708 ffffffff ffffffff ffffffff ffffffff ................
I/DEBUG (26188): 00001718 ffffffff ffffffff ffffffff ffffffff ................
I/DEBUG (26188):
I/DEBUG (26188): memory near fp:
I/DEBUG (26188): 6d2c774c ffffffff ffffffff ffffffff ffffffff ................
I/DEBUG (26188): 6d2c775c ffffffff ffffffff ffffffff ffffffff ................
I/DEBUG (26188): 6d2c776c ffffffff ffffffff ffffffff ffffffff ................
I/DEBUG (26188): 6d2c777c ffffffff ffffffff ffffffff ffffffff ................
I/DEBUG (26188): 6d2c778c ffffffff ffffffff ffffffff ffffffff ................
I/DEBUG (26188):
I/DEBUG (26188): memory near sp:
I/DEBUG (26188): 5ff4e7b0 00000000 400a5d60 40074000 5ff4e7d4 ....`].@.@.@..._
I/DEBUG (26188): 5ff4e7c0 fffffff8 400e4d18 df0027ad 00000000 .....M.@.'......
I/DEBUG (26188): 5ff4e7d0 2f647261 fffffbdf 7061632f 8cd8e39b ard/..../cap....
I/DEBUG (26188): 5ff4e7e0 5d22eee0 00000068 00000008 5d22eee0 .."]h........."]
I/DEBUG (26188): 5ff4e7f0 00000068 40092904 000016fa 5d22eee0 h....).@......"]
I/DEBUG (26188):
I/DEBUG (26188): code around pc:
I/DEBUG (26188): 4009f608 1afffffb e594c014 e35c0000 0a000018 ..........\.....
I/DEBUG (26188): 4009f618 e30b2fff e3a01027 e34d2ead e3a04000 ./..'.....M..@..
I/DEBUG (26188): 4009f628 e5421552 ebffefb6 e3a01006 ebfff46e R.B.........n...
I/DEBUG (26188): 4009f638 e28d1008 e3a03201 e1a02001 e3a00006 .....2... ......
I/DEBUG (26188): 4009f648 e58d3010 e58d4008 e58d400c ebfff23a .0...@...@..:...
I/DEBUG (26188):
I/DEBUG (26188): code around lr:
I/DEBUG (26188): 400a5d40 4a000009 e1d430fc e1a00004 e2455001 ...J.0.......PE.
I/DEBUG (26188): 400a5d50 e2844054 e3530000 da000001 e12fff37 T@....S.....7./.
I/DEBUG (26188): 400a5d60 e1866000 e3750001 1afffff5 e5988000 .`....u.........
I/DEBUG (26188): 400a5d70 e3580000 1affffee e1a00006 e8bd81f0 ..X.............
I/DEBUG (26188): 400a5d80 0003c260 e92d45f0 e0070291 e59f40a8 `....E-......@..
I/DEBUG (26188):
I/DEBUG (26188): memory map around fault addr deadbaad:
I/DEBUG (26188): bede3000-bee04000 [stack]
I/DEBUG (26188): (no map for address)
I/DEBUG (26188): ffff0000-ffff1000 [vectors]
D/Settings/BW(24502): ReadCodeTask:file size: 4096
W/AEE/AED (26188): DAL feature is off, just return
I/AEE/AED (26188): Dumping EXP/Native (NE)
I/AEE/AED (26188): db base:/sdcard/mtklog/aee_exp
V/Provider/Settings( 5535): from settings cache , name = dropbox:SYSTEM_TOMBSTONE , value = null
I/BootReceiver( 5535): Copying /data/tombstones/tombstone_02 to DropBox (SYSTEM_TOMBSTONE)
D/AEE/AED (26188): aed_report_dump_open: Using /sdcard/mtklog/aee_exp/temp/db.j26188
D/InputReader( 5535): AP_PROF:AppLaunch_dispatchPtr:Down:10890540
I/AP_PROF ( 5535): unable to open /proc/mtprof/status entry
D/AEE/AED (26188): coredump_socket_create: 26148
I/AEE/AED (26188): $** *** *** *** *** *** *** *** Exception *** *** *** *** *** *** *** **$
I/AEE/AED (26188): Build Info: 'ALPS.JB2.MP:Thl W8 Beyond GravityMod2 v3.0 by C3C076:MT6589:S01,ThL/ThL/ThL:4.2.1/JOP40D/1371548056:user/test-keys'
I/AEE/AED (26188): Flavor Info: 'None'
I/AEE/AED (26188): Exception Log Time:[Sat Jan 11 16:40:06 MSK 2014] [18386.250000]
I/AEE/AED (26188):
I/AEE/AED (26188): Exception Class: Native (NE)
I/AEE/AED (26188): Exception Type: SIGSEGV
I/AEE/AED (26188):
I/AEE/AED (26188): Current Executing Process:
I/AEE/AED (26188): pid: 26148, tid: 26172
I/AEE/AED (26188): org.opencv.samples.NativeActivity
I/AEE/AED (26188):
I/AEE/AED (26188): Backtrace:
I/AEE/AED (26188): #00 pc 00024628 /system/lib/libc.so
I/AEE/AED (26188): #01 pc 00017900 /system/lib/libc.so (dlmalloc+8128)
I/AEE/AED (26188): #02 pc 0001af3c /system/lib/libc.so (dlrealloc+168)
I/AEE/AED (26188): #03 pc 0000cb80 /system/lib/libc.so (realloc+16)
I/AEE/AED (26188): #04 pc 00019e0b /system/lib/libbinder.so (android::Parcel::continueWrite(unsigned int)+306)
I/AEE/AED (26188): #05 pc 00019ee7 /system/lib/libbinder.so (android::Parcel::writeInplace(unsigned int)+70)
I/AEE/AED (26188): #06 pc 0001a791 /system/lib/libbinder.so (android::Parcel::writeString16(unsigned short const*, unsigned int)+44)
I/AEE/AED (26188): #07 pc 000279ff /system/lib/libgui.so
I/AEE/AED (26188): #08 pc 0001fb67 /system/lib/libgui.so (android::BufferQueue::BufferQueue(bool, android::sp const&)+418)
I/AEE/AED (26188): #09 pc 00017097 /data/app-lib/org.opencv.lib_v24_armv7a-1/libnative_camera_r4.2.0.so (CameraHandler::initCameraConnect(bool (* const&)(void*, unsigned int, void*), int, void*, android::CameraParameters*)+1686)
I/AEE/AED (26188):
I/AEE/AED (26188): $** *** *** *** *** *** *** *** Exception *** *** *** *** *** *** *** **$
D/AEE/AED (26188): aed_report_dumpstate: filepath /sdcard/mtklog/aee_exp/temp/db.j26188, pid 26148, tid 26172, exp_class 1, db_opt 0
I/AEE/DUMPSTATE(26192): begin
I/AEE/DUMPSTATE(26192): aee_opt=0xc84
I/SurfaceFlinger( 133): [SurfaceFlinger] fps:10.386535,dur:1251.62,max:634.18,min:4.77
I/SurfaceTextureClient( 133): [STC::queueBuffer] (this:0x42ee4978) fps:10.39, dur:1251.63, max:634.21, min:4.10
I/BufferQueue( 133): [FramebufferSurface](this:0x42ee7008,api:1) [release] fps:10.39, dur:1251.63, max:634.24, min:4.10
I/BufferQueue( 133): [FramebufferSurface](this:0x42ee7008,api:1) [queue] fps:10.39, dur:1251.62, max:634.26, min:4.10
E/AEE/DUMPSTATE(26194): copy_process: execv /system/xbin/showmap failed(2), No such file or directory
D/InputReader( 5535): AP_PROF:AppLaunch_dispatchPtr:Up:10890609
D/dalvikvm( 5535): GC_FOR_ALLOC freed 5211K (55213), 19% free 30164K/37176K, paused 93ms, total 93ms
V/Provider/Settings( 5535): from settings cache , name = dropbox:SYSTEM_TOMBSTONE , value = null
V/Provider/Settings( 5535): from settings cache , name = dropbox_age_seconds , value = null
V/Provider/Settings( 5535): from settings cache , name = dropbox_max_files , value = null
V/Provider/Settings( 5535): from settings cache , name = dropbox_quota_percent , value = null
V/Provider/Settings( 5535): from settings cache , name = dropbox_reserve_percent , value = null
V/Provider/Settings( 5535): from settings cache , name = dropbox_quota_kb , value = null
V/Provider/Settings( 5535): from settings cache , name = sys_free_storage_log_interval , value = null
V/Provider/Settings( 5535): from settings cache , name = disk_free_change_reporting_threshold , value = null
D/InputReader( 5535): AP_PROF:AppLaunch_dispatchPtr:Down:10890767
I/AP_PROF ( 5535): unable to open /proc/mtprof/status entry
D/InputReader( 5535): AP_PROF:AppLaunch_dispatchPtr:Up:10890840
D/PowerManagerService( 5535): userActivityFromNative
D/PowerManagerService( 5535): userActivityNoUpdateLocked: eventTime=10890840, event=2, flags=0x0, uid=1000
D/PowerManagerNotifier( 5535): onUserActivity: event=2, uid=1000
D/PowerManagerService( 5535): updateUserActivitySummaryLocked: mWakefulness=Awake, mUserActivitySummary=0x1, nextTimeout=10914840 (in 24000 ms)
D/PowerManagerService( 5535): newScreenState = 2
D/PowerManagerDisplayController( 5535): requestPowerState: screenState=2, useProximitySensor=false, screenBrightness=255, screenAutoBrightnessAdjustment=0.0, useAutoBrightness=false, useEcoBrightness=false, blockScreenOn=false, waitForNegativeProximity=false
I/PowerManagerService( 5535): setBrightness mButtonLight 0.
D/PowerManagerService( 5535): updateScreenStateLocked: mDisplayReady=true, newScreenState=2, mWakefulness=1, mWakeLockSummary=0x0, mUserActivitySummary=0x1, mBootCompleted=true
D/PowerManagerService( 5535): handleSandman: canDream=true, mWakefulness=Awake
V/ActivityManager( 5535): Broadcast: Intent { act=android.intent.action.DROPBOX_ENTRY_ADDED flg=0x10 (has extras) } ordered=false userid=0
E/AEE/DUMPSTATE(26192): copy_file: Copy /proc/gpulog to SYS_GPU_INFO failed(2), No such file or directory
D/LocationManagerService( 5535): status timer finished
D/ConnectivityService( 5535): getActiveNetworkInfo:NetworkInfo: type: WIFI[], state: CONNECTED/CONNECTED, reason: (unspecified), extra: "ASUS", roaming: false, failover: false, isAvailable: true, simId: 0/10014
I/antiphony(24395): Timer task doing work
I/SurfaceTextureClient( 5719): [STC::queueBuffer] (this:0x5dd8ce08) fps:2.12, dur:1882.95, max:1016.49, min:29.75
I/BufferQueue( 133): [StatusBar](this:0x43515e58,api:1) [queue] fps:2.12, dur:1882.95, max:1016.67, min:29.91
I/BufferQueue( 133): [StatusBar](this:0x43515e58,api:1) [release] fps:2.12, dur:1886.74, max:1012.09, min:34.27
I/SurfaceFlinger( 133): [SurfaceFlinger] fps:0.987667,dur:1012.49,max:1012.49,min:1012.49
I/SurfaceTextureClient( 133): [STC::queueBuffer] (this:0x42ee4978) fps:0.99, dur:1012.58, max:1012.58, min:1012.58
I/BufferQueue( 133): [FramebufferSurface](this:0x42ee7008,api:1) [release] fps:0.99, dur:1012.63, max:1012.63, min:1012.63
I/BufferQueue( 133): [FramebufferSurface](this:0x42ee7008,api:1) [queue] fps:0.99, dur:1012.67, max:1012.67, min:1012.67
D/StateMachine( 5535): handleMessage: E msg.what=131155
D/StateMachine( 5535): processMsg: ConnectedState
D/WifiStateMachine( 5535): ConnectedState{ what=131155 when=-3ms arg1=32 target=Handler (com.android.internal.util.StateMachine$SmHandler) {4277a800} }
D/StateMachine( 5535): processMsg: L2ConnectedState
D/WifiStateMachine( 5535): L2ConnectedState{ what=131155 when=-3ms arg1=32 target=Handler (com.android.internal.util.StateMachine$SmHandler) {4277a800} }
D/WifiNative-wlan0( 5535): doString: SIGNAL_POLL
D/WifiCommon( 5535): [wlan0] SET "SIGNAL_POLL"
D/wpa_supplicant( 5621): RX ctrl_iface - hexdump(len=11): 53 49 47 4e 41 4c 5f 50 4f 4c 4c
D/wpa_supplicant( 5621): wlan0: Control interface command 'SIGNAL_POLL'
D/wpa_supplicant( 5621): nl80211: survey data missing!
I/WifiStateMachine( 5535): fetchRssiAndLinkSpeedNative, newRssi:-71, newLinkSpeed:65
D/StateMachine( 5535): handleMessage: X
D/dalvikvm( 5535): GC_EXPLICIT freed 648K (2754), 20% free 29972K/37176K, paused 4ms+8ms, total 82ms
E/AEE/DUMPSTATE(26201): copy_process: execv /system/xbin/procrank failed(2), No such file or directory
E/AEE/DUMPSTATE(26192): copy_file: Copy /proc/slabinfo to SYS_SLAB_INFO failed(2), No such file or directory
E/AEE/DUMPSTATE(26192): copy_file: Copy /sys/kernel/debug/wakeup_sources to SYS_KERNEL_WAKELOCKS failed(2), No such file or directory
E/AEE/DUMPSTATE(26206): copy_process: execv /system/xbin/librank failed(2), No such file or directory
D/dalvikvm( 5535): create interp thread : stack size=32KB
D/dalvikvm( 5535): create new thread
D/dalvikvm( 5535): new thread created
D/dalvikvm( 5535): update thread list
D/dalvikvm( 5535): threadid=95: interp stack at 0x62926000
D/dalvikvm( 5535): threadid=95: created from interp
D/dalvikvm( 5535): start new thread
D/dalvikvm( 5535): threadid=95: notify debugger
D/dalvikvm( 5535): threadid=95 (TransferPipe): calling run()
I/SurfaceTextureClient( 5719): [STC::queueBuffer] (this:0x5dd8ce08) fps:1.00, dur:2000.26, max:1011.78, min:988.48
I/BufferQueue( 133): [StatusBar](this:0x43515e58,api:1) [queue] fps:1.00, dur:2000.20, max:1011.78, min:988.42
I/BufferQueue( 133): [StatusBar](this:0x43515e58,api:1) [release] fps:1.00, dur:2006.31, max:1011.83, min:994.48
I/SurfaceFlinger( 133): [SurfaceFlinger] fps:0.997056,dur:2005.91,max:1011.83,min:994.08
I/SurfaceTextureClient( 133): [STC::queueBuffer] (this:0x42ee4978) fps:1.00, dur:2005.74, max:1011.83, min:993.91
I/BufferQueue( 133): [FramebufferSurface](this:0x42ee7008,api:1) [release] fps:1.00, dur:2005.67, max:1011.85, min:993.82
I/BufferQueue( 133): [FramebufferSurface](this:0x42ee7008,api:1) [queue] fps:1.00, dur:2005.63, max:1011.87, min:993.76
D/NetworkControllerGemini( 5719): refreshViews(0), DataConnected=false simColorId = 0
D/NetworkControllerGemini( 5719): refreshViews(0), set parameters to signal cluster view.
D/NetworkControllerGemini( 5719): refreshViews(0), tempPhoneSignalIconId.0 = 2130837950 tempPhoneSignalIconId.1 = 0 tempMobileActivityIconId= 0 tempDataTypeIconId= 2130837873
D/SignalClusterViewGemini( 5719): setMobileDataIndicators(0), visible=true, strengthIcon[0] ~ [1] 2130837950 ~ 0
D/SignalClusterViewGemini( 5719): isSimInserted(0), SimInserted=true
D/SignalClusterViewGemini( 5719): isSimInserted(1), SimInserted=true
D/NetworkControllerGemini( 5719): refreshViews(0), tempPhoneSignalIconId.0 = 2130837950 tempPhoneSignalIconId.1 = 0 tempMobileActivityIconId= 0 tempDataTypeIconId= 2130837873
D/SignalClusterViewGemini( 5719): setShowSimIndicator(0), showSimIndicator=false simIndicatorResource = 0
D/SignalClusterViewGemini( 5719): setDataConnected(0), dataConnected=false
D/SignalClusterViewGemini( 5719): setDataNetType3G(0), dataNetType=Type_3G
D/skia ( 5719): Flag is not 10
D/SignalClusterViewGemini( 5719): apply : mShowSimIndicator = false mSimIndicatorResource = 0 mShowSimIndicatorGemini = false mSimIndicatorResourceGemini = 0
D/SignalClusterViewGemini( 5719): apply, mMobileVisible=true mMobileActivityId=0 mMobileTypeId=2130837873 mMobileStrengthId[0] = 2130837950 mMobileStrengthId[1] = 0
D/SignalClusterViewGemini( 5719): isSimInserted(0), SimInserted=true
D/SignalClusterViewGemini( 5719): mDataNetType =Type_3G resId= 0 simColorId = 0
D/SignalClusterViewGemini( 5719): apply, mMobileVisibleGemini=true mMobileActivityIdGemini=0 mMobileTypeIdGemini=0 mMobileStrengthIdGemini[0] = 2130837938 mMobileStrengthIdGemini[1] = 0
D/SignalClusterViewGemini( 5719): isSimInserted(1), SimInserted=true
D/SignalClusterViewGemini( 5719): apply, mMobileVisible=true, mWifiVisible=true, mIsAirplaneMode=false
W/ResourceType( 5719): No package identifier when getting value for resource number 0x00000000
D/SignalClusterViewGemini( 5719): isSimInserted(0), SimInserted=true
D/SignalClusterViewGemini( 5719): isSimInserted(1), SimInserted=true
D/NetworkControllerGemini( 5719): refreshViews(1), DataConnected=false simColorId = 2
D/SignalClusterViewGemini( 5719): setShowSimIndicator(1), showSimIndicator=false simIndicatorResource = 0
D/SignalClusterViewGemini( 5719): setDataConnected(1), dataConnected=false
D/SignalClusterViewGemini( 5719): setDataNetType3G(1), dataNetType=Type_G
D/SignalClusterViewGemini( 5719): apply : mShowSimIndicator = false mSimIndicatorResource = 0 mShowSimIndicatorGemini = false mSimIndicatorResourceGemini = 0
D/SignalClusterViewGemini( 5719): apply, mMobileVisible=true mMobileActivityId=0 mMobileTypeId=2130837873 mMobileStrengthId[0] = 2130837950 mMobileStrengthId[1] = 0
D/SignalClusterViewGemini( 5719): isSimInserted(0), SimInserted=true
D/SignalClusterViewGemini( 5719): mDataNetType =Type_3G resId= 0 simColorId = 0
D/SignalClusterViewGemini( 5719): apply, mMobileVisibleGemini=true mMobileActivityIdGemini=0 mMobileTypeIdGemini=0 mMobileStrengthIdGemini[0] = 2130837938 mMobileStrengthIdGemini[1] = 0
D/SignalClusterViewGemini( 5719): isSimInserted(1), SimInserted=true
D/SignalClusterViewGemini( 5719): apply, mMobileVisible=true, mWifiVisible=true, mIsAirplaneMode=false
W/ResourceType( 5719): No package identifier when getting value for resource number 0x00000000
D/SignalClusterViewGemini( 5719): isSimInserted(0), SimInserted=true
D/SignalClusterViewGemini( 5719): isSimInserted(1), SimInserted=true
I/SurfaceTextureClient( 5719): [STC::queueBuffer] (this:0x5dd8ce08) fps:1.99, dur:1002.72, max:778.33, min:224.39
I/BufferQueue( 133): [StatusBar](this:0x43515e58,api:1) [queue] fps:1.99, dur:1002.97, max:778.68, min:224.29
D/NetworkControllerGemini( 5719): refreshViews(0), DataConnected=false simColorId = 0
D/NetworkControllerGemini( 5719): refreshViews(0), set parameters to signal cluster view.
D/NetworkControllerGemini( 5719): refreshViews(0), tempPhoneSignalIconId.0 = 2130837950 tempPhoneSignalIconId.1 = 0 tempMobileActivityIconId= 0 tempDataTypeIconId= 2130837873
D/SignalClusterViewGemini( 5719): setMobileDataIndicators(0), visible=true, strengthIcon[0] ~ [1] 2130837950 ~ 0
D/SignalClusterViewGemini( 5719): isSimInserted(0), SimInserted=true
D/SignalClusterViewGemini( 5719): isSimInserted(1), SimInserted=true
D/NetworkControllerGemini( 5719): refreshViews(0), tempPhoneSignalIconId.0 = 2130837950 tempPhoneSignalIconId.1 = 0 tempMobileActivityIconId= 0 tempDataTypeIconId= 2130837873
D/SignalClusterViewGemini( 5719): setShowSimIndicator(0), showSimIndicator=false simIndicatorResource = 0
D/SignalClusterViewGemini( 5719): setDataConnected(0), dataConnected=false
D/SignalClusterViewGemini( 5719): setDataNetType3G(0), dataNetType=Type_3G
D/SignalClusterViewGemini( 5719): apply : mShowSimIndicator = false mSimIndicatorResource = 0 mShowSimIndicatorGemini = false mSimIndicatorResourceGemini = 0
D/SignalClusterViewGemini( 5719): apply, mMobileVisible=true mMobileActivityId=0 mMobileTypeId=2130837873 mMobileStrengthId[0] = 2130837950 mMobileStrengthId[1] = 0
D/StateMachine( 5535): handleMessage: E msg.what=131155
D/StateMachine( 5535): processMsg: ConnectedState
D/WifiStateMachine( 5535): ConnectedState{ what=131155 when=-3ms arg1=32 target=Handler (com.android.internal.util.StateMachine$SmHandler) {4277a800} }
D/StateMachine( 5535): processMsg: L2ConnectedState
D/WifiStateMachine( 5535): L2ConnectedState{ what=131155 when=-3ms arg1=32 target=Handler (com.android.internal.util.StateMachine$SmHandler) {4277a800} }
D/WifiNative-wlan0( 5535): doString: SIGNAL_POLL
D/WifiCommon( 5535): [wlan0] SET "SIGNAL_POLL"
D/wpa_supplicant( 5621): RX ctrl_iface - hexdump(len=11): 53 49 47 4e 41 4c 5f 50 4f 4c 4c
D/wpa_supplicant( 5621): wlan0: Control interface command 'SIGNAL_POLL'
D/SignalClusterViewGemini( 5719): isSimInserted(0), SimInserted=true
D/SignalClusterViewGemini( 5719): mDataNetType =Type_3G resId= 0 simColorId = 0
D/SignalClusterViewGemini( 5719): apply, mMobileVisibleGemini=true mMobileActivityIdGemini=0 mMobileTypeIdGemini=0 mMobileStrengthIdGemini[0] = 2130837938 mMobileStrengthIdGemini[1] = 0
D/SignalClusterViewGemini( 5719): isSimInserted(1), SimInserted=true
D/SignalClusterViewGemini( 5719): apply, mMobileVisible=true, mWifiVisible=true, mIsAirplaneMode=false
W/ResourceType( 5719): No package identifier when getting value for resource number 0x00000000
W/ResourceType( 5719): No package identifier when getting value for resource number 0x00000000
D/SignalClusterViewGemini( 5719): isSimInserted(0), SimInserted=true
D/SignalClusterViewGemini( 5719): isSimInserted(1), SimInserted=true
D/NetworkControllerGemini( 5719): refreshViews(1), DataConnected=false simColorId = 2
D/SignalClusterViewGemini( 5719): setShowSimIndicator(1), showSimIndicator=false simIndicatorResource = 0
D/SignalClusterViewGemini( 5719): setDataConnected(1), dataConnected=false
D/SignalClusterViewGemini( 5719): setDataNetType3G(1), dataNetType=Type_G
D/SignalClusterViewGemini( 5719): apply : mShowSimIndicator = false mSimIndicatorResource = 0 mShowSimIndicatorGemini = false mSimIndicatorResourceGemini = 0
D/SignalClusterViewGemini( 5719): apply, mMobileVisible=true mMobileActivityId=0 mMobileTypeId=2130837873 mMobileStrengthId[0] = 2130837950 mMobileStrengthId[1] = 0
D/SignalClusterViewGemini( 5719): isSimInserted(0), SimInserted=true
D/SignalClusterViewGemini( 5719): mDataNetType =Type_3G resId= 0 simColorId = 0
D/SignalClusterViewGemini( 5719): apply, mMobileVisibleGemini=true mMobileActivityIdGemini=0 mMobileTypeIdGemini=0 mMobileStrengthIdGemini[0] = 2130837938 mMobileStrengthIdGemini[1] = 0
D/SignalClusterViewGemini( 5719): isSimInserted(1), SimInserted=true
D/SignalClusterViewGemini( 5719): apply, mMobileVisible=true, mWifiVisible=true, mIsAirplaneMode=false
W/ResourceType( 5719): No package identifier when getting value for resource number 0x00000000
W/ResourceType( 5719): No package identifier when getting value for resource number 0x00000000
D/wpa_supplicant( 5621): nl80211: survey data missing!
I/WifiStateMachine( 5535): fetchRssiAndLinkSpeedNative, newRssi:-70, newLinkSpeed:65
D/SignalClusterViewGemini( 5719): isSimInserted(0), SimInserted=true
D/StateMachine( 5535): handleMessage: X
D/SignalClusterViewGemini( 5719): isSimInserted(1), SimInserted=true
I/BufferQueue( 133): [StatusBar](this:0x43515e58,api:1) [release] fps:2.43, dur:1235.56, max:772.32, min:222.99
I/SurfaceFlinger( 133): [SurfaceFlinger] fps:2.427194,dur:1236.00,max:772.59,min:223.05
I/SurfaceTextureClient( 133): [STC::queueBuffer] (this:0x42ee4978) fps:2.43, dur:1235.95, max:772.69, min:223.06
I/BufferQueue( 133): [FramebufferSurface](this:0x42ee7008,api:1) [release] fps:2.43, dur:1236.01, max:772.71, min:223.04
I/BufferQueue( 133): [FramebufferSurface](this:0x42ee7008,api:1) [queue] fps:2.43, dur:1236.06, max:772.72, min:223.03
V/ActivityManager( 5535): Broadcast sticky: Intent { act=android.intent.action.SIG_STR flg=0x10 (has extras) } ordered=false userid=-1
D/NetworkControllerGemini( 5719): PhoneStateListener:onSignalStrengthsChanged, sim1 before.
D/NetworkControllerGemini( 5719): PhoneStateListener:onSignalStrengthsChanged, signalStrength=3
D/NetworkControllerGemini( 5719): updateDataNetType(0), DataNetType=3.
D/NetworkControllerGemini( 5719): updateDataNetType(0), simColorId=0
D/TelephonyManagerEx( 5719): isNetworkRoaming
D/NetworkControllerGemini( 5719): updateDataNetType(0), DataNetType3G=Type_3G tempDataTypeIconId= 2130837873.
D/NetworkControllerGemini( 5719): isSimInserted(0), SimInserted=true
D/NetworkControllerGemini( 5719): updateTelephonySignalStrength(0), regState=1
D/NetworkControllerGemini( 5719): updateTelephonySignalStrength(0), hasService=true
D/TelephonyManagerEx( 5719): isNetworkRoaming
D/NetworkControllerGemini( 5719): updateTelephonySignalStrength(0), isRoaming=false, mInetCondition=1
D/NetworkControllerGemini( 5719): updateTelephonySignalStrength(0), simColorId=0
D/NetworkControllerGemini( 5719): updateTelephonySignalStrength(0), tempDataNetType = Type_3G , simColorId=0 tempPhoneSignalIconId[0] = 2130837950 tempPhoneSignalIconId[1] = 0
D/Bluetooth HS/HF( 5783): [BT][HFG] [API] mStateReceiver.onReceive(android.intent.action.SIG_STR)
D/NetworkControllerGemini( 5719): updateTelephonySignalStrength(0) tempSIMCUSignVisible= true
D/Bluetooth HS/HF( 5783): [BT][HFG] [API] mHandler.handleMessage(10)
D/NetworkControllerGemini( 5719): updateTelephonySignalStrength(0) mSIMCUSignVisible = true
D/NetworkControllerGemini( 5719): updateTelephonySignalStrength(0) mSIMCUSignVisible = true
D/NetworkControllerGemini( 5719): refreshViews(0), DataConnected=false simColorId = 0
D/SignalClusterViewGemini( 5719): setShowSimIndicator(0), showSimIndicator=false simIndicatorResource = 0
D/SignalClusterViewGemini( 5719): setDataConnected(0), dataConnected=false
D/SignalClusterViewGemini( 5719): setDataNetType3G(0), dataNetType=Type_3G
D/TelephonyManager( 5892): getDefaultSim is sim1
D/SignalClusterViewGemini( 5719): apply : mShowSimIndicator = false mSimIndicatorResource = 0 mShowSimIndicatorGemini = false mSimIndicatorResourceGemini = 0
D/TelephonyManager( 5892): getDefaultSim is sim1
D/SignalClusterViewGemini( 5719): apply, mMobileVisible=true mMobileActivityId=0 mMobileTypeId=2130837873 mMobileStrengthId[0] = 2130837950 mMobileStrengthId[1] = 0
D/SignalClusterViewGemini( 5719): isSimInserted(0), SimInserted=true
D/SignalClusterViewGemini( 5719): mDataNetType =Type_3G resId= 0 simColorId = 0
D/SignalClusterViewGemini( 5719): apply, mMobileVisibleGemini=true mMobileActivityIdGemini=0 mMobileTypeIdGemini=0 mMobileStrengthIdGemini[0] = 2130837938 mMobileStrengthIdGemini[1] = 0
D/SignalClusterViewGemini( 5719): isSimInserted(1), SimInserted=true
D/SignalClusterViewGemini( 5719): apply, mMobileVisible=true, mWifiVisible=true, mIsAirplaneMode=false
W/ResourceType( 5719): No package identifier when getting value for resource number 0x00000000
W/ResourceType( 5719): No package identifier when getting value for resource number 0x00000000
D/SignalClusterViewGemini( 5719): isSimInserted(0), SimInserted=true
D/SignalClusterViewGemini( 5719): isSimInserted(1), SimInserted=true
D/NetworkControllerGemini( 5719): PhoneStateListener:onSignalStrengthsChanged, sim1 after.
D/BatteryService( 5535): mBatteryVoltage=3860
V/ActivityManager( 5535): Broadcast sticky: Intent { act=android.intent.action.BATTERY_CHANGED flg=0x60000010 (has extras) } ordered=false userid=-1
D/KeyguardUpdateMonitor( 5535): received broadcast android.intent.action.BATTERY_CHANGED
D/StatusBar.BatteryController( 5719): BatteryController onReceive action is android.intent.action.BATTERY_CHANGED
D/StatusBar.BatteryController( 5719): status = 4
D/KeyguardUpdateMonitor( 5535): handleBatteryUpdate
D/StatusBar.BatteryController( 5719): plugged is false fulled is false mBatteryProtection = false R.drawable.stat_sys_battery_charge is 2130837828 R.drawable.stat_sys_battery is 2130837819 icon is 2130837819
D/PowerManagerService( 5535): updateIsPoweredLocked: wasPowered=false, mIsPowered=false, oldPlugType=0, mPlugType=0, mBatteryLevel=72
D/PowerManagerService( 5535): handleSandman: canDream=true, mWakefulness=Awake
D/WifiService( 5535): onReceive, action:android.intent.action.BATTERY_CHANGED
D/skia ( 5719): Flag is not 10
V/Provider/Settings( 5535): from settings cache , name = wifi_idle_ms , value = null
V/Provider/Settings( 5535): from settings cache , name = stay_on_while_plugged_in , value = 0
D/WifiService( 5535): ACTION_BATTERY_CHANGED pluggedType: 0
D/UsbDeviceManager( 5535): onReceive - BATTERY_CHANGED - mPlugType: 0, mSettingUsbCharging: false, mConnected: false, mSettingUsbBicr: false
D/skia ( 5719): Flag is not 10
D/skia ( 5719): Flag is not 10
D/skia ( 5719): Flag is not 10
D/Bluetooth HS/HF( 5783): [BT][HFG] [API] mStateReceiver.onReceive(android.intent.action.BATTERY_CHANGED)
D/Bluetooth HS/HF( 5783): [BT][HFG] [API] mHandler.handleMessage(9)
D/Bluetooth HS/HF( 5783): [BT][HFG] [API] updateBatteryState
D/skia ( 5719): Flag is not 10
D/skia ( 5719): Flag is not 10
V/Provider/Settings( 5535): from settings cache , name = location_providers_allowed , value = network
D/skia ( 5719): Flag is not 10
D/skia ( 5719): Flag is not 10
D/StatusBar.BatteryController( 5719): mBatteryPercentage is 72% mShouldShowBatteryPercentage is false mLabelViews.size() 1
D/PowerUI ( 5719): action = android.intent.action.BATTERY_CHANGED
D/PowerUI ( 5719): Intent start() ret = false mHideLowBDialog= true
D/PowerUI ( 5719): oldBatteryLevel = 72mBatteryLevel = 72
I/SurfaceTextureClient( 5719): [STC::queueBuffer] (this:0x5dd8ce08) fps:4.00, dur:1000.21, max:577.49, min:57.76
I/BufferQueue( 133): [StatusBar](this:0x43515e58,api:1) [queue] fps:4.00, dur:1000.14, max:577.74, min:57.56
D/NetworkControllerGemini( 5719): refreshViews(0), DataConnected=false simColorId = 0
D/NetworkControllerGemini( 5719): refreshViews(0), set parameters to signal cluster view.
D/NetworkControllerGemini( 5719): refreshViews(0), tempPhoneSignalIconId.0 = 2130837950 tempPhoneSignalIconId.1 = 0 tempMobileActivityIconId= 0 tempDataTypeIconId= 2130837873
D/SignalClusterViewGemini( 5719): setMobileDataIndicators(0), visible=true, strengthIcon[0] ~ [1] 2130837950 ~ 0
D/SignalClusterViewGemini( 5719): isSimInserted(0), SimInserted=true
D/SignalClusterViewGemini( 5719): isSimInserted(1), SimInserted=true
D/NetworkControllerGemini( 5719): refreshViews(0), tempPhoneSignalIconId.0 = 2130837950 tempPhoneSignalIconId.1 = 0 tempMobileActivityIconId= 0 tempDataTypeIconId= 2130837873
D/SignalClusterViewGemini( 5719): setShowSimIndicator(0), showSimIndicator=false simIndicatorResource = 0
D/SignalClusterViewGemini( 5719): setDataConnected(0), dataConnected=false
D/SignalClusterViewGemini( 5719): setDataNetType3G(0), dataNetType=Type_3G
D/SignalClusterViewGemini( 5719): apply : mShowSimIndicator = false mSimIndicatorResource = 0 mShowSimIndicatorGemini = false mSimIndicatorResourceGemini = 0
D/SignalClusterViewGemini( 5719): apply, mMobileVisible=true mMobileActivityId=0 mMobileTypeId=2130837873 mMobileStrengthId[0] = 2130837950 mMobileStrengthId[1] = 0
D/SignalClusterViewGemini( 5719): isSimInserted(0), SimInserted=true
D/SignalClusterViewGemini( 5719): mDataNetType =Type_3G resId= 0 simColorId = 0
D/SignalClusterViewGemini( 5719): apply, mMobileVisibleGemini=true mMobileActivityIdGemini=0 mMobileTypeIdGemini=0 mMobileStrengthIdGemini[0] = 2130837938 mMobileStrengthIdGemini[1] = 0
D/SignalClusterViewGemini( 5719): isSimInserted(1), SimInserted=true
D/SignalClusterViewGemini( 5719): apply, mMobileVisible=true, mWifiVisible=true, mIsAirplaneMode=false
W/ResourceType( 5719): No package identifier when getting value for resource number 0x00000000
D/SignalClusterViewGemini( 5719): isSimInserted(0), SimInserted=true
D/SignalClusterViewGemini( 5719): isSimInserted(1), SimInserted=true
D/NetworkControllerGemini( 5719): refreshViews(1), DataConnected=false simColorId = 2
D/SignalClusterViewGemini( 5719): setShowSimIndicator(1), showSimIndicator=false simIndicatorResource = 0
D/SignalClusterViewGemini( 5719): setDataConnected(1), dataConnected=false
D/SignalClusterViewGemini( 5719): setDataNetType3G(1), dataNetType=Type_G
D/SignalClusterViewGemini( 5719): apply : mShowSimIndicator = false mSimIndicatorResource = 0 mShowSimIndicatorGemini = false mSimIndicatorResourceGemini = 0
D/SignalClusterViewGemini( 5719): apply, mMobileVisible=true mMobileActivityId=0 mMobileTypeId=2130837873 mMobileStrengthId[0] = 2130837950 mMobileStrengthId[1] = 0
D/SignalClusterViewGemini( 5719): isSimInserted(0), SimInserted=true
D/SignalClusterViewGemini( 5719): mDataNetType =Type_3G resId= 0 simColorId = 0
D/SignalClusterViewGemini( 5719): apply, mMobileVisibleGemini=true mMobileActivityIdGemini=0 mMobileTypeIdGemini=0 mMobileStrengthIdGemini[0] = 2130837938 mMobileStrengthIdGemini[1] = 0
D/SignalClusterViewGemini( 5719): isSimInserted(1), SimInserted=true
D/SignalClusterViewGemini( 5719): apply, mMobileVisible=true, mWifiVisible=true, mIsAirplaneMode=false
W/ResourceType( 5719): No package identifier when getting value for resource number 0x00000000
D/SignalClusterViewGemini( 5719): isSimInserted(0), SimInserted=true
D/SignalClusterViewGemini( 5719): isSimInserted(1), SimInserted=true
I/BufferQueue( 133): [StatusBar](this:0x43515e58,api:1) [release] fps:3.95, dur:1012.29, max:583.74, min:68.29
I/SurfaceFlinger( 133): [SurfaceFlinger] fps:3.951525,dur:1012.27,max:584.09,min:67.91
I/SurfaceTextureClient( 133): [STC::queueBuffer] (this:0x42ee4978) fps:3.95, dur:1012.49, max:584.23, min:67.96
I/BufferQueue( 133): [FramebufferSurface](this:0x42ee7008,api:1) [release] fps:3.95, dur:1012.48, max:584.25, min:67.88
I/BufferQueue( 133): [FramebufferSurface](this:0x42ee7008,api:1) [queue] fps:3.95, dur:1012.49, max:584.27, min:67.82
I/SurfaceTextureClient( 5719): [STC::queueBuffer] (this:0x5dd8ce08) fps:1.98, dur:1007.67, max:762.72, min:244.95
I/BufferQueue( 133): [StatusBar](this:0x43515e58,api:1) [queue] fps:1.98, dur:1007.89, max:763.02, min:244.87
D/NetworkControllerGemini( 5719): refreshViews(0), DataConnected=false simColorId = 0
D/NetworkControllerGemini( 5719): refreshViews(0), set parameters to signal cluster view.
D/NetworkControllerGemini( 5719): refreshViews(0), tempPhoneSignalIconId.0 = 2130837950 tempPhoneSignalIconId.1 = 0 tempMobileActivityIconId= 0 tempDataTypeIconId= 2130837873
D/SignalClusterViewGemini( 5719): setMobileDataIndicators(0), visible=true, strengthIcon[0] ~ [1] 2130837950 ~ 0
D/SignalClusterViewGemini( 5719): isSimInserted(0), SimInserted=true
D/SignalClusterViewGemini( 5719): isSimInserted(1), SimInserted=true
D/NetworkControllerGemini( 5719): refreshViews(0), tempPhoneSignalIconId.0 = 2130837950 tempPhoneSignalIconId.1 = 0 tempMobileActivityIconId= 0 tempDataTypeIconId= 2130837873
D/SignalClusterViewGemini( 5719): setShowSimIndicator(0), showSimIndicator=false simIndicatorResource = 0
D/SignalClusterViewGemini( 5719): setDataConnected(0), dataConnected=false
D/SignalClusterViewGemini( 5719): setDataNetType3G(0), dataNetType=Type_3G
D/SignalClusterViewGemini( 5719): apply : mShowSimIndicator = false mSimIndicatorResource = 0 mShowSimIndicatorGemini = false mSimIndicatorResourceGemini = 0
D/SignalClusterViewGemini( 5719): apply, mMobileVisible=true mMobileActivityId=0 mMobileTypeId=2130837873 mMobileStrengthId[0] = 2130837950 mMobileStrengthId[1] = 0
D/SignalClusterViewGemini( 5719): isSimInserted(0), SimInserted=true
D/SignalClusterViewGemini( 5719): mDataNetType =Type_3G resId= 0 simColorId = 0
D/SignalClusterViewGemini( 5719): apply, mMobileVisibleGemini=true mMobileActivityIdGemini=0 mMobileTypeIdGemini=0 mMobileStrengthIdGemini[0] = 2130837938 mMobileStrengthIdGemini[1] = 0
D/SignalClusterViewGemini( 5719): isSimInserted(1), SimInserted=true
D/SignalClusterViewGemini( 5719): apply, mMobileVisible=true, mWifiVisible=true, mIsAirplaneMode=false
W/ResourceType( 5719): No package identifier when getting value for resource number 0x00000000
W/ResourceType( 5719): No package identifier when getting value for resource number 0x00000000
D/SignalClusterViewGemini( 5719): isSimInserted(0), SimInserted=true
D/SignalClusterViewGemini( 5719): isSimInserted(1), SimInserted=true
D/NetworkControllerGemini( 5719): refreshViews(1), DataConnected=false simColorId = 2
D/SignalClusterViewGemini( 5719): setShowSimIndicator(1), showSimIndicator=false simIndicatorResource = 0
D/SignalClusterViewGemini( 5719): setDataConnected(1), dataConnected=false
D/SignalClusterViewGemini( 5719): setDataNetType3G(1), dataNetType=Type_G
D/SignalClusterViewGemini( 5719): apply : mShowSimIndicator = false mSimIndicatorResource = 0 mShowSimIndicatorGemini = false mSimIndicatorResourceGemini = 0
D/SignalClusterViewGemini( 5719): apply, mMobileVisible=true mMobileActivityId=0 mMobileTypeId=2130837873 mMobileStrengthId[0] = 2130837950 mMobileStrengthId[1] = 0
D/SignalClusterViewGemini( 5719): isSimInserted(0), SimInserted=true
D/SignalClusterViewGemini( 5719): mDataNetType =Type_3G resId= 0 simColorId = 0
D/SignalClusterViewGemini( 5719): apply, mMobileVisibleGemini=true mMobileActivityIdGemini=0 mMobileTypeIdGemini=0 mMobileStrengthIdGemini[0] = 2130837938 mMobileStrengthIdGemini[1] = 0
D/SignalClusterViewGemini( 5719): isSimInserted(1), SimInserted=true
D/SignalClusterViewGemini( 5719): apply, mMobileVisible=true, mWifiVisible=true, mIsAirplaneMode=false
W/ResourceType( 5719): No package identifier when getting value for resource number 0x00000000
W/ResourceType( 5719): No package identifier when getting value for resource number 0x00000000
D/SignalClusterViewGemini( 5719): isSimInserted(0), SimInserted=true
D/SignalClusterViewGemini( 5719): isSimInserted(1), SimInserted=true
I/BufferQueue( 133): [StatusBar](this:0x43515e58,api:1) [release] fps:1.71, dur:1750.41, max:755.40, min:239.97
I/SurfaceFlinger( 133): [SurfaceFlinger] fps:1.713876,dur:1750.42,max:755.85,min:239.61
I/SurfaceTextureClient( 133): [STC::queueBuffer] (this:0x42ee4978) fps:1.71, dur:1750.40, max:756.20, min:239.18
I/BufferQueue( 133): [FramebufferSurface](this:0x42ee7008,api:1) [release] fps:1.71, dur:1750.39, max:756.27, min:239.16
I/BufferQueue( 133): [FramebufferSurface](this:0x42ee7008,api:1) [queue] fps:1.71, dur:1750.38, max:756.33, min:239.15
D/dalvikvm( 5535): create interp thread : stack size=32KB
D/dalvikvm( 5535): create new thread
D/dalvikvm( 5535): new thread created
D/dalvikvm( 5535): update thread list
D/dalvikvm( 5535): threadid=95: exiting
D/dalvikvm( 5535): threadid=95: bye!
D/dalvikvm( 5535): threadid=95: interp stack at 0x6292e000
D/dalvikvm( 5535): threadid=95: created from interp
D/dalvikvm( 5535): start new thread
D/dalvikvm( 5535): threadid=95: notify debugger
D/dalvikvm( 5535): threadid=95 (TransferPipe): calling run()
D/dalvikvm( 5535): threadid=95: exiting
D/dalvikvm( 5535): threadid=95: bye!
D/dalvikvm( 5535): create interp thread : stack size=32KB
D/dalvikvm( 5535): create new thread
D/dalvikvm( 5535): new thread created
D/dalvikvm( 5535): update thread list
D/dalvikvm( 5535): threadid=95: interp stack at 0x62926000
D/dalvikvm( 5535): threadid=95: created from interp
D/dalvikvm( 5535): start new thread
D/dalvikvm( 5535): threadid=95: notify debugger
D/dalvikvm( 5535): threadid=95 (TransferPipe): calling run()
D/dalvikvm( 5535): threadid=95: exiting
D/dalvikvm( 5535): threadid=95: bye!
D/dalvikvm( 5535): create interp thread : stack size=32KB
D/dalvikvm( 5535): create new thread
D/dalvikvm( 5535): new thread created
D/dalvikvm( 5535): update thread list
D/dalvikvm( 5535): threadid=95: interp stack at 0x62926000
D/dalvikvm( 5535): threadid=95: created from interp
D/dalvikvm( 5535): start new thread
D/dalvikvm( 5535): threadid=95: notify debugger
D/dalvikvm( 5535): threadid=95 (TransferPipe): calling run()
D/dalvikvm( 5535): threadid=95: exiting
D/dalvikvm( 5535): threadid=95: bye!
D/dalvikvm( 5535): create interp thread : stack size=32KB
D/dalvikvm( 5535): create new thread
D/dalvikvm( 5535): new thread created
D/dalvikvm( 5535): update thread list
D/dalvikvm( 5535): threadid=95: interp stack at 0x62926000
D/dalvikvm( 5535): threadid=95: created from interp
D/dalvikvm( 5535): start new thread
D/dalvikvm( 5535): threadid=95: notify debugger
D/dalvikvm( 5535): threadid=95 (TransferPipe): calling run()
D/dalvikvm( 5535): threadid=95: exiting
D/dalvikvm( 5535): threadid=95: bye!
D/dalvikvm( 5535): create interp thread : stack size=32KB
D/dalvikvm( 5535): create new thread
D/dalvikvm( 5535): new thread created
D/dalvikvm( 5535): update thread list
D/dalvikvm( 5535): threadid=95: interp stack at 0x62926000
D/dalvikvm( 5535): threadid=95: created from interp
D/dalvikvm( 5535): start new thread
D/dalvikvm( 5535): threadid=95: notify debugger
D/dalvikvm( 5535): threadid=95 (TransferPipe): calling run()
D/dalvikvm( 5535): threadid=95: exiting
D/dalvikvm( 5535): threadid=95: bye!
D/dalvikvm( 5535): create interp thread : stack size=32KB
D/dalvikvm( 5535): create new thread
D/dalvikvm( 5535): new thread created
D/dalvikvm( 5535): update thread list
D/dalvikvm( 5535): threadid=95: interp stack at 0x62926000
D/dalvikvm( 5535): threadid=95: created from interp
D/dalvikvm( 5535): start new thread
D/dalvikvm( 5535): threadid=95: notify debugger
D/dalvikvm( 5535): threadid=95 (TransferPipe): calling run()
D/dalvikvm( 5535): threadid=95: exiting
D/dalvikvm( 5535): threadid=95: bye!
D/dalvikvm( 5535): create interp thread : stack size=32KB
D/dalvikvm( 5535): create new thread
D/dalvikvm( 5535): new thread created
D/dalvikvm( 5535): update thread list
D/dalvikvm( 5535): threadid=95: interp stack at 0x62926000
D/dalvikvm( 5535): threadid=95: created from interp
D/dalvikvm( 5535): start new thread
D/dalvikvm( 5535): threadid=95: notify debugger
D/dalvikvm( 5535): threadid=95 (TransferPipe): calling run()
D/dalvikvm( 5535): threadid=95: exiting
D/dalvikvm( 5535): threadid=95: bye!
D/dalvikvm( 5535): create interp thread : stack size=32KB
D/dalvikvm( 5535): create new thread
D/dalvikvm( 5535): new thread created
D/dalvikvm( 5535): update thread list
D/dalvikvm( 5535): threadid=95: interp stack at 0x62926000
D/dalvikvm( 5535): threadid=95: created from interp
D/dalvikvm( 5535): start new thread
D/dalvikvm( 5535): threadid=95: notify debugger
D/dalvikvm( 5535): threadid=95 (TransferPipe): calling run()
D/dalvikvm( 5535): threadid=95: exiting
D/dalvikvm( 5535): threadid=95: bye!
D/dalvikvm( 5535): create interp thread : stack size=32KB
D/dalvikvm( 5535): create new thread
D/dalvikvm( 5535): new thread created
D/dalvikvm( 5535): update thread list
D/dalvikvm( 5535): threadid=95: interp stack at 0x62926000
D/dalvikvm( 5535): threadid=95: created from interp
D/dalvikvm( 5535): start new thread
D/dalvikvm( 5535): threadid=95: notify debugger
D/dalvikvm( 5535): threadid=95 (TransferPipe): calling run()
D/dalvikvm( 5535): threadid=95: exiting
D/dalvikvm( 5535): threadid=95: bye!
D/dalvikvm( 5535): create interp thread : stack size=32KB
D/dalvikvm( 5535): create new thread
D/dalvikvm( 5535): new thread created
D/dalvikvm( 5535): update thread list
D/dalvikvm( 5535): threadid=95: interp stack at 0x62926000
D/dalvikvm( 5535): threadid=95: created from interp
D/dalvikvm( 5535): start new thread
D/dalvikvm( 5535): threadid=95: notify debugger
D/dalvikvm( 5535): threadid=95 (TransferPipe): calling run()
D/dalvikvm( 5535): threadid=95: exiting
D/dalvikvm( 5535): threadid=95: bye!
D/dalvikvm( 5535): create interp thread : stack size=32KB
D/dalvikvm( 5535): create new thread
D/dalvikvm( 5535): new thread created
D/dalvikvm( 5535): update thread list
D/dalvikvm( 5535): threadid=95: interp stack at 0x62926000
D/dalvikvm( 5535): threadid=95: created from interp
D/dalvikvm( 5535): start new thread
D/dalvikvm( 5535): threadid=95: notify debugger
D/dalvikvm( 5535): threadid=95 (TransferPipe): calling run()
D/dalvikvm( 5535): threadid=95: exiting
D/dalvikvm( 5535): threadid=95: bye!
D/dalvikvm( 5535): create interp thread : stack size=32KB
D/dalvikvm( 5535): create new thread
D/dalvikvm( 5535): new thread created
D/dalvikvm( 5535): update thread list
D/dalvikvm( 5535): threadid=95: interp stack at 0x62926000
D/dalvikvm( 5535): threadid=95: created from interp
D/dalvikvm( 5535): start new thread
D/dalvikvm( 5535): threadid=95: notify debugger
D/dalvikvm( 5535): threadid=95 (TransferPipe): calling run()
D/dalvikvm( 5535): threadid=95: exiting
D/dalvikvm( 5535): threadid=95: bye!
D/dalvikvm( 5535): create interp thread : stack size=32KB
D/dalvikvm( 5535): create new thread
D/dalvikvm( 5535): new thread created
D/dalvikvm( 5535): update thread list
D/dalvikvm( 5535): threadid=95: interp stack at 0x62926000
D/dalvikvm( 5535): threadid=95: created from interp
D/dalvikvm( 5535): start new thread
D/dalvikvm( 5535): threadid=95: notify debugger
D/dalvikvm( 5535): threadid=95 (TransferPipe): calling run()
D/dalvikvm( 5535): threadid=95: exiting
D/dalvikvm( 5535): threadid=95: bye!
D/dalvikvm( 5535): create interp thread : stack size=32KB
D/dalvikvm( 5535): create new thread
D/dalvikvm( 5535): new thread created
D/dalvikvm( 5535): update thread list
D/dalvikvm( 5535): threadid=95: interp stack at 0x62926000
D/dalvikvm( 5535): threadid=95: created from interp
D/dalvikvm( 5535): start new thread
D/dalvikvm( 5535): threadid=95: notify debugger
D/dalvikvm( 5535): threadid=95 (TransferPipe): calling run()
D/dalvikvm( 5535): threadid=95: exiting
D/dalvikvm( 5535): threadid=95: bye!
D/dalvikvm( 5535): create interp thread : stack size=32KB
D/dalvikvm( 5535): create new thread
D/dalvikvm( 5535): new thread created
D/dalvikvm( 5535): update thread list
D/dalvikvm( 5535): threadid=95: interp stack at 0x62926000
D/dalvikvm( 5535): threadid=95: created from interp
D/dalvikvm( 5535): start new thread
D/dalvikvm( 5535): threadid=95: notify debugger
D/dalvikvm( 5535): threadid=95 (TransferPipe): calling run()
D/dalvikvm( 5535): threadid=95: exiting
D/dalvikvm( 5535): threadid=95: bye!
D/dalvikvm( 5535): create interp thread : stack size=32KB
D/dalvikvm( 5535): create new thread
D/dalvikvm( 5535): new thread created
D/dalvikvm( 5535): update thread list
D/dalvikvm( 5535): threadid=95: interp stack at 0x62926000
D/dalvikvm( 5535): threadid=95: created from interp
D/dalvikvm( 5535): start new thread
D/dalvikvm( 5535): threadid=95: notify debugger
D/dalvikvm( 5535): threadid=95 (TransferPipe): calling run()
D/dalvikvm( 5535): threadid=95: exiting
D/dalvikvm( 5535): threadid=95: bye!
D/dalvikvm( 5535): create interp thread : stack size=32KB
D/dalvikvm( 5535): create new thread
D/dalvikvm( 5535): new thread created
D/dalvikvm( 5535): update thread list
D/dalvikvm( 5535): threadid=95: interp stack at 0x62926000
D/dalvikvm( 5535): threadid=95: created from interp
D/dalvikvm( 5535): start new thread
D/dalvikvm( 5535): threadid=95: notify debugger
D/dalvikvm( 5535): threadid=95 (TransferPipe): calling run()
D/dalvikvm( 5535): threadid=95: exiting
D/dalvikvm( 5535): threadid=95: bye!
D/dalvikvm( 5535): create interp thread : stack size=32KB
D/dalvikvm( 5535): create new thread
D/dalvikvm( 5535): new thread created
D/dalvikvm( 5535): update thread list
D/dalvikvm( 5535): threadid=95: interp stack at 0x62926000
D/dalvikvm( 5535): threadid=95: created from interp
D/dalvikvm( 5535): start new thread
D/dalvikvm( 5535): threadid=95: notify debugger
D/dalvikvm( 5535): threadid=95 (TransferPipe): calling run()
D/dalvikvm( 5535): threadid=95: exiting
D/dalvikvm( 5535): threadid=95: bye!
D/dalvikvm( 5535): create interp thread : stack size=32KB
D/dalvikvm( 5535): create new thread
D/dalvikvm( 5535): new thread created
D/dalvikvm( 5535): update thread list
D/dalvikvm( 5535): threadid=95: interp stack at 0x62926000
D/dalvikvm( 5535): threadid=95: created from interp
D/dalvikvm( 5535): start new thread
D/dalvikvm( 5535): threadid=95: notify debugger
D/dalvikvm( 5535): threadid=95 (TransferPipe): calling run()
D/dalvikvm( 5535): threadid=95: exiting
D/dalvikvm( 5535): threadid=95: bye!
D/dalvikvm( 5535): create interp thread : stack size=32KB
D/dalvikvm( 5535): create new thread
D/dalvikvm( 5535): new thread created
D/dalvikvm( 5535): update thread list
D/dalvikvm( 5535): threadid=95: interp stack at 0x62926000
D/dalvikvm( 5535): threadid=95: created from interp
D/dalvikvm( 5535): start new thread
D/dalvikvm( 5535): threadid=95: notify debugger
D/dalvikvm( 5535): threadid=95 (TransferPipe): calling run()
D/dalvikvm( 5535): threadid=95: exiting
D/dalvikvm( 5535): threadid=95: bye!
D/dalvikvm( 5535): create interp thread : stack size=32KB
D/dalvikvm( 5535): create new thread
D/dalvikvm( 5535): new thread created
D/dalvikvm( 5535): update thread list
D/dalvikvm( 5535): threadid=95: interp stack at 0x62926000
D/dalvikvm( 5535): threadid=95: created from interp
D/dalvikvm( 5535): start new thread
D/dalvikvm( 5535): threadid=95: notify debugger
D/dalvikvm( 5535): threadid=95 (TransferPipe): calling run()
D/dalvikvm( 5535): threadid=95: exiting
D/dalvikvm( 5535): threadid=95: bye!
D/dalvikvm( 5535): create interp thread : stack size=32KB
D/dalvikvm( 5535): create new thread
D/dalvikvm( 5535): new thread created
D/dalvikvm( 5535): update thread list
D/dalvikvm( 5535): threadid=95: interp stack at 0x62926000
D/dalvikvm( 5535): threadid=95: created from interp
D/dalvikvm( 5535): start new thread
D/dalvikvm( 5535): threadid=95: notify debugger
D/dalvikvm( 5535): threadid=95 (TransferPipe): calling run()
D/dalvikvm( 5535): threadid=95: exiting
D/dalvikvm( 5535): threadid=95: bye!
D/dalvikvm( 5535): create interp thread : stack size=32KB
D/dalvikvm( 5535): create new thread
D/dalvikvm( 5535): new thread created
D/dalvikvm( 5535): update thread list
D/dalvikvm( 5535): threadid=95: interp stack at 0x62926000
D/dalvikvm( 5535): threadid=95: created from interp
D/dalvikvm( 5535): start new thread
D/dalvikvm( 5535): threadid=95: notify debugger
D/dalvikvm( 5535): threadid=95 (TransferPipe): calling run()
D/dalvikvm( 5535): threadid=95: exiting
D/dalvikvm( 5535): threadid=95: bye!
D/dalvikvm( 5535): create interp thread : stack size=32KB
D/dalvikvm( 5535): create new thread
D/dalvikvm( 5535): new thread created
D/dalvikvm( 5535): update thread list
D/dalvikvm( 5535): threadid=95: interp stack at 0x62926000
D/dalvikvm( 5535): threadid=95: created from interp
D/dalvikvm( 5535): start new thread
D/dalvikvm( 5535): threadid=95: notify debugger
D/dalvikvm( 5535): threadid=95 (TransferPipe): calling run()
D/dalvikvm( 5535): threadid=95: exiting
D/dalvikvm( 5535): threadid=95: bye!
D/dalvikvm( 5535): create interp thread : stack size=32KB
D/dalvikvm( 5535): create new thread
D/dalvikvm( 5535): new thread created
D/dalvikvm( 5535): update thread list
D/dalvikvm( 5535): threadid=95: interp stack at 0x62926000
D/dalvikvm( 5535): threadid=95: created from interp
D/dalvikvm( 5535): start new thread
D/dalvikvm( 5535): threadid=95: notify debugger
D/dalvikvm( 5535): threadid=95 (TransferPipe): calling run()
D/dalvikvm( 5535): threadid=95: exiting
D/dalvikvm( 5535): threadid=95: bye!
D/dalvikvm( 5535): create interp thread : stack size=32KB
D/dalvikvm( 5535): create new thread
D/dalvikvm( 5535): new thread created
D/dalvikvm( 5535): update thread list
D/dalvikvm( 5535): threadid=95: interp stack at 0x62926000
D/dalvikvm( 5535): threadid=95: created from interp
D/dalvikvm( 5535): start new thread
D/dalvikvm( 5535): threadid=95: notify debugger
D/dalvikvm( 5535): threadid=95 (TransferPipe): calling run()
D/dalvikvm( 5535): threadid=95: exiting
D/dalvikvm( 5535): threadid=95: bye!
D/dalvikvm( 5535): create interp thread : stack size=32KB
D/dalvikvm( 5535): create new thread
D/dalvikvm( 5535): new thread created
D/dalvikvm( 5535): update thread list
D/dalvikvm( 5535): threadid=95: interp stack at 0x62926000
D/dalvikvm( 5535): threadid=95: created from interp
D/dalvikvm( 5535): start new thread
D/dalvikvm( 5535): threadid=95: notify debugger
D/dalvikvm( 5535): threadid=95 (TransferPipe): calling run()
D/dalvikvm( 5535): threadid=95: exiting
D/dalvikvm( 5535): threadid=95: bye!
D/dalvikvm( 5535): create interp thread : stack size=32KB
D/dalvikvm( 5535): create new thread
D/dalvikvm( 5535): new thread created
D/dalvikvm( 5535): update thread list
D/dalvikvm( 5535): threadid=95: interp stack at 0x62926000
D/dalvikvm( 5535): threadid=95: created from interp
D/dalvikvm( 5535): start new thread
D/dalvikvm( 5535): threadid=95: notify debugger
D/dalvikvm( 5535): threadid=95 (TransferPipe): calling run()
D/dalvikvm( 5535): threadid=95: exiting
D/dalvikvm( 5535): threadid=95: bye!
D/StateMachine( 5535): handleMessage: E msg.what=131155
D/StateMachine( 5535): processMsg: ConnectedState
D/WifiStateMachine( 5535): ConnectedState{ what=131155 when=-5ms arg1=32 target=Handler (com.android.internal.util.StateMachine$SmHandler) {4277a800} }
D/StateMachine( 5535): processMsg: L2ConnectedState
D/WifiStateMachine( 5535): L2ConnectedState{ what=131155 when=-5ms arg1=32 target=Handler (com.android.internal.util.StateMachine$SmHandler) {4277a800} }
D/WifiNative-wlan0( 5535): doString: SIGNAL_POLL
D/WifiCommon( 5535): [wlan0] SET "SIGNAL_POLL"
D/wpa_supplicant( 5621): RX ctrl_iface - hexdump(len=11): 53 49 47 4e 41 4c 5f 50 4f 4c 4c
