W/ResourceType( 5719): No package identifier when getting value for resource number 0x00000000
D/SignalClusterViewGemini( 5719): isSimInserted(0), SimInserted=true
D/SignalClusterViewGemini( 5719): isSimInserted(1), SimInserted=true
D/PhoneStatusBar( 5719): onReceive, action=android.provider.Telephony.SPN_STRINGS_UPDATED
D/CarrierLabelGemini( 5719): updateNetworkName, showSpn=false spn=null showPlmn=true plmn=No service
V/PhoneStatusBar( 5719): setLightsOn(true)
D/OpenGLRenderer(26148): Enabling debug mode 0
D/InputReader( 5535): InputReader:: getSwitchState lock
D/InputReader( 5535): InputReader::getStateLocked:: return
V/WindowManager( 5535): Changing focus from Window{42b6ef90 u0 org.opencv.samples.NativeActivity/org.opencv.samples.NativeActivity.CvNativeActivity} to null
I/WindowManager( 5535): Losing focus: Window{42b6ef90 u0 org.opencv.samples.NativeActivity/org.opencv.samples.NativeActivity.CvNativeActivity}
V/ActivityManager( 5535): ACT-Launching: ActivityRecord{42b95548 u0 org.opencv.samples.NativeActivity/android.app.NativeActivity}
D/dalvikvm( 5535): create interp thread : stack size=32KB
D/dalvikvm( 5535): create new thread
D/dalvikvm( 5535): new thread created
D/dalvikvm( 5535): update thread list
D/dalvikvm( 5535): threadid=95: interp stack at 0x62926000
D/dalvikvm( 5535): threadid=95: created from interp
D/dalvikvm( 5535): start new thread
D/dalvikvm( 5535): threadid=95: notify debugger
D/dalvikvm( 5535): threadid=95 (Thread-3356): calling run()
D/dalvikvm( 5535): threadid=95: exiting
D/dalvikvm( 5535): threadid=95: bye!
V/InputMethodManager(26148): onWindowFocus: null softInputMode=32 first=true flags=#9010100
V/InputMethodManager(26148): START INPUT: com.android.internal.policy.impl.PhoneWindow$DecorView{42339b50 V.E..... R.....ID 0,0-1920,1080} ic=null tba=android.view.inputmethod.EditorInfo@4236bee8 controlFlags=#104
V/InputMethodManagerService( 5535): windowGainedFocus: android.os.BinderProxy@43213ed0 controlFlags=#104 softInputMode=#20 windowFlags=#9010100
W/WindowManager( 5535): No new IME target
W/InputMethodManagerService( 5535): Focus gain on non-focused client com.android.internal.view.IInputMethodClient$Stub$Proxy@4240f570 (uid=10134 pid=26148)
V/InputMethodManager(26148): Starting input: Bind result=null
W/InputMethodManager(26148): startInputInner : InputBindResult == null
I/SurfaceFlinger( 133): [virtual void android::LayerScreenshot::setGeometry(const android::sp&, android::HWComposer::HWCLayerInterface&)] add:983, count:1
I/SurfaceFlinger( 133): [static bool android::LayerScreenshot::isFrozen()] LayerScreenshot top:983 (orient:0, alpha:255)
D/SurfaceFlinger( 133): Freeze screen...
I/libPerfService( 5535): 2: set: 2
V/WindowManager( 5535): Dismiss!
D/NetworkControllerGemini( 5719): PhoneStateListener:onSignalStrengthsChanged, sim1 before.
D/NetworkControllerGemini( 5719): PhoneStateListener:onSignalStrengthsChanged, signalStrength=3
D/NetworkControllerGemini( 5719): updateDataNetType(0), DataNetType=3.
V/ActivityManager( 5535): Broadcast sticky: Intent { act=android.intent.action.SIG_STR flg=0x10 (has extras) } ordered=false userid=-1
D/NetworkControllerGemini( 5719): updateDataNetType(0), simColorId=0
D/TelephonyManagerEx( 5719): isNetworkRoaming
D/NetworkControllerGemini( 5719): updateDataNetType(0), DataNetType3G=Type_3G tempDataTypeIconId= 2130837873.
D/NetworkControllerGemini( 5719): isSimInserted(0), SimInserted=true
D/NetworkControllerGemini( 5719): updateTelephonySignalStrength(0), regState=1
D/NetworkControllerGemini( 5719): updateTelephonySignalStrength(0), hasService=true
D/TelephonyManagerEx( 5719): isNetworkRoaming
D/NetworkControllerGemini( 5719): updateTelephonySignalStrength(0), isRoaming=false, mInetCondition=1
D/NetworkControllerGemini( 5719): updateTelephonySignalStrength(0), simColorId=0
D/NetworkControllerGemini( 5719): updateTelephonySignalStrength(0), tempDataNetType = Type_3G , simColorId=0 tempPhoneSignalIconId[0] = 2130837950 tempPhoneSignalIconId[1] = 0
D/NetworkControllerGemini( 5719): updateTelephonySignalStrength(0) tempSIMCUSignVisible= true
D/NetworkControllerGemini( 5719): updateTelephonySignalStrength(0) mSIMCUSignVisible = true
D/Bluetooth HS/HF( 5783): [BT][HFG] [API] mStateReceiver.onReceive(android.intent.action.SIG_STR)
D/NetworkControllerGemini( 5719): updateTelephonySignalStrength(0) mSIMCUSignVisible = true
D/NetworkControllerGemini( 5719): refreshViews(0), DataConnected=false simColorId = 0
D/Bluetooth HS/HF( 5783): [BT][HFG] [API] mHandler.handleMessage(10)
D/SignalClusterViewGemini( 5719): setShowSimIndicator(0), showSimIndicator=false simIndicatorResource = 0
D/SignalClusterViewGemini( 5719): setDataConnected(0), dataConnected=false
D/SignalClusterViewGemini( 5719): setDataNetType3G(0), dataNetType=Type_3G
D/TelephonyManager( 5892): getDefaultSim is sim1
D/TelephonyManager( 5892): getDefaultSim is sim1
D/SignalClusterViewGemini( 5719): apply : mShowSimIndicator = false mSimIndicatorResource = 0 mShowSimIndicatorGemini = false mSimIndicatorResourceGemini = 0
D/SignalClusterViewGemini( 5719): apply, mMobileVisible=true mMobileActivityId=0 mMobileTypeId=2130837873 mMobileStrengthId[0] = 2130837950 mMobileStrengthId[1] = 0
D/SignalClusterViewGemini( 5719): isSimInserted(0), SimInserted=true
D/SignalClusterViewGemini( 5719): mDataNetType =Type_3G resId= 0 simColorId = 0
D/SignalClusterViewGemini( 5719): apply, mMobileVisibleGemini=true mMobileActivityIdGemini=0 mMobileTypeIdGemini=0 mMobileStrengthIdGemini[0] = 2130837938 mMobileStrengthIdGemini[1] = 0
D/SignalClusterViewGemini( 5719): isSimInserted(1), SimInserted=true
D/SignalClusterViewGemini( 5719): apply, mMobileVisible=true, mWifiVisible=true, mIsAirplaneMode=false
W/ResourceType( 5719): No package identifier when getting value for resource number 0x00000000
D/SignalClusterViewGemini( 5719): isSimInserted(0), SimInserted=true
D/SignalClusterViewGemini( 5719): isSimInserted(1), SimInserted=true
D/NetworkControllerGemini( 5719): PhoneStateListener:onSignalStrengthsChanged, sim1 after.
I/SurfaceFlinger( 133): [virtual void android::LayerScreenshot::setGeometry(const android::sp&, android::HWComposer::HWCLayerInterface&)] add:983, count:1
I/SurfaceFlinger( 133): [static bool android::LayerScreenshot::isFrozen()] LayerScreenshot top:983 (orient:0, alpha:255)
D/SurfaceFlinger( 133): Freeze screen...
D/PowerManagerService( 5535): releaseWakeLockInternal: lock=1115579032, flags=0x0
D/PowerManagerService( 5535): updateWakeLockSummaryLocked: mWakefulness=Awake, mWakeLockSummary=0x1
D/PowerManagerService( 5535): newScreenState = 2
D/PowerManagerDisplayController( 5535): requestPowerState: screenState=2, useProximitySensor=false, screenBrightness=255, screenAutoBrightnessAdjustment=0.0, useAutoBrightness=false, useEcoBrightness=false, blockScreenOn=false, waitForNegativeProximity=false
I/PowerManagerService( 5535): setBrightness mButtonLight 0.
D/PowerManagerService( 5535): updateScreenStateLocked: mDisplayReady=true, newScreenState=2, mWakefulness=1, mWakeLockSummary=0x1, mUserActivitySummary=0x1, mBootCompleted=true
D/PowerManagerService( 5535): handleSandman: canDream=true, mWakefulness=Awake
I/SurfaceFlinger( 133): [virtual void android::LayerScreenshot::setGeometry(const android::sp&, android::HWComposer::HWCLayerInterface&)] add:983, count:1
I/SurfaceFlinger( 133): [static bool android::LayerScreenshot::isFrozen()] LayerScreenshot top:983 (orient:0, alpha:255)
D/SurfaceFlinger( 133): Freeze screen...
I/WindowManager( 5535): FREEZE Surface(name=FreezeSurface, identity=983): DESTROY
I/SurfaceFlinger( 133): [static bool android::LayerScreenshot::isFrozen()] LayerScreenshot top:983 (orient:0, alpha:255)
D/SurfaceFlinger( 133): Freeze screen...
D/PowerManagerService( 5535): userActivityFromNative
D/PowerManagerService( 5535): userActivityNoUpdateLocked: eventTime=10889280, event=2, flags=0x0, uid=1000
D/PowerManagerNotifier( 5535): onUserActivity: event=2, uid=1000
D/PowerManagerService( 5535): updateUserActivitySummaryLocked: mWakefulness=Awake, mUserActivitySummary=0x1, nextTimeout=10913280 (in 23491 ms)
D/PowerManagerService( 5535): newScreenState = 2
D/PowerManagerDisplayController( 5535): requestPowerState: screenState=2, useProximitySensor=false, screenBrightness=255, screenAutoBrightnessAdjustment=0.0, useAutoBrightness=false, useEcoBrightness=false, blockScreenOn=false, waitForNegativeProximity=false
I/PowerManagerService( 5535): setBrightness mButtonLight 0.
D/PowerManagerService( 5535): updateScreenStateLocked: mDisplayReady=true, newScreenState=2, mWakefulness=1, mWakeLockSummary=0x1, mUserActivitySummary=0x1, mBootCompleted=true
D/PowerManagerService( 5535): handleSandman: canDream=true, mWakefulness=Awake
I/SurfaceFlinger( 133): [void android::LayerScreenshot::clearStatus()] del:983, count:0
I/BufferQueue( 133): [org.opencv.samples.NativeActivity/org.opencv.samples.NativeActivity.CvNativeActivity](this:0x43523f10,api:1) new GraphicBuffer needed
D/BufferQueue( 133): [OLD] gb:NULL
I/GraphicBuffer( 133): allocate buffer (w:1088 h:1920 f:5) err(0)
I/BufferQueue( 133): [NEW] gb=0x4351db48, handle=0x42ee46c0, w=1080, h=1920, s=1088, fmt=5
I/SurfaceTexture( 133): [org.opencv.samples.NativeActivity/org.opencv.samples.NativeActivity.CvNativeActivity](this:0x43524948,api:1) [void* android::SurfaceTexture::createImage(EGLDisplay, const android::sp&)]
D/SurfaceTexture( 133): GraphicBuffer: gb=0x4351a658 handle=0x43239d98
D/SurfaceTexture( 133): EGLImage: dpy=0x1, img=0x43240208
V/threaded_app(26148): Creating: 0x5d1ea5f8
V/threaded_app(26148): Config: mcc=250 mnc=99 lang=en cnt=US orien=2 touch=3 dens=480 keys=1 nav=2 keysHid=3 navHid=0 sdk=17 size=2 long=2 modetype=1 modenight=1
V/threaded_app(26148): Start: 0x5d1ea5f8
V/threaded_app(26148): activityState=10
V/threaded_app(26148): Resume: 0x5d1ea5f8
V/threaded_app(26148): activityState=11
V/threaded_app(26148): InputQueueCreated: 0x5d1ea5f8 -- 0x5d21a6b0
V/threaded_app(26148): APP_CMD_INPUT_CHANGED
V/threaded_app(26148): Attaching input queue to looper
D/OpenGLRenderer(26148): Flushing caches (mode 0)
D/BufferQueue( 133): [org.opencv.samples.NativeActivity/org.opencv.samples.NativeActivity.CvNativeActivity](this:0x43523f10,api:1) cancelBuffer: slot=1
I/BufferQueue( 133): [org.opencv.samples.NativeActivity/org.opencv.samples.NativeActivity.CvNativeActivity](this:0x43523f10,api:1) disconnect: api=1
I/SurfaceTexture( 133): [org.opencv.samples.NativeActivity/org.opencv.samples.NativeActivity.CvNativeActivity] [virtual android::status_t android::SurfaceTexture::forceAuxConversionLocked()] mCurrentTexture:0, mCurrentBuf:0x4351a658
I/BufferQueue( 133): [org.opencv.samples.NativeActivity/org.opencv.samples.NativeActivity.CvNativeActivity](this:0x43523f10,api:0) getReleasedBuffers: returning mask 0xffffffff
I/SurfaceTexture( 133): [org.opencv.samples.NativeActivity/org.opencv.samples.NativeActivity.CvNativeActivity](this:0x43524948,api:0) destroying EGLImage dpy=0x1 img=0x43240208
I/BufferQueue( 133): [org.opencv.samples.NativeActivity/org.opencv.samples.NativeActivity.CvNativeActivity](this:0x43523f10,api:0) consumerDisconnect
I/BufferQueue( 133): [org.opencv.samples.NativeActivity/org.opencv.samples.NativeActivity.CvNativeActivity](this:0x43523f10,api:0) ~BufferQueue
I/BufferQueue( 133): [unnamed-133-726](this:0x43523f10,api:0) BufferQueue
I/BufferQueue( 133): [unnamed-133-726](this:0x43523f10,api:0) consumerConnect
I/BufferQueue( 133): [unnamed-133-726](this:0x43523f10,api:0) setConsumerName: unnamed-133-726
I/SurfaceTexture( 133): [unnamed-133-726](this:0x43524948,api:0) SurfaceTexture
I/BufferQueue( 133): [unnamed-133-726](this:0x43523f10,api:0) setSynchronousMode: enabled=1
I/BufferQueue( 133): [unnamed-133-726](this:0x43523f10,api:0) setDefaultBufferSize: w=1920, h=1080
I/BufferQueue( 133): [org.opencv.samples.NativeActivity/android.app.NativeActivity](this:0x43523f10,api:0) setConsumerName: org.opencv.samples.NativeActivity/android.app.NativeActivity
V/WindowManager( 5535): Changing focus from null to Window{42fa1af0 u0 org.opencv.samples.NativeActivity/android.app.NativeActivity}
V/PhoneStatusBar( 5719): setLightsOn(true)
V/threaded_app(26148): New input event: type=2
V/threaded_app(26148): New input event: type=2
V/threaded_app(26148): New input event: type=2
V/threaded_app(26148): New input event: type=2
V/threaded_app(26148): New input event: type=2
V/threaded_app(26148): New input event: type=2
I/WindowManager( 5535): Gaining focus: Window{42fa1af0 u0 org.opencv.samples.NativeActivity/android.app.NativeActivity}
V/threaded_app(26148): New input event: type=2
V/threaded_app(26148): NativeWindowCreated: 0x5d1ea5f8 -- 0x5d2242d0
V/threaded_app(26148): APP_CMD_INIT_WINDOW
I/OCV:libnative_activity(26148): APP_CMD_INIT_WINDOW
D/OpenCV::camera(26148): CvCapture_Android::CvCapture_Android(0)
D/OpenCV::camera(26148): Library name: libopencv_java.so
D/OpenCV::camera(26148): Library base address: 0x5dad8000
V/threaded_app(26148): WindowFocusChanged: 0x5d1ea5f8 -- 1
V/InputMethodManager(26148): onWindowFocus: null softInputMode=16 first=true flags=#9010100
V/InputMethodManager(26148): START INPUT: com.android.internal.policy.impl.PhoneWindow$DecorView{4237b810 V.E..... R.....ID 0,0-1920,1080} ic=null tba=android.view.inputmethod.EditorInfo@4239f028 controlFlags=#104
V/InputMethodManagerService( 5535): windowGainedFocus: android.os.BinderProxy@43213ed0 controlFlags=#104 softInputMode=#10 windowFlags=#9010100
W/InputMethodManagerService( 5535): Got RemoteException sending setActive(false) notification to pid 26046 uid 10134
V/InputMethodManager(26148): Starting input: Bind result=InputBindResult{null org.pocketworkstation.pckeyboard/.LatinIME #346}
V/InputMethodManagerService( 5535): Current IMS pid=5797
V/ActivityManager( 5535): Activity idle: Token{42b95688 ActivityRecord{42b95548 u0 org.opencv.samples.NativeActivity/android.app.NativeActivity}}
I/libPerfService( 5535): 1: set: 1
D/PowerManagerService( 5535): releaseWakeLockInternal: lock=1111143720, flags=0x0
D/PowerManagerService( 5535): updateWakeLockSummaryLocked: mWakefulness=Awake, mWakeLockSummary=0x0
D/PowerManagerService( 5535): newScreenState = 2
D/PowerManagerDisplayController( 5535): requestPowerState: screenState=2, useProximitySensor=false, screenBrightness=255, screenAutoBrightnessAdjustment=0.0, useAutoBrightness=false, useEcoBrightness=false, blockScreenOn=false, waitForNegativeProximity=false
I/PowerManagerService( 5535): setBrightness mButtonLight 0.
D/PowerManagerService( 5535): updateScreenStateLocked: mDisplayReady=true, newScreenState=2, mWakefulness=1, mWakeLockSummary=0x0, mUserActivitySummary=0x1, mBootCompleted=true
D/PowerManagerService( 5535): handleSandman: canDream=true, mWakefulness=Awake
V/ActivityManager( 5535): Stopping ActivityRecord{426a6c80 u0 org.opencv.samples.NativeActivity/.CvNativeActivity}: nowVisible=false waitingVisible=true finishing=false
V/ActivityManager( 5535): Activity idle: Token{426d5558 ActivityRecord{426a6c80 u0 org.opencv.samples.NativeActivity/.CvNativeActivity}}
V/ActivityManager( 5535): Stopping ActivityRecord{426a6c80 u0 org.opencv.samples.NativeActivity/.CvNativeActivity}: nowVisible=false waitingVisible=true finishing=false
D/OpenCV::camera(26148): Libraries folder found: /data/app-lib/org.opencv.lib_v24_armv7a-1/
D/OpenCV::camera(26148): CameraWrapperConnector::connectToLib: folderPath=/data/app-lib/org.opencv.lib_v24_armv7a-1/
I/ActivityManager( 5535): [AppLaunch] Displayed Displayed org.opencv.samples.NativeActivity/android.app.NativeActivity: +202ms (total +872ms)
E/OpenCV::camera(26148): ||libnative_camera_r4.4.0.so
E/OpenCV::camera(26148): ||libnative_camera_r2.3.3.so
E/OpenCV::camera(26148): ||libnative_camera_r4.2.0.so
E/OpenCV::camera(26148): ||libnative_camera_r4.3.0.so
E/OpenCV::camera(26148): ||libnative_camera_r2.2.0.so
E/OpenCV::camera(26148): ||libnative_camera_r4.0.0.so
E/OpenCV::camera(26148): ||libnative_camera_r4.0.3.so
E/OpenCV::camera(26148): ||libnative_camera_r4.1.1.so
E/OpenCV::camera(26148): ||libnative_camera_r3.0.1.so
D/OpenCV::camera(26148): try to load library 'libnative_camera_r4.4.0.so'
D/ActivityManager( 5535): AP_PROF:AppLaunch_LaunchTime:org.opencv.samples.NativeActivity/android.app.NativeActivity:202:10889926
D/OpenCV::camera(26148): CameraWrapperConnector::connectToLib ERROR: cannot dlopen camera wrapper library /data/app-lib/org.opencv.lib_v24_armv7a-1/libnative_camera_r4.4.0.so, dlerror="Cannot load library: soinfo_relocate(linker.cpp:975): cannot locate symbol "_ZN7android17IConsumerListenerD2Ev" referenced by "libnative_camera_r4.4.0.so"..."
D/OpenCV::camera(26148): try to load library 'libnative_camera_r4.3.0.so'
D/ActivityManager( 5535): ACT-IDLE_NOW_MSG from windowsVisible() for idle: ActivityRecord{42b95548 u0 org.opencv.samples.NativeActivity/android.app.NativeActivity}
V/ActivityManager( 5535): Activity idle: null
V/ActivityManager( 5535): Stopping ActivityRecord{426a6c80 u0 org.opencv.samples.NativeActivity/.CvNativeActivity}: nowVisible=true waitingVisible=false finishing=false
V/ActivityManager( 5535): Ready to stop: ActivityRecord{426a6c80 u0 org.opencv.samples.NativeActivity/.CvNativeActivity}
D/OpenCV::camera(26148): CameraWrapperConnector::connectToLib ERROR: cannot dlopen camera wrapper library /data/app-lib/org.opencv.lib_v24_armv7a-1/libnative_camera_r4.3.0.so, dlerror="Cannot load library: soinfo_relocate(linker.cpp:975): cannot locate symbol "_ZN7android6Camera17setPreviewTextureERKNS_2spINS_22IGraphicBufferProducerEEE" referenced by "libnative_camera_r4.3.0.so"..."
D/OpenCV::camera(26148): try to load library 'libnative_camera_r4.2.0.so'
D/OpenCV::camera(26148): Loaded library '/data/app-lib/org.opencv.lib_v24_armv7a-1/libnative_camera_r4.2.0.so'
D/OpenCV_NativeCamera(26148): CameraHandler::initCameraConnect(0x5e19cea1, 0, 0x5d1f90f0, 0x0)
D/OpenCV_NativeCamera(26148): Connecting to CameraService v 2.3
D/CameraService( 5296): CameraService::connect E (pid 26148, id 0)
I/MtkCam/CamDevice( 5296): [CamDeviceManager::getCameraInfo] id(0) (facing,orientation)=(0,90)
D/CameraService( 5296): Client::Client E (pid 26148, id 0)
D/CameraService( 5296): Client::Client X (pid 26148, id 0)
D/CameraClient( 5296): CameraClient::CameraClient E (pid 26148, id 0)
D/CameraClient( 5296): CameraClient::CameraClient X (pid 26148, id 0)
D/CameraService( 5296): [CameraService::loadSound] + tid(11065) mSoundLock - ref=0
D/CameraService( 5296): CameraService::loadSound ref=0
D/CameraService( 5296): [CameraService::newMediaPlayer] + (/system/media/audio/ui/camera_click.ogg)
D/AudioFlinger( 5296): acquiring 207 from 26148
D/AudioFlinger( 5296): added new entry for 207
D/MediaPlayer( 5296): mPlayerID = 184
D/MediaPlayerService( 5296): setDataSource(/system/media/audio/ui/camera_click.ogg)
D/MediaPlayerFactory( 5296): getPlayerType(): using url, check for DRM protected midi.
D/DrmMtkUtil/DrmUtil( 5296): checkDcf ----> path [/system/media/audio/ui/camera_click.ogg]
V/DrmMtkUtil/DrmUtil( 5296): checkExistence ----> [/system/media/audio/ui/camera_click.ogg]
D/DrmMtkUtil/DrmUtil( 5296): checkDcf ----> fd [25]
V/DrmMtkUtil/DrmUtil( 5296): checkDcf: first 3 bytes [4f][67][67]
E/DrmMtkUtil/DrmUtil( 5296): checkDcf: not dcf type, dcf version value [79]
D/DrmMtkUtil/DrmUtil( 5296): checkDcf: result [-1]
D/MediaPlayerService( 5296): player type = 3
D/AwesomePlayer( 5296): @@[SF_PROPERTY]sf.video.jump.key.ms =-1
D/AwesomePlayer( 5296): @@[SF_PROPERTY]sf.video.force.display.cnt=0
D/AwesomePlayer( 5296): @@[SF_PROPERTY]sf.video.late.margin.ms = 250
I/AwesomePlayer( 5296): set flag for stopped
D/AwesomePlayer( 5296): reset_l
D/AudioSink( 5296): AudioOutput(207)
D/AwesomePlayer( 5296): reset_l
D/AwesomePlayer( 5296): setDataSource_l('/system/media/audio/ui/camera_click.ogg')
D/MediaPlayerService( 5296): setDataSource(/system/media/audio/ui/camera_click.ogg) done
D/MediaPlayer( 5296): Don't notify duration to /system/bin/mediaserver!
D/MediaPlayerService( 5296): [184] prepareAsync
D/MediaExtractor( 5296): JB +MediaExtractor::Create
D/MediaExtractor( 5296): JB -MediaExtractor::Create
D/MtkOmxCore( 5296): Mtk_OMX_GetHandle (OMX.MTK.AUDIO.DECODER.VORBIS)
D/MtkOmxCore( 5296): comp_index(24), path(libMtkOmxVorbisDec.so)
D/MtkOmxAudioDecBase( 5296): MtkOmxAudioDecBase::MtkOmxAudioDecBase this= 0x42A54898
D/MtkOmxVorbisDec( 5296): MtkOmxVorbisDec::MtkOmxVorbisDec this= 0x42A54898
D/MtkOmxVorbisDec( 5296): MtkOmxComponentCreate mCompHandle(0x42A54898)
D/MtkOmxAudioDecBase( 5296): ComponentInit (OMX.MTK.AUDIO.DECODER.VORBIS)
D/MtkOmxVorbisDec( 5296): MtkOmxVorbisDec::InitAudioParams(VORBIS)
D/MtkOmxAudioDecBase( 5296): 0x42a54898_Ctrl 0, total path is in ,out
D/MtkOmxAudioDecBase( 5296): MtkOmxAudioCommandThread created pOmxAudioDec=0x42A54898
D/MtkOmxAudioDecBase( 5296): fdmax = 29
D/MtkOmxCore( 5296): +++++ dump_inst_handle_pool +++++
D/MtkOmxCore( 5296): gCoreCompInstance[0].comp_module=0x400C4A68, comp_handle=0x42A5489C
D/MtkOmxCore( 5296): ----- dump_inst_handle_pool -----
D/MtkOmxAudioDecBase( 5296): MtkOmxAudioDecodeThread created pOmxAudioDec=0x42A54898, tid=26175
D/OMX ( 5296): OMX(0x4244E090)::allocateNode &mDispatchers(0x4244E0D8) added pCbDisp(0x42A1E040)
D/OMX ( 5296): @@ OMX::CbDisp(0x42A1E040)::loop(26176)
D/MtkOmxAudioDecBase( 5296): SetParameter index(0x01000017)
D/OMXCodec( 5296): !@@!>> create tid (26173) OMXCodec mOMXLivesLocally=1, mIsVideoDecoder(0), mIsVideoEncoder(0), mime(audio/vorbis)
D/MtkOmxAudioDecBase( 5296): GetParameter (0x02000001)
D/MtkOmxAudioDecBase( 5296): GetParameter (0x02000001)
D/MtkOmxAudioDecBase( 5296): GetParameter (0x04000002)
D/MtkOmxAudioDecBase( 5296): GetParameter (0x7F000008)
I/OMXCodec( 5296): mSupportsPartialFrames 0 err 0
D/MtkOmxAudioDecBase( 5296): SendCommand cmd=OMX_CommandStateSet
D/MtkOmxAudioDecBase( 5296): set MTK_OMX_IDLE_PENDING
D/MtkOmxAudioDecBase( 5296): GetParameter (0x02000001)
D/MtkOmxAudioDecBase( 5296): # Got general command (OMX_CommandStateSet)
D/OMXCodec( 5296): @@ [IN] def.nBufferSize = 32768
D/MtkOmxAudioDecBase( 5296): Request [OMX_StateLoaded]-> [OMX_StateIdle]
D/OMXCodec( 5296): allocating 5 buffers of size 32768 on input port
D/MtkOmxAudioDecBase( 5296): wait on mInPortAllocDoneSem(0), mOutPortAllocDoneSem(0)!!
D/OMXCodec( 5296): @@ Input totalSize = 166400
D/MtkOmxAudioDecBase( 5296): UseBuffer port_idx(0x0), idx[0], pBuffHead(0x42A39990), pBuffer(0x42630000)
D/OMXCodec( 5296): @@ Input[0], info.mData(0x42630000)
D/MtkOmxAudioDecBase( 5296): UseBuffer port_idx(0x0), idx[1], pBuffHead(0x440712D0), pBuffer(0x42638000)
D/OMXCodec( 5296): @@ Input[1], info.mData(0x42638000)
D/MtkOmxAudioDecBase( 5296): UseBuffer port_idx(0x0), idx[2], pBuffHead(0x42A18F40), pBuffer(0x42640000)
D/OMXCodec( 5296): @@ Input[2], info.mData(0x42640000)
D/MtkOmxAudioDecBase( 5296): UseBuffer port_idx(0x0), idx[3], pBuffHead(0x42914810), pBuffer(0x42648000)
D/OMXCodec( 5296): @@ Input[3], info.mData(0x42648000)
D/MtkOmxAudioDecBase( 5296): UseBuffer port_idx(0x0), idx[4], pBuffHead(0x42A24C10), pBuffer(0x42650000)
D/MtkOmxAudioDecBase( 5296): signal mInPortAllocDoneSem (1)
D/MtkOmxAudioDecBase( 5296): input port populated
D/OMXCodec( 5296): @@ Input[4], info.mData(0x42650000)
D/MtkOmxAudioDecBase( 5296): GetParameter (0x02000001)
E/OMXCodec( 5296): @@ [OUT] def.nBufferSize = 32768
E/OMXCodec( 5296): @@ [OUT] totalSize = 131584
D/OMXCodec( 5296): OMXCodec::allocateBuffersOnOutputPort:totalSize=131584
D/MtkOmxAudioDecBase( 5296): UseBuffer port_idx(0x1), idx[0], pBuffHead(0x44D9CFC8), pBuffer(0x42659000)
D/OMXCodec( 5296): @@ Output[0] info.mData(0x42659000)
D/MtkOmxAudioDecBase( 5296): UseBuffer port_idx(0x1), idx[1], pBuffHead(0x43BF0648), pBuffer(0x42661000)
D/OMXCodec( 5296): @@ Output[1] info.mData(0x42661000)
D/MtkOmxAudioDecBase( 5296): UseBuffer port_idx(0x1), idx[2], pBuffHead(0x41BF12D8), pBuffer(0x42669000)
D/OMXCodec( 5296): @@ Output[2] info.mData(0x42669000)
D/MtkOmxAudioDecBase( 5296): UseBuffer port_idx(0x1), idx[3], pBuffHead(0x44071470), pBuffer(0x42671000)
D/MtkOmxAudioDecBase( 5296): signal mOutPortAllocDoneSem (1)
D/MtkOmxAudioDecBase( 5296): output port populated
D/OMXCodec( 5296): @@ Output[3] info.mData(0x42671000)
D/MtkOmxAudioDecBase( 5296): SendCommand cmd=OMX_CommandStateSet
D/MtkOmxAudioDecBase( 5296): # Got general command (OMX_CommandStateSet)
D/MtkOmxAudioDecBase( 5296): Request [OMX_StateIdle]-> [OMX_StateExecuting]
D/MtkOmxAudioDecBase( 5296): state changes to OMX_StateExecuting
D/MediaPlayerService( 5296): [184] notify (0x450f9ef8, 5, 0, 0)
D/NotifySender( 5296): sendMessage::owner(0x42a5a700),msg(5)
D/MediaPlayerService( 5296): [184] notify (0x450f9ef8, 1, 0, 0)
D/NotifySender( 5296): sendMessage::owner(0x42a5a700),msg(1)
D/AwesomePlayer( 5296): @@[SF_PROPERTY]sched_setscheduler ok..., priority:95
D/CameraService( 5296): [CameraService::newMediaPlayer] -
D/CameraService( 5296): [CameraService::newMediaPlayer] + (/system/media/audio/ui/VideoRecord.ogg)
D/AudioFlinger( 5296): acquiring 208 from 26148
D/AudioFlinger( 5296): added new entry for 208
D/MediaPlayer( 5296): mPlayerID = 185
D/MediaPlayerService( 5296): setDataSource(/system/media/audio/ui/VideoRecord.ogg)
D/MediaPlayerFactory( 5296): getPlayerType(): using url, check for DRM protected midi.
D/DrmMtkUtil/DrmUtil( 5296): checkDcf ----> path [/system/media/audio/ui/VideoRecord.ogg]
V/DrmMtkUtil/DrmUtil( 5296): checkExistence ----> [/system/media/audio/ui/VideoRecord.ogg]
D/DrmMtkUtil/DrmUtil( 5296): checkDcf ----> fd [40]
V/DrmMtkUtil/DrmUtil( 5296): checkDcf: first 3 bytes [4f][67][67]
E/DrmMtkUtil/DrmUtil( 5296): checkDcf: not dcf type, dcf version value [79]
D/DrmMtkUtil/DrmUtil( 5296): checkDcf: result [-1]
D/MediaPlayerService( 5296): player type = 3
D/AwesomePlayer( 5296): @@[SF_PROPERTY]sf.video.jump.key.ms =-1
D/AwesomePlayer( 5296): @@[SF_PROPERTY]sf.video.force.display.cnt=0
D/AwesomePlayer( 5296): @@[SF_PROPERTY]sf.video.late.margin.ms = 250
I/AwesomePlayer( 5296): set flag for stopped
D/AwesomePlayer( 5296): reset_l
D/AudioSink( 5296): AudioOutput(208)
D/AwesomePlayer( 5296): reset_l
D/AwesomePlayer( 5296): setDataSource_l('/system/media/audio/ui/VideoRecord.ogg')
D/MediaPlayerService( 5296): setDataSource(/system/media/audio/ui/VideoRecord.ogg) done
D/MediaPlayer( 5296): Don't notify duration to /system/bin/mediaserver!
D/MediaPlayerService( 5296): [185] prepareAsync
D/MediaExtractor( 5296): JB +MediaExtractor::Create
D/MediaExtractor( 5296): JB -MediaExtractor::Create
D/MtkOmxCore( 5296): Mtk_OMX_GetHandle (OMX.MTK.AUDIO.DECODER.VORBIS)
D/MtkOmxCore( 5296): comp_index(24), path(libMtkOmxVorbisDec.so)
D/MtkOmxAudioDecBase( 5296): MtkOmxAudioDecBase::MtkOmxAudioDecBase this= 0x42A207F0
D/MtkOmxVorbisDec( 5296): MtkOmxVorbisDec::MtkOmxVorbisDec this= 0x42A207F0
D/MtkOmxVorbisDec( 5296): MtkOmxComponentCreate mCompHandle(0x42A207F0)
D/MtkOmxAudioDecBase( 5296): ComponentInit (OMX.MTK.AUDIO.DECODER.VORBIS)
D/MtkOmxVorbisDec( 5296): MtkOmxVorbisDec::InitAudioParams(VORBIS)
D/MtkOmxAudioDecBase( 5296): 0x42a207f0_Ctrl 0, total path is in ,out
D/MtkOmxAudioDecBase( 5296): MtkOmxAudioCommandThread created pOmxAudioDec=0x42A207F0
D/MtkOmxAudioDecBase( 5296): fdmax = 41
D/MtkOmxCore( 5296): +++++ dump_inst_handle_pool +++++
D/MtkOmxCore( 5296): gCoreCompInstance[0].comp_module=0x400C4A68, comp_handle=0x42A5489C
D/MtkOmxAudioDecBase( 5296): MtkOmxAudioDecodeThread created pOmxAudioDec=0x42A207F0, tid=26180
D/MtkOmxCore( 5296): gCoreCompInstance[1].comp_module=0x400C4A68, comp_handle=0x42A207F4
D/MtkOmxCore( 5296): ----- dump_inst_handle_pool -----
D/OMX ( 5296): OMX(0x4244E090)::allocateNode &mDispatchers(0x4244E0D8) added pCbDisp(0x42A3B500)
D/OMX ( 5296): @@ OMX::CbDisp(0x42A3B500)::loop(26181)
D/MtkOmxAudioDecBase( 5296): SetParameter index(0x01000017)
D/OMXCodec( 5296): !@@!>> create tid (26178) OMXCodec mOMXLivesLocally=1, mIsVideoDecoder(0), mIsVideoEncoder(0), mime(audio/vorbis)
D/MtkOmxAudioDecBase( 5296): GetParameter (0x02000001)
D/MtkOmxAudioDecBase( 5296): GetParameter (0x02000001)
D/MtkOmxAudioDecBase( 5296): GetParameter (0x04000002)
D/MtkOmxAudioDecBase( 5296): GetParameter (0x7F000008)
I/OMXCodec( 5296): mSupportsPartialFrames 0 err 0
D/MtkOmxAudioDecBase( 5296): SendCommand cmd=OMX_CommandStateSet
D/MtkOmxAudioDecBase( 5296): set MTK_OMX_IDLE_PENDING
D/MtkOmxAudioDecBase( 5296): GetParameter (0x02000001)
D/MtkOmxAudioDecBase( 5296): # Got general command (OMX_CommandStateSet)
D/OMXCodec( 5296): @@ [IN] def.nBufferSize = 32768
D/MtkOmxAudioDecBase( 5296): Request [OMX_StateLoaded]-> [OMX_StateIdle]
D/OMXCodec( 5296): allocating 5 buffers of size 32768 on input port
D/MtkOmxAudioDecBase( 5296): wait on mInPortAllocDoneSem(0), mOutPortAllocDoneSem(0)!!
D/OMXCodec( 5296): @@ Input totalSize = 166400
D/MtkOmxAudioDecBase( 5296): UseBuffer port_idx(0x0), idx[0], pBuffHead(0x42806F28), pBuffer(0x4267A000)
D/OMXCodec( 5296): @@ Input[0], info.mData(0x4267A000)
D/MtkOmxAudioDecBase( 5296): UseBuffer port_idx(0x0), idx[1], pBuffHead(0x450FDA40), pBuffer(0x42682000)
D/OMXCodec( 5296): @@ Input[1], info.mData(0x42682000)
D/MtkOmxAudioDecBase( 5296): UseBuffer port_idx(0x0), idx[2], pBuffHead(0x42A17988), pBuffer(0x4268A000)
D/OMXCodec( 5296): @@ Input[2], info.mData(0x4268A000)
D/MtkOmxAudioDecBase( 5296): UseBuffer port_idx(0x0), idx[3], pBuffHead(0x42A17A68), pBuffer(0x42692000)
D/OMXCodec( 5296): @@ Input[3], info.mData(0x42692000)
D/MtkOmxAudioDecBase( 5296): UseBuffer port_idx(0x0), idx[4], pBuffHead(0x42914560), pBuffer(0x4269A000)
D/MtkOmxAudioDecBase( 5296): signal mInPortAllocDoneSem (1)
D/MtkOmxAudioDecBase( 5296): input port populated
D/OMXCodec( 5296): @@ Input[4], info.mData(0x4269A000)
D/MtkOmxAudioDecBase( 5296): GetParameter (0x02000001)
E/OMXCodec( 5296): @@ [OUT] def.nBufferSize = 32768
E/OMXCodec( 5296): @@ [OUT] totalSize = 131584
D/OMXCodec( 5296): OMXCodec::allocateBuffersOnOutputPort:totalSize=131584
D/MtkOmxAudioDecBase( 5296): UseBuffer port_idx(0x1), idx[0], pBuffHead(0x425D8CB8), pBuffer(0x426A3000)
D/OMXCodec( 5296): @@ Output[0] info.mData(0x426A3000)
D/MtkOmxAudioDecBase( 5296): UseBuffer port_idx(0x1), idx[1], pBuffHead(0x42A17688), pBuffer(0x426AB000)
D/OMXCodec( 5296): @@ Output[1] info.mData(0x426AB000)
D/MtkOmxAudioDecBase( 5296): UseBuffer port_idx(0x1), idx[2], pBuffHead(0x42915B98), pBuffer(0x426B3000)
D/OMXCodec( 5296): @@ Output[2] info.mData(0x426B3000)
D/MtkOmxAudioDecBase( 5296): UseBuffer port_idx(0x1), idx[3], pBuffHead(0x42914A80), pBuffer(0x426BB000)
D/MtkOmxAudioDecBase( 5296): signal mOutPortAllocDoneSem (1)
D/MtkOmxAudioDecBase( 5296): output port populated
D/OMXCodec( 5296): @@ Output[3] info.mData(0x426BB000)
D/MtkOmxAudioDecBase( 5296): SendCommand cmd=OMX_CommandStateSet
D/MtkOmxAudioDecBase( 5296): # Got general command (OMX_CommandStateSet)
D/MtkOmxAudioDecBase( 5296): Request [OMX_StateIdle]-> [OMX_StateExecuting]
D/MtkOmxAudioDecBase( 5296): state changes to OMX_StateExecuting
D/MediaPlayerService( 5296): [185] notify (0x42a52ab8, 5, 0, 0)
D/NotifySender( 5296): sendMessage::owner(0x44d9d0b8),msg(5)
D/MediaPlayerService( 5296): [185] notify (0x42a52ab8, 1, 0, 0)
D/NotifySender( 5296): sendMessage::owner(0x44d9d0b8),msg(1)
D/AwesomePlayer( 5296): @@[SF_PROPERTY]sched_setscheduler ok..., priority:95
D/CameraService( 5296): [CameraService::newMediaPlayer] -
D/CameraClient( 5296): CameraClient::initialize E (pid 26148, id 0)
I/CameraClient( 5296): Opening camera 0
I/MtkCam/CamDevice( 5296): [CamDeviceManager::openDevice] + mi4OpenNum(0), mi4DeviceNum(3)
D/MtkCam/MtkCamUtils( 5296): [CamPropertyMap::set] pid/tid=5296/11065 (client.appmode)=()
I/MtkCam/CamDevice( 5296): [CamDeviceManager::createIDevice] + tid:11065 OpenID:0 ClientAppMode:Default
I/MtkCam/CamDevice( 5296): [CamDeviceManager::createDevice] + DevOpenID:0, eDeviceId:0
D/MtkCam/CamDevice( 5296): (11065)[ICamDevice] ctor
D/MtkCam/CamDevice( 5296): (11065)(Default:0)[CamDevice::CamDevice]
I/MtkCam/CamDevice( 5296): [CamDeviceManager::createDevice] - 0x42a27398
D/MtkCam/CamDevice( 5296): (11065)(Default:0)[onInit] +
D/MtkCam/ResManager( 5296): [open] DefaultCamDevice
D/MtkCam/ResManager( 5296): [init] First user(0)
D/ResMgrDrv( 5296): [Init]First user(0)
D/ResMgrDrv( 5296): [SetMode]ScenSw(1),ScenHw(0),Dev(0)
D/ResMgrDrv( 5296): [GetMode]ScenSw(0),ScenHw(0),Dev(0)
D/ResMgrDrv( 5296): [SetMode]CDP_LINK:LOCK->DISABLE->UNLOCK OK
D/ResMgrDrv( 5296): [SetMode]OK
I/ ( 5296): [BWC INFO](11065): [bwc.mm._Profile] Get : 0
I/ ( 5296): [BWC INFO](11065): [bwc.mm._Profile] Set : 0
I/ ( 5296): [BWC INFO](11065): [bwc.mm.SensorSize] Get : 1996 1496
I/ ( 5296): [BWC INFO](11065): [bwc.mm.VideoRecordSize] Get :
I/ ( 5296): [BWC INFO](11065): [bwc.mm.DisplaySize] Get :
I/ ( 5296): [BWC INFO](11065): [bwc.mm.TvOutSize] Get :
I/ ( 5296): [BWC INFO](11065): [bwc.mm.Fps] Get :
I/ ( 5296): [BWC INFO](11065): [bwc.mm.VideoEncodeCodec] Get :
I/ ( 5296): [BWC INFO](11065): [bwc.mm.VideoDecodeCodec] Get : 1
I/ ( 5296): [BWC INFO](11065): BWC_SETTING::DumpInfo-------
I/ ( 5296):
I/ ( 5296): [BWC INFO](11065): sensor_size = 1996 x 1496
I/ ( 5296): [BWC INFO](11065): vr_size = 0 x 0
I/ ( 5296): [BWC INFO](11065): disp_size = 0 x 0
I/ ( 5296): [BWC INFO](11065): tv_size = 0 x 0
I/ ( 5296): [BWC INFO](11065): fps = 0
I/ ( 5296): [BWC INFO](11065): venc_codec_type = 0
I/ ( 5296): [BWC INFO](11065): vdec_codec_type = 1
I/ ( 5296): [BWC INFO](11065): ----------------------------
I/ ( 5296):
I/ ( 5296): [BWC INFO](11065): BWCLIMIT_VR_1066 VR=840222720
I/ ( 5296): [BWC INFO](11065): BWCLIMIT_VR_1066 VT=933534720
I/ ( 5296): [BWC INFO](11065): BWCLIMIT_VT_1066 VR=402278400
I/ ( 5296): [BWC INFO](11065): BWCLIMIT_VT_1066 VT=487987200
I/ ( 5296): [BWC INFO](11065): Read DDR type string:LPDDR2
I/ ( 5296): [BWC INFO](11065): DDR Type = 0
I/ ( 5296): [BWC INFO](11065): smi_bw_ctrl_set: scen 0, reduce cmd 0
I/ ( 5296): [BWC INFO](11065): emi_bw_ctrl_set: CON_SCE_NORMAL OFF
I/ ( 5296): [BWC INFO](11065): ifc_set_throttle: -1 -1 (Normal)
D/NetUtils( 5296): enter ifc_set_throttle: ifname = ccmni0, rx = -1 kbs, tx = -1 kbs
D/NetUtils( 5296): ifc_netd_sock_init: connect to netd failed, err: 13(Permission denied)
D/NetUtils( 5296): ifc_netd_sock_close
I/ ( 5296): [BWC INFO](11065): Profile_Change:[BWCPT_CAMERA_PREVIEW]:OFF
D/ResMgrDrv( 5296): [CloseHdmi]En(1)
W/ResMgrDrv( 5296): [CloseHdmi]WRN( 456):HDMITX kernel open fail, errno(2):No such file or directory
I/MtkCam/MtkCamUtils( 5296): {CamProfile}[DefaultCamDevice::onInit] Resource -: (0-th) ===> [start-->now: 1 ms]
D/MtkCam/CamDevice( 5296): (11065)(Default:0)[onInit] SensorHal::createInstance(), iHalSensorDevId:0x1
D/SensorHal( 5296): [getInstance][SensorHalImp] getInstance
D/SensorHal( 5296): [createImp][createImp]: 0
D/SeninfDrvImp( 5296): [getInstance][getInstance]
D/ImgSensorDrv( 5296): [getInstance][ImgSensorDrv] getInstance
D/SensorHal( 5296): [sendCommand] Sensor Dev: 1
D/SensorHal( 5296): [init][init]: 0
D/ImgSensorDrv( 5296): [getInstance][ImgSensorDrv] getInstance
D/SeninfDrvImp( 5296): [init][init]: Entry count 0
I/IspDrv ( 5296): {IspDrv} [createInstance] fgIsGdmaMode: 0.
I/IspDrv ( 5296): {IspDrv} [init] - E. mInitCount(0). m_fgIsGdmaMode: 0.
I/IspDrv ( 5296): {IspDrv} [ProfilingPrint] [Event_IspDrv_Init] mpIspDrvRegMap malloc:(0-th) ===> [start-->now: 0.009000 ms]
I/IspDrv ( 5296): {IspDrv} [ProfilingPrint] [Event_IspDrv_Init] 1st open(ISP_DRV_DEV_NAME, O_RDWR):(1-th) ===> [start-->now: 0.084000 ms] [last-->now: 0.075000 ms]
I/IspDrv ( 5296): {IspDrv} [ProfilingPrint] [Event_IspDrv_Init] mpIspHwRegAddr mmap():(2-th) ===> [start-->now: 0.126000 ms] [last-->now: 0.042000 ms]
I/IspDrv ( 5296): {IspDrv} [ProfilingPrint] [Event_IspDrv_Init] m_pRTBufTbl mmap():(3-th) ===> [start-->now: 0.160000 ms] [last-->now: 0.034000 ms]
I/IspDrv ( 5296): {IspDrv} [reset] ISP SW RESET[0x0000002f]
I/IspDrv ( 5296): {IspDrv} [init] ISP Global Count: 1.
I/IspDrv ( 5296): {IspDrv} [ProfilingPrint] [Event_IspDrv_Init] kRefCntCtrl and ISP reset():(4-th) ===> [start-->now: 0.309000 ms] [last-->now: 0.149000 ms]
I/Drv/IMem( 5296): Drv/IMem[getInstance] singleton[0x40e1e6a8],getpid[0x000014b0],gettid[0x00002b39]
I/IspDrv ( 5296): {IspDrv} [ProfilingPrint] [Event_IspDrv_Init] IMemDrv::createInstance():(5-th) ===> [start-->now: 0.492000 ms] [last-->now: 0.183000 ms]
I/Drv/IMem( 5296): Drv/IMem[init] open ion id(50).
I/IspDrv ( 5296): {IspDrv} [ProfilingPrint] [Event_IspDrv_Init] m_pIMemDrv->init():(6-th) ===> [start-->now: 0.712000 ms] [last-->now: 0.220000 ms]
I/IspDrv ( 5296): {IspDrv} [init] m_ispVirRegBufInfo.size: 794628.
I/IspDrv ( 5296): {IspDrv} [ProfilingPrint] [Event_IspDrv_Init] m_pIMemDrv->allocVirtBuf(m_ispVirRegBufInfo):(7-th) ===> [start-->now: 1.692000 ms] [last-->now: 0.980000 ms]
V/ActivityManager( 5535): Activity stopped: token=Token{426d5558 ActivityRecord{426a6c80 u0 org.opencv.samples.NativeActivity/.CvNativeActivity}}
I/Drv/IMem( 5296): Drv/IMem[mapPhyAddr] mID(0x33),size(0xc2004),VA(x44372000),PA(0x1c80000),S/C(0/0)
I/IspDrv ( 5296): {IspDrv} [ProfilingPrint] [Event_IspDrv_Init] m_pIMemDrv->mapPhyAddr():(8-th) ===> [start-->now: 2.601000 ms] [last-->now: 0.909000 ms]
I/IspDrv ( 5296): {IspDrv} [ProfilingPrint] [Event_IspDrv_Init] memset(mpIspVirRegBuffer):(9-th) ===> [start-->now: 3.673000 ms] [last-->now: 1.072000 ms]
I/IspDrv ( 5296): {IspDrv} [ProfilingPrint] [Event_IspDrv_Init] m_pIMemDrv->allocVirtBuf(m_ispCQDescBufInfo):(10-th) ===> [start-->now: 3.810000 ms] [last-->now: 0.137000 ms]
I/Drv/IMem( 5296): Drv/IMem[mapPhyAddr] mID(0x34),size(0xba8),VA(x42605000),PA(0x1d80000),S/C(0/0)
I/IspDrv ( 5296): {IspDrv} [ProfilingPrint] [Event_IspDrv_Init] m_pIMemDrv->mapPhyAddr(m_ispCQDescBufInfo):(11-th) ===> [start-->now: 4.295000 ms] [last-->now: 0.485000 ms]
I/IspDrv ( 5296): {IspDrv} [ProfilingPrint] [Event_IspDrv_Init] memcpy(mpIspCQDescriptorVirt[i]):(12-th) ===> [start-->now: 4.321000 ms] [last-->now: 0.026000 ms]
I/IspDrv ( 5296): {IspDrv} [ProfilingPrint] [Event_IspDrv_Init] memset(mpIspCQDescriptorVirt[CQ0C]):(13-th) ===> [start-->now: 4.334000 ms] [last-->now: 0.013000 ms]
I/IspDrv ( 5296): {IspDrv} [ProfilingPrint] [Event_IspDrv_Init] memset(tdriMgrInfoCq1):(14-th) ===> [start-->now: 4.346000 ms] [last-->now: 0.012000 ms]
I/IspDrv ( 5296): {IspDrv} [ProfilingPrint] [Event_IspDrv_Init] memset(tdriMgrInfoCq2):(15-th) ===> [start-->now: 4.357000 ms] [last-->now: 0.011000 ms]
I/IspDrv ( 5296): {IspDrv} [ProfilingPrint] [Event_IspDrv_Init] atomic_inc:(16-th) ===> [start-->now: 4.369000 ms] [last-->now: 0.012000 ms]
I/IspDrv ( 5296): {IspDrv} [init] - X. ret: 1. mInitCount: 1.
I/IspDrv ( 5296): {IspDrv} [ProfilingPrint] [Event_IspDrv_Init] Exit:(17-th) ===> [start-->now: 4.385000 ms] [last-->now: 0.016000 ms]
D/SeninfDrvImp( 5296): [init]Get Devinfo Data:0x0
D/SeninfDrvImp( 5296): [init]Get Devinfo Data:0x0
D/SeninfDrvImp( 5296): [init][init]: Exit count 1
D/SensorHal( 5296): [initSensor][initSensor]
D/ImgSensorDrv( 5296): [init][init] mUsers = 0
D/ImgSensorDrv( 5296): [init][init]: m_LineTimeInus[0] = 17
D/SensorHal( 5296): [initSensor] Main/ATV sensor resolution, Preview: 1996/1496, Full: 3992/2994
D/SensorHal( 5296): [initSensor] Sub/MAIN_2 sensor resolution, Preview: 0/0, Full: 0/0
D/ImgSensorDrv( 5296): [getCurrentSensorType][getCurrentSensorType]
D/ImgSensorDrv( 5296): [getInfo][getInfo]
D/SensorHal( 5296): [getSensorInfo][getSensorInfo]
D/ImgSensorDrv( 5296): [getInfo][getInfo]
D/ImgSensorDrv( 5296): [getCurrentSensorType][getCurrentSensorType]
D/ImgSensorDrv( 5296): [getInfo][getInfo]
D/SensorHal( 5296): [setTgPhase][setTgPhase] Tg1clk: 24, Tg2clk: 0
D/SensorHal( 5296): [setTgPhase] mclk1: 48000, clkCnt1: 1
D/SensorHal( 5296): [setTgPhase][setTgPhase] u4PadPclkInv_1(0),u4PadPclkInv_2(0)
D/SeninfDrvImp( 5296): [setTg1PhaseCounter][setTg1PhaseCounter] pcEn(1) clkPol(0)
D/SeninfDrvImp( 5296): [initTg1CSI2][initCSI2]:enable = 1
D/SeninfDrvImp( 5296): [initTg1CSI2][initCSI2]:CSI0 calibration start !
D/SeninfDrvImp( 5296): [initTg1CSI2][initCSI2]:CSI0 calibration end !
D/SensorHal( 5296): [setCSI2Config]enable Tg1 CSI2Config
D/SeninfDrvImp( 5296): [setTg1CSI2][configTg1CSI2]:DataTermDelay:0 SettleDelay:14 ClkTermDelay:0 VsyncType:1 dlane_num:3 CSI2 enable:1 HeaderOrder:1 DataFlow:0
D/SeninfDrvImp( 5296): [setTg1CSI2][configTg2CSI2]:mt65xx_reg_sync_writel SENINF1_CSI2_DELAY = 0xe0000
I/MtkCam/MtkCamUtils( 5296): {CamProfile}[DefaultCamDevice::onInit] Sensor Hal -: (1-th) ===> [start-->now: 296 ms] [last-->now: 294 ms]
D/SensorHal( 5296): [getInstance][SensorHalImp] getInstance
D/SensorHal( 5296): [createImp][createImp]: 1
D/SensorHal( 5296): [createImp] Has created
D/ImgSensorDrv( 5296): [getInstance][ImgSensorDrv] getInstance
D/SensorHal( 5296): [sendCommand] Sensor Dev: 1
D/SensorHal( 5296): [init][init]: 1
D/SensorHal( 5296): [init] Has inited
D/ImgSensorDrv( 5296): [getInstance][ImgSensorDrv] getInstance
D/SensorHal( 5296): [uninit][uninit]: 2
D/SensorHal( 5296): [uninit] Still users
D/SensorHal( 5296): [deleteImp][deleteImp]: 2
D/SensorHal( 5296): [deleteImp] Still users
D/aaa_state( 5296): [StateUninit::sendIntent]
D/buf_mgr ( 5296): [int NS3A::BufMgr::init()()] - E. m_Users: 0
I/IspDrv ( 5296): {IspDrv} [createInstance] fgIsGdmaMode: 0.
I/IspDrv ( 5296): {IspDrv} [init] - E. mInitCount(1). m_fgIsGdmaMode: 0.
I/IspDrv ( 5296): {IspDrv} [ProfilingPrint] [Event_IspDrv_Init] atomic_inc:(0-th) ===> [start-->now: 0.007000 ms]
I/IspDrv ( 5296): {IspDrv} [init] - X. ret: 1. mInitCount: 2.
I/IspDrv ( 5296): {IspDrv} [ProfilingPrint] [Event_IspDrv_Init] Exit:(1-th) ===> [start-->now: 0.030000 ms] [last-->now: 0.023000 ms]
I/IspDrv ( 5296): {IspDrv} [getInstance] cq: 1. ispVirRegAddr: 0x4438a400.
I/Drv/IMem( 5296): Drv/IMem[mapPhyAddr] mID(0x36),size(0xd6f0),VA(x426e1000),PA(0x1dc0000),S/C(0/0)
I/Drv/IMem( 5296): Drv/IMem[mapPhyAddr] mID(0x37),size(0xd6f0),VA(x426ef000),PA(0x1e00000),S/C(0/0)
I/Drv/IMem( 5296): Drv/IMem[mapPhyAddr] mID(0x38),size(0x1bc),VA(x426fd000),PA(0x1e40000),S/C(0/0)
D/aaa_state( 5296): [StateCommon::transitState] StateUninit --> StateInit
I/IspDrv ( 5296): {IspDrv} [createInstance] fgIsGdmaMode: 0.
I/IspDrv ( 5296): {IspDrv} [init] - E. mInitCount(2). m_fgIsGdmaMode: 0.
I/IspDrv ( 5296): {IspDrv} [ProfilingPrint] [Event_IspDrv_Init] atomic_inc:(0-th) ===> [start-->now: 0.007000 ms]
I/IspDrv ( 5296): {IspDrv} [init] - X. ret: 1. mInitCount: 3.
I/IspDrv ( 5296): {IspDrv} [ProfilingPrint] [Event_IspDrv_Init] Exit:(1-th) ===> [start-->now: 0.026000 ms] [last-->now: 0.019000 ms]
I/IspDrv ( 5296): {IspDrv} [createInstance] fgIsGdmaMode: 0.
I/IspDrv ( 5296): {IspDrv} [init] - E. mInitCount(3). m_fgIsGdmaMode: 0.
I/IspDrv ( 5296): {IspDrv} [ProfilingPrint] [Event_IspDrv_Init] atomic_inc:(0-th) ===> [start-->now: 0.007000 ms]
I/IspDrv ( 5296): {IspDrv} [init] - X. ret: 1. mInitCount: 4.
I/IspDrv ( 5296): {IspDrv} [ProfilingPrint] [Event_IspDrv_Init] Exit:(1-th) ===> [start-->now: 0.022000 ms] [last-->now: 0.015000 ms]
D/aaa_hal/3Athread( 5296): +
D/aaa_hal ( 5296): [AFThread] Create
D/aaa_hal/3Athread( 5296): policy:(expect, result)=(2, 2), priority:(expect, result)=(268435545, 89)
D/aaa_hal ( 5296): [AFThread] tid: 26184
D/FLICKER ( 5296): [FLK Hal] FFLK func=createInstance line=126
D/FLICKER ( 5296): [FLK Hal] FFLK func=getInstance line=141
D/FLICKER ( 5296): [FLK Hal] FFLK func=createBuf line=166
I/Drv/IMem( 5296): Drv/IMem[getInstance] singleton[0x40e1e6a8],getpid[0x000014b0],gettid[0x00002b39]
I/Drv/IMem( 5296): Drv/IMem[mapPhyAddr] mID(0x39),size(0x3a98),VA(x426fe000),PA(0x1e80000),S/C(0/0)
I/Drv/IMem( 5296): Drv/IMem[mapPhyAddr] mID(0x3a),size(0x3a98),VA(x437cb000),PA(0x1ec0000),S/C(0/0)
D/paramctrl_lifetime( 5296): getInstance(): eSensorDev = 1
D/SensorHal( 5296): [getInstance][SensorHalImp] getInstance
D/SensorHal( 5296): [createImp][createImp]: 1
D/SensorHal( 5296): [createImp] Has created
D/ImgSensorDrv( 5296): [getInstance][ImgSensorDrv] getInstance
D/SensorHal( 5296): [deleteImp][deleteImp]: 2
D/SensorHal( 5296): [deleteImp] Still users
D/SensorHal( 5296): [getInstance][SensorHalImp] getInstance
D/SensorHal( 5296): [createImp][createImp]: 1
D/SensorHal( 5296): [createImp] Has created
D/ImgSensorDrv( 5296): [getInstance][ImgSensorDrv] getInstance
D/paramctrl_lifetime( 5296): [createInstance]
D/paramctrl_lifetime( 5296): [createInstance] NvramDrvMgr pNvram_Shading 0x41870e0c
D/paramctrl_lifetime( 5296): [createInstance] LscMgr singleton_main
D/SensorHal( 5296): [deleteImp][deleteImp]: 2
D/SensorHal( 5296): [deleteImp] Still users
D/ispdrv_mgr( 5296): [init()] - E. m_Users: 0
I/IspDrv ( 5296): {IspDrv} [createInstance] fgIsGdmaMode: 0.
I/IspDrv ( 5296): {IspDrv} [init] - E. mInitCount(4). m_fgIsGdmaMode: 0.
I/IspDrv ( 5296): {IspDrv} [ProfilingPrint] [Event_IspDrv_Init] atomic_inc:(0-th) ===> [start-->now: 0.007000 ms]
I/IspDrv ( 5296): {IspDrv} [init] - X. ret: 1. mInitCount: 5.
I/IspDrv ( 5296): {IspDrv} [ProfilingPrint] [Event_IspDrv_Init] Exit:(1-th) ===> [start-->now: 0.025000 ms] [last-->now: 0.018000 ms]
I/IspDrv ( 5296): {IspDrv} [getInstance] cq: 1. ispVirRegAddr: 0x4438a400.
I/IspDrv ( 5296): {IspDrv} [getInstance] cq: 5. ispVirRegAddr: 0x443eb400.
I/IspDrv ( 5296): {IspDrv} [getInstance] cq: 7. ispVirRegAddr: 0x4441bc00.
I/TdriMgr ( 5296): [init] mInitCount(0)
I/TpipeDrv( 5296): {TpipeDrv} [init] mInitCount(0)
I/Drv/IMem( 5296): Drv/IMem[getInstance] singleton[0x40e1e6a8],getpid[0x000014b0],gettid[0x00002b39]
I/TpipeDrv( 5296): {TpipeDrv} [init] X
I/IspDrv ( 5296): {IspDrv} [createInstance] fgIsGdmaMode: 0.
I/IspDrv ( 5296): {IspDrv} [getInstance] cq: 5. ispVirRegAddr: 0x443eb400.
I/IspDrv ( 5296): {IspDrv} [getInstance] cq: 7. ispVirRegAddr: 0x4441bc00.
I/IspDrv ( 5296): {IspDrv} [init] - E. mInitCount(5). m_fgIsGdmaMode: 0.
I/IspDrv ( 5296): {IspDrv} [ProfilingPrint] [Event_IspDrv_Init] atomic_inc:(0-th) ===> [start-->now: 0.006000 ms]
I/IspDrv ( 5296): {IspDrv} [init] - X. ret: 1. mInitCount: 6.
I/IspDrv ( 5296): {IspDrv} [ProfilingPrint] [Event_IspDrv_Init] Exit:(1-th) ===> [start-->now: 0.022000 ms] [last-->now: 0.016000 ms]
I/TdriMgr ( 5296): [init] X:
D/lsc_mgr ( 5296): [LscMgr:init]
I/IspDrv ( 5296): {IspDrv} [createInstance] fgIsGdmaMode: 0.
I/IspDrv ( 5296): {IspDrv} [createInstance] fgIsGdmaMode: 0.
D/lsc_mgr ( 5296): new pIMemDrv()
D/lsc_mgr ( 5296): sizeof(stRawLscInfo) = 168
I/Drv/IMem( 5296): Drv/IMem[getInstance] singleton[0x40e1e6a8],getpid[0x000014b0],gettid[0x00002b39]
D/lsc_mgr ( 5296): m_pIMemDrv createInstance success!
D/lsc_mgr ( 5296): m_pIMemDrv init success!
D/lsc_mgr ( 5296): [RawLscTblInit] -------------stRawLscInfo 0 ---------------
D/lsc_mgr ( 5296): [RawLscTblAlloc] RawLscInfo.u4VirAddr 0x00000000, size 65536
I/Drv/IMem( 5296): Drv/IMem[mapPhyAddr] mID(0x43),size(0x10000),VA(x437de000),PA(0x1f00000),S/C(0/0)
D/lsc_mgr ( 5296): [LscMgr]RawLscInfo.virtAddr 0x437de000
D/lsc_mgr ( 5296): [LscMgr]RawLscInfo.phyAddr 0x01f00000
D/lsc_mgr ( 5296): [LscMgr]RawLscInfo.size 0x00010000
D/lsc_mgr ( 5296): [RawLscTblInit] -------------stRawLscInfo 1 ---------------
D/lsc_mgr ( 5296): [RawLscTblAlloc] RawLscInfo.u4VirAddr 0x00000000, size 65536
I/Drv/IMem( 5296): Drv/IMem[mapPhyAddr] mID(0x44),size(0x10000),VA(x437ee000),PA(0x1f40000),S/C(0/0)
D/lsc_mgr ( 5296): [LscMgr]RawLscInfo.virtAddr 0x437ee000
D/lsc_mgr ( 5296): [LscMgr]RawLscInfo.phyAddr 0x01f40000
D/lsc_mgr ( 5296): [LscMgr]RawLscInfo.size 0x00010000
D/lsc_mgr ( 5296): [RawLscTblInit] -------------stRawLscInfo 2 ---------------
D/lsc_mgr ( 5296): [RawLscTblAlloc] RawLscInfo.u4VirAddr 0x00000000, size 262144
I/Drv/IMem( 5296): Drv/IMem[mapPhyAddr] mID(0x45),size(0x40000),VA(x437fe000),PA(0x1f80000),S/C(0/0)
D/lsc_mgr ( 5296): [LscMgr]RawLscInfo.virtAddr 0x437fe000
D/lsc_mgr ( 5296): [LscMgr]RawLscInfo.phyAddr 0x01f80000
D/lsc_mgr ( 5296): [LscMgr]RawLscInfo.size 0x00040000
D/lsc_mgr ( 5296): [RawLscTblInit] -------------stRawLscInfo 3 ---------------
D/lsc_mgr ( 5296): [RawLscTblAlloc] RawLscInfo.u4VirAddr 0x00000000, size 65536
I/Drv/IMem( 5296): Drv/IMem[mapPhyAddr] mID(0x46),size(0x10000),VA(x4383e000),PA(0x2000000),S/C(0/0)
D/lsc_mgr ( 5296): [LscMgr]RawLscInfo.virtAddr 0x4383e000
D/lsc_mgr ( 5296): [LscMgr]RawLscInfo.phyAddr 0x02000000
D/lsc_mgr ( 5296): [LscMgr]RawLscInfo.size 0x00010000
D/lsc_mgr ( 5296): [RawLscTblInit] -------------stRawLscInfo 4 ---------------
D/lsc_mgr ( 5296): [RawLscTblAlloc] RawLscInfo.u4VirAddr 0x00000000, size 262144
I/Drv/IMem( 5296): Drv/IMem[mapPhyAddr] mID(0x47),size(0x40000),VA(x43b89000),PA(0x2040000),S/C(0/0)
D/lsc_mgr ( 5296): [LscMgr]RawLscInfo.virtAddr 0x43b89000
D/lsc_mgr ( 5296): [LscMgr]RawLscInfo.phyAddr 0x02040000
D/lsc_mgr ( 5296): [LscMgr]RawLscInfo.size 0x00040000
D/lsc_mgr ( 5296): [RawLscTblInit] -------------stRawLscInfo 5 ---------------
D/lsc_mgr ( 5296): [RawLscTblAlloc] RawLscInfo.u4VirAddr 0x00000000, size 65536
I/Drv/IMem( 5296): Drv/IMem[mapPhyAddr] mID(0x48),size(0x10000),VA(x4384e000),PA(0x20c0000),S/C(0/0)
D/lsc_mgr ( 5296): [LscMgr]RawLscInfo.virtAddr 0x4384e000
D/lsc_mgr ( 5296): [LscMgr]RawLscInfo.phyAddr 0x020c0000
D/lsc_mgr ( 5296): [LscMgr]RawLscInfo.size 0x00010000
D/lsc_mgr ( 5296): [RawLscTblInit] -------------m_TSFBuff 0 ---------------
D/lsc_mgr ( 5296): [RawLscTblAlloc] RawLscInfo.u4VirAddr 0x00000000, size 65536
I/Drv/IMem( 5296): Drv/IMem[mapPhyAddr] mID(0x49),size(0x10000),VA(x4385e000),PA(0x2100000),S/C(0/0)
D/lsc_mgr ( 5296): [LscMgr]RawLscInfo.virtAddr 0x4385e000
D/lsc_mgr ( 5296): [LscMgr]RawLscInfo.phyAddr 0x02100000
D/lsc_mgr ( 5296): [LscMgr]RawLscInfo.size 0x00010000
D/lsc_mgr ( 5296): [RawLscTblInit] -------------m_TSFBuff 1 ---------------
D/lsc_mgr ( 5296): [RawLscTblAlloc] RawLscInfo.u4VirAddr 0x00000000, size 65536
I/Drv/IMem( 5296): Drv/IMem[mapPhyAddr] mID(0x4a),size(0x10000),VA(x43bf6000),PA(0x2140000),S/C(0/0)
D/lsc_mgr ( 5296): [LscMgr]RawLscInfo.virtAddr 0x43bf6000
D/lsc_mgr ( 5296): [LscMgr]RawLscInfo.phyAddr 0x02140000
D/lsc_mgr ( 5296): [LscMgr]RawLscInfo.size 0x00010000
D/lsc_mgr ( 5296): [RawLscTblInit] -------------m_TSFBuff 2 ---------------
D/lsc_mgr ( 5296): [RawLscTblAlloc] RawLscInfo.u4VirAddr 0x00000000, size 65536
