D/dalvikvm(25953): new thread created
D/dalvikvm(25953): update thread list
D/dalvikvm(25953): threadid=13: interp stack at 0x5df68000
D/dalvikvm(25953): threadid=13: created from interp
D/dalvikvm(25953): start new thread
D/dalvikvm(25953): threadid=13: notify debugger
D/dalvikvm(25953): threadid=13 (SharedPreferencesImpl-load): calling run()
D/dalvikvm(25953): create interp thread : stack size=32KB
D/dalvikvm(25953): create new thread
D/dalvikvm(25953): new thread created
D/dalvikvm(25953): update thread list
D/dalvikvm(25953): threadid=14: interp stack at 0x5e070000
D/dalvikvm(25953): threadid=14: created from interp
D/dalvikvm(25953): start new thread
D/dalvikvm(25953): threadid=14: notify debugger
D/dalvikvm(25953): threadid=14 (ContactsProviderWorker): calling run()
D/dalvikvm(25953): threadid=13: exiting
D/dalvikvm(25953): threadid=13: bye!
D/ContactsProvider(25953): performBackgroundTask()+ **** task=0
D/ImgSensorDrv( 5296): [setScenario][setScenario] m_LineTimeInus[0] = 16762, Scenario id = 0, PixelClk = 168000000, PixelInLine = 2816
D/SeninfDrvImp( 5296): [setTg1GrabRange][setTg1GrabRange]
D/SeninfDrvImp( 5296): [setTg1SensorModeCfg][setTg1SensorModeCfg]
D/SeninfDrvImp( 5296): [setTg1InputCfg][setTg1InputCfg]
D/SeninfDrvImp( 5296): [setTg1InputCfg]inSrcTypeSel = 0
D/SeninfDrvImp( 5296): [setTg1ViewFinderMode][setTg1ViewFinderMode]
I/ ( 5296): [BWC INFO](25974): [bwc.mm.SensorSize] Set : 1996 1496
D/SensorHal( 5296): [setCSI2Config]disable Tg1 CSI2Config
D/SensorHal( 5296): [setCSI2Config]enable Tg1 CSI2Config
D/SeninfDrvImp( 5296): [setTg1CSI2][configTg1CSI2]:DataTermDelay:0 SettleDelay:14 ClkTermDelay:0 VsyncType:1 dlane_num:3 CSI2 enable:1 HeaderOrder:1 DataFlow:0
D/SeninfDrvImp( 5296): [setTg1CSI2][configTg2CSI2]:mt65xx_reg_sync_writel SENINF1_CSI2_DELAY = 0xe0000
D/ImgSensorDrv( 5296): [getInstance][ImgSensorDrv] getInstance
D/SensorHal( 5296): [sendCommand] SENSOR_CMD_GET_RAW_INFO
D/MtkCam/PrvCQT( 5296): (25974)[init] meSensorDev(1), meSensorType(0), mSensorBitOrder(0), mFormat(bayer10)
D/MtkCam/VSSScen( 5296): [VSSScenario] mSensorBitOrder:0
D/MtkCam/VSSScen( 5296): [VSSScenario] this=0x425d6478, sizeof:828
D/MtkCam/VSSScen( 5296): [init] +
I/iio/camio( 5296): [CamIOPipe] :E
I/iio/ifunc( 5296): [createInstance] eScenarioID: 1.
I/iio/ifunc( 5296): [getInstance] eScenarioID: 1.
I/iio/camio( 5296): [CamIOPipe] :X
I/iio/ifunc( 5296): [init] mInitCount(0) m_fgIsGdmaMode: 0.
I/Drv/IMem( 5296): Drv/IMem[getInstance] singleton[0x40e1e6a8],getpid[0x000014b0],gettid[0x00006576]
I/IspDrv ( 5296): {IspDrv} [createInstance] fgIsGdmaMode: 0.
I/iio/ifunc( 5296): [init] [m_pIspDrv]:0x40e1dccc
I/IspDrv ( 5296): {IspDrv} [init] - E. mInitCount(6). m_fgIsGdmaMode: 0.
I/IspDrv ( 5296): {IspDrv} [ProfilingPrint] [Event_IspDrv_Init] atomic_inc:(0-th) ===> [start-->now: 0.007000 ms]
I/IspDrv ( 5296): {IspDrv} [init] - X. ret: 1. mInitCount: 7.
I/IspDrv ( 5296): {IspDrv} [ProfilingPrint] [Event_IspDrv_Init] Exit:(1-th) ===> [start-->now: 0.032000 ms] [last-->now: 0.025000 ms]
I/IspDrv ( 5296): {IspDrv} [getInstance] cq: 0. ispVirRegAddr: 0x44372000.
I/IspDrv ( 5296): {IspDrv} [getInstance] cq: 1. ispVirRegAddr: 0x4438a400.
I/IspDrv ( 5296): {IspDrv} [getInstance] cq: 2. ispVirRegAddr: 0x443a2800.
I/IspDrv ( 5296): {IspDrv} [getInstance] cq: 3. ispVirRegAddr: 0x443bac00.
I/IspDrv ( 5296): {IspDrv} [getInstance] cq: 4. ispVirRegAddr: 0x443d3000.
I/IspDrv ( 5296): {IspDrv} [getInstance] cq: 5. ispVirRegAddr: 0x443eb400.
I/IspDrv ( 5296): {IspDrv} [getInstance] cq: 6. ispVirRegAddr: 0x44403800.
I/IspDrv ( 5296): {IspDrv} [getInstance] cq: 7. ispVirRegAddr: 0x4441bc00.
I/CdpDrv ( 5296): {CdpDrv} [CreateInstance] fgIsGdmaMode: 0.
I/CdpDrv ( 5296): {CdpDrv} [GetInstance] fgIsGdmaMode: 0.
I/CdpDrv ( 5296): {CdpDrv} [Init] - E. mInitCount: 0. mSysramUsageCount: 0. m_fgIsGdmaMode: 0.
I/CdpDrv ( 5296): {CdpDrv} [Init] open camera-sysram kernel driver.
I/CdpDrv ( 5296): {CdpDrv} [ProfilingPrint] [Event_CdpDrv_Init] Open SYSRAM kernel drv:(0-th) ===> [start-->now: 0.057000 ms]
I/CdpDrv ( 5296): {CdpDrv} [AllocateRotationBuf] - E. mSysramUsageCount: 0.
I/CdpDrv ( 5296): {CdpDrv} [AllocateRotationBuf] Allocated success. SYSRAM base addr: 0x12000000.
I/CdpDrv ( 5296): {CdpDrv} [AllocateRotationBuf] - X. ret: 1. mSysramUsageCount: 1.
I/CdpDrv ( 5296): {CdpDrv} [ProfilingPrint] [Event_CdpDrv_Init] AllocateRotationBuf:(1-th) ===> [start-->now: 3.404000 ms] [last-->now: 3.347000 ms]
I/CdpDrv ( 5296): {CdpDrv} [ProfilingPrint] [Event_CdpDrv_Init] atomic_inc:(2-th) ===> [start-->now: 3.416000 ms] [last-->now: 0.012000 ms]
I/CdpDrv ( 5296): {CdpDrv} [Init] - X. Result: 1. mInitCount: 1. mFdSysram: 78. mSysramUsageCount: 1.
I/CdpDrv ( 5296): {CdpDrv} [ProfilingPrint] [Event_CdpDrv_Init] Exit:(3-th) ===> [start-->now: 3.434000 ms] [last-->now: 0.018000 ms]
I/TpipeDrv( 5296): {TpipeDrv} [init] mInitCount(1)
I/TpipeDrv( 5296): {TpipeDrv} [init] X
I/iio/ifunc( 5296): [init] [m_pIspEventThread]:0x4122c320
I/iio/ifunc( 5296): [init] X
I/IspDrv ( 5296): {IspDrv} [GlobalPipeCountInc] - E.
I/IspDrv ( 5296): {IspDrv} [GlobalPipeCountInc] - X. Result: 1. count: 1.
I/iio/camio( 5296): [init] reset TOP registers(0x43c40008)
I/iio/camio( 5296): [init] EN2(0x0)
I/iio/ifunc( 5296): [createInstance] eScenarioID: 1.
I/iio/ifunc( 5296): [getInstance] eScenarioID: 1.
I/iio/ppp ( 5296): [init] :E
I/iio/ifunc( 5296): [init] mInitCount(1) m_fgIsGdmaMode: 0.
I/IspDrv ( 5296): {IspDrv} [GlobalPipeCountInc] - E.
I/IspDrv ( 5296): {IspDrv} [GlobalPipeCountInc] - X. Result: 1. count: 2.
I/Drv/IMem( 5296): Drv/IMem[mapPhyAddr] mID(0x53),size(0x9000),VA(x43bca000),PA(0x2200000),S/C(0/0)
I/iio/ppp ( 5296): [init] m_pIspDrvShell(0x4122c33c) pTdriVir(0x43bca000) tdriPhy(0x2200000) configVa(0x43c16000)
I/iio/ppp ( 5296): [init] X
I/iio/pppb( 5296): [init] - mu4InitRefCount(1), ret(1)
I/iio/path( 5296): [flushCqDescriptor] cq(1)
I/iio/path( 5296): [flushCqDescriptor] cq(4)
D/MtkCam/VSSScen( 5296): [init] -
D/MtkCam/MtkCamUtils( 5296): [queryRawStride]imgFmt(2), imgWidth(1996), stride(2000)
D/MtkCam/MtkCamUtils( 5296): [queryRawStride]imgFmt(2), imgWidth(1996), stride(2000)
I/iio/camio( 5296): [configPipe] vInPorts:[0]:(0x2),w(1996),h(1496),stirde(2000,0,0),type(1),idx(0),dir(0)
I/iio/camio( 5296): [configPipe] vOutPorts:[0]:(0x2),w(1996),h(1496),stirde(2000,0,0),type(0),idx(12),dir(1)
I/iio/camio( 5296): [configPipe] meScenarioFmt:[0]
I/iio/camio( 5296): [configPipe] meScenarioID:[8]
I/iio/camio( 5296): [configPipe] i(0),imgFmt(2),*pPixel_byte(5),pPass1_out_fmt(1)
I/iio/camio( 5296): [configPipe] config imgo
I/iio/camio( 5296): [configPipe] imgo_crop [0, 0, 1996, 1496]_f(0x0,0x0)
I/iio/ifunc( 5296): [_config] path(1),CQ(1),en1(0x40003001),en2(0x80000000),dma(0x00000001),fmt(0x00001006),ctl(0x00010050),tcm_en(0x00000000),isIspOn(0x1)
I/iio/ifunc( 5296): [_config] [Pass1]EN1:Set(0x40003001),Clr(0x00000000),En2:Set(0x80000000),Clr(0x00000000),DMA:Set(0x00000001),Clr(0x00000000)
D/MtkCam/MtkCamUtils( 5296): [queryRawStride]imgFmt(2), imgWidth(1996), stride(2000)
D/MtkCam/MtkCamUtils( 5296): [queryImgBufferSize] [bayer10] 1996x1496 image buffer size: 3740000
D/MtkCam/HwBuffhandler( 5296): (25974)[virtual void HwBuffer::createBuffer()] +
D/MtkCam/HwBuffhandler( 5296): (25974)[virtual void HwBuffer::createBuffer()] bufsize: 3740000
I/Drv/IMem( 5296): Drv/IMem[getInstance] singleton[0x40e1e6a8],getpid[0x000014b0],gettid[0x00006576]
I/Drv/IMem( 5296): Drv/IMem[mapPhyAddr] mID(0x5d),size(0x391160),VA(x4516f000),PA(0x2540000),S/C(0/0)
D/MtkCam/HwBuffhandler( 5296): (25974)[virtual void HwBuffer::createBuffer()] -
D/MtkCam/HwBuffhandler( 5296): (25974)[virtual void HwBuffProvider::addBuf(const android::sp&)] +
D/MtkCam/HwBuffhandler( 5296): (25974)[virtual void HwBuffProvider::addBuf(const android::sp&)] -
D/MtkCam/MtkCamUtils( 5296): [queryRawStride]imgFmt(2), imgWidth(1996), stride(2000)
D/MtkCam/MtkCamUtils( 5296): [queryImgBufferSize] [bayer10] 1996x1496 image buffer size: 3740000
D/MtkCam/HwBuffhandler( 5296): (25974)[virtual void HwBuffer::createBuffer()] +
D/MtkCam/HwBuffhandler( 5296): (25974)[virtual void HwBuffer::createBuffer()] bufsize: 3740000
I/Drv/IMem( 5296): Drv/IMem[getInstance] singleton[0x40e1e6a8],getpid[0x000014b0],gettid[0x00006576]
I/Drv/IMem( 5296): Drv/IMem[mapPhyAddr] mID(0x5e),size(0x391160),VA(x45501000),PA(0x2900000),S/C(0/0)
D/MtkCam/HwBuffhandler( 5296): (25974)[virtual void HwBuffer::createBuffer()] -
D/MtkCam/HwBuffhandler( 5296): (25974)[virtual void HwBuffProvider::addBuf(const android::sp&)] +
D/MtkCam/HwBuffhandler( 5296): (25974)[virtual void HwBuffProvider::addBuf(const android::sp&)] -
D/MtkCam/MtkCamUtils( 5296): [queryRawStride]imgFmt(2), imgWidth(1996), stride(2000)
D/MtkCam/MtkCamUtils( 5296): [queryImgBufferSize] [bayer10] 1996x1496 image buffer size: 3740000
D/MtkCam/HwBuffhandler( 5296): (25974)[virtual void HwBuffer::createBuffer()] +
D/MtkCam/HwBuffhandler( 5296): (25974)[virtual void HwBuffer::createBuffer()] bufsize: 3740000
I/Drv/IMem( 5296): Drv/IMem[getInstance] singleton[0x40e1e6a8],getpid[0x000014b0],gettid[0x00006576]
I/Drv/IMem( 5296): Drv/IMem[mapPhyAddr] mID(0x5f),size(0x391160),VA(x45893000),PA(0x2cc0000),S/C(0/0)
D/MtkCam/HwBuffhandler( 5296): (25974)[virtual void HwBuffer::createBuffer()] -
D/MtkCam/HwBuffhandler( 5296): (25974)[virtual void HwBuffProvider::addBuf(const android::sp&)] +
D/MtkCam/HwBuffhandler( 5296): (25974)[virtual void HwBuffProvider::addBuf(const android::sp&)] -
D/MtkCam/MtkCamUtils( 5296): [queryRawStride]imgFmt(2), imgWidth(1996), stride(2000)
D/MtkCam/MtkCamUtils( 5296): [queryImgBufferSize] [bayer10] 1996x1496 image buffer size: 3740000
D/MtkCam/HwBuffhandler( 5296): (25974)[virtual void HwBuffer::createBuffer()] +
D/MtkCam/HwBuffhandler( 5296): (25974)[virtual void HwBuffer::createBuffer()] bufsize: 3740000
I/Drv/IMem( 5296): Drv/IMem[getInstance] singleton[0x40e1e6a8],getpid[0x000014b0],gettid[0x00006576]
I/Drv/IMem( 5296): Drv/IMem[mapPhyAddr] mID(0x60),size(0x391160),VA(x45c25000),PA(0x3080000),S/C(0/0)
D/MtkCam/HwBuffhandler( 5296): (25974)[virtual void HwBuffer::createBuffer()] -
D/MtkCam/HwBuffhandler( 5296): (25974)[virtual void HwBuffProvider::addBuf(const android::sp&)] +
D/MtkCam/HwBuffhandler( 5296): (25974)[virtual void HwBuffProvider::addBuf(const android::sp&)] -
D/MtkCam/MtkCamUtils( 5296): [queryRawStride]imgFmt(2), imgWidth(1996), stride(2000)
D/MtkCam/MtkCamUtils( 5296): [queryImgBufferSize] [bayer10] 1996x1496 image buffer size: 3740000
D/MtkCam/HwBuffhandler( 5296): (25974)[virtual void HwBuffer::createBuffer()] +
D/MtkCam/HwBuffhandler( 5296): (25974)[virtual void HwBuffer::createBuffer()] bufsize: 3740000
I/Drv/IMem( 5296): Drv/IMem[getInstance] singleton[0x40e1e6a8],getpid[0x000014b0],gettid[0x00006576]
I/Drv/IMem( 5296): Drv/IMem[mapPhyAddr] mID(0x61),size(0x391160),VA(x45fb7000),PA(0x3440000),S/C(0/0)
D/MtkCam/HwBuffhandler( 5296): (25974)[virtual void HwBuffer::createBuffer()] -
D/MtkCam/HwBuffhandler( 5296): (25974)[virtual void HwBuffProvider::addBuf(const android::sp&)] +
D/MtkCam/HwBuffhandler( 5296): (25974)[virtual void HwBuffProvider::addBuf(const android::sp&)] -
D/MtkCam/MtkCamUtils( 5296): [queryRawStride]imgFmt(2), imgWidth(1996), stride(2000)
D/MtkCam/MtkCamUtils( 5296): [queryImgBufferSize] [bayer10] 1996x1496 image buffer size: 3740000
D/MtkCam/HwBuffhandler( 5296): (25974)[virtual void HwBuffer::createBuffer()] +
D/MtkCam/HwBuffhandler( 5296): (25974)[virtual void HwBuffer::createBuffer()] bufsize: 3740000
I/Drv/IMem( 5296): Drv/IMem[getInstance] singleton[0x40e1e6a8],getpid[0x000014b0],gettid[0x00006576]
I/Drv/IMem( 5296): Drv/IMem[mapPhyAddr] mID(0x62),size(0x391160),VA(x46349000),PA(0x3800000),S/C(0/0)
D/MtkCam/HwBuffhandler( 5296): (25974)[virtual void HwBuffer::createBuffer()] -
D/MtkCam/HwBuffhandler( 5296): (25974)[virtual void HwBuffProvider::addBuf(const android::sp&)] +
D/MtkCam/HwBuffhandler( 5296): (25974)[virtual void HwBuffProvider::addBuf(const android::sp&)] -
I/IspDrv ( 5296): {IspDrv} [cqRingBuf] [rtbc]va(0x426055d0),pa(0x1d805d0),ctrl(0),dma(4),PA(0x2540000),or_size(0),2or_size(0)
I/IspDrv ( 5296): {IspDrv} [cqRingBuf] [rtbc]or_size(1),2or_size(0)
I/IspDrv ( 5296): {IspDrv} [cqRingBuf] [rtbc]va(0x426055d0),pa(0x1d805d0),ctrl(0),dma(4),PA(0x2900000),or_size(1),2or_size(0)
I/IspDrv ( 5296): {IspDrv} [cqRingBuf] [rtbc]or_size(2),2or_size(0)
I/IspDrv ( 5296): {IspDrv} [cqRingBuf] [rtbc]va(0x426055d0),pa(0x1d805d0),ctrl(0),dma(4),PA(0x2cc0000),or_size(2),2or_size(0)
I/IspDrv ( 5296): {IspDrv} [cqRingBuf] [rtbc]or_size(3),2or_size(0)
I/IspDrv ( 5296): {IspDrv} [cqRingBuf] [rtbc]va(0x426055d0),pa(0x1d805d0),ctrl(0),dma(4),PA(0x3080000),or_size(3),2or_size(0)
I/IspDrv ( 5296): {IspDrv} [cqRingBuf] [rtbc]or_size(4),2or_size(0)
I/IspDrv ( 5296): {IspDrv} [cqRingBuf] [rtbc]va(0x426055d0),pa(0x1d805d0),ctrl(0),dma(4),PA(0x3440000),or_size(4),2or_size(0)
I/IspDrv ( 5296): {IspDrv} [cqRingBuf] [rtbc]or_size(5),2or_size(0)
D/SensorHal( 5296): [getInstance][SensorHalImp] getInstance
D/SensorHal( 5296): [createImp][createImp]: 3
D/SensorHal( 5296): [createImp] Has created
D/ImgSensorDrv( 5296): [getInstance][ImgSensorDrv] getInstance
D/SensorHal( 5296): [sendCommand] Sensor Dev: 1
D/SensorHal( 5296): [init][init]: 3
D/SensorHal( 5296): [init] Has inited
D/ImgSensorDrv( 5296): [getInstance][ImgSensorDrv] getInstance
D/SensorHal( 5296): [uninit][uninit]: 4
D/SensorHal( 5296): [uninit] Still users
D/SensorHal( 5296): [deleteImp][deleteImp]: 4
D/SensorHal( 5296): [deleteImp] Still users
D/ae_mgr ( 5296): [AeMgr::setZoomWinInfo] New WinX:0 1996 New WinY:0 1496 Old WinX:1 1994 Old WinY:0 1496
D/af_mgr ( 5296): [setZoomWinInfo][w]1996[h]1496[x]0[y]0
D/af_mgr ( 5296): no init, init
D/af_mgr ( 5296): [init] start, m_Users: 0
D/LensDrv ( 5296): init() [m_userCnt]0
D/LensDrv ( 5296): [Lens Driver]/dev/OV12830AF
I/IspDrv ( 5296): {IspDrv} [createInstance] fgIsGdmaMode: 0.
I/IspDrv ( 5296): {IspDrv} [init] - E. mInitCount(7). m_fgIsGdmaMode: 0.
I/IspDrv ( 5296): {IspDrv} [ProfilingPrint] [Event_IspDrv_Init] atomic_inc:(0-th) ===> [start-->now: 0.008000 ms]
I/IspDrv ( 5296): {IspDrv} [init] - X. ret: 1. mInitCount: 8.
I/IspDrv ( 5296): {IspDrv} [ProfilingPrint] [Event_IspDrv_Init] Exit:(1-th) ===> [start-->now: 0.033000 ms] [last-->now: 0.025000 ms]
D/af_mgr ( 5296): [setAF_IN_HSIZE][SensorDev]1 [Pxl]1996 [lin]1496 [H]1996 [V]1496
D/FLICKER ( 5296): [FLK Hal] FFLK func=createInstance line=126
D/FLICKER ( 5296): [FLK Hal] FFLK func=getInstance line=141
D/SensorHal( 5296): [getInstance][SensorHalImp] getInstance
D/SensorHal( 5296): [createImp][createImp]: 3
D/SensorHal( 5296): [createImp] Has created
D/ImgSensorDrv( 5296): [getInstance][ImgSensorDrv] getInstance
D/SensorHal( 5296): [deleteImp][deleteImp]: 4
D/SensorHal( 5296): [deleteImp] Still users
D/af_mgr ( 5296): [nvram][Normal Num]21 [Macro Num]21
D/af_mgr ( 5296): [Param][Normal min step]4 [Macro min step]4
D/af_mgr ( 5296): [setAFArea][Cnt]1 [L]-180 [R]180 [U]-240 [B]240
D/af_mgr ( 5296): [setAFArea][Cnt]1 [L]818 [R]1177 [U]568 [B]927 to [Cnt]1 [W]359 [H]359 [X]818 [Y]568
D/AfAlgo ( 5296): [AfAlgo][setAFParam][PercentW]18[PercentH]24
D/AfAlgo ( 5296): [AfAlgo][initAF]
D/AfAlgo ( 5296): [AfAlgo] config Zoom [w]1994[h]1496[x]1[y]0
D/AfAlgo ( 5296): [AfAlgo][getGMR][x] 455, [iso] 400, 600, [gmr] 31, 31 [gmr1] 31
D/SensorHal( 5296): [getInstance][SensorHalImp] getInstance
D/SensorHal( 5296): [createImp][createImp]: 3
D/SensorHal( 5296): [createImp] Has created
D/AtvSensorDrv( 5296): [getInstance][AtvSensorDrv] getInstance
D/ImgSensorDrv( 5296): [getInstance][ImgSensorDrv] getInstance
D/CAM_CUS_MSDK( 5296): CAM_CUS_MSDK [GetCameraCalData]: uninit yet
D/CAM_CUS_MSDK( 5296):
D/SensorHal( 5296): [deleteImp][deleteImp]: 4
D/SensorHal( 5296): [deleteImp] Still users
D/af_mgr ( 5296): (0x ff)=pCamCalDrvObj->GetCamCalCalData
D/af_mgr ( 5296): OTP data [S2aBitEn]0 [S2aAfBitflagEn]0 [S2aAf0]0 [S2aAf1]0
D/af_mgr ( 5296): [setAFConfig]
D/af_mgr ( 5296): [setAFWinTH0]5 [setAFWinTH1]5 [setAFWinTH2]5
D/af_mgr ( 5296): [setAFWinTHEX0]5 [setAFWinTHEX1]5
D/af_mgr ( 5296): [setGMR][m_i4GMR] -1 -1 -1 [a_sAFConfig] 31 63 127
D/af_mgr ( 5296): DoAF[SGG|AF|FK|EIS|HRZ|ESFKO]0 [X]16 342 668 994 1320 1646 [Y]16 260 504 748 992 1236 [Size]326 244 [TH]5 5 5
D/af_mgr ( 5296): [SGG_GN]16 [GMR1]31 [GMR2]63 [GMR3]127 [Deci]0 [Zig]0 [Odd]0 [IIRKeep]1 [Hsize]1996
D/af_mgr ( 5296): [F0]4 [F1]15 36 43 36 22 10 3 0 0 0 0 0
D/af_mgr ( 5296): [WinXE]668 [WinYE]504 [SizeXE]652 [SizeYE]488 [THE]5
D/AfAlgo ( 5296): [AfAlgo][setAFMode][Mode]3
D/af_mgr ( 5296): [init] finish
D/af_mgr ( 5296): [setAF_IN_HSIZE][SensorDev]1 [Pxl]1996 [lin]1496 [H]1996 [V]1496
D/af_mgr ( 5296): [uninit] m_Users: 0
D/LensDrv ( 5296): uninit() [m_userCnt]1 +
D/ContactsProvider(25953): loadLocalPhoneAccounts()+
D/ContactsProvider(25953): query process pond for dialer search: content://com.android.contacts/profile
D/ContactsProvider(25953): revised match: 19000
I/ContactsProvider(25953): loadLocal Phone Accounts -cursor.count:1
D/LensDrv ( 5296): uninit() -
I/IspDrv ( 5296): {IspDrv} [uninit] - E. mInitCount(8)
I/IspDrv ( 5296): {IspDrv} [ProfilingPrint] [Event_IspDrv_Uninit] atomic_dec:(0-th) ===> [start-->now: 0.014000 ms]
I/IspDrv ( 5296): {IspDrv} [uninit] - X. ret: 1. mInitCount: 7.
I/IspDrv ( 5296): {IspDrv} [ProfilingPrint] [Event_IspDrv_Uninit] Exit:(1-th) ===> [start-->now: 0.044000 ms] [last-->now: 0.030000 ms]
D/FLICKER ( 5296): [FLK Hal] FFLK func=destroyInstance line=272
D/paramctrl_attributes( 5296): [+setZoomRatio](old, new)=(0, 100)
I/TdriMgr ( 5296): [flushSetting] E:Cq(5)
I/TdriMgr ( 5296): [flushSetting] X
D/paramctrl_validate( 5296): [+validateFrameless]
D/paramctrl_frameless( 5296): [prepare_Frameless_Shading] mode 0, profile 0
D/paramctrl_frameless( 5296): prepare_Frameless_Shading m_pLscMgr EOperMode_Normal
D/lsc_mgr ( 5296): [LscMgr] setIspProfile, EIspProfile_T 0
D/lsc_mgr ( 5296): [LscMgr] updateLscScenarioBySensorMode, Dev 1, SensorOp 0 Lsc Scenario 0
D/lsc_mgr ( 5296): [LscMgr] m_bIsLutLoaded == MTRUE
D/lsc_mgr ( 5296): [setIspProfile] PrevLscScenario 0, LscScenario 0
D/lsc_mgr ( 5296): [LscMgr:SetTBAToISP] TSF enable 0, state 1
D/lsc_mgr ( 5296): [getCTIdx] Shading idx= 0
D/lsc_mgr ( 5296): [getCTIdx] Shading idx= 0
D/lsc_mgr ( 5296): [LscMgr] SetTBAToISP m_eLscScenario 0, TableSize 16384, CCT 0x0, phyAddr 0x1f00000, XSize 0x3fff m_eSensorOp 0
D/lsc_mgr ( 5296): [LscMgr:enableLsc] Meta 0, Shading param 0x2, 0x1f00000, 0x20, 0x0,0xf03e ,0xf02f ,0x44002b ,0x20202020, 0x0
I/IspDrv ( 5296): {IspDrv} [createInstance] fgIsGdmaMode: 0.
D/lsc_mgr ( 5296): [getCTIdx] Shading idx= 0
D/paramctrl_validate( 5296): [validatePerFrame](ParamChangeCount, fgForce)=(2, 0)
D/isp_tuning_custom( 5296): [IspCamInfo][dump](eIspProfile, eIdx_Scene)=(0, 0)
D/isp_tuning_custom( 5296): [RAWIspCamInfo][dump](eIdx_ISO, u4ISOValue, i4ZoomRatio_x100, i4LightValue_x10)=(0, 0, 100, 0, 1118145920)
D/isp_tuning_custom( 5296): [8 evaluate_Shading_CCT_index] CCT:0 DF_IDX:0 i4PT:0 i4PW:0
D/isp_tuning_custom( 5296): [evaluate_Shading_CCT_index] eIdx_Shading_CCT_new:0
D/lsc_mgr ( 5296): [setCTIdx] Shading idx= 0
D/lsc_mgr ( 5296): [LscMgr:SetTBAToISP] TSF enable 0, state 1
D/lsc_mgr ( 5296): [getCTIdx] Shading idx= 0
D/lsc_mgr ( 5296): [getCTIdx] Shading idx= 0
D/lsc_mgr ( 5296): [LscMgr] SetTBAToISP m_eLscScenario 0, TableSize 16384, CCT 0x0, phyAddr 0x1f00000, XSize 0x3fff m_eSensorOp 0
D/lsc_mgr ( 5296): [LscMgr:enableLsc] Meta 0, Shading param 0x2, 0x1f00000, 0x20, 0x0,0xf03e ,0xf02f ,0x44002b ,0x20202020, 0x0
I/IspDrv ( 5296): {IspDrv} [createInstance] fgIsGdmaMode: 0.
D/lsc_mgr ( 5296): [getCTIdx] Shading idx= 0
I/IspDrv ( 5296): {IspDrv} [createInstance] fgIsGdmaMode: 0.
I/TdriMgr ( 5296): [applySetting] Cq(5)-Fun(3)
I/TdriMgr ( 5296): [applySetting] Cq(5)-Fun(4)
I/TdriMgr ( 5296): [applySetting] Cq(5)-Fun(5)
D/aaa_hal/3Athread( 5296): mCmdQ size(0) + cmd(0)
D/aaa_hal/3Athread( 5296): CmdQ-size(1), todo(0)
D/aaa_hal/3Athread( 5296): rCmd(0)+
D/FLICKER ( 5296): [FLK Hal] FFLK func=getInstance line=134
D/FLICKER ( 5296): [FLK Hal] FFLK func=getInstance line=141
D/FLICKER ( 5296): [FLK Hal] FFLK func=open line=150
D/FLICKER ( 5296): [FLK Hal] FFLK func=init line=329
D/FLICKER ( 5296): [FLK Hal] init - mUsers: 0
D/EISHal ( 5296): [createInstance]AutoFliker
D/EISHal ( 5296): [getInstance]+
D/EISHal ( 5296): [init]mUsers(0)
D/EISDrv ( 5296): [getInstance]+
D/EISDrv ( 5296): [init]mUsers(0)
I/Drv/IMem( 5296): Drv/IMem[getInstance] singleton[0x40e1e6a8],getpid[0x000014b0],gettid[0x00006570]
D/EISDrv ( 5296): [createMemBuf]Cnt(1),Size(408),alingSize(416)
I/Drv/IMem( 5296): Drv/IMem[mapPhyAddr] mID(0x63),size(0x1a0),VA(x43c17000),PA(0x2240000),S/C(0/0)
D/EISDrv ( 5296): [createMemBuf]-
D/EISDrv ( 5296): [init]EisIMem : memID(99),size(416),virAdd(0x43c17000),phyAddr(0x2240000)
I/IspDrv ( 5296): {IspDrv} [createInstance] fgIsGdmaMode: 0.
I/IspDrv ( 5296): {IspDrv} [init] - E. mInitCount(7). m_fgIsGdmaMode: 0.
I/IspDrv ( 5296): {IspDrv} [ProfilingPrint] [Event_IspDrv_Init] atomic_inc:(0-th) ===> [start-->now: 0.008000 ms]
I/IspDrv ( 5296): {IspDrv} [init] - X. ret: 1. mInitCount: 8.
I/IspDrv ( 5296): {IspDrv} [ProfilingPrint] [Event_IspDrv_Init] Exit:(1-th) ===> [start-->now: 0.033000 ms] [last-->now: 0.025000 ms]
D/EISDrv ( 5296): [init]mISPRegAddr = 0x426c4000
D/EISDrv ( 5296): [setEISOAddr]VA(0x43c17000),PA(0x2240000)
D/EISDrv ( 5296): [init]X
D/EISDrv ( 5296): [getInstance]-
D/EISHal ( 5296): [init]-
D/EISHal ( 5296): [getInstance]-
D/ImgSensorDrv( 5296): [getInstance][ImgSensorDrv] getInstance
I/IspDrv ( 5296): {IspDrv} [createInstance] fgIsGdmaMode: 0.
I/IspDrv ( 5296): {IspDrv} [init] - E. mInitCount(8). m_fgIsGdmaMode: 0.
I/IspDrv ( 5296): {IspDrv} [ProfilingPrint] [Event_IspDrv_Init] atomic_inc:(0-th) ===> [start-->now: 0.007000 ms]
I/IspDrv ( 5296): {IspDrv} [init] - X. ret: 1. mInitCount: 9.
I/IspDrv ( 5296): {IspDrv} [ProfilingPrint] [Event_IspDrv_Init] Exit:(1-th) ===> [start-->now: 0.021000 ms] [last-->now: 0.014000 ms]
D/FLICKER ( 5296): [FLK Hal] FFLK func=getFlickerThresPara line=1256
D/FLICKER ( 5296): [FLK Hal] FFLK func=setFlickerThresholdParams line=1069
D/FLICKER ( 5296): [FLK Hal] FFLK func=setWindowInfo line=1139
D/FLICKER ( 5296): [FLK Hal] [setWindowInfo] width:1993 ,1993 height:1491 ,1471
D/FLICKER ( 5296): [FLK Hal] FFLK func=setFlickerWinConfig line=698
D/FLICKER ( 5296): [FLK Hal] [setFlickerConfig]:flicker win (x,y)=0x00140000
D/FLICKER ( 5296): [FLK Hal] [setFlickerConfig]:flicker win (w,h)=0x01ea0298
D/aaa_state( 5296): [StateInit::sendIntent]
D/ae_mgr ( 5296): [AeMgr]cameraPreviewInit
D/aaa_sensor_mgr( 5296): [int NS3A::AAASensorMgr::init()()] - E. m_Users: 0
D/SensorHal( 5296): [getInstance][SensorHalImp] getInstance
D/SensorHal( 5296): [createImp][createImp]: 3
D/SensorHal( 5296): [createImp] Has created
D/aaa_sensor_mgr( 5296): [setSensorDev] Sensor Dev type:1
D/ImgSensorDrv( 5296): [getInstance][ImgSensorDrv] getInstance
D/ImgSensorDrv( 5296): [getSensorDelayFrameCnt][getSensorDelayFrameCnt] mode = 5
D/ImgSensorDrv( 5296): [getInfo][getInfo]
D/ImgSensorDrv( 5296): [getInstance][ImgSensorDrv] getInstance
D/ImgSensorDrv( 5296): [getSensorDelayFrameCnt][getSensorDelayFrameCnt] mode = 6
D/ImgSensorDrv( 5296): [getInfo][getInfo]
D/ImgSensorDrv( 5296): [getInstance][ImgSensorDrv] getInstance
D/ImgSensorDrv( 5296): [getSensorDelayFrameCnt][getSensorDelayFrameCnt] mode = 7
D/ImgSensorDrv( 5296): [getInfo][getInfo]
D/aaa_sensor_mgr( 5296): [setSensorDev] Sensor delay frame Shutter:0 Gain:0 Isp:2
D/ae_mgr ( 5296): Delay info is shutter :2 sensor gain:2 isp gain:1 Sensor Info:0 0 2
D/ImgSensorDrv( 5296): [getInstance][ImgSensorDrv] getInstance
D/SensorHal( 5296): [sendCommand] SENSOR_CMD_GET_SENSOR_PRV_RANGE
D/ImgSensorDrv( 5296): [getInstance][ImgSensorDrv] getInstance
D/SensorHal( 5296): [sendCommand] SENSOR_CMD_GET_SENSOR_VIDEO_RANGE
D/ImgSensorDrv( 5296): [getInstance][ImgSensorDrv] getInstance
D/SensorHal( 5296): [sendCommand] SENSOR_CMD_GET_SENSOR_FULL_RANGE
D/aaa_sensor_mgr( 5296): [getSensorWidthHeight] Sensor id:1 Prv:1996 1496 Video:1996 1496 Cap:3992 2994
D/SensorHal( 5296): [getInstance][SensorHalImp] getInstance
D/SensorHal( 5296): [createImp][createImp]: 4
D/SensorHal( 5296): [createImp] Has created
D/ImgSensorDrv( 5296): [getInstance][ImgSensorDrv] getInstance
D/SensorHal( 5296): [deleteImp][deleteImp]: 5
D/SensorHal( 5296): [deleteImp] Still users
D/ae_mgr ( 5296): [AeMgr] AEInit
D/ae_mgr ( 5296): AE max block width:120 heigh:90 AE mter:0 CamMode:0 AEMode:1 Flicker :3 0 EVcomp:0 ISO:0 0 MinFps:50 MaxFps:600 Limiter:0
D/AeAlgo ( 5296): Set AE Real ISO speed 0 0
D/AeAlgo ( 5296): Set AE Video dynamic enable 0 0
D/AeAlgo ( 5296): Set Gain Index Range for LCE
D/AeAlgo ( 5296): [setAEMaxFrameRateGainIndexRange] m_u4LCEGainStartIdx:0 m_u4LCEGainEndIdx:0
D/AeAlgo ( 5296): [searchPreviewIndexLimit]m_pCaptureTable =NULL, use preview table range 0~ 128
D/AeAlgo ( 5296): Set Gain Index Range for LCE
D/AeAlgo ( 5296): [setAEMaxFrameRateGainIndexRange] m_u4LCEGainStartIdx:0 m_u4LCEGainEndIdx:0
D/AeAlgo ( 5296): [searchPreviewIndexLimit]m_pCaptureTable =NULL, use preview table range 0~ 128
D/AeAlgo ( 5296): The max frame rate :600 114 0 114 600
D/AeAlgo ( 5296): The min frame rate :50 114 0 114 114 111
D/AeAlgo ( 5296): g_AEIndex:114 m_u4IndexMax:114 m_u4IndexMin:0
D/AeAlgo ( 5296): [modifyHistogramWinConfig] XOffset:0 Width:1996 YOffset:0 Height:1496 MaxBlock:120 90 eZoomX:0 119 eZoomY:0 89
D/AeAlgo ( 5296): [modifyHistogramWinConfig] Bin0:2 Mode0:3 RatioX0:0 100 RatioY0:0 100 Bin1:0 Mode1:3 RatioX1:0 100 RatioY1:0 100 Bin2:0 Mode2:4 RatioX2:0 100 RatioY2:0 100 Bin3:0 Mode3:4 RatioX3:25 75 RatioY3:25 75
D/AeAlgo ( 5296): [modifyHistogramWinConfig] HistConfig Bin0:2 Mode0:3 RatioX0:0 119 RatioY0:0 89 Bin1:0 Mode1:3 RatioX1:0 119 RatioY1:0 89 Bin2:0 Mode2:4 RatioX2:0 119 RatioY2:0 89 Bin3:0 Mode3:4 RatioX3:30 90 RatioY3:22 67
D/AeAlgo ( 5296): AE statistic memory is allocated already
D/AeAlgo ( 5296): ===== Reset Temporal Init =========
D/AeAlgo ( 5296): ===== Reset Temporal frame =========
D/AeAlgo ( 5296): Set AE limitor value 0 0 0 0
D/ispdrv_mgr( 5296): [init()] - E. m_Users: 1
D/ispdrv_mgr( 5296): 1 has created
D/ae_mgr ( 5296): [cameraPreviewInit] Sensor Dev:1 Exp Mode: 0 Shutter:89998 Sensor Gain:6656 Isp Gain:1024 Flare:520 64 Frame Rate:111
D/aaa_sensor_mgr( 5296): [setPreviewParams] Id:1 Shutter:89998 Sensor Gain:6656
D/ImgSensorDrv( 5296): [getInstance][ImgSensorDrv] getInstance
D/SensorHal( 5296): [sendCommand] Exposure Time: 89998
D/ImgSensorDrv( 5296): [getInstance][ImgSensorDrv] getInstance
D/paramctrl_attributes( 5296): [+m_rIspCamInfo.u4ISOValue](old, new)=(0, 455)
D/isp_tuning_custom( 5296): map_ISO_value_to_index()
D/paramctrl_attributes( 5296): [+m_rIspCamInfo.eIdx_ISO](old, new)=(0, 2)
D/paramctrl_attributes( 5296): [+m_rIspCamInfo.i4LightValue_x10](old, new)=(0, 33)
D/paramctrl_validate( 5296): [validatePerFrame](ParamChangeCount, fgForce)=(3, 0)
D/isp_tuning_custom( 5296): [IspCamInfo][dump](eIspProfile, eIdx_Scene)=(0, 0)
D/isp_tuning_custom( 5296): [RAWIspCamInfo][dump](eIdx_ISO, u4ISOValue, i4ZoomRatio_x100, i4LightValue_x10)=(2, 455, 100, 33, 1118145920)
D/isp_tuning_custom( 5296): [8 evaluate_Shading_CCT_index] CCT:0 DF_IDX:0 i4PT:0 i4PW:0
D/isp_tuning_custom( 5296): [evaluate_Shading_CCT_index] eIdx_Shading_CCT_new:0
D/lsc_mgr ( 5296): [setCTIdx] Shading idx= 0
D/lsc_mgr ( 5296): [LscMgr:SetTBAToISP] TSF enable 0, state 1
D/lsc_mgr ( 5296): [getCTIdx] Shading idx= 0
D/lsc_mgr ( 5296): [getCTIdx] Shading idx= 0
D/lsc_mgr ( 5296): [LscMgr] SetTBAToISP m_eLscScenario 0, TableSize 16384, CCT 0x0, phyAddr 0x1f00000, XSize 0x3fff m_eSensorOp 0
D/lsc_mgr ( 5296): [LscMgr:enableLsc] Meta 0, Shading param 0x2, 0x1f00000, 0x20, 0x0,0xf03e ,0xf02f ,0x44002b ,0x20202020, 0x0
I/IspDrv ( 5296): {IspDrv} [createInstance] fgIsGdmaMode: 0.
D/lsc_mgr ( 5296): [getCTIdx] Shading idx= 0
I/IspDrv ( 5296): {IspDrv} [createInstance] fgIsGdmaMode: 0.
I/TdriMgr ( 5296): [applySetting] Cq(5)-Fun(3)
I/TdriMgr ( 5296): [applySetting] Cq(5)-Fun(4)
I/TdriMgr ( 5296): [applySetting] Cq(5)-Fun(5)
D/af_mgr ( 5296): [init] start, m_Users: 0
D/SensorHal( 5296): [getInstance][SensorHalImp] getInstance
D/SensorHal( 5296): [createImp][createImp]: 4
D/SensorHal( 5296): [createImp] Has created
D/AtvSensorDrv( 5296): [getInstance][AtvSensorDrv] getInstance
D/ImgSensorDrv( 5296): [getInstance][ImgSensorDrv] getInstance
D/SensorHal( 5296): [deleteImp][deleteImp]: 5
D/SensorHal( 5296): [deleteImp] Still users
D/LensMCU ( 5296): LensMCUlensSearch() - Entry
D/LensMCU ( 5296): LensMCU[CurrSensorDev]0x0001 [CurrSensorId]0xc830
D/LensMCU ( 5296): LensMCU[LensInitTable-0][SensorId]0xffff,[LensId]0xffff
D/LensMCU ( 5296): LensMCU[LensInitTable-1][SensorId]0x8825,[LensId]0x0003
D/LensMCU ( 5296): LensMCU[LensInitTable-2][SensorId]0xc830,[LensId]0x0005
D/LensMCU ( 5296): LensMCU[LensInitTable-3][SensorId]0x4e10,[LensId]0xffff
D/LensMCU ( 5296): LensMCU[idx]2 [CurrSensorId]0xc830,[CurrLensIdx]0x0002
D/LensMCU ( 5296): LensMCU[CurrLensIdx]2
D/af_mgr ( 5296): [lens][SensorDev]0x0001, [SensorId]0xc830, [CurrLensId]0x0005
D/LensDrv ( 5296): init() [m_userCnt]0
D/LensDrv ( 5296): [Lens Driver]/dev/OV12830AF
I/IspDrv ( 5296): {IspDrv} [createInstance] fgIsGdmaMode: 0.
I/IspDrv ( 5296): {IspDrv} [init] - E. mInitCount(9). m_fgIsGdmaMode: 0.
I/IspDrv ( 5296): {IspDrv} [ProfilingPrint] [Event_IspDrv_Init] atomic_inc:(0-th) ===> [start-->now: 0.008000 ms]
I/IspDrv ( 5296): {IspDrv} [init] - X. ret: 1. mInitCount: 10.
I/IspDrv ( 5296): {IspDrv} [ProfilingPrint] [Event_IspDrv_Init] Exit:(1-th) ===> [start-->now: 0.035000 ms] [last-->now: 0.027000 ms]
D/af_mgr ( 5296): [setAF_IN_HSIZE][SensorDev]1 [Pxl]1996 [lin]1496 [H]1996 [V]1496
D/FLICKER ( 5296): [FLK Hal] FFLK func=createInstance line=126
D/FLICKER ( 5296): [FLK Hal] FFLK func=getInstance line=141
D/SensorHal( 5296): [getInstance][SensorHalImp] getInstance
D/SensorHal( 5296): [createImp][createImp]: 4
D/SensorHal( 5296): [createImp] Has created
D/ImgSensorDrv( 5296): [getInstance][ImgSensorDrv] getInstance
D/SensorHal( 5296): [deleteImp][deleteImp]: 5
D/SensorHal( 5296): [deleteImp] Still users
D/af_mgr ( 5296): [nvram][Normal Num]21 [Macro Num]21
D/af_mgr ( 5296): [Param][Normal min step]4 [Macro min step]4
D/af_mgr ( 5296): [setAFArea][Cnt]1 [L]-180 [R]180 [U]-240 [B]240
D/af_mgr ( 5296): [setAFArea][Cnt]1 [L]818 [R]1177 [U]568 [B]927 to [Cnt]1 [W]359 [H]359 [X]818 [Y]568
D/AfAlgo ( 5296): [AfAlgo][setAFParam][PercentW]18[PercentH]24
D/AfAlgo ( 5296): [AfAlgo][initAF]
D/AfAlgo ( 5296): [AfAlgo] config Zoom [w]1996[h]1496[x]0[y]0
D/AfAlgo ( 5296): [AfAlgo][getGMR][x] 455, [iso] 400, 600, [gmr] 31, 31 [gmr1] 31
D/SensorHal( 5296): [getInstance][SensorHalImp] getInstance
D/SensorHal( 5296): [createImp][createImp]: 4
D/SensorHal( 5296): [createImp] Has created
D/AtvSensorDrv( 5296): [getInstance][AtvSensorDrv] getInstance
D/ImgSensorDrv( 5296): [getInstance][ImgSensorDrv] getInstance
D/CAM_CUS_MSDK( 5296): CAM_CUS_MSDK [GetCameraCalData]: uninit yet
D/CAM_CUS_MSDK( 5296):
D/SensorHal( 5296): [deleteImp][deleteImp]: 5
D/SensorHal( 5296): [deleteImp] Still users
D/af_mgr ( 5296): (0x ff)=pCamCalDrvObj->GetCamCalCalData
D/af_mgr ( 5296): OTP data [S2aBitEn]0 [S2aAfBitflagEn]0 [S2aAf0]0 [S2aAf1]0
D/af_mgr ( 5296): [setAFConfig]
D/af_mgr ( 5296): [setAFWinTH0]5 [setAFWinTH1]5 [setAFWinTH2]5
D/af_mgr ( 5296): [setAFWinTHEX0]5 [setAFWinTHEX1]5
D/af_mgr ( 5296): [setGMR][m_i4GMR] -1 -1 -1 [a_sAFConfig] 31 63 127
D/af_mgr ( 5296): DoAF[SGG|AF|FK|EIS|HRZ|ESFKO]0 [X]16 342 668 994 1320 1646 [Y]16 260 504 748 992 1236 [Size]326 244 [TH]5 5 5
D/af_mgr ( 5296): [SGG_GN]16 [GMR1]31 [GMR2]63 [GMR3]127 [Deci]0 [Zig]0 [Odd]0 [IIRKeep]1 [Hsize]1996
D/af_mgr ( 5296): [F0]4 [F1]15 36 43 36 22 10 3 0 0 0 0 0
D/af_mgr ( 5296): [WinXE]668 [WinYE]504 [SizeXE]652 [SizeYE]488 [THE]5
D/AfAlgo ( 5296): [AfAlgo][setAFMode][Mode]3
D/af_mgr ( 5296): [init] finish
D/SensorHal( 5296): [getInstance][SensorHalImp] getInstance
D/SensorHal( 5296): [createImp][createImp]: 4
D/SensorHal( 5296): [createImp] Has created
D/ImgSensorDrv( 5296): [getInstance][ImgSensorDrv] getInstance
D/SensorHal( 5296): [sendCommand] SENSOR_CMD_GET_SENSOR_PRV_RANGE
D/ImgSensorDrv( 5296): [getInstance][ImgSensorDrv] getInstance
D/SensorHal( 5296): [sendCommand] SENSOR_CMD_GET_SENSOR_VIDEO_RANGE
D/ImgSensorDrv( 5296): [getInstance][ImgSensorDrv] getInstance
D/SensorHal( 5296): [sendCommand] SENSOR_CMD_GET_SENSOR_FULL_RANGE
D/SensorHal( 5296): [deleteImp][deleteImp]: 5
D/SensorHal( 5296): [deleteImp] Still users
D/SensorHal( 5296): [getInstance][SensorHalImp] getInstance
D/SensorHal( 5296): [createImp][createImp]: 4
D/SensorHal( 5296): [createImp] Has created
D/ImgSensorDrv( 5296): [getInstance][ImgSensorDrv] getInstance
D/SensorHal( 5296): [deleteImp][deleteImp]: 5
D/SensorHal( 5296): [deleteImp] Still users
D/SensorHal( 5296): [getInstance][SensorHalImp] getInstance
D/SensorHal( 5296): [createImp][createImp]: 4
D/SensorHal( 5296): [createImp] Has created
D/AtvSensorDrv( 5296): [getInstance][AtvSensorDrv] getInstance
D/ImgSensorDrv( 5296): [getInstance][ImgSensorDrv] getInstance
D/CAM_CUS_MSDK( 5296): CAM_CUS_MSDK [GetCameraCalData]: uninit yet
D/CAM_CUS_MSDK( 5296):
D/SensorHal( 5296): [deleteImp][deleteImp]: 5
D/SensorHal( 5296): [deleteImp] Still users
D/awb_mgr ( 5296): (0x ff)=pCamCalDrvObj->GetCamCalCalData
D/awb_mgr ( 5296): NO err (ERR_NO_3A_GAIN)
D/awb_mgr ( 5296): getEEPROMData()
D/awb_mgr ( 5296): g_pNVRAM_3A->rAWBNVRAM.rCalData.rGoldenGain.i4R = 0
D/awb_mgr ( 5296): g_pNVRAM_3A->rAWBNVRAM.rCalData.rGoldenGain.i4G = 0
D/awb_mgr ( 5296): g_pNVRAM_3A->rAWBNVRAM.rCalData.rGoldenGain.i4B = 0
D/awb_mgr ( 5296): g_pNVRAM_3A->rAWBNVRAM.rCalData.rUnitGain.i4R = 0
D/awb_mgr ( 5296): g_pNVRAM_3A->rAWBNVRAM.rCalData.rUnitGain.i4G = 0
D/awb_mgr ( 5296): g_pNVRAM_3A->rAWBNVRAM.rCalData.rUnitGain.i4B = 0
D/awb_mgr ( 5296): g_rAWBInitInput.eAWBMode = 0
D/awb_mgr ( 5296): g_rAWBInitInput.i4SensorMode = 0
D/awb_mgr ( 5296): m_i4SensorDev = 1
D/awb_mgr ( 5296): g_rAWBInitInput.i4PvSensorWidth = 1996
D/awb_mgr ( 5296): g_rAWBInitInput.i4PvSensorHeight = 1496
D/awb_mgr ( 5296): g_rAWBInitInput.i4CapSensorWidth = 3992
D/awb_mgr ( 5296): g_rAWBInitInput.i4CapSensorHeight = 2994
D/ispdrv_mgr( 5296): [init()] - E. m_Users: 2
D/ispdrv_mgr( 5296): 2 has created
I/TdriMgr ( 5296): [init] mInitCount(1)
I/TdriMgr ( 5296): [init] X:
D/aaa_state( 5296): [StateCommon::transitState] StateInit --> StateCameraPreview
D/aaa_hal/3Athread( 5296): rCmd(0)-
D/EISHal ( 5296): [createInstance]mtkdefaultAdapter
D/EISHal ( 5296): [getInstance]+
D/EISHal ( 5296): [init]mUsers(1)
D/EISHal ( 5296): [init]1 has created
D/EISHal ( 5296): [getInstance]-
D/EISHal ( 5296): [configEIS]HW_Sce(1)
D/EISHal ( 5296): [configEIS]mInput_W(1996),mInput_H(1496),mTarget_W(1663),mTarget_H(1246)
D/EISDrv ( 5296): [setEIS_DB_SEL][0-no change, 1-raw_db_load1] EisDB(0x1)
D/EISDrv ( 5296): [setEISRawSel][0-CDP, 1-RAW] EisRawSel(0x1)
D/EISHal ( 5296): [getEISCustomize]+
D/EISHal ( 5296): [getEISCustomize]-
D/EISHal ( 5296): [configEIS]first frame
D/EISDrv ( 5296): [setFirstFrame]First(0x1)
D/EISDrv ( 5296): [enableEIS]Enable(0x1)
D/EISDrv ( 5296): [setWRPEnable]Enable(0x1)
D/EISDrv ( 5296): [setEISSel][0-before CDRZ, 1-after CDRZ] EisSel(0x1)
D/EISDrv ( 5296): [setEISImage]W(1996),H(1496)
D/EISDrv ( 5296): [setEISFilterDS]a_DS(0x2)
D/EISDrv ( 5296): [setMBNum][H:1-4,V:1-8] H(4),V(8)
D/EISDrv ( 5296): [setMBNum]final MBNum_H(0x4)
D/EISDrv ( 5296): [setMBNum]final MBNum_V(0x8)
D/EISDrv ( 5296): [setRPNum][H:1-16,V:1-8] H(13),V(4)
D/EISDrv ( 5296): [setRPNum]final RPNum_H(0xd)
D/EISDrv ( 5296): [setRPNum]MBNum_V(0x8),final RPNum_V(0x4)
D/EISDrv ( 5296): [setADKneeClip]Knee(4),Clip(6)
D/EISDrv ( 5296): [setADKneeClip]Final Knee(0x4),Clip(0x6)
D/EISDrv ( 5296): [setFilter_H]Gain(0),IIRGain(4),FIRGain(32)
D/EISDrv ( 5296): [setFilter_V]IIRGain(0x4)
D/EISDrv ( 5296): [setLMV_TH]HC(0),HS(0),VC(0),VS(0)
D/EISDrv ( 5296): [setLMV_TH]Final HC(0x0),HS(0x0),VC(0x0),VS(0x0)
D/EISDrv ( 5296): [setFLOffset]H(0),V(0)
D/EISDrv ( 5296): [setFLOffset]final FLOfs_H(0x0), FLOfs_V(0x0)
D/EISDrv ( 5296): [setMBOffset_H]H(52)
D/EISDrv ( 5296): [setMBOffset_H]W(1996),FLOfs_H(0),DSRat_H(2),MBNum_H(4),MBInt_H(0)
D/EISDrv ( 5296): [setMBOffset_H]upB(997),lowB(11)
D/EISDrv ( 5296): [setMBOffset_H]final MBOfs_H(0x34)
D/EISDrv ( 5296): [setMBOffset_V]V(36)
D/EISDrv ( 5296): [setMBOffset_V]H(1496),FLOfs_V(0),DSRat_V(2),MBNum_V(8),MBInt_V(0)
D/EISDrv ( 5296): [setMBOffset_V]upB(747), lowB(9)
D/EISDrv ( 5296): [setMBOffset_V]final MBOfs_V(0x24)
D/EISDrv ( 5296): [setMBInterval_H]H(238)
D/EISDrv ( 5296): [setMBInterval_H]W(1996),FLOfs_H(0),DSRat_H(2),RPNum_H(13),MBNum_H(4),MBOfs_H(52)
D/EISDrv ( 5296): [setMBInterval_H]upB(236), lowB(224)
D/EISDrv ( 5296): [setMBInterval_H]final MBInt_H(0xec)
D/EISDrv ( 5296): [setMBInterval_V]V(90)
D/EISDrv ( 5296): [setMBInterval_V]H(1496),FLOfs_V(0),DSRat_V(2),RPNum_V(4),MBNum_V(8),MBOfs_V(36)
D/EISDrv ( 5296): [setMBInterval_V]upB(88), lowB(81)
D/EISDrv ( 5296): [setMBInterval_V]final MBInt_V(0x58)
D/EISHal ( 5296): [configEIS]-
D/MtkCam/VSSScen( 5296): [start] +
I/iio/ifunc( 5296): [_enable] path(1),start(5),SCIO(6),En1(0x4005b0a9),En2(0x80014000),Dma(0x2b),CQ_status(0x0),CQ_debugset(61440)
I/iio/ifunc( 5296): [_enable] ctrl(4),id(4),ptr(0x44c67b3c)
I/iio/ifunc( 5296): [_enable] dma(4),size(5)
I/iio/ifunc( 5296): [_enable] P1 dma_en(0x2b),addr(0x2540000)(0x0)(0x0)(0x0)
I/iio/ifunc( 5296): [_enable] path(1),start(0),SCIO(6),En1(0x4005b0a9),En2(0x80014000),Dma(0x2b),CQ_status(0x0),CQ_debugset(61440)
D/NetworkControllerGemini( 5719): refreshViews(0), DataConnected=false simColorId = 0
D/NetworkControllerGemini( 5719): refreshViews(0), set parameters to signal cluster view.
D/NetworkControllerGemini( 5719): refreshViews(0), tempPhoneSignalIconId.0 = 2130837955 tempPhoneSignalIconId.1 = 0 tempMobileActivityIconId= 0 tempDataTypeIconId= 2130837873
D/SignalClusterViewGemini( 5719): setMobileDataIndicators(0), visible=true, strengthIcon[0] ~ [1] 2130837955 ~ 0
D/SignalClusterViewGemini( 5719): isSimInserted(0), SimInserted=true
D/SignalClusterViewGemini( 5719): isSimInserted(1), SimInserted=true
D/NetworkControllerGemini( 5719): refreshViews(0), tempPhoneSignalIconId.0 = 2130837955 tempPhoneSignalIconId.1 = 0 tempMobileActivityIconId= 0 tempDataTypeIconId= 2130837873
D/SignalClusterViewGemini( 5719): setShowSimIndicator(0), showSimIndicator=false simIndicatorResource = 0
D/SignalClusterViewGemini( 5719): setDataConnected(0), dataConnected=false
D/SignalClusterViewGemini( 5719): setDataNetType3G(0), dataNetType=Type_3G
D/skia ( 5719): Flag is not 10
D/SignalClusterViewGemini( 5719): apply : mShowSimIndicator = false mSimIndicatorResource = 0 mShowSimIndicatorGemini = false mSimIndicatorResourceGemini = 0
D/SignalClusterViewGemini( 5719): apply, mMobileVisible=true mMobileActivityId=0 mMobileTypeId=2130837873 mMobileStrengthId[0] = 2130837955 mMobileStrengthId[1] = 0
D/SignalClusterViewGemini( 5719): isSimInserted(0), SimInserted=true
D/SignalClusterViewGemini( 5719): mDataNetType =Type_3G resId= 0 simColorId = 0
D/SignalClusterViewGemini( 5719): apply, mMobileVisibleGemini=true mMobileActivityIdGemini=0 mMobileTypeIdGemini=0 mMobileStrengthIdGemini[0] = 2130837938 mMobileStrengthIdGemini[1] = 0
D/QuickSettings( 5719): current user is owner.
D/SignalClusterViewGemini( 5719): isSimInserted(1), SimInserted=true
D/SignalClusterViewGemini( 5719): apply, mMobileVisible=true, mWifiVisible=true, mIsAirplaneMode=false
D/IPCThreadState(25953): [DN #5] BR_CLEAR_DEATH_NOTIFICATION_DONE cookie 0x5d1b4b10
W/ResourceType( 5719): No package identifier when getting value for resource number 0x00000000
D/IPCThreadState( 5535): [DN #5] BR_CLEAR_DEATH_NOTIFICATION_DONE cookie 0x62c41208
D/SignalClusterViewGemini( 5719): isSimInserted(0), SimInserted=true
D/SignalClusterViewGemini( 5719): isSimInserted(1), SimInserted=true
D/NetworkControllerGemini( 5719): refreshViews(1), DataConnected=false simColorId = 2
D/SignalClusterViewGemini( 5719): setShowSimIndicator(1), showSimIndicator=false simIndicatorResource = 0
D/SignalClusterViewGemini( 5719): setDataConnected(1), dataConnected=false
D/SignalClusterViewGemini( 5719): setDataNetType3G(1), dataNetType=Type_G
D/SignalClusterViewGemini( 5719): apply : mShowSimIndicator = false mSimIndicatorResource = 0 mShowSimIndicatorGemini = false mSimIndicatorResourceGemini = 0
D/SignalClusterViewGemini( 5719): apply, mMobileVisible=true mMobileActivityId=0 mMobileTypeId=2130837873 mMobileStrengthId[0] = 2130837955 mMobileStrengthId[1] = 0
D/SignalClusterViewGemini( 5719): isSimInserted(0), SimInserted=true
D/SignalClusterViewGemini( 5719): mDataNetType =Type_3G resId= 0 simColorId = 0
D/SignalClusterViewGemini( 5719): apply, mMobileVisibleGemini=true mMobileActivityIdGemini=0 mMobileTypeIdGemini=0 mMobileStrengthIdGemini[0] = 2130837938 mMobileStrengthIdGemini[1] = 0
D/SignalClusterViewGemini( 5719): isSimInserted(1), SimInserted=true
D/SignalClusterViewGemini( 5719): apply, mMobileVisible=true, mWifiVisible=true, mIsAirplaneMode=false
W/ResourceType( 5719): No package identifier when getting value for resource number 0x00000000
D/SignalClusterViewGemini( 5719): isSimInserted(0), SimInserted=true
D/SignalClusterViewGemini( 5719): isSimInserted(1), SimInserted=true
I/BufferQueue( 133): [StatusBar](this:0x43515e58,api:1) new GraphicBuffer needed
D/BufferQueue( 133): [OLD] gb:NULL
I/GraphicBuffer( 133): allocate buffer (w:96 h:1920 f:5) err(0)
I/BufferQueue( 133): [NEW] gb=0x4323d6c8, handle=0x4351e980, w=75, h=1920, s=96, fmt=5
D/MtkCam/VSSScen( 5296): [start] - wait IRQ: ISP_DRV_IRQ_INT_STATUS_VS1_ST
D/MtkCam/VSSScen( 5296): [start] -
D/MtkCam/PrvCQT( 5296): (25974)[start] -
D/MtkCam/PrvCQT( 5296): (25974)[threadLoop] -
D/MtkCam/PrvCQT( 5296): (25974)[threadLoop] +
D/MtkCam/PrvCQT( 5296): (11970)[postCommand] -
D/MtkCam/PrvCQT( 5296): (25974)[getCommand] +
D/MtkCam/PrvCQT( 5296): (11970)[postCommand] +
D/MtkCam/PrvCQT( 5296): (25974)[getCommand] + tid(25974), que size(0)
D/MtkCam/PrvCQT( 5296): (11970)[postCommand] + tid(11970), que size(0)
D/MtkCam/PrvCQT( 5296): (11970)[postCommand] - new command added(1): tid(11970), que size(1)
D/MtkCam/PrvCQT( 5296): (25974)[getCommand] Command: 1
D/MtkCam/PrvCQT( 5296): (25974)[getCommand] - tid(25974), que size(0), ret(1)
D/MtkCam/PrvCQT( 5296): (25974)[getCommand] -
D/MtkCam/PrvCQT( 5296): (25974)[delay] +
I/MtkCam/CamAdapter( 5296): (25974)[transitState] StateIdle --> StatePreview
D/ImgSensorDrv( 5296): [getInstance][ImgSensorDrv] getInstance
D/ImgSensorDrv( 5296): [getSensorDelayFrameCnt][getSensorDelayFrameCnt] mode = 0
D/ImgSensorDrv( 5296): [getInfo][getInfo]
D/MtkCam/VSSScen( 5296): [deque] +
I/SurfaceTexture( 133): [StatusBar](this:0x432489e8,api:1) [void* android::SurfaceTexture::createImage(EGLDisplay, const android::sp&)]
D/SurfaceTexture( 133): GraphicBuffer: gb=0x43242128 handle=0x43519d88
D/SurfaceTexture( 133): EGLImage: dpy=0x1, img=0x43522480
I/BufferQueue( 133): [StatusBar](this:0x43515e58,api:1) [release] fps:0.51, dur:1972.37, max:1972.37, min:1972.37
I/ContactsProvider(25953): registerReceiverOnSimStateAndInfoChanged
D/ContactsProvider(25953): performBackgroundTask()- **** task=0
D/ContactsProvider(25953): performBackgroundTask()+ **** task=3
I/ContactsProvider(25953): Received Intent:Intent { act=android.intent.action.SIM_INFO_UPDATE flg=0x10 }
D/MtkCam/VSSScen( 5296): [deque] P1:Idx(0),Id(93),VA(0x4516F000),PA(0x02540000),S(3740000),T(10862.594773)
D/aaa_hal/3Athread( 5296): mCmdQ size(0) + cmd(10)
D/MtkCam/VSSScen( 5296): [deque] +
D/aaa_hal/3Athread( 5296): CmdQ-size(1), todo(10)
D/aaa_hal/3Athread( 5296): rCmd(10)+
D/ContactsProvider(25953): performBackgroundTask()- **** task=3
D/ContactsProvider(25953): performBackgroundTask()+ **** task=4
D/ContactsProvider(25953): performBackgroundTask()- **** task=4
D/ContactsProvider(25953): performBackgroundTask()+ **** task=5
D/ContactsProvider(25953): performBackgroundTask()- **** task=5
D/ContactsProvider(25953): performBackgroundTask()+ **** task=6
D/ContactsProvider(25953): performBackgroundTask()- **** task=6
D/ContactsProvider(25953): performBackgroundTask()+ **** task=7
D/ContactsProvider(25953): performBackgroundTask()- **** task=7
D/ContactsProvider(25953): performBackgroundTask()+ **** task=1
D/ContactsProvider(25953): performBackgroundTask()- **** task=1
D/ContactsProvider(25953): performBackgroundTask()+ **** task=10
D/FLICKER ( 5296): [FLK Hal] FFLK func=sendCommand line=837 cmd=5
D/FLICKER ( 5296): [FLK Hal] FFLK func=enableFlickerDetection line=1090
D/aaa_hal/3Athread( 5296): rCmd(10)-
D/af_mgr ( 5296): DoAF[SGG|AF|FK|EIS|HRZ|ESFKO]d4 [X]16 342 668 994 1320 1646 [Y]16 260 504 748 992 1236 [Size]326 244 [TH]5 5 5
D/af_mgr ( 5296): [SGG_GN]16 [GMR1]31 [GMR2]63 [GMR3]127 [Deci]0 [Zig]0 [Odd]0 [IIRKeep]1 [Hsize]1996
D/af_mgr ( 5296): [F0]4 [F1]15 36 43 36 22 10 3 0 0 0 0 0
D/af_mgr ( 5296): [WinXE]668 [WinYE]504 [SizeXE]652 [SizeYE]488 [THE]5
D/FLICKER ( 5296): [FLK Hal] FFLK func=sendCommand line=837 cmd=7
D/AfAlgo ( 5296): [AfAlgoC][fv]402240465 [gsum]44 [AEStbl]0 [ISO]455 [wait]3
D/af_mgr ( 5296): [AFStatH]19752 [AFStatFL]19752 [AFStatV]134073571 [moveMCU] 431
D/MtkCam/VSSScen( 5296): [deque] P1:Idx(0),Id(94),VA(0x45501000),PA(0x02900000),S(3740000),T(10862.684834)
D/aaa_hal/3Athread( 5296): mCmdQ size(0) + cmd(10)
D/MtkCam/VSSScen( 5296): [deque] +
D/aaa_hal/3Athread( 5296): CmdQ-size(1), todo(10)
D/aaa_hal/3Athread( 5296): rCmd(10)+
D/ContactsProvider(25953): performBackgroundTask()- **** task=10
D/FLICKER ( 5296): [FLK Hal] FFLK func=sendCommand line=837 cmd=5
D/FLICKER ( 5296): [FLK Hal] FFLK func=enableFlickerDetection line=1090
D/aaa_hal/3Athread( 5296): rCmd(10)-
D/af_mgr ( 5296): DoAF[SGG|AF|FK|EIS|HRZ|ESFKO]d4 [X]16 342 668 994 1320 1646 [Y]16 260 504 748 992 1236 [Size]326 244 [TH]5 5 5
D/af_mgr ( 5296): [SGG_GN]16 [GMR1]31 [GMR2]63 [GMR3]127 [Deci]0 [Zig]0 [Odd]0 [IIRKeep]1 [Hsize]1996
D/af_mgr ( 5296): [F0]4 [F1]15 36 43 36 22 10 3 0 0 0 0 0
D/af_mgr ( 5296): [WinXE]668 [WinYE]504 [SizeXE]652 [SizeYE]488 [THE]5
D/FLICKER ( 5296): [FLK Hal] FFLK func=sendCommand line=837 cmd=7
D/AfAlgo ( 5296): [AfAlgoC][fv]270107 [gsum]44 [AEStbl]0 [ISO]455 [wait]3
D/af_mgr ( 5296): [AFStatH]269957 [AFStatFL]269957 [AFStatV]50 [moveMCU] 431
D/MtkCam/VSSScen( 5296): [deque] P1:Idx(0),Id(95),VA(0x45893000),PA(0x02CC0000),S(3740000),T(10862.774896)
D/aaa_hal/3Athread( 5296): mCmdQ size(0) + cmd(10)
D/MtkCam/VSSScen( 5296): [deque] +
D/aaa_hal/3Athread( 5296): CmdQ-size(1), todo(10)
D/aaa_hal/3Athread( 5296): rCmd(10)+
D/awb_algo( 5296): [PV AWB Gain] Rgain = 604, Ggain = 512, Bgain = 1094
D/awb_algo( 5296): CCT = 3062
D/paramctrl_attributes( 5296): setAWBInfo(): bAWBGainChanged = MTRUE
D/isp_tuning_custom( 5296): refineLightSourceAWBGainforMultiCCM()
D/isp_tuning_custom( 5296): D65 AWB Gain = (897, 512, 703)
D/isp_tuning_custom( 5296): TL84 AWB Gain = (681, 512, 957)
D/isp_tuning_custom( 5296): CWF AWB Gain = (725, 512, 989)
D/isp_tuning_custom( 5296): A AWB Gain = (607, 512, 1175)
D/isp_tuning_custom( 5296): evaluate_PCA_LUT_index()
D/isp_tuning_custom( 5296): [+evaluate_PCA_LUT_index](rCamInfo.eIdx_PCA_LUT, rCamInfo.rAWBInfo.i4CCT, rCamInfo.rAWBInfo.i4FluorescentIndex)=(0, 3062, 100)
D/ae_mgr ( 5296): [doPvAE]AE Wait Vd frame:2 Enable:1 avgY:297
D/isp_tuning_custom( 5296): map_ISO_value_to_index()
D/paramctrl_validate( 5296): [validatePerFrame](ParamChangeCount, fgForce)=(1, 0)
D/isp_tuning_custom( 5296): [IspCamInfo][dump](eIspProfile, eIdx_Scene)=(0, 0)
D/isp_tuning_custom( 5296): [RAWIspCamInfo][dump](eIdx_ISO, u4ISOValue, i4ZoomRatio_x100, i4LightValue_x10)=(2, 455, 100, 33, 1118145920)
D/isp_tuning_custom( 5296): [8 evaluate_Shading_CCT_index] CCT:3062 DF_IDX:100 i4PT:97 i4PW:0
D/isp_tuning_custom( 5296): [evaluate_Shading_CCT_index] eIdx_Shading_CCT_new:0
D/lsc_mgr ( 5296): [setCTIdx] Shading idx= 0
D/lsc_mgr ( 5296): [LscMgr:SetTBAToISP] TSF enable 0, state 1
D/lsc_mgr ( 5296): [getCTIdx] Shading idx= 0
D/lsc_mgr ( 5296): [getCTIdx] Shading idx= 0
D/lsc_mgr ( 5296): [LscMgr] SetTBAToISP m_eLscScenario 0, TableSize 16384, CCT 0x0, phyAddr 0x1f00000, XSize 0x3fff m_eSensorOp 0
D/lsc_mgr ( 5296): [LscMgr:enableLsc] Meta 0, Shading param 0x2, 0x1f00000, 0x20, 0x0,0xf03e ,0xf02f ,0x44002b ,0x20202020, 0x0
I/IspDrv ( 5296): {IspDrv} [createInstance] fgIsGdmaMode: 0.
D/lsc_mgr ( 5296): [getCTIdx] Shading idx= 0
I/IspDrv ( 5296): {IspDrv} [createInstance] fgIsGdmaMode: 0.
I/TdriMgr ( 5296): [applySetting] Cq(5)-Fun(3)
I/TdriMgr ( 5296): [applySetting] Cq(5)-Fun(4)
I/TdriMgr ( 5296): [applySetting] Cq(5)-Fun(5)
D/FLICKER ( 5296): [FLK Hal] FFLK func=sendCommand line=837 cmd=5
D/FLICKER ( 5296): [FLK Hal] FFLK func=enableFlickerDetection line=1090
D/aaa_hal/3Athread( 5296): rCmd(10)-
D/af_mgr ( 5296): DoAF[SGG|AF|FK|EIS|HRZ|ESFKO]d4 [X]16 342 668 994 1320 1646 [Y]16 260 504 748 992 1236 [Size]326 244 [TH]5 5 5
D/af_mgr ( 5296): [SGG_GN]16 [GMR1]31 [GMR2]63 [GMR3]127 [Deci]0 [Zig]0 [Odd]0 [IIRKeep]1 [Hsize]1996
D/af_mgr ( 5296): [F0]4 [F1]15 36 43 36 22 10 3 0 0 0 0 0
D/af_mgr ( 5296): [WinXE]668 [WinYE]504 [SizeXE]652 [SizeYE]488 [THE]5
D/FLICKER ( 5296): [FLK Hal] FFLK func=sendCommand line=837 cmd=7
D/AfAlgo ( 5296): [AfAlgoC][fv]2472 [gsum]51 [AEStbl]0 [ISO]455 [wait]3
D/af_mgr ( 5296): [AFStatH]2322 [AFStatFL]2322 [AFStatV]50 [moveMCU] 431
D/MtkCam/VSSScen( 5296): [deque] P1:Idx(0),Id(96),VA(0x45C25000),PA(0x03080000),S(3740000),T(10862.864958)
D/aaa_hal/3Athread( 5296): mCmdQ size(0) + cmd(10)
D/MtkCam/VSSScen( 5296): [deque] +
D/aaa_hal/3Athread( 5296): CmdQ-size(1), todo(10)
D/aaa_hal/3Athread( 5296): rCmd(10)+
D/awb_algo( 5296): [PV AWB Gain] Rgain = 608, Ggain = 512, Bgain = 1111
D/awb_algo( 5296): CCT = 3029
D/paramctrl_attributes( 5296): setAWBInfo(): bAWBGainChanged = MTRUE
D/isp_tuning_custom( 5296): refineLightSourceAWBGainforMultiCCM()
D/isp_tuning_custom( 5296): D65 AWB Gain = (897, 512, 703)
D/isp_tuning_custom( 5296): TL84 AWB Gain = (681, 512, 957)
