D/SignalClusterViewGemini( 5719): setMobileDataIndicators(0), visible=true, strengthIcon[0] ~ [1] 2130837955 ~ 0
D/SignalClusterViewGemini( 5719): isSimInserted(0), SimInserted=true
D/SignalClusterViewGemini( 5719): isSimInserted(1), SimInserted=true
D/NetworkControllerGemini( 5719): refreshViews(0), tempPhoneSignalIconId.0 = 2130837955 tempPhoneSignalIconId.1 = 0 tempMobileActivityIconId= 0 tempDataTypeIconId= 2130837873
D/SignalClusterViewGemini( 5719): setShowSimIndicator(0), showSimIndicator=false simIndicatorResource = 0
D/SignalClusterViewGemini( 5719): setDataConnected(0), dataConnected=false
D/SignalClusterViewGemini( 5719): setDataNetType3G(0), dataNetType=Type_3G
D/SignalClusterViewGemini( 5719): apply : mShowSimIndicator = false mSimIndicatorResource = 0 mShowSimIndicatorGemini = false mSimIndicatorResourceGemini = 0
D/SignalClusterViewGemini( 5719): apply, mMobileVisible=true mMobileActivityId=0 mMobileTypeId=2130837873 mMobileStrengthId[0] = 2130837955 mMobileStrengthId[1] = 0
D/SignalClusterViewGemini( 5719): isSimInserted(0), SimInserted=true
D/SignalClusterViewGemini( 5719): mDataNetType =Type_3G resId= 0 simColorId = 0
D/SignalClusterViewGemini( 5719): apply, mMobileVisibleGemini=true mMobileActivityIdGemini=0 mMobileTypeIdGemini=0 mMobileStrengthIdGemini[0] = 2130837938 mMobileStrengthIdGemini[1] = 0
D/SignalClusterViewGemini( 5719): isSimInserted(1), SimInserted=true
D/SignalClusterViewGemini( 5719): apply, mMobileVisible=true, mWifiVisible=true, mIsAirplaneMode=false
W/ResourceType( 5719): No package identifier when getting value for resource number 0x00000000
W/ResourceType( 5719): No package identifier when getting value for resource number 0x00000000
D/SignalClusterViewGemini( 5719): isSimInserted(0), SimInserted=true
D/SignalClusterViewGemini( 5719): isSimInserted(1), SimInserted=true
D/NetworkControllerGemini( 5719): refreshViews(1), DataConnected=false simColorId = 2
D/SignalClusterViewGemini( 5719): setShowSimIndicator(1), showSimIndicator=false simIndicatorResource = 0
D/SignalClusterViewGemini( 5719): setDataConnected(1), dataConnected=false
D/SignalClusterViewGemini( 5719): setDataNetType3G(1), dataNetType=Type_G
D/SignalClusterViewGemini( 5719): apply : mShowSimIndicator = false mSimIndicatorResource = 0 mShowSimIndicatorGemini = false mSimIndicatorResourceGemini = 0
D/SignalClusterViewGemini( 5719): apply, mMobileVisible=true mMobileActivityId=0 mMobileTypeId=2130837873 mMobileStrengthId[0] = 2130837955 mMobileStrengthId[1] = 0
D/SignalClusterViewGemini( 5719): isSimInserted(0), SimInserted=true
D/SignalClusterViewGemini( 5719): mDataNetType =Type_3G resId= 0 simColorId = 0
D/SignalClusterViewGemini( 5719): apply, mMobileVisibleGemini=true mMobileActivityIdGemini=0 mMobileTypeIdGemini=0 mMobileStrengthIdGemini[0] = 2130837938 mMobileStrengthIdGemini[1] = 0
D/SignalClusterViewGemini( 5719): isSimInserted(1), SimInserted=true
D/SignalClusterViewGemini( 5719): apply, mMobileVisible=true, mWifiVisible=true, mIsAirplaneMode=false
W/ResourceType( 5719): No package identifier when getting value for resource number 0x00000000
W/ResourceType( 5719): No package identifier when getting value for resource number 0x00000000
D/SignalClusterViewGemini( 5719): isSimInserted(0), SimInserted=true
D/SignalClusterViewGemini( 5719): isSimInserted(1), SimInserted=true
I/SurfaceTextureClient( 5719): [STC::queueBuffer] (this:0x5dd8ce08) fps:2.00, dur:1997.98, max:1005.79, min:11.17
I/BufferQueue( 133): [StatusBar](this:0x43515e58,api:1) [queue] fps:2.00, dur:1997.76, max:1005.81, min:11.17
I/BufferQueue( 133): [StatusBar](this:0x43515e58,api:1) [release] fps:1.99, dur:2007.40, max:1012.28, min:17.19
I/SurfaceFlinger( 133): [SurfaceFlinger] fps:2.843513,dur:1406.71,max:555.79,min:16.95
D/PowerManagerService( 5535): userActivityFromNative
D/PowerManagerService( 5535): userActivityNoUpdateLocked: eventTime=10814549, event=2, flags=0x0, uid=1000
D/PowerManagerNotifier( 5535): onUserActivity: event=2, uid=1000
D/PowerManagerService( 5535): updateUserActivitySummaryLocked: mWakefulness=Awake, mUserActivitySummary=0x1, nextTimeout=10838549 (in 24000 ms)
D/PowerManagerService( 5535): newScreenState = 2
D/PowerManagerDisplayController( 5535): requestPowerState: screenState=2, useProximitySensor=false, screenBrightness=255, screenAutoBrightnessAdjustment=0.0, useAutoBrightness=false, useEcoBrightness=false, blockScreenOn=false, waitForNegativeProximity=false
I/PowerManagerService( 5535): setBrightness mButtonLight 0.
D/PowerManagerService( 5535): updateScreenStateLocked: mDisplayReady=true, newScreenState=2, mWakefulness=1, mWakeLockSummary=0x0, mUserActivitySummary=0x1, mBootCompleted=true
D/PowerManagerService( 5535): handleSandman: canDream=true, mWakefulness=Awake
V/Provider/Settings( 5783): from settings cache , name = pdp_watchdog_poll_interval_ms , value = null
D/InputReader( 5535): AP_PROF:AppLaunch_dispatchPtr:Up:10814790
I/AbsListView(25747): Fling from scroll with initialVelocity = 0,mActivePointerId = 0,mFirstPosition = 0,firstChildTop = 0,this = android.widget.ListView{438d3510 VFED.VC. .F...... 0,0-1080,1701 #102000a android:id/list}
D/BatteryService( 5535): mBatteryVoltage=3860
V/ActivityManager( 5535): Broadcast sticky: Intent { act=android.intent.action.BATTERY_CHANGED flg=0x60000010 (has extras) } ordered=false userid=-1
D/KeyguardUpdateMonitor( 5535): received broadcast android.intent.action.BATTERY_CHANGED
D/KeyguardUpdateMonitor( 5535): handleBatteryUpdate
D/WifiService( 5535): onReceive, action:android.intent.action.BATTERY_CHANGED
V/Provider/Settings( 5535): from settings cache , name = wifi_idle_ms , value = null
V/Provider/Settings( 5535): from settings cache , name = stay_on_while_plugged_in , value = 0
D/WifiService( 5535): ACTION_BATTERY_CHANGED pluggedType: 0
D/UsbDeviceManager( 5535): onReceive - BATTERY_CHANGED - mPlugType: 0, mSettingUsbCharging: false, mConnected: false, mSettingUsbBicr: false
D/StatusBar.BatteryController( 5719): BatteryController onReceive action is android.intent.action.BATTERY_CHANGED
D/StatusBar.BatteryController( 5719): status = 4
D/StatusBar.BatteryController( 5719): plugged is false fulled is false mBatteryProtection = false R.drawable.stat_sys_battery_charge is 2130837828 R.drawable.stat_sys_battery is 2130837819 icon is 2130837819
D/skia ( 5719): Flag is not 10
D/skia ( 5719): Flag is not 10
D/skia ( 5719): Flag is not 10
D/skia ( 5719): Flag is not 10
D/StateMachine( 5535): handleMessage: E msg.what=131155
D/StateMachine( 5535): processMsg: ConnectedState
D/WifiStateMachine( 5535): ConnectedState{ what=131155 when=-12ms arg1=30 target=Handler (com.android.internal.util.StateMachine$SmHandler) {4277a800} }
D/StateMachine( 5535): processMsg: L2ConnectedState
D/WifiStateMachine( 5535): L2ConnectedState{ what=131155 when=-12ms arg1=30 target=Handler (com.android.internal.util.StateMachine$SmHandler) {4277a800} }
D/WifiNative-wlan0( 5535): doString: SIGNAL_POLL
D/WifiCommon( 5535): [wlan0] SET "SIGNAL_POLL"
D/wpa_supplicant( 5621): RX ctrl_iface - hexdump(len=11): 53 49 47 4e 41 4c 5f 50 4f 4c 4c
D/wpa_supplicant( 5621): wlan0: Control interface command 'SIGNAL_POLL'
D/PowerManagerService( 5535): updateIsPoweredLocked: wasPowered=false, mIsPowered=false, oldPlugType=0, mPlugType=0, mBatteryLevel=73
D/Bluetooth HS/HF( 5783): [BT][HFG] [API] mStateReceiver.onReceive(android.intent.action.BATTERY_CHANGED)
D/Bluetooth HS/HF( 5783): [BT][HFG] [API] mHandler.handleMessage(9)
D/Bluetooth HS/HF( 5783): [BT][HFG] [API] updateBatteryState
D/PowerManagerService( 5535): handleSandman: canDream=true, mWakefulness=Awake
D/skia ( 5719): Flag is not 10
D/skia ( 5719): Flag is not 10
D/skia ( 5719): Flag is not 10
D/skia ( 5719): Flag is not 10
D/StatusBar.BatteryController( 5719): mBatteryPercentage is 73% mShouldShowBatteryPercentage is false mLabelViews.size() 1
D/PowerUI ( 5719): action = android.intent.action.BATTERY_CHANGED
D/PowerUI ( 5719): Intent start() ret = false mHideLowBDialog= true
D/PowerUI ( 5719): oldBatteryLevel = 73mBatteryLevel = 73
D/wpa_supplicant( 5621): nl80211: survey data missing!
I/WifiStateMachine( 5535): fetchRssiAndLinkSpeedNative, newRssi:-74, newLinkSpeed:52
D/StateMachine( 5535): handleMessage: X
V/Provider/Settings( 5535): from settings cache , name = location_providers_allowed , value = network
I/SurfaceTextureClient( 5719): [STC::queueBuffer] (this:0x5dd8ce08) fps:2.93, dur:1022.50, max:521.70, min:22.70
I/BufferQueue( 133): [StatusBar](this:0x43515e58,api:1) [queue] fps:2.93, dur:1022.77, max:522.02, min:22.63
I/BufferQueue( 133): [StatusBar](this:0x43515e58,api:1) [release] fps:2.96, dur:1012.55, max:514.95, min:17.16
I/SurfaceFlinger( 133): [SurfaceFlinger] fps:3.949397,dur:1012.81,max:515.25,min:17.11
V/Provider/Settings( 5783): from settings cache , name = pdp_watchdog_poll_interval_ms , value = null
D/NetworkControllerGemini( 5719): refreshViews(0), DataConnected=false simColorId = 0
D/NetworkControllerGemini( 5719): refreshViews(0), set parameters to signal cluster view.
D/NetworkControllerGemini( 5719): refreshViews(0), tempPhoneSignalIconId.0 = 2130837955 tempPhoneSignalIconId.1 = 0 tempMobileActivityIconId= 0 tempDataTypeIconId= 2130837873
D/SignalClusterViewGemini( 5719): setMobileDataIndicators(0), visible=true, strengthIcon[0] ~ [1] 2130837955 ~ 0
D/SignalClusterViewGemini( 5719): isSimInserted(0), SimInserted=true
D/SignalClusterViewGemini( 5719): isSimInserted(1), SimInserted=true
D/NetworkControllerGemini( 5719): refreshViews(0), tempPhoneSignalIconId.0 = 2130837955 tempPhoneSignalIconId.1 = 0 tempMobileActivityIconId= 0 tempDataTypeIconId= 2130837873
D/SignalClusterViewGemini( 5719): setShowSimIndicator(0), showSimIndicator=false simIndicatorResource = 0
D/SignalClusterViewGemini( 5719): setDataConnected(0), dataConnected=false
D/SignalClusterViewGemini( 5719): setDataNetType3G(0), dataNetType=Type_3G
D/SignalClusterViewGemini( 5719): apply : mShowSimIndicator = false mSimIndicatorResource = 0 mShowSimIndicatorGemini = false mSimIndicatorResourceGemini = 0
D/SignalClusterViewGemini( 5719): apply, mMobileVisible=true mMobileActivityId=0 mMobileTypeId=2130837873 mMobileStrengthId[0] = 2130837955 mMobileStrengthId[1] = 0
D/SignalClusterViewGemini( 5719): isSimInserted(0), SimInserted=true
D/SignalClusterViewGemini( 5719): mDataNetType =Type_3G resId= 0 simColorId = 0
D/SignalClusterViewGemini( 5719): apply, mMobileVisibleGemini=true mMobileActivityIdGemini=0 mMobileTypeIdGemini=0 mMobileStrengthIdGemini[0] = 2130837938 mMobileStrengthIdGemini[1] = 0
D/SignalClusterViewGemini( 5719): isSimInserted(1), SimInserted=true
D/SignalClusterViewGemini( 5719): apply, mMobileVisible=true, mWifiVisible=true, mIsAirplaneMode=false
W/ResourceType( 5719): No package identifier when getting value for resource number 0x00000000
D/SignalClusterViewGemini( 5719): isSimInserted(0), SimInserted=true
D/SignalClusterViewGemini( 5719): isSimInserted(1), SimInserted=true
D/NetworkControllerGemini( 5719): refreshViews(1), DataConnected=false simColorId = 2
D/SignalClusterViewGemini( 5719): setShowSimIndicator(1), showSimIndicator=false simIndicatorResource = 0
D/SignalClusterViewGemini( 5719): setDataConnected(1), dataConnected=false
D/SignalClusterViewGemini( 5719): setDataNetType3G(1), dataNetType=Type_G
D/SignalClusterViewGemini( 5719): apply : mShowSimIndicator = false mSimIndicatorResource = 0 mShowSimIndicatorGemini = false mSimIndicatorResourceGemini = 0
D/SignalClusterViewGemini( 5719): apply, mMobileVisible=true mMobileActivityId=0 mMobileTypeId=2130837873 mMobileStrengthId[0] = 2130837955 mMobileStrengthId[1] = 0
D/SignalClusterViewGemini( 5719): isSimInserted(0), SimInserted=true
D/SignalClusterViewGemini( 5719): mDataNetType =Type_3G resId= 0 simColorId = 0
D/SignalClusterViewGemini( 5719): apply, mMobileVisibleGemini=true mMobileActivityIdGemini=0 mMobileTypeIdGemini=0 mMobileStrengthIdGemini[0] = 2130837938 mMobileStrengthIdGemini[1] = 0
D/SignalClusterViewGemini( 5719): isSimInserted(1), SimInserted=true
D/SignalClusterViewGemini( 5719): apply, mMobileVisible=true, mWifiVisible=true, mIsAirplaneMode=false
W/ResourceType( 5719): No package identifier when getting value for resource number 0x00000000
D/SignalClusterViewGemini( 5719): isSimInserted(0), SimInserted=true
D/SignalClusterViewGemini( 5719): isSimInserted(1), SimInserted=true
I/SurfaceTextureClient( 5719): [STC::queueBuffer] (this:0x5dd8ce08) fps:1.99, dur:1004.74, max:984.08, min:20.66
I/BufferQueue( 133): [StatusBar](this:0x43515e58,api:1) [queue] fps:1.99, dur:1004.48, max:983.78, min:20.69
I/BufferQueue( 133): [StatusBar](this:0x43515e58,api:1) [release] fps:1.98, dur:1012.15, max:995.01, min:17.14
I/SurfaceFlinger( 133): [SurfaceFlinger] fps:1.976594,dur:1011.84,max:994.71,min:17.14
D/WindowManager( 5535): interceptKeyTq keycode=4 screenIsOn=true keyguardActive=false policyFlags = #2000100 down =true canceled = false isWakeKey=false
V/Provider/Settings( 5535): get setting for user -2 by user 0 so skipping cache
V/SettingsProvider( 5535): access setting for user 0
D/SettingsProvider( 5535): call request for 0
V/SettingsProvider( 5535): call(system:haptic_feedback_enabled) for 0
D/SettingsProvider( 5535): lookupValue table system cache contains Key haptic_feedback_enabled , value = Bundle[{value=1}]
V/Provider/Settings( 5535): from db cache, name = haptic_feedback_enabled , value = 1
I/Provider/Settings( 5535): call-query of user -2 by 0 so not updating cache
D/PowerManagerService( 5535): acquireWakeLockInternal: lock=1112187920, flags=0x1, tag="*vibrator*", ws={WorkSource: uids=[1000]}, uid=1000, pid=5535
D/PowerManagerService( 5535): updateWakeLockSummaryLocked: mWakefulness=Awake, mWakeLockSummary=0x1
D/PowerManagerService( 5535): newScreenState = 2
D/PowerManagerDisplayController( 5535): requestPowerState: screenState=2, useProximitySensor=false, screenBrightness=255, screenAutoBrightnessAdjustment=0.0, useAutoBrightness=false, useEcoBrightness=false, blockScreenOn=false, waitForNegativeProximity=false
I/PowerManagerService( 5535): setBrightness mButtonLight 0.
D/PowerManagerService( 5535): updateScreenStateLocked: mDisplayReady=true, newScreenState=2, mWakefulness=1, mWakeLockSummary=0x1, mUserActivitySummary=0x1, mBootCompleted=true
D/dalvikvm( 5535): create interp thread : stack size=32KB
D/dalvikvm( 5535): create new thread
D/dalvikvm( 5535): new thread created
D/dalvikvm( 5535): update thread list
D/PowerManagerService( 5535): handleSandman: canDream=true, mWakefulness=Awake
D/dalvikvm( 5535): threadid=95: interp stack at 0x627f7000
D/dalvikvm( 5535): threadid=95: created from interp
D/dalvikvm( 5535): start new thread
D/PowerManagerService( 5535): userActivityFromNative
D/PowerManagerService( 5535): userActivityNoUpdateLocked: eventTime=10816750, event=1, flags=0x0, uid=1000
D/PowerManagerNotifier( 5535): onUserActivity: event=1, uid=1000
D/PowerManagerService( 5535): updateUserActivitySummaryLocked: mWakefulness=Awake, mUserActivitySummary=0x5, nextTimeout=10824750 (in 7993 ms)
D/PowerManagerService( 5535): newScreenState = 2
D/PowerManagerDisplayController( 5535): requestPowerState: screenState=2, useProximitySensor=false, screenBrightness=255, screenAutoBrightnessAdjustment=0.0, useAutoBrightness=false, useEcoBrightness=false, blockScreenOn=false, waitForNegativeProximity=false
D/LightsService( 5535): setLight_native: light=2, colorARGB=0xffffffff, flashMode=0, onMS=0, offMS=0, brightnessMode=0
D/lights ( 5535): write_int open fd=307
I/PowerManagerService( 5535): setBrightness mButtonLight, screenBrightness=255
D/PowerManagerService( 5535): updateScreenStateLocked: mDisplayReady=true, newScreenState=2, mWakefulness=1, mWakeLockSummary=0x1, mUserActivitySummary=0x5, mBootCompleted=true
D/PowerManagerService( 5535): handleSandman: canDream=true, mWakefulness=Awake
D/WindowManager( 5535): interceptKeyTi keyCode=4 down=true repeatCount=0 keyguardOn=false mHomePressed=false canceled=false
D/dalvikvm( 5535): threadid=95: notify debugger
D/dalvikvm( 5535): threadid=95 (Thread-3291): calling run()
V/Provider/Settings( 5783): from settings cache , name = pdp_watchdog_poll_interval_ms , value = null
D/WindowManager( 5535): interceptKeyTq keycode=4 screenIsOn=true keyguardActive=false policyFlags = #2000100 down =false canceled = false isWakeKey=false
D/WindowManager( 5535): interceptKeyTi keyCode=4 down=false repeatCount=0 keyguardOn=false mHomePressed=false canceled=false
D/PowerManagerService( 5535): releaseWakeLockInternal: lock=1112187920, flags=0x0
D/PowerManagerService( 5535): updateWakeLockSummaryLocked: mWakefulness=Awake, mWakeLockSummary=0x0
D/PowerManagerService( 5535): newScreenState = 2
D/PowerManagerDisplayController( 5535): requestPowerState: screenState=2, useProximitySensor=false, screenBrightness=255, screenAutoBrightnessAdjustment=0.0, useAutoBrightness=false, useEcoBrightness=false, blockScreenOn=false, waitForNegativeProximity=false
I/PowerManagerService( 5535): setBrightness mButtonLight, screenBrightness=255
D/PowerManagerService( 5535): updateScreenStateLocked: mDisplayReady=true, newScreenState=2, mWakefulness=1, mWakeLockSummary=0x0, mUserActivitySummary=0x5, mBootCompleted=true
D/dalvikvm( 5535): threadid=95: exiting
D/dalvikvm( 5535): threadid=95: bye!
D/PowerManagerService( 5535): handleSandman: canDream=true, mWakefulness=Awake
D/PowerManagerService( 5535): acquireWakeLockInternal: lock=1111143720, flags=0x1, tag="ActivityManager-Launch", ws=null, uid=1000, pid=5535
D/PowerManagerService( 5535): updateWakeLockSummaryLocked: mWakefulness=Awake, mWakeLockSummary=0x1
D/PowerManagerService( 5535): newScreenState = 2
D/PowerManagerDisplayController( 5535): requestPowerState: screenState=2, useProximitySensor=false, screenBrightness=255, screenAutoBrightnessAdjustment=0.0, useAutoBrightness=false, useEcoBrightness=false, blockScreenOn=false, waitForNegativeProximity=false
I/PowerManagerService( 5535): setBrightness mButtonLight, screenBrightness=255
D/PowerManagerService( 5535): updateScreenStateLocked: mDisplayReady=true, newScreenState=2, mWakefulness=1, mWakeLockSummary=0x1, mUserActivitySummary=0x5, mBootCompleted=true
D/PowerManagerService( 5535): handleSandman: canDream=true, mWakefulness=Awake
I/libPerfService( 5535): 1: set: 2
D/InputReader( 5535): InputReader:: getSwitchState lock
D/InputReader( 5535): InputReader::getStateLocked:: return
D/dalvikvm( 5535): create interp thread : stack size=32KB
D/dalvikvm( 5535): create new thread
D/dalvikvm( 5535): new thread created
D/dalvikvm( 5535): update thread list
D/dalvikvm( 5535): threadid=95: interp stack at 0x627f7000
D/dalvikvm( 5535): threadid=95: created from interp
D/dalvikvm( 5535): start new thread
D/dalvikvm( 5535): threadid=95: notify debugger
D/dalvikvm( 5535): threadid=95 (Thread-3292): calling run()
V/ActivityManager( 5535): Broadcast: Intent { act=notif_in_use_cancel flg=0x10 } ordered=false userid=0
D/dalvikvm( 5535): threadid=95: exiting
D/dalvikvm( 5535): threadid=95: bye!
V/Provider/Settings(25747): from settings cache , name = next_alarm_formatted , value =
I/BufferQueue( 133): [unnamed-133-716](this:0x43523f10,api:0) BufferQueue
I/BufferQueue( 133): [unnamed-133-716](this:0x43523f10,api:0) consumerConnect
I/BufferQueue( 133): [unnamed-133-716](this:0x43523f10,api:0) setConsumerName: unnamed-133-716
I/SurfaceTexture( 133): [unnamed-133-716](this:0x43525960,api:0) SurfaceTexture
I/BufferQueue( 133): [unnamed-133-716](this:0x43523f10,api:0) setSynchronousMode: enabled=1
I/BufferQueue( 133): [unnamed-133-716](this:0x43523f10,api:0) setDefaultBufferSize: w=1080, h=1920
I/BufferQueue( 133): [com.android.deskclock/com.android.deskclock.DeskClock](this:0x43523f10,api:0) setConsumerName: com.android.deskclock/com.android.deskclock.DeskClock
V/WindowManager( 5535): Changing focus from Window{42b926e8 u0 com.android.deskclock/com.android.deskclock.SettingsActivity} to Window{427d8240 u0 com.android.deskclock/com.android.deskclock.DeskClock}
I/WindowManager( 5535): Gaining focus: Window{427d8240 u0 com.android.deskclock/com.android.deskclock.DeskClock}
I/BufferQueue( 133): [com.android.deskclock/com.android.deskclock.DeskClock](this:0x43523f10,api:0) connect: api=1
I/BufferQueue( 133): [com.android.deskclock/com.android.deskclock.DeskClock](this:0x43523f10,api:1) setSynchronousMode: enabled=1
I/BufferQueue( 133): [com.android.deskclock/com.android.deskclock.DeskClock](this:0x43523f10,api:1) setSynchronousMode: enabled=1
I/BufferQueue( 133): [com.android.deskclock/com.android.deskclock.DeskClock](this:0x43523f10,api:1) new GraphicBuffer needed
D/BufferQueue( 133): [OLD] gb:NULL
I/GraphicBuffer( 133): allocate buffer (w:1088 h:1920 f:5) err(0)
I/BufferQueue( 133): [NEW] gb=0x4351ef20, handle=0x4324e5a0, w=1080, h=1920, s=1088, fmt=5
V/Provider/Settings(25747): from settings cache , name = time_12_24 , value = 24
V/Provider/Settings(25747): from settings cache , name = time_12_24 , value = 24
V/Provider/Settings(25747): from settings cache , name = time_12_24 , value = 24
V/Provider/Settings(25747): from settings cache , name = time_12_24 , value = 24
V/Provider/Settings(25747): from settings cache , name = time_12_24 , value = 24
V/Provider/Settings(25747): from settings cache , name = time_12_24 , value = 24
I/BufferQueue( 133): [com.android.deskclock/com.android.deskclock.DeskClock](this:0x43523f10,api:1) new GraphicBuffer needed
D/BufferQueue( 133): [OLD] gb:NULL
I/GraphicBuffer( 133): allocate buffer (w:1088 h:1920 f:5) err(0)
I/SurfaceTexture( 133): [com.android.deskclock/com.android.deskclock.DeskClock](this:0x43525960,api:1) [void* android::SurfaceTexture::createImage(EGLDisplay, const android::sp&)]
I/BufferQueue( 133): [NEW] gb=0x43255328, handle=0x4351f4b8, w=1080, h=1920, s=1088, fmt=5
D/SurfaceTexture( 133): GraphicBuffer: gb=0x4351ef20 handle=0x4324e5a0
D/SurfaceTexture( 133): EGLImage: dpy=0x1, img=0x43239db0
V/InputMethodManager(25747): onWindowFocus: android.widget.ListView{427c9660 VFED.VC. .F....I. 0,0-1080,1844 #7f0e0031 app:id/cities} softInputMode=16 first=true flags=#1810100
V/InputMethodManager(25747): START INPUT: android.widget.ListView{427c9660 VFED.VC. .F....I. 0,0-1080,1844 #7f0e0031 app:id/cities} ic=null tba=android.view.inputmethod.EditorInfo@428add70 controlFlags=#105
V/InputMethodManagerService( 5535): windowGainedFocus: android.os.BinderProxy@42fbce80 controlFlags=#105 softInputMode=#10 windowFlags=#1810100
V/InputMethodManager(25747): Starting input: Bind result=InputBindResult{com.android.internal.view.IInputMethodSession$Stub$Proxy@428ae690 org.pocketworkstation.pckeyboard/.LatinIME #341}
I/HK/LatinKeyboardBaseView( 5797): closing org.pocketworkstation.pckeyboard.LatinKeyboardView{423283b8 V.ED.... ......ID 0,0-1080,480 #1020026 android:id/keyboardView}
V/InputMethodManager(25747): focusOut: android.widget.ListView{438d3510 VFED.VC. .F...... 0,0-1080,1701 #102000a android:id/list} mServedView=android.widget.ListView{427c9660 VFED.VC. .F....ID 0,0-1080,1844 #7f0e0031 app:id/cities} winFocus=false
V/ActivityManager( 5535): Stopping ActivityRecord{426a6c80 u0 com.android.deskclock/.SettingsActivity}: nowVisible=true waitingVisible=true finishing=true
V/ActivityManager( 5535): Before stopping, can hide: ActivityRecord{426a6c80 u0 com.android.deskclock/.SettingsActivity}
I/BufferQueue( 133): [com.android.deskclock/com.android.deskclock.DeskClock](this:0x43523f10,api:1) new GraphicBuffer needed
D/BufferQueue( 133): [OLD] gb:NULL
I/SurfaceTexture( 133): [com.android.deskclock/com.android.deskclock.DeskClock](this:0x43525960,api:1) [void* android::SurfaceTexture::createImage(EGLDisplay, const android::sp&)]
D/SurfaceTexture( 133): GraphicBuffer: gb=0x43255328 handle=0x4351f4b8
D/SurfaceTexture( 133): EGLImage: dpy=0x1, img=0x4324e7e8
I/GraphicBuffer( 133): allocate buffer (w:1088 h:1920 f:5) err(0)
I/BufferQueue( 133): [NEW] gb=0x43239ed8, handle=0x43521490, w=1080, h=1920, s=1088, fmt=5
D/OpenGLRenderer(25747): Flushing caches (mode 0)
D/BufferQueue( 133): [com.android.deskclock/com.android.deskclock.SettingsActivity](this:0x43520a58,api:1) cancelBuffer: slot=3
I/BufferQueue( 133): [com.android.deskclock/com.android.deskclock.SettingsActivity](this:0x43520a58,api:1) disconnect: api=1
I/SurfaceTexture( 133): [com.android.deskclock/com.android.deskclock.SettingsActivity] [virtual android::status_t android::SurfaceTexture::forceAuxConversionLocked()] mCurrentTexture:2, mCurrentBuf:0x4351dc80
I/BufferQueue( 133): [com.android.deskclock/com.android.deskclock.SettingsActivity](this:0x43520a58,api:0) getReleasedBuffers: returning mask 0xffffffff
I/SurfaceTexture( 133): [com.android.deskclock/com.android.deskclock.SettingsActivity](this:0x43524948,api:0) destroying EGLImage dpy=0x1 img=0x43520258
I/SurfaceTexture( 133): [com.android.deskclock/com.android.deskclock.SettingsActivity](this:0x43524948,api:0) destroying EGLImage dpy=0x1 img=0x435203e8
I/SurfaceTexture( 133): [com.android.deskclock/com.android.deskclock.SettingsActivity](this:0x43524948,api:0) destroying EGLImage dpy=0x1 img=0x43521db0
I/SurfaceTexture( 133): [com.android.deskclock/com.android.deskclock.SettingsActivity](this:0x43524948,api:0) destroying EGLImage dpy=0x1 img=0x4351f2d8
D/dalvikvm( 5535): GC_CONCURRENT freed 4892K (48242), 22% free 29331K/37176K, paused 3ms+8ms, total 90ms
D/dalvikvm( 5535): WAIT_FOR_CONCURRENT_GC blocked 63ms
V/ActivityManager( 5535): Activity idle: Token{43a2b1a8 ActivityRecord{43a2b068 u0 com.android.deskclock/.DeskClock}}
I/libPerfService( 5535): 1: set: 1
D/PowerManagerService( 5535): releaseWakeLockInternal: lock=1111143720, flags=0x0
D/PowerManagerService( 5535): updateWakeLockSummaryLocked: mWakefulness=Awake, mWakeLockSummary=0x0
D/PowerManagerService( 5535): newScreenState = 2
D/PowerManagerDisplayController( 5535): requestPowerState: screenState=2, useProximitySensor=false, screenBrightness=255, screenAutoBrightnessAdjustment=0.0, useAutoBrightness=false, useEcoBrightness=false, blockScreenOn=false, waitForNegativeProximity=false
I/PowerManagerService( 5535): setBrightness mButtonLight, screenBrightness=255
D/PowerManagerService( 5535): updateScreenStateLocked: mDisplayReady=true, newScreenState=2, mWakefulness=1, mWakeLockSummary=0x0, mUserActivitySummary=0x5, mBootCompleted=true
D/PowerManagerService( 5535): handleSandman: canDream=true, mWakefulness=Awake
V/ActivityManager( 5535): Stopping ActivityRecord{426a6c80 u0 com.android.deskclock/.SettingsActivity}: nowVisible=true waitingVisible=false finishing=true
V/ActivityManager( 5535): Ready to stop: ActivityRecord{426a6c80 u0 com.android.deskclock/.SettingsActivity}
I/BufferQueue( 133): [com.android.deskclock/com.android.deskclock.SettingsActivity](this:0x43520a58,api:0) consumerDisconnect
I/BufferQueue( 133): [com.android.deskclock/com.android.deskclock.SettingsActivity](this:0x43520a58,api:0) ~BufferQueue
D/OpenGLRenderer(25747): Flushing caches (mode 0)
D/IPCThreadState( 5535): [DN #5] BR_CLEAR_DEATH_NOTIFICATION_DONE cookie 0x62c6e8a0
I/BufferQueue( 133): [com.android.deskclock/com.android.deskclock.DeskClock](this:0x43523f10,api:1) new GraphicBuffer needed
D/BufferQueue( 133): [OLD] gb:NULL
I/GraphicBuffer( 133): allocate buffer (w:1088 h:1920 f:5) err(0)
I/SurfaceTexture( 133): [com.android.deskclock/com.android.deskclock.DeskClock](this:0x43525960,api:1) [void* android::SurfaceTexture::createImage(EGLDisplay, const android::sp&)]
I/BufferQueue( 133): [NEW] gb=0x4351f580, handle=0x43254ad8, w=1080, h=1920, s=1088, fmt=5
D/SurfaceTexture( 133): GraphicBuffer: gb=0x43239ed8 handle=0x43521490
D/SurfaceTexture( 133): EGLImage: dpy=0x1, img=0x43521db0
D/NetworkControllerGemini( 5719): refreshViews(0), DataConnected=false simColorId = 0
D/NetworkControllerGemini( 5719): refreshViews(0), set parameters to signal cluster view.
D/NetworkControllerGemini( 5719): refreshViews(0), tempPhoneSignalIconId.0 = 2130837955 tempPhoneSignalIconId.1 = 0 tempMobileActivityIconId= 0 tempDataTypeIconId= 2130837873
D/SignalClusterViewGemini( 5719): setMobileDataIndicators(0), visible=true, strengthIcon[0] ~ [1] 2130837955 ~ 0
D/SignalClusterViewGemini( 5719): isSimInserted(0), SimInserted=true
D/SignalClusterViewGemini( 5719): isSimInserted(1), SimInserted=true
D/NetworkControllerGemini( 5719): refreshViews(0), tempPhoneSignalIconId.0 = 2130837955 tempPhoneSignalIconId.1 = 0 tempMobileActivityIconId= 0 tempDataTypeIconId= 2130837873
D/SignalClusterViewGemini( 5719): setShowSimIndicator(0), showSimIndicator=false simIndicatorResource = 0
D/SignalClusterViewGemini( 5719): setDataConnected(0), dataConnected=false
D/SignalClusterViewGemini( 5719): setDataNetType3G(0), dataNetType=Type_3G
D/SignalClusterViewGemini( 5719): apply : mShowSimIndicator = false mSimIndicatorResource = 0 mShowSimIndicatorGemini = false mSimIndicatorResourceGemini = 0
D/SignalClusterViewGemini( 5719): apply, mMobileVisible=true mMobileActivityId=0 mMobileTypeId=2130837873 mMobileStrengthId[0] = 2130837955 mMobileStrengthId[1] = 0
D/SignalClusterViewGemini( 5719): isSimInserted(0), SimInserted=true
D/SignalClusterViewGemini( 5719): mDataNetType =Type_3G resId= 0 simColorId = 0
D/SignalClusterViewGemini( 5719): apply, mMobileVisibleGemini=true mMobileActivityIdGemini=0 mMobileTypeIdGemini=0 mMobileStrengthIdGemini[0] = 2130837938 mMobileStrengthIdGemini[1] = 0
D/SignalClusterViewGemini( 5719): isSimInserted(1), SimInserted=true
D/SignalClusterViewGemini( 5719): apply, mMobileVisible=true, mWifiVisible=true, mIsAirplaneMode=false
W/ResourceType( 5719): No package identifier when getting value for resource number 0x00000000
W/ResourceType( 5719): No package identifier when getting value for resource number 0x00000000
D/SignalClusterViewGemini( 5719): isSimInserted(0), SimInserted=true
D/SignalClusterViewGemini( 5719): isSimInserted(1), SimInserted=true
D/NetworkControllerGemini( 5719): refreshViews(1), DataConnected=false simColorId = 2
D/SignalClusterViewGemini( 5719): setShowSimIndicator(1), showSimIndicator=false simIndicatorResource = 0
D/SignalClusterViewGemini( 5719): setDataConnected(1), dataConnected=false
D/SignalClusterViewGemini( 5719): setDataNetType3G(1), dataNetType=Type_G
D/SignalClusterViewGemini( 5719): apply : mShowSimIndicator = false mSimIndicatorResource = 0 mShowSimIndicatorGemini = false mSimIndicatorResourceGemini = 0
D/SignalClusterViewGemini( 5719): apply, mMobileVisible=true mMobileActivityId=0 mMobileTypeId=2130837873 mMobileStrengthId[0] = 2130837955 mMobileStrengthId[1] = 0
D/SignalClusterViewGemini( 5719): isSimInserted(0), SimInserted=true
D/SignalClusterViewGemini( 5719): mDataNetType =Type_3G resId= 0 simColorId = 0
D/SignalClusterViewGemini( 5719): apply, mMobileVisibleGemini=true mMobileActivityIdGemini=0 mMobileTypeIdGemini=0 mMobileStrengthIdGemini[0] = 2130837938 mMobileStrengthIdGemini[1] = 0
D/SignalClusterViewGemini( 5719): isSimInserted(1), SimInserted=true
D/SignalClusterViewGemini( 5719): apply, mMobileVisible=true, mWifiVisible=true, mIsAirplaneMode=false
W/ResourceType( 5719): No package identifier when getting value for resource number 0x00000000
W/ResourceType( 5719): No package identifier when getting value for resource number 0x00000000
D/SignalClusterViewGemini( 5719): isSimInserted(0), SimInserted=true
D/SignalClusterViewGemini( 5719): isSimInserted(1), SimInserted=true
I/SurfaceTextureClient( 5719): [STC::queueBuffer] (this:0x5dd8ce08) fps:1.99, dur:1002.78, max:978.45, min:24.33
I/BufferQueue( 133): [StatusBar](this:0x43515e58,api:1) [queue] fps:1.99, dur:1002.79, max:978.29, min:24.50
V/Provider/Settings( 5783): from settings cache , name = pdp_watchdog_poll_interval_ms , value = null
D/StateMachine( 5535): handleMessage: E msg.what=131155
D/StateMachine( 5535): processMsg: ConnectedState
D/WifiStateMachine( 5535): ConnectedState{ what=131155 when=-3ms arg1=30 target=Handler (com.android.internal.util.StateMachine$SmHandler) {4277a800} }
D/StateMachine( 5535): processMsg: L2ConnectedState
D/WifiStateMachine( 5535): L2ConnectedState{ what=131155 when=-3ms arg1=30 target=Handler (com.android.internal.util.StateMachine$SmHandler) {4277a800} }
D/WifiNative-wlan0( 5535): doString: SIGNAL_POLL
D/WifiCommon( 5535): [wlan0] SET "SIGNAL_POLL"
D/wpa_supplicant( 5621): RX ctrl_iface - hexdump(len=11): 53 49 47 4e 41 4c 5f 50 4f 4c 4c
D/wpa_supplicant( 5621): wlan0: Control interface command 'SIGNAL_POLL'
D/wpa_supplicant( 5621): nl80211: survey data missing!
I/WifiStateMachine( 5535): fetchRssiAndLinkSpeedNative, newRssi:-74, newLinkSpeed:52
D/StateMachine( 5535): handleMessage: X
I/SurfaceTextureClient(25747): [STC::queueBuffer] (this:0x5eda7318) fps:2.92, dur:1027.91, max:732.24, min:58.22
I/BufferQueue( 133): [com.android.deskclock/com.android.deskclock.DeskClock](this:0x43523f10,api:1) [queue] fps:2.92, dur:1027.91, max:732.18, min:58.25
I/SurfaceTexture( 133): [com.android.deskclock/com.android.deskclock.DeskClock](this:0x43525960,api:1) [void* android::SurfaceTexture::createImage(EGLDisplay, const android::sp&)]
D/SurfaceTexture( 133): GraphicBuffer: gb=0x4351f580 handle=0x43254ad8
D/SurfaceTexture( 133): EGLImage: dpy=0x1, img=0x43521f18
I/SurfaceFlinger( 133): [SurfaceFlinger] fps:6.239089,dur:1602.80,max:607.24,min:17.09
D/dalvikvm(25747): GC_CONCURRENT freed 4333K (68641), 20% free 22867K/28308K, paused 1ms+4ms, total 30ms
I/BufferQueue( 133): [com.android.deskclock/com.android.deskclock.DeskClock](this:0x43523f10,api:1) [release] fps:2.99, dur:1003.18, max:720.01, min:34.07
D/NetworkControllerGemini( 5719): PhoneStateListener:onSignalStrengthsChanged, sim1 before.
D/NetworkControllerGemini( 5719): PhoneStateListener:onSignalStrengthsChanged, signalStrength=4
D/NetworkControllerGemini( 5719): updateDataNetType(0), DataNetType=3.
D/NetworkControllerGemini( 5719): updateDataNetType(0), simColorId=0
D/TelephonyManagerEx( 5719): isNetworkRoaming
D/NetworkControllerGemini( 5719): updateDataNetType(0), DataNetType3G=Type_3G tempDataTypeIconId= 2130837873.
V/ActivityManager( 5535): Broadcast sticky: Intent { act=android.intent.action.SIG_STR flg=0x10 (has extras) } ordered=false userid=-1
D/NetworkControllerGemini( 5719): isSimInserted(0), SimInserted=true
D/NetworkControllerGemini( 5719): updateTelephonySignalStrength(0), regState=1
D/NetworkControllerGemini( 5719): updateTelephonySignalStrength(0), hasService=true
D/TelephonyManagerEx( 5719): isNetworkRoaming
D/NetworkControllerGemini( 5719): updateTelephonySignalStrength(0), isRoaming=false, mInetCondition=1
D/NetworkControllerGemini( 5719): updateTelephonySignalStrength(0), simColorId=0
D/NetworkControllerGemini( 5719): updateTelephonySignalStrength(0), tempDataNetType = Type_3G , simColorId=0 tempPhoneSignalIconId[0] = 2130837955 tempPhoneSignalIconId[1] = 0
D/NetworkControllerGemini( 5719): updateTelephonySignalStrength(0) tempSIMCUSignVisible= true
D/NetworkControllerGemini( 5719): updateTelephonySignalStrength(0) mSIMCUSignVisible = true
D/NetworkControllerGemini( 5719): updateTelephonySignalStrength(0) mSIMCUSignVisible = true
D/TelephonyManager( 5892): getDefaultSim is sim1
D/NetworkControllerGemini( 5719): refreshViews(0), DataConnected=false simColorId = 0
D/SignalClusterViewGemini( 5719): setShowSimIndicator(0), showSimIndicator=false simIndicatorResource = 0
D/SignalClusterViewGemini( 5719): setDataConnected(0), dataConnected=false
D/SignalClusterViewGemini( 5719): setDataNetType3G(0), dataNetType=Type_3G
D/Bluetooth HS/HF( 5783): [BT][HFG] [API] mStateReceiver.onReceive(android.intent.action.SIG_STR)
D/Bluetooth HS/HF( 5783): [BT][HFG] [API] mHandler.handleMessage(10)
D/TelephonyManager( 5892): getDefaultSim is sim1
D/SignalClusterViewGemini( 5719): apply : mShowSimIndicator = false mSimIndicatorResource = 0 mShowSimIndicatorGemini = false mSimIndicatorResourceGemini = 0
D/SignalClusterViewGemini( 5719): apply, mMobileVisible=true mMobileActivityId=0 mMobileTypeId=2130837873 mMobileStrengthId[0] = 2130837955 mMobileStrengthId[1] = 0
D/SignalClusterViewGemini( 5719): isSimInserted(0), SimInserted=true
D/SignalClusterViewGemini( 5719): mDataNetType =Type_3G resId= 0 simColorId = 0
D/SignalClusterViewGemini( 5719): apply, mMobileVisibleGemini=true mMobileActivityIdGemini=0 mMobileTypeIdGemini=0 mMobileStrengthIdGemini[0] = 2130837938 mMobileStrengthIdGemini[1] = 0
D/SignalClusterViewGemini( 5719): isSimInserted(1), SimInserted=true
D/SignalClusterViewGemini( 5719): apply, mMobileVisible=true, mWifiVisible=true, mIsAirplaneMode=false
W/ResourceType( 5719): No package identifier when getting value for resource number 0x00000000
W/ResourceType( 5719): No package identifier when getting value for resource number 0x00000000
D/SignalClusterViewGemini( 5719): isSimInserted(0), SimInserted=true
D/SignalClusterViewGemini( 5719): isSimInserted(1), SimInserted=true
D/NetworkControllerGemini( 5719): PhoneStateListener:onSignalStrengthsChanged, sim1 after.
I/BufferQueue( 133): [StatusBar](this:0x43515e58,api:1) [release] fps:1.80, dur:1664.30, max:978.20, min:17.13
V/Provider/Settings( 5783): from settings cache , name = pdp_watchdog_poll_interval_ms , value = null
I/SurfaceTextureClient(25747): [STC::queueBuffer] (this:0x5eda7318) fps:16.19, dur:1049.72, max:758.64, min:7.62
I/BufferQueue( 133): [com.android.deskclock/com.android.deskclock.DeskClock](this:0x43523f10,api:1) [queue] fps:16.19, dur:1050.05, max:759.02, min:7.56
I/BufferQueue( 133): [com.android.deskclock/com.android.deskclock.DeskClock](this:0x43523f10,api:1) [release] fps:15.80, dur:1012.38, max:755.17, min:17.07
I/SurfaceFlinger( 133): [SurfaceFlinger] fps:17.208469,dur:1046.00,max:658.77,min:11.82
I/SurfaceTextureClient( 5719): [STC::queueBuffer] (this:0x5dd8ce08) fps:1.50, dur:2005.16, max:1018.49, min:324.21
I/BufferQueue( 133): [StatusBar](this:0x43515e58,api:1) [queue] fps:1.50, dur:2005.41, max:1018.92, min:324.23
I/BufferQueue( 133): [StatusBar](this:0x43515e58,api:1) [release] fps:1.49, dur:1338.33, max:1012.60, min:325.73
V/Provider/Settings( 5783): from settings cache , name = pdp_watchdog_poll_interval_ms , value = null
I/SurfaceTextureClient(25747): [STC::queueBuffer] (this:0x5eda7318) fps:1.98, dur:1012.31, max:772.16, min:240.15
I/BufferQueue( 133): [com.android.deskclock/com.android.deskclock.DeskClock](this:0x43523f10,api:1) [queue] fps:1.98, dur:1012.31, max:772.26, min:240.05
I/BufferQueue( 133): [com.android.deskclock/com.android.deskclock.DeskClock](this:0x43523f10,api:1) [release] fps:1.98, dur:1012.40, max:772.20, min:240.20
I/SurfaceFlinger( 133): [SurfaceFlinger] fps:2.963291,dur:1012.39,max:658.25,min:113.90
D/Settings/BW(24502): ReadCodeTask:file size: 4096
V/Provider/Settings( 5783): from settings cache , name = pdp_watchdog_poll_interval_ms , value = null
D/StateMachine( 5535): handleMessage: E msg.what=131155
D/StateMachine( 5535): processMsg: ConnectedState
D/WifiStateMachine( 5535): ConnectedState{ what=131155 when=-4ms arg1=30 target=Handler (com.android.internal.util.StateMachine$SmHandler) {4277a800} }
D/StateMachine( 5535): processMsg: L2ConnectedState
D/WifiStateMachine( 5535): L2ConnectedState{ what=131155 when=-4ms arg1=30 target=Handler (com.android.internal.util.StateMachine$SmHandler) {4277a800} }
D/WifiNative-wlan0( 5535): doString: SIGNAL_POLL
D/WifiCommon( 5535): [wlan0] SET "SIGNAL_POLL"
D/wpa_supplicant( 5621): RX ctrl_iface - hexdump(len=11): 53 49 47 4e 41 4c 5f 50 4f 4c 4c
D/wpa_supplicant( 5621): wlan0: Control interface command 'SIGNAL_POLL'
D/wpa_supplicant( 5621): nl80211: survey data missing!
I/WifiStateMachine( 5535): fetchRssiAndLinkSpeedNative, newRssi:-74, newLinkSpeed:52
D/StateMachine( 5535): handleMessage: X
I/SurfaceTextureClient(25747): [STC::queueBuffer] (this:0x5eda7318) fps:2.43, dur:1235.36, max:772.58, min:222.83
I/BufferQueue( 133): [com.android.deskclock/com.android.deskclock.DeskClock](this:0x43523f10,api:1) [queue] fps:2.43, dur:1235.33, max:772.62, min:222.72
I/BufferQueue( 133): [com.android.deskclock/com.android.deskclock.DeskClock](this:0x43523f10,api:1) [release] fps:2.43, dur:1235.72, max:772.43, min:223.04
I/SurfaceFlinger( 133): [SurfaceFlinger] fps:3.237811,dur:1235.40,max:658.35,min:114.18
I/SurfaceTextureClient( 5719): [STC::queueBuffer] (this:0x5dd8ce08) fps:1.00, dur:1990.80, max:995.60, min:995.20
I/BufferQueue( 133): [StatusBar](this:0x43515e58,api:1) [queue] fps:1.00, dur:1990.79, max:995.47, min:995.32
I/BufferQueue( 133): [StatusBar](this:0x43515e58,api:1) [release] fps:1.00, dur:1990.69, max:995.43, min:995.26
V/Provider/Settings( 5783): from settings cache , name = pdp_watchdog_poll_interval_ms , value = null
D/NetworkControllerGemini( 5719): refreshViews(0), DataConnected=false simColorId = 0
D/NetworkControllerGemini( 5719): refreshViews(0), set parameters to signal cluster view.
D/NetworkControllerGemini( 5719): refreshViews(0), tempPhoneSignalIconId.0 = 2130837955 tempPhoneSignalIconId.1 = 0 tempMobileActivityIconId= 0 tempDataTypeIconId= 2130837873
D/SignalClusterViewGemini( 5719): setMobileDataIndicators(0), visible=true, strengthIcon[0] ~ [1] 2130837955 ~ 0
D/SignalClusterViewGemini( 5719): isSimInserted(0), SimInserted=true
D/SignalClusterViewGemini( 5719): isSimInserted(1), SimInserted=true
D/NetworkControllerGemini( 5719): refreshViews(0), tempPhoneSignalIconId.0 = 2130837955 tempPhoneSignalIconId.1 = 0 tempMobileActivityIconId= 0 tempDataTypeIconId= 2130837873
D/SignalClusterViewGemini( 5719): setShowSimIndicator(0), showSimIndicator=false simIndicatorResource = 0
D/SignalClusterViewGemini( 5719): setDataConnected(0), dataConnected=false
D/SignalClusterViewGemini( 5719): setDataNetType3G(0), dataNetType=Type_3G
D/SignalClusterViewGemini( 5719): apply : mShowSimIndicator = false mSimIndicatorResource = 0 mShowSimIndicatorGemini = false mSimIndicatorResourceGemini = 0
D/SignalClusterViewGemini( 5719): apply, mMobileVisible=true mMobileActivityId=0 mMobileTypeId=2130837873 mMobileStrengthId[0] = 2130837955 mMobileStrengthId[1] = 0
D/SignalClusterViewGemini( 5719): isSimInserted(0), SimInserted=true
D/SignalClusterViewGemini( 5719): mDataNetType =Type_3G resId= 0 simColorId = 0
D/SignalClusterViewGemini( 5719): apply, mMobileVisibleGemini=true mMobileActivityIdGemini=0 mMobileTypeIdGemini=0 mMobileStrengthIdGemini[0] = 2130837938 mMobileStrengthIdGemini[1] = 0
D/SignalClusterViewGemini( 5719): isSimInserted(1), SimInserted=true
D/SignalClusterViewGemini( 5719): apply, mMobileVisible=true, mWifiVisible=true, mIsAirplaneMode=false
W/ResourceType( 5719): No package identifier when getting value for resource number 0x00000000
D/SignalClusterViewGemini( 5719): isSimInserted(0), SimInserted=true
D/SignalClusterViewGemini( 5719): isSimInserted(1), SimInserted=true
D/NetworkControllerGemini( 5719): refreshViews(1), DataConnected=false simColorId = 2
D/SignalClusterViewGemini( 5719): setShowSimIndicator(1), showSimIndicator=false simIndicatorResource = 0
D/SignalClusterViewGemini( 5719): setDataConnected(1), dataConnected=false
D/SignalClusterViewGemini( 5719): setDataNetType3G(1), dataNetType=Type_G
D/SignalClusterViewGemini( 5719): apply : mShowSimIndicator = false mSimIndicatorResource = 0 mShowSimIndicatorGemini = false mSimIndicatorResourceGemini = 0
D/SignalClusterViewGemini( 5719): apply, mMobileVisible=true mMobileActivityId=0 mMobileTypeId=2130837873 mMobileStrengthId[0] = 2130837955 mMobileStrengthId[1] = 0
D/SignalClusterViewGemini( 5719): isSimInserted(0), SimInserted=true
D/SignalClusterViewGemini( 5719): mDataNetType =Type_3G resId= 0 simColorId = 0
D/SignalClusterViewGemini( 5719): apply, mMobileVisibleGemini=true mMobileActivityIdGemini=0 mMobileTypeIdGemini=0 mMobileStrengthIdGemini[0] = 2130837938 mMobileStrengthIdGemini[1] = 0
D/SignalClusterViewGemini( 5719): isSimInserted(1), SimInserted=true
D/SignalClusterViewGemini( 5719): apply, mMobileVisible=true, mWifiVisible=true, mIsAirplaneMode=false
W/ResourceType( 5719): No package identifier when getting value for resource number 0x00000000
D/SignalClusterViewGemini( 5719): isSimInserted(0), SimInserted=true
D/SignalClusterViewGemini( 5719): isSimInserted(1), SimInserted=true
I/SurfaceTextureClient( 5719): [STC::queueBuffer] (this:0x5dd8ce08) fps:0.99, dur:1007.20, max:1007.20, min:1007.20
I/BufferQueue( 133): [StatusBar](this:0x43515e58,api:1) [queue] fps:0.99, dur:1006.99, max:1006.99, min:1006.99
I/BufferQueue( 133): [StatusBar](this:0x43515e58,api:1) [release] fps:0.99, dur:1012.65, max:1012.65, min:1012.65
I/SurfaceFlinger( 133): [SurfaceFlinger] fps:3.605430,dur:1109.44,max:676.09,min:97.04
V/Provider/Settings( 5783): from settings cache , name = pdp_watchdog_poll_interval_ms , value = null
I/SurfaceTextureClient(25747): [STC::queueBuffer] (this:0x5eda7318) fps:1.70, dur:1768.47, max:773.25, min:223.55
I/BufferQueue( 133): [com.android.deskclock/com.android.deskclock.DeskClock](this:0x43523f10,api:1) [queue] fps:1.70, dur:1768.45, max:773.15, min:223.56
I/BufferQueue( 133): [com.android.deskclock/com.android.deskclock.DeskClock](this:0x43523f10,api:1) [release] fps:1.70, dur:1768.05, max:772.62, min:223.09
D/NetworkControllerGemini( 5719): PhoneStateListener:onSignalStrengthsChanged, sim1 before.
D/NetworkControllerGemini( 5719): PhoneStateListener:onSignalStrengthsChanged, signalStrength=3
D/NetworkControllerGemini( 5719): updateDataNetType(0), DataNetType=3.
D/NetworkControllerGemini( 5719): updateDataNetType(0), simColorId=0
D/TelephonyManagerEx( 5719): isNetworkRoaming
D/NetworkControllerGemini( 5719): updateDataNetType(0), DataNetType3G=Type_3G tempDataTypeIconId= 2130837873.
D/NetworkControllerGemini( 5719): isSimInserted(0), SimInserted=true
D/NetworkControllerGemini( 5719): updateTelephonySignalStrength(0), regState=1
D/NetworkControllerGemini( 5719): updateTelephonySignalStrength(0), hasService=true
D/TelephonyManagerEx( 5719): isNetworkRoaming
D/NetworkControllerGemini( 5719): updateTelephonySignalStrength(0), isRoaming=false, mInetCondition=1
D/NetworkControllerGemini( 5719): updateTelephonySignalStrength(0), simColorId=0
D/NetworkControllerGemini( 5719): updateTelephonySignalStrength(0), tempDataNetType = Type_3G , simColorId=0 tempPhoneSignalIconId[0] = 2130837950 tempPhoneSignalIconId[1] = 0
D/NetworkControllerGemini( 5719): updateTelephonySignalStrength(0) tempSIMCUSignVisible= true
D/NetworkControllerGemini( 5719): updateTelephonySignalStrength(0) mSIMCUSignVisible = true
D/NetworkControllerGemini( 5719): updateTelephonySignalStrength(0) mSIMCUSignVisible = true
D/NetworkControllerGemini( 5719): refreshViews(0), DataConnected=false simColorId = 0
D/NetworkControllerGemini( 5719): refreshViews(0), set parameters to signal cluster view.
D/NetworkControllerGemini( 5719): refreshViews(0), tempPhoneSignalIconId.0 = 2130837950 tempPhoneSignalIconId.1 = 0 tempMobileActivityIconId= 0 tempDataTypeIconId= 2130837873
D/SignalClusterViewGemini( 5719): setMobileDataIndicators(0), visible=true, strengthIcon[0] ~ [1] 2130837950 ~ 0
V/ActivityManager( 5535): Broadcast sticky: Intent { act=android.intent.action.SIG_STR flg=0x10 (has extras) } ordered=false userid=-1
D/SignalClusterViewGemini( 5719): isSimInserted(0), SimInserted=true
D/Bluetooth HS/HF( 5783): [BT][HFG] [API] mStateReceiver.onReceive(android.intent.action.SIG_STR)
D/Bluetooth HS/HF( 5783): [BT][HFG] [API] mHandler.handleMessage(10)
D/SignalClusterViewGemini( 5719): isSimInserted(1), SimInserted=true
D/NetworkControllerGemini( 5719): refreshViews(0), tempPhoneSignalIconId.0 = 2130837950 tempPhoneSignalIconId.1 = 0 tempMobileActivityIconId= 0 tempDataTypeIconId= 2130837873
D/SignalClusterViewGemini( 5719): setShowSimIndicator(0), showSimIndicator=false simIndicatorResource = 0
D/SignalClusterViewGemini( 5719): setDataConnected(0), dataConnected=false
D/SignalClusterViewGemini( 5719): setDataNetType3G(0), dataNetType=Type_3G
D/SignalClusterViewGemini( 5719): apply : mShowSimIndicator = false mSimIndicatorResource = 0 mShowSimIndicatorGemini = false mSimIndicatorResourceGemini = 0
D/skia ( 5719): Flag is not 10
D/SignalClusterViewGemini( 5719): apply, mMobileVisible=true mMobileActivityId=0 mMobileTypeId=2130837873 mMobileStrengthId[0] = 2130837950 mMobileStrengthId[1] = 0
D/SignalClusterViewGemini( 5719): isSimInserted(0), SimInserted=true
D/SignalClusterViewGemini( 5719): mDataNetType =Type_3G resId= 0 simColorId = 0
D/SignalClusterViewGemini( 5719): apply, mMobileVisibleGemini=true mMobileActivityIdGemini=0 mMobileTypeIdGemini=0 mMobileStrengthIdGemini[0] = 2130837938 mMobileStrengthIdGemini[1] = 0
D/SignalClusterViewGemini( 5719): isSimInserted(1), SimInserted=true
D/SignalClusterViewGemini( 5719): apply, mMobileVisible=true, mWifiVisible=true, mIsAirplaneMode=false
D/TelephonyManager( 5892): getDefaultSim is sim1
D/skia ( 5719): Flag is not 10
W/ResourceType( 5719): No package identifier when getting value for resource number 0x00000000
D/SignalClusterViewGemini( 5719): isSimInserted(0), SimInserted=true
D/SignalClusterViewGemini( 5719): isSimInserted(1), SimInserted=true
D/NetworkControllerGemini( 5719): PhoneStateListener:onSignalStrengthsChanged, sim1 after.
D/TelephonyManager( 5892): getDefaultSim is sim1
D/NetworkControllerGemini( 5719): refreshViews(0), DataConnected=false simColorId = 0
D/NetworkControllerGemini( 5719): refreshViews(0), set parameters to signal cluster view.
D/NetworkControllerGemini( 5719): refreshViews(0), tempPhoneSignalIconId.0 = 2130837950 tempPhoneSignalIconId.1 = 0 tempMobileActivityIconId= 0 tempDataTypeIconId= 2130837873
D/SignalClusterViewGemini( 5719): setMobileDataIndicators(0), visible=true, strengthIcon[0] ~ [1] 2130837950 ~ 0
D/SignalClusterViewGemini( 5719): isSimInserted(0), SimInserted=true
D/SignalClusterViewGemini( 5719): isSimInserted(1), SimInserted=true
D/NetworkControllerGemini( 5719): refreshViews(0), tempPhoneSignalIconId.0 = 2130837950 tempPhoneSignalIconId.1 = 0 tempMobileActivityIconId= 0 tempDataTypeIconId= 2130837873
D/SignalClusterViewGemini( 5719): setShowSimIndicator(0), showSimIndicator=false simIndicatorResource = 0
D/SignalClusterViewGemini( 5719): setDataConnected(0), dataConnected=false
