D/OpenCVEngine( 9993): Fixing permissions for folder: "/data/app-lib/org.opencv.lib_v24_armv7a-1"
D/OpenCVEngine( 9993): Fix permissions for "."
D/OpenCVEngine( 9993): Fix permissions for ".."
D/OpenCVEngine( 9993): Fix permissions for "libopencv_java.so"
D/OpenCVEngine( 9993): Fix permissions for "libnative_camera_r4.4.0.so"
D/OpenCVEngine( 9993): Fix permissions for "libnative_camera_r2.3.3.so"
D/OpenCVEngine( 9993): Fix permissions for "libnative_camera_r4.2.0.so"
D/OpenCVEngine( 9993): Fix permissions for "libnative_camera_r4.3.0.so"
D/OpenCVEngine( 9993): Fix permissions for "libnative_camera_r2.2.0.so"
D/OpenCVEngine( 9993): Fix permissions for "libnative_camera_r4.0.0.so"
D/OpenCVEngine( 9993): Fix permissions for "libnative_camera_r4.0.3.so"
D/OpenCVEngine( 9993): Fix permissions for "libnative_camera_r4.1.1.so"
D/OpenCVEngine( 9993): Fix permissions for "libnative_camera_r3.0.1.so"
D/OpenCVManager/Helper(12169): Trying to get library list
D/OpenCVEngine( 9993): OpenCVEngine::OnTransact(4,16)
D/OpenCVEngine( 9993): OpenCVEngine OCVE_GET_LIB_LIST request
D/OpenCVEngine( 9993): OpenCVEngine::GetLibraryList(2.4.3)
D/OpenCVEngine( 9993): PackageInfo::PackageInfo: package arch ARMv7
D/JavaBasedPackageManager( 9993): JavaBasedPackageManager::GetInstalledPackages() begin
D/JavaBasedPackageManager( 9993): Package info conversion
D/OpenCVEngine( 9993): PackageInfo::PackageInfo("org.opencv.engine", "/data/app-lib/org.opencv.engine-1", "2.16")
D/OpenCVEngine( 9993): Trying to load info library "/data/app-lib/org.opencv.engine-1/libopencv_info.so"
I/OpenCVEngine( 9993): OpenCV package "org.opencv.lib_v24_armv5" revision "8.0.1" found
D/OpenCVEngine( 9993): PackageInfo::PackageInfo("org.opencv.lib_v24_armv7a", "/data/app-lib/org.opencv.lib_v24_armv7a-1", "8.0.1")
D/JavaBasedPackageManager( 9993): JavaBasedPackageManager::GetInstalledPackages() end
D/CommonPackageManager( 9993): Check version "2040300" compatibility with "2040800"
D/CommonPackageManager( 9993): Compatible
D/CommonPackageManager( 9993): Check version "2040300" compatibility with "2040800"
D/CommonPackageManager( 9993): Compatible
D/CommonPackageManager( 9993): !!! Calculating rating for ARM
D/CommonPackageManager( 9993): Checking (0, 67108864) against (0,268435470)
D/CommonPackageManager( 9993): Checking (0, 134217728) against (0,268435470)
D/CommonPackageManager( 9993): Checking (0, 134217729) against (0,268435470)
D/CommonPackageManager( 9993): Checking (0, 134217730) against (0,268435470)
D/CommonPackageManager( 9993): Checking (0, 134217731) against (0,268435470)
D/CommonPackageManager( 9993): Checking (0, 268435456) against (0,268435470)
D/CommonPackageManager( 9993): Checking (0, 268435457) against (0,268435470)
D/CommonPackageManager( 9993): Checking (2, 268435457) against (0,268435470)
D/CommonPackageManager( 9993): Checking (0, 268435458) against (0,268435470)
D/CommonPackageManager( 9993): Checking (0, 268435459) against (0,268435470)
D/CommonPackageManager( 9993): Checking (0, 268435464) against (0,268435470)
D/CommonPackageManager( 9993): Checking (0, 268435465) against (0,268435470)
D/CommonPackageManager( 9993): Checking (0, 268435466) against (0,268435470)
D/CommonPackageManager( 9993): Checking (0, 268435467) against (0,268435470)
D/CommonPackageManager( 9993): Checking (0, 268435468) against (0,268435470)
D/CommonPackageManager( 9993): Checking (0, 268435470) against (0,268435470)
D/CommonPackageManager( 9993): Rating found: 15
D/CommonPackageManager( 9993): Current hardware platform rating 15 for (0,268435470)
D/CommonPackageManager( 9993): !!! Calculating rating for ARM
D/CommonPackageManager( 9993): Checking (0, 67108864) against (0,67108864)
D/CommonPackageManager( 9993): Rating found: 0
D/CommonPackageManager( 9993): Package "org.opencv.lib_v24_armv5" rating 0 for (0,67108864)
D/CommonPackageManager( 9993): !!! Calculating rating for ARM
D/CommonPackageManager( 9993): Checking (0, 67108864) against (0,268435456)
D/CommonPackageManager( 9993): Checking (0, 134217728) against (0,268435456)
D/CommonPackageManager( 9993): Checking (0, 134217729) against (0,268435456)
D/CommonPackageManager( 9993): Checking (0, 134217730) against (0,268435456)
D/CommonPackageManager( 9993): Checking (0, 134217731) against (0,268435456)
D/CommonPackageManager( 9993): Checking (0, 268435456) against (0,268435456)
D/CommonPackageManager( 9993): Rating found: 5
D/CommonPackageManager( 9993): Package "org.opencv.lib_v24_armv7a" rating 5 for (0,268435456)
D/OpenCVEngine( 9993): Trying to load info library "/data/app-lib/org.opencv.lib_v24_armv7a-1/libopencv_info.so"
I/OpenCVEngine( 9993): Info library not found in package
D/OpenCVManager/Helper(12169): Library list: ""
D/OpenCVManager/Helper(12169): First attempt to load libs
D/OpenCVManager/Helper(12169): Trying to init OpenCV libs
D/OpenCVManager/Helper(12169): Trying to load library /data/app-lib/org.opencv.lib_v24_armv7a-1/libopencv_java.so
D/dalvikvm(12169): Trying to load lib /data/app-lib/org.opencv.lib_v24_armv7a-1/libopencv_java.so 0x4231ac30
D/dalvikvm(12169): Added shared lib /data/app-lib/org.opencv.lib_v24_armv7a-1/libopencv_java.so 0x4231ac30
D/OpenCVManager/Helper(12169): OpenCV libs init was ok!
D/OpenCVManager/Helper(12169): First attempt to load libs is OK
I/OpenCVManager/Helper(12169): General configuration for OpenCV 2.4.8 =====================================
I/OpenCVManager/Helper(12169): Version control: 2.4.8
I/OpenCVManager/Helper(12169): Platform:
I/OpenCVManager/Helper(12169): Host: Linux 3.2.0-56-generic x86_64
I/OpenCVManager/Helper(12169): Target: Linux 1 armv7-a
I/OpenCVManager/Helper(12169): CMake: 2.8.12
I/OpenCVManager/Helper(12169): CMake generator: Ninja
I/OpenCVManager/Helper(12169): CMake build tool: /usr/local/bin/ninja
I/OpenCVManager/Helper(12169): Configuration: Release
I/OpenCVManager/Helper(12169): C/C++:
I/OpenCVManager/Helper(12169): Built as dynamic libs?: NO
I/OpenCVManager/Helper(12169): C++ Compiler: /opt/android-ndk-r8c/toolchains/arm-linux-androideabi-4.6/prebuilt/linux-x86/bin/arm-linux-androideabi-g++ (ver 4.6)
I/OpenCVManager/Helper(12169): C++ flags (Release): -fexceptions -frtti -Wno-psabi --sysroot=/opt/android-ndk-r8c/platforms/android-8/arch-arm -fpic -funwind-tables -finline-limit=64 -fsigned-char -no-canonical-prefixes -march=armv7-a -mfloat-abi=softfp -mfpu=vfpv3-d16 -fdata-sections -ffunction-sections -Wa,--noexecstack -fsigned-char -W -Wall -Werror=return-type -Werror=address -Werror=sequence-point -Wformat -Werror=format-security -Wmissing-declarations -Wundef -Winit-self -Wpointer-arith -Wshadow -Wsign-promo -Wno-narrowing -fdiagnostics-show-option -fomit-frame-pointer -mthumb -fomit-frame-pointer -fno-strict-aliasing -O3 -DNDEBUG -DNDEBUG
I/OpenCVManager/Helper(12169): C++ flags (Debug): -fexceptions -frtti -Wno-psabi --sysroot=/opt/android-ndk-r8c/platforms/android-8/arch-arm -fpic -funwind-tables -finline-limit=64 -fsigned-char -no-canonical-prefixes -march=armv7-a -mfloat-abi=softfp -mfpu=vfpv3-d16 -fdata-sections -ffunction-sections -Wa,--noexecstack -fsigned-char -W -Wall -Werror=return-type -Werror=address -Werror=sequence-point -Wformat -Werror=format-security -Wmissing-declarations -Wundef -Winit-self -Wpointer-arith -Wshadow -Wsign-promo -Wno-narrowing -fdiagnostics-show-option -fomit-frame-pointer -marm -fno-omit-frame-pointer -fno-strict-aliasing -O0 -g -DDEBUG -D_DEBUG -O0 -DDEBUG -D_DEBUG
I/OpenCVManager/Helper(12169): C Compiler: /opt/android-ndk-r8c/toolchains/arm-linux-androideabi-4.6/prebuilt/linux-x86/bin/arm-linux-androideabi-gcc
I/OpenCVManager/Helper(12169): C flags (Release): -fexceptions -Wno-psabi --sysroot=/opt/android-ndk-r8c/platforms/android-8/arch-arm -fpic -funwind-tables -finline-limit=64 -fsigned-char -no-canonical-prefixes -march=armv7-a -mfloat-abi=softfp -mfpu=vfpv3-d16 -fdata-sections -ffunction-sections -Wa,--noexecstack -fsigned-char -W -Wall -Werror=return-type -Werror=address -Werror=sequence-point -Wformat -Werror=format-security -Wmissing-declarations -Wmissing-prototypes -Wstrict-prototypes -Wundef -Winit-self -Wpointer-arith -Wshadow -Wno-narrowing -fdiagnostics-show-option -fomit-frame-pointer -mthumb -fomit-frame-pointer -fno-strict-aliasing -O3 -DNDEBUG -DNDEBUG
I/OpenCVManager/Helper(12169): C flags (Debug): -fexceptions -Wno-psabi --sysroot=/opt/android-ndk-r8c/platforms/android-8/arch-arm -fpic -funwind-tables -finline-limit=64 -fsigned-char -no-canonical-prefixes -march=armv7-a -mfloat-abi=softfp -mfpu=vfpv3-d16 -fdata-sections -ffunction-sections -Wa,--noexecstack -fsigned-char -W -Wall -Werror=return-type -Werror=address -Werror=sequence-point -Wformat -Werror=format-security -Wmissing-declarations -Wmissing-prototypes -Wstrict-prototypes -Wundef -Winit-self -Wpointer-arith -Wshadow -Wno-narrowing -fdiagnostics-show-option -fomit-frame-pointer -marm -fno-omit-frame-pointer -fno-strict-aliasing -O0 -g -DDEBUG -D_DEBUG -O0 -DDEBUG -D_DEBUG
I/OpenCVManager/Helper(12169): Linker flags (Release): -Wl,--fix-cortex-a8 -Wl,--no-undefined -Wl,--gc-sections -fuse-ld=gold -Wl,-z,noexecstack -Wl,-z,relro -Wl,-z,now
I/OpenCVManager/Helper(12169): Linker flags (Debug): -Wl,--fix-cortex-a8 -Wl,--no-undefined -Wl,--gc-sections -fuse-ld=gold -Wl,-z,noexecstack -Wl,-z,relro -Wl,-z,now
I/OpenCVManager/Helper(12169): Precompiled headers: YES
I/OpenCVManager/Helper(12169): OpenCV modules:
I/OpenCVManager/Helper(12169): To be built: core androidcamera flann imgproc highgui features2d calib3d ml objdetect video contrib photo java legacy ocl stitching ts videostab
I/OpenCVManager/Helper(12169): Disabled: gpu world
I/OpenCVManager/Helper(12169): Disabled by dependency: -
I/OpenCVManager/Helper(12169): Unavailable: dynamicuda nonfree python superres
I/OpenCVManager/Helper(12169): Android:
I/OpenCVManager/Helper(12169): Android ABI: armeabi-v7a
I/OpenCVManager/Helper(12169): STL type: gnustl_static
I/OpenCVManager/Helper(12169): Native API level: android-8
I/OpenCVManager/Helper(12169): SDK target: android-11
I/OpenCVManager/Helper(12169): Android NDK: /opt/android-ndk-r8c (toolchain: arm-linux-androideabi-4.6)
I/OpenCVManager/Helper(12169): android tool: /opt/android-sdk-linux/tools/android (Android SDK Tools, revision 22.)
I/OpenCVManager/Helper(12169): Google Play package: YES
I/OpenCVManager/Helper(12169): Android examples: YES
I/OpenCVManager/Helper(12169): GUI:
I/OpenCVManager/Helper(12169): GTK+ 2.x: NO
I/OpenCVManager/Helper(12169): GThread : NO
I/OpenCVManager/Helper(12169): GtkGlExt: NO
I/OpenCVManager/Helper(12169): OpenGL support: NO
I/OpenCVManager/Helper(12169): Media I/O:
I/OpenCVManager/Helper(12169): ZLib: z (ver 1.2.3)
I/OpenCVManager/Helper(12169): JPEG: build (ver 62)
I/OpenCVManager/Helper(12169): PNG: build (ver 1.5.12)
I/OpenCVManager/Helper(12169): TIFF: build (ver 42 - 4.0.2)
I/OpenCVManager/Helper(12169): JPEG 2000: build (ver 1.900.1)
I/OpenCVManager/Helper(12169): OpenEXR: build (ver 1.7.1)
I/OpenCVManager/Helper(12169): Video I/O:
I/OpenCVManager/Helper(12169): AndroidNativeCamera: YES, use prebuilt libraries
I/OpenCVManager/Helper(12169): Other third-party libraries:
I/OpenCVManager/Helper(12169): Use IPP: NO
I/OpenCVManager/Helper(12169): Use Eigen: YES (ver 3.1.2)
I/OpenCVManager/Helper(12169): Use TBB: YES (ver 4.1 interface 6102)
I/OpenCVManager/Helper(12169): Use OpenMP: NO
I/OpenCVManager/Helper(12169): Use GCD NO
I/OpenCVManager/Helper(12169): Use Concurrency NO
I/OpenCVManager/Helper(12169): Use C=: NO
I/OpenCVManager/Helper(12169): Use Cuda: NO
I/OpenCVManager/Helper(12169): Use OpenCL: YES
I/OpenCVManager/Helper(12169): OpenCL:
I/OpenCVManager/Helper(12169): Version: dynamic
I/OpenCVManager/Helper(12169): Include path: /home/reports/ci/slave_desktop/50-SDK/opencv/3rdparty/include/opencl/1.2
I/OpenCVManager/Helper(12169): Use AMD FFT: NO
I/OpenCVManager/Helper(12169): Use AMD BLAS: NO
I/OpenCVManager/Helper(12169): Python:
I/OpenCVManager/Helper(12169): Interpreter: /usr/bin/python2 (ver 2.7.3)
I/OpenCVManager/Helper(12169): Java:
I/OpenCVManager/Helper(12169): ant: /usr/bin/ant (ver 1.8.2)
I/OpenCVManager/Helper(12169): Java tests: NO
I/OpenCVManager/Helper(12169): Documentation:
I/OpenCVManager/Helper(12169): Build Documentation: YES
I/OpenCVManager/Helper(12169): Sphinx: /usr/local/bin/sphinx-build (ver 1.1.3)
I/OpenCVManager/Helper(12169): PdfLaTeX compiler: /usr/bin/pdflatex
I/OpenCVManager/Helper(12169): Tests and samples:
I/OpenCVManager/Helper(12169): Tests: NO
I/OpenCVManager/Helper(12169): Performance tests: NO
I/OpenCVManager/Helper(12169): C/C++ Examples: NO
I/OpenCVManager/Helper(12169): Install path: /home/reports/ci/slave_desktop/50-SDK/build/builds/o4a/install
I/OpenCVManager/Helper(12169): cvconfig.h is in: /home/reports/ci/slave_desktop/50-SDK/build/builds/o4a
I/OpenCVManager/Helper(12169): -----------------------------------------------------------------
D/OpenCVManager/Helper(12169): Init finished with status 0
D/OpenCVManager/Helper(12169): Unbind from service
D/IPCThreadState(12169): [DN #5] BR_CLEAR_DEATH_NOTIFICATION_DONE cookie 0x5d211028
I/OpenCVEngine/Service( 9993): Service onUnbind called for intent Intent { act=org.opencv.engine.BIND }
D/OpenCVManager/Helper(12169): Calling using callback
I/OCVSample::Activity(12169): OpenCV loaded successfully
D/dalvikvm(12169): Trying to load lib /data/app-lib/org.opencv.samples.NativeActivity-1/libnative_activity.so 0x4231ac30
D/dalvikvm(12169): Added shared lib /data/app-lib/org.opencv.samples.NativeActivity-1/libnative_activity.so 0x4231ac30
D/dalvikvm(12169): No JNI_OnLoad found in /data/app-lib/org.opencv.samples.NativeActivity-1/libnative_activity.so 0x4231ac30, skipping init
I/ActivityManager( 5535): START u0 {cmp=org.opencv.samples.NativeActivity/android.app.NativeActivity} from pid 12169
D/InputReader( 5535): InputReader::monitor: lock
D/InputReader( 5535): InputReader::monitor: wait
D/InputReader( 5535): InputReader::monitor: unlock
D/InputReader( 5535): InputReader::monitor: done
I/BufferQueue( 133): [unnamed-133-358](this:0x4324e148,api:0) BufferQueue
I/BufferQueue( 133): [unnamed-133-358](this:0x4324e148,api:0) consumerConnect
I/BufferQueue( 133): [unnamed-133-358](this:0x4324e148,api:0) setConsumerName: unnamed-133-358
I/SurfaceTexture( 133): [unnamed-133-358](this:0x4323d4d8,api:0) SurfaceTexture
I/BufferQueue( 133): [unnamed-133-358](this:0x4324e148,api:0) setSynchronousMode: enabled=1
I/BufferQueue( 133): [unnamed-133-358](this:0x4324e148,api:0) setDefaultBufferSize: w=1, h=1
I/BufferQueue( 133): [org.opencv.samples.NativeActivity/org.opencv.samples.NativeActivity.CvNativeActivity](this:0x4324e148,api:0) setConsumerName: org.opencv.samples.NativeActivity/org.opencv.samples.NativeActivity.CvNativeActivity
V/WindowManager( 5535): Changing focus from null to Window{42e0ebf0 u0 org.opencv.samples.NativeActivity/org.opencv.samples.NativeActivity.CvNativeActivity}
V/PhoneStatusBar( 5719): setLightsOn(true)
I/BufferQueue( 133): [org.opencv.samples.NativeActivity/org.opencv.samples.NativeActivity.CvNativeActivity](this:0x4324e148,api:0) setDefaultBufferSize: w=1920, h=1080
I/WindowManager( 5535): Gaining focus: Window{42e0ebf0 u0 org.opencv.samples.NativeActivity/org.opencv.samples.NativeActivity.CvNativeActivity}
D/libEGL (12169): loaded /vendor/lib/egl/libEGL_mtk.so
D/libEGL (12169): loaded /vendor/lib/egl/libGLESv1_CM_mtk.so
D/libEGL (12169): loaded /vendor/lib/egl/libGLESv2_mtk.so
I/BufferQueue( 133): [org.opencv.samples.NativeActivity/org.opencv.samples.NativeActivity.CvNativeActivity](this:0x4324e148,api:0) connect: api=1
I/BufferQueue( 133): [org.opencv.samples.NativeActivity/org.opencv.samples.NativeActivity.CvNativeActivity](this:0x4324e148,api:1) setSynchronousMode: enabled=1
I/BufferQueue( 133): [org.opencv.samples.NativeActivity/org.opencv.samples.NativeActivity.CvNativeActivity](this:0x4324e148,api:1) setSynchronousMode: enabled=1
I/BufferQueue( 133): [org.opencv.samples.NativeActivity/org.opencv.samples.NativeActivity.CvNativeActivity](this:0x4324e148,api:1) new GraphicBuffer needed
D/BufferQueue( 133): [OLD] gb:NULL
I/GraphicBuffer( 133): allocate buffer (w:1088 h:1920 f:5) err(0)
I/BufferQueue( 133): [NEW] gb=0x43515900, handle=0x4323d108, w=1080, h=1920, s=1088, fmt=5
D/OpenGLRenderer(12169): Enabling debug mode 0
D/InputReader( 5535): InputReader:: getSwitchState lock
D/InputReader( 5535): InputReader::getStateLocked:: return
V/WindowManager( 5535): Changing focus from Window{42e0ebf0 u0 org.opencv.samples.NativeActivity/org.opencv.samples.NativeActivity.CvNativeActivity} to null
I/WindowManager( 5535): Losing focus: Window{42e0ebf0 u0 org.opencv.samples.NativeActivity/org.opencv.samples.NativeActivity.CvNativeActivity}
V/ActivityManager( 5535): ACT-Launching: ActivityRecord{42bddcc8 u0 org.opencv.samples.NativeActivity/android.app.NativeActivity}
D/dalvikvm( 5535): create interp thread : stack size=32KB
D/dalvikvm( 5535): create new thread
D/dalvikvm( 5535): new thread created
D/dalvikvm( 5535): update thread list
D/dalvikvm( 5535): threadid=88: interp stack at 0x62bb7000
D/dalvikvm( 5535): threadid=88: created from interp
D/dalvikvm( 5535): start new thread
V/InputMethodManager(12169): onWindowFocus: null softInputMode=32 first=true flags=#9010100
V/InputMethodManager(12169): START INPUT: com.android.internal.policy.impl.PhoneWindow$DecorView{42334d78 V.E..... R.....ID 0,0-1920,1080} ic=null tba=android.view.inputmethod.EditorInfo@42366fa0 controlFlags=#104
V/InputMethodManagerService( 5535): windowGainedFocus: android.os.BinderProxy@42a515a8 controlFlags=#104 softInputMode=#20 windowFlags=#9010100
W/WindowManager( 5535): No new IME target
W/InputMethodManagerService( 5535): Focus gain on non-focused client com.android.internal.view.IInputMethodClient$Stub$Proxy@427b8a30 (uid=10134 pid=12169)
V/InputMethodManager(12169): Starting input: Bind result=null
W/InputMethodManager(12169): startInputInner : InputBindResult == null
D/dalvikvm( 5535): threadid=88: notify debugger
D/dalvikvm( 5535): threadid=88 (Thread-863): calling run()
D/dalvikvm( 5535): threadid=88: exiting
D/dalvikvm( 5535): threadid=88: bye!
E/libEGL (12169): error opening cache file /data/data/org.opencv.samples.NativeActivity/cache/com.android.opengl.shaders_cache: Permission denied (13)
I/BufferQueue( 133): [org.opencv.samples.NativeActivity/org.opencv.samples.NativeActivity.CvNativeActivity](this:0x4324e148,api:1) new GraphicBuffer needed
D/BufferQueue( 133): [OLD] gb:NULL
I/GraphicBuffer( 133): allocate buffer (w:1088 h:1920 f:5) err(0)
I/BufferQueue( 133): [NEW] gb=0x43252458, handle=0x432524e0, w=1080, h=1920, s=1088, fmt=5
I/SurfaceTexture( 133): [org.opencv.samples.NativeActivity/org.opencv.samples.NativeActivity.CvNativeActivity](this:0x4323d4d8,api:1) [void* android::SurfaceTexture::createImage(EGLDisplay, const android::sp&)]
D/SurfaceTexture( 133): GraphicBuffer: gb=0x43515900 handle=0x4323d108
D/SurfaceTexture( 133): EGLImage: dpy=0x1, img=0x43256c40
V/threaded_app(12169): Creating: 0x5d1c7530
V/threaded_app(12169): Config: mcc=250 mnc=99 lang=en cnt=US orien=2 touch=3 dens=480 keys=1 nav=2 keysHid=3 navHid=0 sdk=17 size=2 long=2 modetype=1 modenight=1
V/threaded_app(12169): Start: 0x5d1c7530
V/threaded_app(12169): activityState=10
V/threaded_app(12169): Resume: 0x5d1c7530
V/threaded_app(12169): activityState=11
V/threaded_app(12169): InputQueueCreated: 0x5d1c7530 -- 0x5d21d900
V/threaded_app(12169): APP_CMD_INPUT_CHANGED
V/threaded_app(12169): Attaching input queue to looper
D/OpenGLRenderer(12169): Flushing caches (mode 0)
D/BufferQueue( 133): [org.opencv.samples.NativeActivity/org.opencv.samples.NativeActivity.CvNativeActivity](this:0x4324e148,api:1) cancelBuffer: slot=1
I/BufferQueue( 133): [org.opencv.samples.NativeActivity/org.opencv.samples.NativeActivity.CvNativeActivity](this:0x4324e148,api:1) disconnect: api=1
I/SurfaceTexture( 133): [org.opencv.samples.NativeActivity/org.opencv.samples.NativeActivity.CvNativeActivity] [virtual android::status_t android::SurfaceTexture::forceAuxConversionLocked()] mCurrentTexture:0, mCurrentBuf:0x43515900
I/BufferQueue( 133): [org.opencv.samples.NativeActivity/org.opencv.samples.NativeActivity.CvNativeActivity](this:0x4324e148,api:0) getReleasedBuffers: returning mask 0xffffffff
I/SurfaceTexture( 133): [org.opencv.samples.NativeActivity/org.opencv.samples.NativeActivity.CvNativeActivity](this:0x4323d4d8,api:0) destroying EGLImage dpy=0x1 img=0x43256c40
I/BufferQueue( 133): [unnamed-133-359](this:0x432540f8,api:0) BufferQueue
I/BufferQueue( 133): [unnamed-133-359](this:0x432540f8,api:0) consumerConnect
I/BufferQueue( 133): [unnamed-133-359](this:0x432540f8,api:0) setConsumerName: unnamed-133-359
I/SurfaceTexture( 133): [unnamed-133-359](this:0x43251df8,api:0) SurfaceTexture
I/BufferQueue( 133): [unnamed-133-359](this:0x432540f8,api:0) setSynchronousMode: enabled=1
I/BufferQueue( 133): [unnamed-133-359](this:0x432540f8,api:0) setDefaultBufferSize: w=1920, h=1080
I/BufferQueue( 133): [org.opencv.samples.NativeActivity/android.app.NativeActivity](this:0x432540f8,api:0) setConsumerName: org.opencv.samples.NativeActivity/android.app.NativeActivity
V/WindowManager( 5535): Changing focus from null to Window{428764e8 u0 org.opencv.samples.NativeActivity/android.app.NativeActivity}
I/BufferQueue( 133): [org.opencv.samples.NativeActivity/org.opencv.samples.NativeActivity.CvNativeActivity](this:0x4324e148,api:0) consumerDisconnect
I/BufferQueue( 133): [org.opencv.samples.NativeActivity/org.opencv.samples.NativeActivity.CvNativeActivity](this:0x4324e148,api:0) ~BufferQueue
V/PhoneStatusBar( 5719): setLightsOn(true)
I/WindowManager( 5535): Gaining focus: Window{428764e8 u0 org.opencv.samples.NativeActivity/android.app.NativeActivity}
V/threaded_app(12169): NativeWindowCreated: 0x5d1c7530 -- 0x5d2242d0
V/threaded_app(12169): APP_CMD_INIT_WINDOW
V/threaded_app(12169): WindowFocusChanged: 0x5d1c7530 -- 1
V/InputMethodManager(12169): onWindowFocus: null softInputMode=16 first=true flags=#9010100
V/InputMethodManager(12169): START INPUT: com.android.internal.policy.impl.PhoneWindow$DecorView{423768c8 V.E..... R.....ID 0,0-1920,1080} ic=null tba=android.view.inputmethod.EditorInfo@4239a0e0 controlFlags=#104
V/InputMethodManagerService( 5535): windowGainedFocus: android.os.BinderProxy@42a515a8 controlFlags=#104 softInputMode=#10 windowFlags=#9010100
W/InputMethodManagerService( 5535): Got RemoteException sending setActive(false) notification to pid 12071 uid 10134
V/InputMethodManagerService( 5535): Current IMS pid=5797
V/InputMethodManager(12169): Starting input: Bind result=InputBindResult{null org.pocketworkstation.pckeyboard/.LatinIME #124}
I/OCV:libnative_activity(12169): APP_CMD_INIT_WINDOW
D/OpenCV::camera(12169): CvCapture_Android::CvCapture_Android(0)
D/OpenCV::camera(12169): Library name: libopencv_java.so
D/OpenCV::camera(12169): Library base address: 0x5dad8000
W/IInputConnectionWrapper(12169): showStatusIcon on inactive InputConnection
V/ActivityManager( 5535): Activity idle: Token{42b82cb8 ActivityRecord{42bddcc8 u0 org.opencv.samples.NativeActivity/android.app.NativeActivity}}
I/libPerfService( 5535): 1: set: 1
V/ActivityManager( 5535): Stopping ActivityRecord{428bc568 u0 org.opencv.samples.NativeActivity/.CvNativeActivity}: nowVisible=false waitingVisible=false finishing=false
V/ActivityManager( 5535): Ready to stop: ActivityRecord{428bc568 u0 org.opencv.samples.NativeActivity/.CvNativeActivity}
V/ActivityManager( 5535): Activity idle: Token{42a95200 ActivityRecord{428bc568 u0 org.opencv.samples.NativeActivity/.CvNativeActivity}}
V/ActivityManager( 5535): Activity slept: token=Token{42a95200 ActivityRecord{428bc568 u0 org.opencv.samples.NativeActivity/.CvNativeActivity}}
D/OpenCV::camera(12169): Libraries folder found: /data/app-lib/org.opencv.lib_v24_armv7a-1/
D/OpenCV::camera(12169): CameraWrapperConnector::connectToLib: folderPath=/data/app-lib/org.opencv.lib_v24_armv7a-1/
E/OpenCV::camera(12169): ||libnative_camera_r4.4.0.so
E/OpenCV::camera(12169): ||libnative_camera_r2.3.3.so
E/OpenCV::camera(12169): ||libnative_camera_r4.2.0.so
E/OpenCV::camera(12169): ||libnative_camera_r4.3.0.so
E/OpenCV::camera(12169): ||libnative_camera_r2.2.0.so
E/OpenCV::camera(12169): ||libnative_camera_r4.0.0.so
E/OpenCV::camera(12169): ||libnative_camera_r4.0.3.so
E/OpenCV::camera(12169): ||libnative_camera_r4.1.1.so
E/OpenCV::camera(12169): ||libnative_camera_r3.0.1.so
D/OpenCV::camera(12169): try to load library 'libnative_camera_r4.4.0.so'
D/OpenCV::camera(12169): CameraWrapperConnector::connectToLib ERROR: cannot dlopen camera wrapper library /data/app-lib/org.opencv.lib_v24_armv7a-1/libnative_camera_r4.4.0.so, dlerror="Cannot load library: soinfo_relocate(linker.cpp:975): cannot locate symbol "_ZN7android17IConsumerListenerD2Ev" referenced by "libnative_camera_r4.4.0.so"..."
D/OpenCV::camera(12169): try to load library 'libnative_camera_r4.3.0.so'
D/OpenCV::camera(12169): CameraWrapperConnector::connectToLib ERROR: cannot dlopen camera wrapper library /data/app-lib/org.opencv.lib_v24_armv7a-1/libnative_camera_r4.3.0.so, dlerror="Cannot load library: soinfo_relocate(linker.cpp:975): cannot locate symbol "_ZN7android6Camera17setPreviewTextureERKNS_2spINS_22IGraphicBufferProducerEEE" referenced by "libnative_camera_r4.3.0.so"..."
D/OpenCV::camera(12169): try to load library 'libnative_camera_r4.2.0.so'
I/ActivityManager( 5535): [AppLaunch] Displayed Displayed org.opencv.samples.NativeActivity/android.app.NativeActivity: +300ms (total +1s674ms)
D/ActivityManager( 5535): AP_PROF:AppLaunch_LaunchTime:org.opencv.samples.NativeActivity/android.app.NativeActivity:300:4043225
V/ActivityManager( 5535): Activity stopped: token=Token{42a95200 ActivityRecord{428bc568 u0 org.opencv.samples.NativeActivity/.CvNativeActivity}}
D/OpenCV::camera(12169): Loaded library '/data/app-lib/org.opencv.lib_v24_armv7a-1/libnative_camera_r4.2.0.so'
D/OpenCV_NativeCamera(12169): CameraHandler::initCameraConnect(0x5e19cea1, 0, 0x5d1ecd68, 0x0)
D/OpenCV_NativeCamera(12169): Connecting to CameraService v 2.3
D/CameraService( 5296): CameraService::connect E (pid 12169, id 0)
I/MtkCam/CamDevice( 5296): [CamDeviceManager::getCameraInfo] id(0) (facing,orientation)=(0,90)
D/CameraService( 5296): Client::Client E (pid 12169, id 0)
D/CameraService( 5296): Client::Client X (pid 12169, id 0)
D/CameraClient( 5296): CameraClient::CameraClient E (pid 12169, id 0)
D/CameraClient( 5296): CameraClient::CameraClient X (pid 12169, id 0)
D/CameraService( 5296): [CameraService::loadSound] + tid(10767) mSoundLock - ref=0
D/CameraService( 5296): CameraService::loadSound ref=0
D/CameraService( 5296): [CameraService::newMediaPlayer] + (/system/media/audio/ui/camera_click.ogg)
D/AudioFlinger( 5296): acquiring 58 from 12169
D/AudioFlinger( 5296): added new entry for 58
D/MediaPlayer( 5296): mPlayerID = 41
D/MediaPlayerService( 5296): setDataSource(/system/media/audio/ui/camera_click.ogg)
D/MediaPlayerFactory( 5296): getPlayerType(): using url, check for DRM protected midi.
D/DrmMtkUtil/DrmUtil( 5296): checkDcf ----> path [/system/media/audio/ui/camera_click.ogg]
V/DrmMtkUtil/DrmUtil( 5296): checkExistence ----> [/system/media/audio/ui/camera_click.ogg]
D/DrmMtkUtil/DrmUtil( 5296): checkDcf ----> fd [25]
V/DrmMtkUtil/DrmUtil( 5296): checkDcf: first 3 bytes [4f][67][67]
E/DrmMtkUtil/DrmUtil( 5296): checkDcf: not dcf type, dcf version value [79]
D/DrmMtkUtil/DrmUtil( 5296): checkDcf: result [-1]
D/MediaPlayerService( 5296): player type = 3
D/AwesomePlayer( 5296): @@[SF_PROPERTY]sf.video.jump.key.ms =-1
D/AwesomePlayer( 5296): @@[SF_PROPERTY]sf.video.force.display.cnt=0
D/AwesomePlayer( 5296): @@[SF_PROPERTY]sf.video.late.margin.ms = 250
I/AwesomePlayer( 5296): set flag for stopped
D/AwesomePlayer( 5296): reset_l
D/AudioSink( 5296): AudioOutput(58)
D/AwesomePlayer( 5296): reset_l
D/AwesomePlayer( 5296): setDataSource_l('/system/media/audio/ui/camera_click.ogg')
D/MediaPlayerService( 5296): setDataSource(/system/media/audio/ui/camera_click.ogg) done
D/MediaPlayer( 5296): Don't notify duration to /system/bin/mediaserver!
D/MediaPlayerService( 5296): [41] prepareAsync
D/MediaExtractor( 5296): JB +MediaExtractor::Create
D/MediaExtractor( 5296): JB -MediaExtractor::Create
D/MtkOmxCore( 5296): Mtk_OMX_GetHandle (OMX.MTK.AUDIO.DECODER.VORBIS)
D/MtkOmxCore( 5296): comp_index(24), path(libMtkOmxVorbisDec.so)
D/MtkOmxAudioDecBase( 5296): MtkOmxAudioDecBase::MtkOmxAudioDecBase this= 0x42807BF8
D/MtkOmxVorbisDec( 5296): MtkOmxVorbisDec::MtkOmxVorbisDec this= 0x42807BF8
D/MtkOmxVorbisDec( 5296): MtkOmxComponentCreate mCompHandle(0x42807BF8)
D/MtkOmxAudioDecBase( 5296): ComponentInit (OMX.MTK.AUDIO.DECODER.VORBIS)
D/MtkOmxVorbisDec( 5296): MtkOmxVorbisDec::InitAudioParams(VORBIS)
D/MtkOmxAudioDecBase( 5296): 0x42807bf8_Ctrl 0, total path is in ,out
D/MtkOmxCore( 5296): +++++ dump_inst_handle_pool +++++
D/MtkOmxCore( 5296): gCoreCompInstance[0].comp_module=0x400C44B4, comp_handle=0x42807BFC
D/MtkOmxCore( 5296): ----- dump_inst_handle_pool -----
D/OMX ( 5296): OMX(0x4244E090)::allocateNode &mDispatchers(0x4244E0D8) added pCbDisp(0x44071548)
D/MtkOmxAudioDecBase( 5296): SetParameter index(0x01000017)
D/OMXCodec( 5296): !@@!>> create tid (12197) OMXCodec mOMXLivesLocally=1, mIsVideoDecoder(0), mIsVideoEncoder(0), mime(audio/vorbis)
D/MtkOmxAudioDecBase( 5296): GetParameter (0x02000001)
D/MtkOmxAudioDecBase( 5296): GetParameter (0x02000001)
D/MtkOmxAudioDecBase( 5296): GetParameter (0x04000002)
D/MtkOmxAudioDecBase( 5296): GetParameter (0x7F000008)
I/OMXCodec( 5296): mSupportsPartialFrames 0 err 0
D/MtkOmxAudioDecBase( 5296): SendCommand cmd=OMX_CommandStateSet
D/MtkOmxAudioDecBase( 5296): set MTK_OMX_IDLE_PENDING
D/MtkOmxAudioDecBase( 5296): GetParameter (0x02000001)
D/OMXCodec( 5296): @@ [IN] def.nBufferSize = 32768
D/OMXCodec( 5296): allocating 5 buffers of size 32768 on input port
D/OMXCodec( 5296): @@ Input totalSize = 166400
D/MtkOmxAudioDecBase( 5296): UseBuffer port_idx(0x0), idx[0], pBuffHead(0x42A3A4C8), pBuffer(0x43B89000)
D/OMXCodec( 5296): @@ Input[0], info.mData(0x43B89000)
D/MtkOmxAudioDecBase( 5296): UseBuffer port_idx(0x0), idx[1], pBuffHead(0x44867F68), pBuffer(0x43B91000)
D/OMXCodec( 5296): @@ Input[1], info.mData(0x43B91000)
D/MtkOmxAudioDecBase( 5296): UseBuffer port_idx(0x0), idx[2], pBuffHead(0x42807B50), pBuffer(0x43B99000)
D/OMXCodec( 5296): @@ Input[2], info.mData(0x43B99000)
D/MtkOmxAudioDecBase( 5296): UseBuffer port_idx(0x0), idx[3], pBuffHead(0x450F9F70), pBuffer(0x43BA1000)
D/OMXCodec( 5296): @@ Input[3], info.mData(0x43BA1000)
D/MtkOmxAudioDecBase( 5296): UseBuffer port_idx(0x0), idx[4], pBuffHead(0x42809648), pBuffer(0x43BA9000)
D/MtkOmxAudioDecBase( 5296): signal mInPortAllocDoneSem (1)
D/MtkOmxAudioDecBase( 5296): input port populated
D/OMXCodec( 5296): @@ Input[4], info.mData(0x43BA9000)
D/MtkOmxAudioDecBase( 5296): GetParameter (0x02000001)
E/OMXCodec( 5296): @@ [OUT] def.nBufferSize = 32768
E/OMXCodec( 5296): @@ [OUT] totalSize = 131584
D/OMXCodec( 5296): OMXCodec::allocateBuffersOnOutputPort:totalSize=131584
D/MtkOmxAudioDecBase( 5296): UseBuffer port_idx(0x1), idx[0], pBuffHead(0x428082C0), pBuffer(0x43BB2000)
D/OMXCodec( 5296): @@ Output[0] info.mData(0x43BB2000)
D/MtkOmxAudioDecBase( 5296): UseBuffer port_idx(0x1), idx[1], pBuffHead(0x43BF1830), pBuffer(0x43BBA000)
D/OMXCodec( 5296): @@ Output[1] info.mData(0x43BBA000)
D/MtkOmxAudioDecBase( 5296): UseBuffer port_idx(0x1), idx[2], pBuffHead(0x42A55828), pBuffer(0x43BC2000)
D/OMXCodec( 5296): @@ Output[2] info.mData(0x43BC2000)
D/MtkOmxAudioDecBase( 5296): UseBuffer port_idx(0x1), idx[3], pBuffHead(0x42A559C0), pBuffer(0x43BCA000)
D/MtkOmxAudioDecBase( 5296): signal mOutPortAllocDoneSem (1)
D/MtkOmxAudioDecBase( 5296): output port populated
D/OMXCodec( 5296): @@ Output[3] info.mData(0x43BCA000)
D/OMX ( 5296): @@ OMX::CbDisp(0x44071548)::loop(12200)
D/MtkOmxAudioDecBase( 5296): MtkOmxAudioDecodeThread created pOmxAudioDec=0x42807BF8, tid=12199
D/MtkOmxAudioDecBase( 5296): MtkOmxAudioCommandThread created pOmxAudioDec=0x42807BF8
D/MtkOmxAudioDecBase( 5296): fdmax = 32
D/MtkOmxAudioDecBase( 5296): # Got general command (OMX_CommandStateSet)
D/MtkOmxAudioDecBase( 5296): Request [OMX_StateLoaded]-> [OMX_StateIdle]
D/MtkOmxAudioDecBase( 5296): wait on mInPortAllocDoneSem(1), mOutPortAllocDoneSem(1)!!
D/MtkOmxAudioDecBase( 5296): SendCommand cmd=OMX_CommandStateSet
D/MtkOmxAudioDecBase( 5296): # Got general command (OMX_CommandStateSet)
D/MtkOmxAudioDecBase( 5296): Request [OMX_StateIdle]-> [OMX_StateExecuting]
D/MtkOmxAudioDecBase( 5296): state changes to OMX_StateExecuting
D/MediaPlayerService( 5296): [41] notify (0x44071658, 5, 0, 0)
D/NotifySender( 5296): sendMessage::owner(0x42a39008),msg(5)
D/MediaPlayerService( 5296): [41] notify (0x44071658, 1, 0, 0)
D/NotifySender( 5296): sendMessage::owner(0x42a39008),msg(1)
D/CameraService( 5296): [CameraService::newMediaPlayer] -
D/CameraService( 5296): [CameraService::newMediaPlayer] + (/system/media/audio/ui/VideoRecord.ogg)
D/AudioFlinger( 5296): acquiring 59 from 12169
D/AudioFlinger( 5296): added new entry for 59
D/MediaPlayer( 5296): mPlayerID = 42
D/MediaPlayerService( 5296): setDataSource(/system/media/audio/ui/VideoRecord.ogg)
D/MediaPlayerFactory( 5296): getPlayerType(): using url, check for DRM protected midi.
D/DrmMtkUtil/DrmUtil( 5296): checkDcf ----> path [/system/media/audio/ui/VideoRecord.ogg]
V/DrmMtkUtil/DrmUtil( 5296): checkExistence ----> [/system/media/audio/ui/VideoRecord.ogg]
D/DrmMtkUtil/DrmUtil( 5296): checkDcf ----> fd [41]
V/DrmMtkUtil/DrmUtil( 5296): checkDcf: first 3 bytes [4f][67][67]
E/DrmMtkUtil/DrmUtil( 5296): checkDcf: not dcf type, dcf version value [79]
D/DrmMtkUtil/DrmUtil( 5296): checkDcf: result [-1]
D/MediaPlayerService( 5296): player type = 3
D/AwesomePlayer( 5296): @@[SF_PROPERTY]sf.video.jump.key.ms =-1
D/AwesomePlayer( 5296): @@[SF_PROPERTY]sf.video.force.display.cnt=0
D/AwesomePlayer( 5296): @@[SF_PROPERTY]sf.video.late.margin.ms = 250
I/AwesomePlayer( 5296): set flag for stopped
D/AwesomePlayer( 5296): reset_l
D/AudioSink( 5296): AudioOutput(59)
D/AwesomePlayer( 5296): reset_l
D/AwesomePlayer( 5296): setDataSource_l('/system/media/audio/ui/VideoRecord.ogg')
D/MediaPlayerService( 5296): setDataSource(/system/media/audio/ui/VideoRecord.ogg) done
D/MediaPlayer( 5296): Don't notify duration to /system/bin/mediaserver!
D/MediaPlayerService( 5296): [42] prepareAsync
D/AwesomePlayer( 5296): @@[SF_PROPERTY]sched_setscheduler ok..., priority:95
D/MediaExtractor( 5296): JB +MediaExtractor::Create
D/MediaExtractor( 5296): JB -MediaExtractor::Create
D/MtkOmxCore( 5296): Mtk_OMX_GetHandle (OMX.MTK.AUDIO.DECODER.VORBIS)
D/MtkOmxCore( 5296): comp_index(24), path(libMtkOmxVorbisDec.so)
D/MtkOmxAudioDecBase( 5296): MtkOmxAudioDecBase::MtkOmxAudioDecBase this= 0x44070B78
D/MtkOmxVorbisDec( 5296): MtkOmxVorbisDec::MtkOmxVorbisDec this= 0x44070B78
D/MtkOmxVorbisDec( 5296): MtkOmxComponentCreate mCompHandle(0x44070B78)
D/MtkOmxAudioDecBase( 5296): ComponentInit (OMX.MTK.AUDIO.DECODER.VORBIS)
D/MtkOmxVorbisDec( 5296): MtkOmxVorbisDec::InitAudioParams(VORBIS)
D/MtkOmxAudioDecBase( 5296): 0x44070b78_Ctrl 0, total path is in ,out
D/MtkOmxCore( 5296): +++++ dump_inst_handle_pool +++++
D/MtkOmxCore( 5296): gCoreCompInstance[0].comp_module=0x400C44B4, comp_handle=0x42807BFC
D/MtkOmxCore( 5296): gCoreCompInstance[1].comp_module=0x400C44B4, comp_handle=0x44070B7C
D/MtkOmxCore( 5296): ----- dump_inst_handle_pool -----
D/OMX ( 5296): OMX(0x4244E090)::allocateNode &mDispatchers(0x4244E0D8) added pCbDisp(0x44D9FEF8)
D/MtkOmxAudioDecBase( 5296): SetParameter index(0x01000017)
D/OMXCodec( 5296): !@@!>> create tid (12202) OMXCodec mOMXLivesLocally=1, mIsVideoDecoder(0), mIsVideoEncoder(0), mime(audio/vorbis)
D/MtkOmxAudioDecBase( 5296): GetParameter (0x02000001)
D/MtkOmxAudioDecBase( 5296): GetParameter (0x02000001)
D/MtkOmxAudioDecBase( 5296): GetParameter (0x04000002)
D/MtkOmxAudioDecBase( 5296): GetParameter (0x7F000008)
I/OMXCodec( 5296): mSupportsPartialFrames 0 err 0
D/MtkOmxAudioDecBase( 5296): SendCommand cmd=OMX_CommandStateSet
D/MtkOmxAudioDecBase( 5296): set MTK_OMX_IDLE_PENDING
D/MtkOmxAudioDecBase( 5296): GetParameter (0x02000001)
D/OMXCodec( 5296): @@ [IN] def.nBufferSize = 32768
D/OMXCodec( 5296): allocating 5 buffers of size 32768 on input port
D/OMXCodec( 5296): @@ Input totalSize = 166400
D/MtkOmxAudioDecBase( 5296): UseBuffer port_idx(0x0), idx[0], pBuffHead(0x43C59558), pBuffer(0x43BF6000)
D/OMXCodec( 5296): @@ Input[0], info.mData(0x43BF6000)
D/MtkOmxAudioDecBase( 5296): UseBuffer port_idx(0x0), idx[1], pBuffHead(0x43C596E8), pBuffer(0x43BFE000)
D/OMXCodec( 5296): @@ Input[1], info.mData(0x43BFE000)
D/MtkOmxAudioDecBase( 5296): UseBuffer port_idx(0x0), idx[2], pBuffHead(0x43C597C8), pBuffer(0x43C06000)
D/OMXCodec( 5296): @@ Input[2], info.mData(0x43C06000)
D/MtkOmxAudioDecBase( 5296): UseBuffer port_idx(0x0), idx[3], pBuffHead(0x42A390A8), pBuffer(0x43C0E000)
D/OMXCodec( 5296): @@ Input[3], info.mData(0x43C0E000)
D/MtkOmxAudioDecBase( 5296): UseBuffer port_idx(0x0), idx[4], pBuffHead(0x42A39158), pBuffer(0x43C16000)
D/MtkOmxAudioDecBase( 5296): signal mInPortAllocDoneSem (1)
D/MtkOmxAudioDecBase( 5296): input port populated
D/OMXCodec( 5296): @@ Input[4], info.mData(0x43C16000)
D/MtkOmxAudioDecBase( 5296): GetParameter (0x02000001)
E/OMXCodec( 5296): @@ [OUT] def.nBufferSize = 32768
E/OMXCodec( 5296): @@ [OUT] totalSize = 131584
D/OMXCodec( 5296): OMXCodec::allocateBuffersOnOutputPort:totalSize=131584
D/MtkOmxAudioDecBase( 5296): UseBuffer port_idx(0x1), idx[0], pBuffHead(0x43C595C0), pBuffer(0x43C1F000)
D/OMXCodec( 5296): @@ Output[0] info.mData(0x43C1F000)
D/MtkOmxAudioDecBase( 5296): UseBuffer port_idx(0x1), idx[1], pBuffHead(0x450F9880), pBuffer(0x43C27000)
D/OMXCodec( 5296): @@ Output[1] info.mData(0x43C27000)
D/MtkOmxAudioDecBase( 5296): UseBuffer port_idx(0x1), idx[2], pBuffHead(0x450F99D0), pBuffer(0x43C2F000)
D/OMXCodec( 5296): @@ Output[2] info.mData(0x43C2F000)
D/MtkOmxAudioDecBase( 5296): UseBuffer port_idx(0x1), idx[3], pBuffHead(0x450F9B20), pBuffer(0x43C37000)
D/MtkOmxAudioDecBase( 5296): signal mOutPortAllocDoneSem (1)
D/MtkOmxAudioDecBase( 5296): output port populated
D/OMXCodec( 5296): @@ Output[3] info.mData(0x43C37000)
D/OMX ( 5296): @@ OMX::CbDisp(0x44D9FEF8)::loop(12205)
D/MtkOmxAudioDecBase( 5296): MtkOmxAudioDecodeThread created pOmxAudioDec=0x44070B78, tid=12204
D/MtkOmxAudioDecBase( 5296): MtkOmxAudioCommandThread created pOmxAudioDec=0x44070B78
D/MtkOmxAudioDecBase( 5296): fdmax = 42
D/MtkOmxAudioDecBase( 5296): # Got general command (OMX_CommandStateSet)
D/MtkOmxAudioDecBase( 5296): Request [OMX_StateLoaded]-> [OMX_StateIdle]
D/MtkOmxAudioDecBase( 5296): wait on mInPortAllocDoneSem(1), mOutPortAllocDoneSem(1)!!
D/MtkOmxAudioDecBase( 5296): SendCommand cmd=OMX_CommandStateSet
D/MtkOmxAudioDecBase( 5296): # Got general command (OMX_CommandStateSet)
D/MtkOmxAudioDecBase( 5296): Request [OMX_StateIdle]-> [OMX_StateExecuting]
D/MtkOmxAudioDecBase( 5296): state changes to OMX_StateExecuting
D/MediaPlayerService( 5296): [42] notify (0x44d9d610, 5, 0, 0)
D/NotifySender( 5296): sendMessage::owner(0x44d9d580),msg(5)
D/MediaPlayerService( 5296): [42] notify (0x44d9d610, 1, 0, 0)
D/NotifySender( 5296): sendMessage::owner(0x44d9d580),msg(1)
D/CameraService( 5296): [CameraService::newMediaPlayer] -
D/CameraClient( 5296): CameraClient::initialize E (pid 12169, id 0)
I/CameraClient( 5296): Opening camera 0
I/MtkCam/CamDevice( 5296): [CamDeviceManager::openDevice] + mi4OpenNum(0), mi4DeviceNum(3)
D/MtkCam/MtkCamUtils( 5296): [CamPropertyMap::set] pid/tid=5296/10767 (client.appmode)=()
I/MtkCam/CamDevice( 5296): [CamDeviceManager::createIDevice] + tid:10767 OpenID:0 ClientAppMode:Default
I/MtkCam/CamDevice( 5296): [CamDeviceManager::createDevice] + DevOpenID:0, eDeviceId:0
D/MtkCam/CamDevice( 5296): (10767)[ICamDevice] ctor
D/MtkCam/CamDevice( 5296): (10767)(Default:0)[CamDevice::CamDevice]
I/MtkCam/CamDevice( 5296): [CamDeviceManager::createDevice] - 0x42a54540
D/MtkCam/CamDevice( 5296): (10767)(Default:0)[onInit] +
D/MtkCam/ResManager( 5296): [open] DefaultCamDevice
D/MtkCam/ResManager( 5296): [init] First user(0)
D/ResMgrDrv( 5296): [Init]First user(0)
D/ResMgrDrv( 5296): [SetMode]ScenSw(1),ScenHw(0),Dev(0)
D/ResMgrDrv( 5296): [GetMode]ScenSw(0),ScenHw(0),Dev(0)
D/ResMgrDrv( 5296): [SetMode]CDP_LINK:LOCK->DISABLE->UNLOCK OK
D/ResMgrDrv( 5296): [SetMode]OK
I/ ( 5296): [BWC INFO](10767): [bwc.mm._Profile] Get : 0
I/ ( 5296): [BWC INFO](10767): [bwc.mm._Profile] Set : 0
I/ ( 5296): [BWC INFO](10767): [bwc.mm.SensorSize] Get : 1996 1496
I/ ( 5296): [BWC INFO](10767): [bwc.mm.VideoRecordSize] Get :
I/ ( 5296): [BWC INFO](10767): [bwc.mm.DisplaySize] Get :
I/ ( 5296): [BWC INFO](10767): [bwc.mm.TvOutSize] Get :
I/ ( 5296): [BWC INFO](10767): [bwc.mm.Fps] Get :
I/ ( 5296): [BWC INFO](10767): [bwc.mm.VideoEncodeCodec] Get :
I/ ( 5296): [BWC INFO](10767): [bwc.mm.VideoDecodeCodec] Get :
I/ ( 5296): [BWC INFO](10767): BWC_SETTING::DumpInfo-------
I/ ( 5296):
I/ ( 5296): [BWC INFO](10767): sensor_size = 1996 x 1496
I/ ( 5296): [BWC INFO](10767): vr_size = 0 x 0
I/ ( 5296): [BWC INFO](10767): disp_size = 0 x 0
I/ ( 5296): [BWC INFO](10767): tv_size = 0 x 0
I/ ( 5296): [BWC INFO](10767): fps = 0
I/ ( 5296): [BWC INFO](10767): venc_codec_type = 0
I/ ( 5296): [BWC INFO](10767): vdec_codec_type = 0
I/ ( 5296): [BWC INFO](10767): ----------------------------
I/ ( 5296):
I/ ( 5296): [BWC INFO](10767): BWCLIMIT_VR_1066 VR=840222720
I/ ( 5296): [BWC INFO](10767): BWCLIMIT_VR_1066 VT=933534720
I/ ( 5296): [BWC INFO](10767): BWCLIMIT_VT_1066 VR=402278400
I/ ( 5296): [BWC INFO](10767): BWCLIMIT_VT_1066 VT=487987200
I/ ( 5296): [BWC INFO](10767): Read DDR type string:LPDDR2
I/ ( 5296): [BWC INFO](10767): DDR Type = 0
I/ ( 5296): [BWC INFO](10767): smi_bw_ctrl_set: scen 0, reduce cmd 0
I/ ( 5296): [BWC INFO](10767): emi_bw_ctrl_set: CON_SCE_NORMAL OFF
I/ ( 5296): [BWC INFO](10767): ifc_set_throttle: -1 -1 (Normal)
D/NetUtils( 5296): enter ifc_set_throttle: ifname = ccmni0, rx = -1 kbs, tx = -1 kbs
D/NetUtils( 5296): ifc_netd_sock_init: connect to netd failed, err: 13(Permission denied)
D/NetUtils( 5296): ifc_netd_sock_close
I/ ( 5296): [BWC INFO](10767): Profile_Change:[BWCPT_CAMERA_PREVIEW]:OFF
D/ResMgrDrv( 5296): [CloseHdmi]En(1)
W/ResMgrDrv( 5296): [CloseHdmi]WRN( 456):HDMITX kernel open fail, errno(2):No such file or directory
I/MtkCam/MtkCamUtils( 5296): {CamProfile}[DefaultCamDevice::onInit] Resource -: (0-th) ===> [start-->now: 3 ms]
D/MtkCam/CamDevice( 5296): (10767)(Default:0)[onInit] SensorHal::createInstance(), iHalSensorDevId:0x1
D/SensorHal( 5296): [getInstance][SensorHalImp] getInstance
D/SensorHal( 5296): [createImp][createImp]: 0
D/SeninfDrvImp( 5296): [getInstance][getInstance]
D/ImgSensorDrv( 5296): [getInstance][ImgSensorDrv] getInstance
D/AwesomePlayer( 5296): @@[SF_PROPERTY]sched_setscheduler ok..., priority:95
D/SensorHal( 5296): [sendCommand] Sensor Dev: 1
D/SensorHal( 5296): [init][init]: 0
D/ImgSensorDrv( 5296): [getInstance][ImgSensorDrv] getInstance
D/SeninfDrvImp( 5296): [init][init]: Entry count 0
I/IspDrv ( 5296): {IspDrv} [createInstance] fgIsGdmaMode: 0.
I/IspDrv ( 5296): {IspDrv} [init] - E. mInitCount(0). m_fgIsGdmaMode: 0.
I/IspDrv ( 5296): {IspDrv} [ProfilingPrint] [Event_IspDrv_Init] mpIspDrvRegMap malloc:(0-th) ===> [start-->now: 0.076000 ms]
I/IspDrv ( 5296): {IspDrv} [ProfilingPrint] [Event_IspDrv_Init] 1st open(ISP_DRV_DEV_NAME, O_RDWR):(1-th) ===> [start-->now: 0.235000 ms] [last-->now: 0.159000 ms]
I/IspDrv ( 5296): {IspDrv} [ProfilingPrint] [Event_IspDrv_Init] mpIspHwRegAddr mmap():(2-th) ===> [start-->now: 0.349000 ms] [last-->now: 0.114000 ms]
I/IspDrv ( 5296): {IspDrv} [ProfilingPrint] [Event_IspDrv_Init] m_pRTBufTbl mmap():(3-th) ===> [start-->now: 0.456000 ms] [last-->now: 0.107000 ms]
I/IspDrv ( 5296): {IspDrv} [reset] ISP SW RESET[0x00000030]
I/IspDrv ( 5296): {IspDrv} [init] ISP Global Count: 1.
I/IspDrv ( 5296): {IspDrv} [ProfilingPrint] [Event_IspDrv_Init] kRefCntCtrl and ISP reset():(4-th) ===> [start-->now: 0.817000 ms] [last-->now: 0.361000 ms]
I/Drv/IMem( 5296): Drv/IMem[getInstance] singleton[0x40e1e6a8],getpid[0x000014b0],gettid[0x00002a0f]
I/IspDrv ( 5296): {IspDrv} [ProfilingPrint] [Event_IspDrv_Init] IMemDrv::createInstance():(5-th) ===> [start-->now: 1.000000 ms] [last-->now: 0.183000 ms]
I/Drv/IMem( 5296): Drv/IMem[init] open ion id(51).
I/IspDrv ( 5296): {IspDrv} [ProfilingPrint] [Event_IspDrv_Init] m_pIMemDrv->init():(6-th) ===> [start-->now: 1.373000 ms] [last-->now: 0.373000 ms]
I/IspDrv ( 5296): {IspDrv} [init] m_ispVirRegBufInfo.size: 794628.
I/IspDrv ( 5296): {IspDrv} [ProfilingPrint] [Event_IspDrv_Init] m_pIMemDrv->allocVirtBuf(m_ispVirRegBufInfo):(7-th) ===> [start-->now: 2.739000 ms] [last-->now: 1.366000 ms]
I/Drv/IMem( 5296): Drv/IMem[mapPhyAddr] mID(0x34),size(0xc2004),VA(x44282000),PA(0x1c80000),S/C(0/0)
I/IspDrv ( 5296): {IspDrv} [ProfilingPrint] [Event_IspDrv_Init] m_pIMemDrv->mapPhyAddr():(8-th) ===> [start-->now: 2.986000 ms] [last-->now: 0.247000 ms]
I/IspDrv ( 5296): {IspDrv} [ProfilingPrint] [Event_IspDrv_Init] memset(mpIspVirRegBuffer):(9-th) ===> [start-->now: 4.095000 ms] [last-->now: 1.109000 ms]
I/IspDrv ( 5296): {IspDrv} [ProfilingPrint] [Event_IspDrv_Init] m_pIMemDrv->allocVirtBuf(m_ispCQDescBufInfo):(10-th) ===> [start-->now: 4.249000 ms] [last-->now: 0.154000 ms]
I/Drv/IMem( 5296): Drv/IMem[mapPhyAddr] mID(0x35),size(0xba8),VA(x42a36000),PA(0x1d80000),S/C(0/0)
I/IspDrv ( 5296): {IspDrv} [ProfilingPrint] [Event_IspDrv_Init] m_pIMemDrv->mapPhyAddr(m_ispCQDescBufInfo):(11-th) ===> [start-->now: 4.447000 ms] [last-->now: 0.198000 ms]
I/IspDrv ( 5296): {IspDrv} [ProfilingPrint] [Event_IspDrv_Init] memcpy(mpIspCQDescriptorVirt[i]):(12-th) ===> [start-->now: 4.537000 ms] [last-->now: 0.090000 ms]
I/IspDrv ( 5296): {IspDrv} [ProfilingPrint] [Event_IspDrv_Init] memset(mpIspCQDescriptorVirt[CQ0C]):(13-th) ===> [start-->now: 4.615000 ms] [last-->now: 0.078000 ms]
I/IspDrv ( 5296): {IspDrv} [ProfilingPrint] [Event_IspDrv_Init] memset(tdriMgrInfoCq1):(14-th) ===> [start-->now: 4.696000 ms] [last-->now: 0.081000 ms]
I/IspDrv ( 5296): {IspDrv} [ProfilingPrint] [Event_IspDrv_Init] memset(tdriMgrInfoCq2):(15-th) ===> [start-->now: 4.775000 ms] [last-->now: 0.079000 ms]
I/IspDrv ( 5296): {IspDrv} [ProfilingPrint] [Event_IspDrv_Init] atomic_inc:(16-th) ===> [start-->now: 4.853000 ms] [last-->now: 0.078000 ms]
I/IspDrv ( 5296): {IspDrv} [init] - X. ret: 1. mInitCount: 1.
I/IspDrv ( 5296): {IspDrv} [ProfilingPrint] [Event_IspDrv_Init] Exit:(17-th) ===> [start-->now: 5.004000 ms] [last-->now: 0.151000 ms]
D/SeninfDrvImp( 5296): [init]Get Devinfo Data:0x0
D/SeninfDrvImp( 5296): [init]Get Devinfo Data:0x0
D/SeninfDrvImp( 5296): [init][init]: Exit count 1
D/SensorHal( 5296): [initSensor][initSensor]
D/ImgSensorDrv( 5296): [init][init] mUsers = 0
D/ImgSensorDrv( 5296): [init][init]: m_LineTimeInus[0] = 17
D/SensorHal( 5296): [initSensor] Main/ATV sensor resolution, Preview: 1996/1496, Full: 3992/2994
D/SensorHal( 5296): [initSensor] Sub/MAIN_2 sensor resolution, Preview: 0/0, Full: 0/0
D/ImgSensorDrv( 5296): [getCurrentSensorType][getCurrentSensorType]
D/ImgSensorDrv( 5296): [getInfo][getInfo]
D/SensorHal( 5296): [getSensorInfo][getSensorInfo]
D/ImgSensorDrv( 5296): [getInfo][getInfo]
D/ImgSensorDrv( 5296): [getCurrentSensorType][getCurrentSensorType]
D/ImgSensorDrv( 5296): [getInfo][getInfo]
D/SensorHal( 5296): [setTgPhase][setTgPhase] Tg1clk: 24, Tg2clk: 0
D/SensorHal( 5296): [setTgPhase] mclk1: 48000, clkCnt1: 1
D/SensorHal( 5296): [setTgPhase][setTgPhase] u4PadPclkInv_1(0),u4PadPclkInv_2(0)
D/SeninfDrvImp( 5296): [setTg1PhaseCounter][setTg1PhaseCounter] pcEn(1) clkPol(0)
D/SeninfDrvImp( 5296): [initTg1CSI2][initCSI2]:enable = 1
D/SeninfDrvImp( 5296): [initTg1CSI2][initCSI2]:CSI0 calibration start !
D/SeninfDrvImp( 5296): [initTg1CSI2][initCSI2]:CSI0 calibration end !
D/SensorHal( 5296): [setCSI2Config]enable Tg1 CSI2Config
D/SeninfDrvImp( 5296): [setTg1CSI2][configTg1CSI2]:DataTermDelay:0 SettleDelay:14 ClkTermDelay:0 VsyncType:1 dlane_num:3 CSI2 enable:1 HeaderOrder:1 DataFlow:0
D/SeninfDrvImp( 5296): [setTg1CSI2][configTg2CSI2]:mt65xx_reg_sync_writel SENINF1_CSI2_DELAY = 0xe0000
I/MtkCam/MtkCamUtils( 5296): {CamProfile}[DefaultCamDevice::onInit] Sensor Hal -: (1-th) ===> [start-->now: 367 ms] [last-->now: 363 ms]
D/SensorHal( 5296): [getInstance][SensorHalImp] getInstance
D/SensorHal( 5296): [createImp][createImp]: 1
D/SensorHal( 5296): [createImp] Has created
D/ImgSensorDrv( 5296): [getInstance][ImgSensorDrv] getInstance
D/SensorHal( 5296): [sendCommand] Sensor Dev: 1
D/SensorHal( 5296): [init][init]: 1
D/SensorHal( 5296): [init] Has inited
D/ImgSensorDrv( 5296): [getInstance][ImgSensorDrv] getInstance
D/SensorHal( 5296): [uninit][uninit]: 2
D/SensorHal( 5296): [uninit] Still users
D/SensorHal( 5296): [deleteImp][deleteImp]: 2
D/SensorHal( 5296): [deleteImp] Still users
D/aaa_state( 5296): [StateUninit::sendIntent]
D/buf_mgr ( 5296): [int NS3A::BufMgr::init()()] - E. m_Users: 0
I/IspDrv ( 5296): {IspDrv} [createInstance] fgIsGdmaMode: 0.
I/IspDrv ( 5296): {IspDrv} [init] - E. mInitCount(1). m_fgIsGdmaMode: 0.
I/IspDrv ( 5296): {IspDrv} [ProfilingPrint] [Event_IspDrv_Init] atomic_inc:(0-th) ===> [start-->now: 0.185000 ms]
I/IspDrv ( 5296): {IspDrv} [init] - X. ret: 1. mInitCount: 2.
I/IspDrv ( 5296): {IspDrv} [ProfilingPrint] [Event_IspDrv_Init] Exit:(1-th) ===> [start-->now: 0.559000 ms] [last-->now: 0.374000 ms]
I/IspDrv ( 5296): {IspDrv} [getInstance] cq: 1. ispVirRegAddr: 0x4429a400.
I/Drv/IMem( 5296): Drv/IMem[mapPhyAddr] mID(0x37),size(0xd6f0),VA(x44345000),PA(0x1dc0000),S/C(0/0)
I/Drv/IMem( 5296): Drv/IMem[mapPhyAddr] mID(0x38),size(0xd6f0),VA(x44353000),PA(0x1e00000),S/C(0/0)
I/Drv/IMem( 5296): Drv/IMem[mapPhyAddr] mID(0x39),size(0x1bc),VA(x43c52000),PA(0x1e40000),S/C(0/0)
D/aaa_state( 5296): [StateCommon::transitState] StateUninit --> StateInit
I/IspDrv ( 5296): {IspDrv} [createInstance] fgIsGdmaMode: 0.
