D/MtkCam/VSSScen( 5296): [deque] P2VIDO:Id(-1),VA(0x44F11000),PA(0x027C0000),S(460800),T(0.000000)
I/iio/ifunc( 5296): [_disable] P2 start(0x0)
I/MtkCam/MtkCamUtils( 5296): {CamProfile}[::updateOne] : (0-th) ===> [start-->now: 90 ms]
D/MtkCam/PrvCB( 5296): (12210)[handleReturnBuffers] + 34ms&, android::HWComposer::HWCLayerInterface&)] add:469, count:1
I/SurfaceFlinger( 133): [static bool android::LayerScreenshot::isFrozen()] LayerScreenshot top:469 (orient:0, alpha:255)
D/SurfaceFlinger( 133): Freeze screen...
I/hwcomposer_v1.0( 133): [HWC] Pending External Display orientation...
D/Launcher( 5877): PagedView, [--Case Watcher--]invalidatePageData: currentPage = 0, immediateAndOnly = true, mScrollX = 0
D/Launcher( 5877): PagedView, getPageNearestToCenterOfScreen: minDistanceFromScreenCenterIndex = 0, mScrollX = 0
D/Launcher( 5877): PagedView, (PagedView)snapToPage whichPage = 0, delta = 0, duration = 550, mNextPage = -1, mUnboundedScrollX = 0, mDeferScrollUpdate = false, mScrollX = 0, this = com.android.launcher2.AppsCustomizePagedView{424a3aa8 V.E.H... ......ID 0,0-1080,1689 #7f070009 app:id/apps_customize_pane_content}
D/Launcher( 5877): AppsCustomizePagedView, updateCurrentTab: currentPage = 0, mCurrentPage = 0, this = com.android.launcher2.AppsCustomizePagedView{424a3aa8 V.E.H... ......ID 0,0-1080,1689 #7f070009 app:id/apps_customize_pane_content}
D/Launcher( 5877): AppsCustomizePagedView, snapToPage: whichPage = 0, delta = 0, duration = 550, this = com.android.launcher2.AppsCustomizePagedView{424a3aa8 V.E.H... ......ID 0,0-1080,1689 #7f070009 app:id/apps_customize_pane_content}
D/Launcher( 5877): Launcher, showWorkspace: animated = false, mState = WORKSPACE
V/Provider/Settings( 5877): from settings cache , name = landscape_launcher , value = none
I/SurfaceFlinger( 133): [static bool android::LayerScreenshot::isFrozen()] LayerScreenshot top:469 (orient:0, alpha:255)
D/SurfaceFlinger( 133): Freeze screen...
I/hwcomposer_v1.0( 133): [HWC] Pending External Display orientation...
I/WindowManager( 5535): FREEZE Surface(name=FreezeSurface, identity=469): DESTROY
D/PowerManagerService( 5535): userActivityFromNative
D/PowerManagerService( 5535): userActivityNoUpdateLocked: eventTime=4051125, event=1, flags=0x0, uid=1000
D/PowerManagerNotifier( 5535): onUserActivity: event=1, uid=1000
D/PowerManagerService( 5535): updateUserActivitySummaryLocked: mWakefulness=Awake, mUserActivitySummary=0x5, nextTimeout=4059125 (in 7663 ms)
D/PowerManagerService( 5535): newScreenState = 2
D/PowerManagerDisplayController( 5535): requestPowerState: screenState=2, useProximitySensor=false, screenBrightness=255, screenAutoBrightnessAdjustment=0.0, useAutoBrightness=false, useEcoBrightness=false, blockScreenOn=false, waitForNegativeProximity=false
I/PowerManagerService( 5535): setBrightness mButtonLight, screenBrightness=255
D/PowerManagerService( 5535): updateScreenStateLocked: mDisplayReady=true, newScreenState=2, mWakefulness=1, mWakeLockSummary=0x1, mUserActivitySummary=0x5, mBootCompleted=true
D/WindowManager( 5535): interceptKeyTi keyCode=3 down=true repeatCount=0 keyguardOn=false mHomePressed=false canceled=false
D/WindowManager( 5535): interceptKeyTi keyCode=3 down=false repeatCount=0 keyguardOn=false mHomePressed=true canceled=false
D/PowerManagerService( 5535): handleSandman: canDream=true, mWakefulness=Awake
V/ActivityManager( 5535): Broadcast: Intent { act=com.android.systemui.recent.action.PRELOAD flg=0x10 cmp=com.android.systemui/.recent.RecentsPreloadReceiver } ordered=false userid=-2
D/dalvikvm( 5719): create interp thread : stack size=32KB
D/dalvikvm( 5719): create new thread
D/dalvikvm( 5719): new thread created
D/dalvikvm( 5719): update thread list
D/dalvikvm( 5719): threadid=21: interp stack at 0x5f203000
D/dalvikvm( 5719): threadid=21: created from interp
D/dalvikvm( 5719): start new thread
V/ActivityManager( 5535): Broadcast: Intent { act=android.intent.action.CLOSE_SYSTEM_DIALOGS flg=0x50000010 (has extras) } ordered=false userid=-1
I/ActivityManager( 5535): START u0 {act=android.intent.action.MAIN cat=[android.intent.category.HOME] flg=0x10200000 cmp=com.android.launcher/com.android.launcher2.Launcher} from pid 5535
D/dalvikvm( 5719): threadid=21: notify debugger
D/dalvikvm( 5719): threadid=21 (Thread-56): calling run()
V/ActivityManager( 5535): Broadcast: Intent { act=com.android.systemui.recent.CANCEL_PRELOAD flg=0x10 cmp=com.android.systemui/.recent.RecentsPreloadReceiver } ordered=false userid=-2
D/PhoneStatusBar( 5719): onReceive, action=android.intent.action.CLOSE_SYSTEM_DIALOGS
D/dalvikvm( 5719): threadid=21: exiting
D/dalvikvm( 5719): threadid=21: bye!
V/ActivityManager( 5535): Broadcast: Intent { act=com.android.systemui.recent.action.CLOSE flg=0x10 pkg=com.android.systemui } ordered=false userid=-2
I/SurfaceFlinger( 133): [void android::LayerScreenshot::clearStatus()] del:469, count:0
D/awb_algo( 5296): [PV AWB Gain] Rgain = 766, Ggain = 512, Bgain = 840
D/awb_algo( 5296): CCT = 5093
D/isp_tuning_custom( 5296): evaluate_PCA_LUT_index()
D/isp_tuning_custom( 5296): [+evaluate_PCA_LUT_index](rCamInfo.eIdx_PCA_LUT, rCamInfo.rAWBInfo.i4CCT, rCamInfo.rAWBInfo.i4FluorescentIndex)=(1, 5093, 83)
D/AeAlgo ( 5296): u4Ratio:56 CWvalue:26 CWR:46 Delta:7 Con:0x00000005 Y:26 Index:114 m_bAEOneShot:0 Stable:1
D/AeAlgo ( 5296): The AE index is at the boundary Idx:114 DeIdx:56 Max:114 Min:0
D/ImgSensorDrv( 5296): [getInstance][ImgSensorDrv] getInstance
D/SensorHal( 5296): [sendCommand] Exposure Time: 89998
D/ImgSensorDrv( 5296): [getInstance][ImgSensorDrv] getInstance
D/ae_mgr ( 5296): [doPvAE] State:0 Shutter:89998 Sensor gain:6656 Isp gain:1024 frame rate:111 flare:520 64 ISO:455 SmoothGain:0
D/isp_tuning_custom( 5296): map_ISO_value_to_index()
D/paramctrl_attributes( 5296): [+m_rIspCamInfo.i4LightValue_x10](old, new)=(36, 35)
D/paramctrl_validate( 5296): [validatePerFrame](ParamChangeCount, fgForce)=(1, 0)
D/isp_tuning_custom( 5296): [IspCamInfo][dump](eIspProfile, eIdx_Scene)=(0, 0)
D/isp_tuning_custom( 5296): [RAWIspCamInfo][dump](eIdx_ISO, u4ISOValue, i4ZoomRatio_x100, i4LightValue_x10)=(2, 455, 100, 35, 1118145920)
D/isp_tuning_custom( 5296): [8 evaluate_Shading_CCT_index] CCT:5093 DF_IDX:100 i4PT:0 i4PW:0
D/isp_tuning_custom( 5296): [evaluate_Shading_CCT_index] eIdx_Shading_CCT_new:2
D/lsc_mgr ( 5296): [setCTIdx] Shading idx= 2
D/lsc_mgr ( 5296): [LscMgr:SetTBAToISP] TSF enable 0, state 1
D/lsc_mgr ( 5296): [getCTIdx] Shading idx= 2
D/lsc_mgr ( 5296): [getCTIdx] Shading idx= 2
D/lsc_mgr ( 5296): [LscMgr] SetTBAToISP m_eLscScenario 0, TableSize 16384, CCT 0x2, phyAddr 0x1f08000, XSize 0x3fff m_eSensorOp 0
D/lsc_mgr ( 5296): [LscMgr:enableLsc] Meta 0, Shading param 0x2, 0x1f08000, 0x20, 0x0,0xf03e ,0xf02f ,0x44002b ,0x20202020, 0x0
I/IspDrv ( 5296): {IspDrv} [createInstance] fgIsGdmaMode: 0.
D/lsc_mgr ( 5296): [getCTIdx] Shading idx= 2
I/IspDrv ( 5296): {IspDrv} [createInstance] fgIsGdmaMode: 0.
I/TdriMgr ( 5296): [applySetting] Cq(5)-Fun(3)
I/TdriMgr ( 5296): [applySetting] Cq(5)-Fun(4)
I/TdriMgr ( 5296): [applySetting] Cq(5)-Fun(5)
D/FLICKER ( 5296): [FLK Hal] FFLK func=sendCommand line=837 cmd=5
D/FLICKER ( 5296): [FLK Hal] FFLK func=enableFlickerDetection line=1090
D/aaa_hal/3Athread( 5296): rCmd(10)-
D/aaa_hal/3Athread( 5296): CmdQ-size(7), todo(10)
D/aaa_hal/3Athread( 5296): rCmd(10)+
I/hwcomposer_v1.0( 133): [HWC] Change External Display orientation (1 -> 0)
D/af_mgr ( 5296): DoAF[SGG|AF|FK|EIS|HRZ|ESFKO]d4 [X]16 342 668 994 1320 1646 [Y]16 260 504 748 992 1236 [Size]326 244 [TH]5 5 5
D/af_mgr ( 5296): [SGG_GN]16 [GMR1]31 [GMR2]63 [GMR3]127 [Deci]0 [Zig]0 [Odd]0 [IIRKeep]1 [Hsize]1996
D/af_mgr ( 5296): [F0]4 [F1]15 36 43 36 22 10 3 0 0 0 0 0
D/af_mgr ( 5296): [WinXE]668 [WinYE]504 [SizeXE]652 [SizeYE]488 [THE]5
D/FLICKER ( 5296): [FLK Hal] FFLK func=sendCommand line=837 cmd=7
D/AfAlgo ( 5296): [AfAlgoC][fv]642612 [gsum]11 [AEStbl]1 [ISO]455 [wait]3
D/AfAlgo ( 5296): [AfAlgoC][Thres]30000 [ValidCnt] 2 [ShockCnt] 0 [FrmCnt)] 0
D/AfAlgo ( 5296): [AfAlgoC][FirstFV]0 [FVDiff]642612 [FVThres]100 [FVCnt]37 [FVNum]2 [GSDiff]11 [GSThres]20 [GSCnt]6 [GSNum]2
D/af_mgr ( 5296): [AFStatH]642504 [AFStatFL]642504 [AFStatV]36 [moveMCU] 100
D/MtkCam/VSSScen( 5296): [deque] P1:Idx(0),Id(97),VA(0x45BB4000),PA(0x03340000),S(3740000),T(4051.487281)
D/aaa_hal/3Athread( 5296): mCmdQ size(6) + cmd(10)
D/MtkCam/MtkCamUtils( 5296): [queryRawStride]imgFmt(2), imgWidth(1996), stride(2000)
D/MtkCam/MtkCamUtils( 5296): (CameraDisplay@ImgBufQue)[dequeProvider] Empty Que
D/MtkCam/MtkCamUtils( 5296): (RecCB@ImgBufQue)[dequeProvider] Empty Que
D/MtkCam/PrvCQT( 5296): (12213)[updateOne] P2(0x10)
D/MtkCam/PrvCQT( 5296): (12213)[doCrop] S(1996/1496),D(640/480),Z(100),C(1,0,1994,1496)
I/Drv/IMem( 5296): Drv/IMem[mapPhyAddr] mID(0x61),size(0x391160),VA(x45bb4000),PA(0x3340000),S/C(0/0)
I/Drv/IMem( 5296): Drv/IMem[allocM4UMemory] [StdM4U]VA(0x447e8000)/PA(0x2880000)/size(0x70800)/mID(0xffffffff)
I/Drv/IMem( 5296): Drv/IMem[mapPhyAddr] mID(0xffffffff),size(0x70800),VA(x447e8000),PA(0x2880000),S/C(0/0)
I/iio/ppp ( 5296): [configPipe] Pass(0),sceFmt(0),imgi.fmt(2),isByImgi(0),sceID(8),dma(0x80080) isTurn(1),VA=0x44d86000 PA=0x2200000
I/IspDrv ( 5296): {IspDrv} [updateTurningCq1] updateCqdes(12) CtlEn1(0x4a00800) CtlEn2(0x1d) CtlMma(0x0)
I/iio/ifunc( 5296): [_config] path(2),CQ(4),en1(0x40300000),en2(0x38a20003),dma(0x00080080),fmt(0x00000106),ctl(0x00810050),tcm_en(0x9811c003),isIspOn(0x1)
I/iio/ifunc( 5296): [_config] cq(4),turEn1(0x04800800),turEn2(0x0000001d),turDma(0x00000000),dmaMerg(0x00080080),tcm(0x9811c003)
I/iio/ifunc( 5296): [_config] [Pass2]AppTurn(1) EN1-Set(0x44b00800),Clr(0x3400200)-En2:Set(0x38a2001f),Clr(0x40020)-DMA:Set(0x80080),Clr(0x207500)
I/TpipeDrv( 5296): {TpipeDrv} [runTpipeMain] [Top]bnr(0),lsc(0),lsci(0),lce(0),lcei(0),nbc(1),seee(1),cfa(1)--en1(0x00300000),en2(0x00220016),dma(0x00080080)
I/TpipeDrv( 5296): {TpipeDrv} [runTpipeMain] size(300)||[0-4]0000D00D-00000000-05D703BF-00000000-05D802EA||[70-74]A00001CA-000001CA-01E000B6-00000000-000001CA
D/MtkCam/VSSScen( 5296): [deque] +
I/CdpDrv ( 5296): {CdpDrv} [VIDO_SetOutputAddr] cqPhy(0x442e3000),Vido(0x2880000),VidCo(0x28cb000),VidVo(0x2880000)
I/iio/path( 5296): [setDMACurrBuf] [VIDO]base(0x2880000)-0x28cb000-0x2880000
I/iio/ifunc( 5296): [_enable] path(2),start(1),SCIO(6),En1(0x44b5b8a9),En2(0xb8a3401f),Dma(0x800ab),CQ_status(0x4001111),CQ_debugset(24576)
I/iio/pathp2( 5296): [_waitIrq] type(0),irq(16384)
D/skia ( 5877): Flag is not 10
I/BufferQueue( 133): [unnamed-133-360](this:0x4324e148,api:0) BufferQueue
I/BufferQueue( 133): [unnamed-133-360](this:0x4324e148,api:0) consumerConnect
I/BufferQueue( 133): [unnamed-133-360](this:0x4324e148,api:0) setConsumerName: unnamed-133-360
I/SurfaceTexture( 133): [unnamed-133-360](this:0x4323d4d8,api:0) SurfaceTexture
I/BufferQueue( 133): [unnamed-133-360](this:0x4324e148,api:0) setSynchronousMode: enabled=1
I/BufferQueue( 133): [unnamed-133-360](this:0x4324e148,api:0) setDefaultBufferSize: w=1080, h=1920
I/BufferQueue( 133): [com.android.launcher/com.android.launcher2.Launcher](this:0x4324e148,api:0) setConsumerName: com.android.launcher/com.android.launcher2.Launcher
V/WindowManager( 5535): Changing focus from null to Window{4291a770 u0 com.android.launcher/com.android.launcher2.Launcher}
I/Drv/IMem( 5296): Drv/IMem[freeM4UMemory] [StdM4U]VA(0x447e8000)/PA(0x2880000)/size(0x70800)/mID(0xffffffff)
D/MtkCam/VSSScen( 5296): [deque] P2VIDO:Id(-1),VA(0x447E8000),PA(0x02880000),S(460800),T(0.000000)
I/iio/ifunc( 5296): [_disable] P2 start(0x0)
I/MtkCam/MtkCamUtils( 5296): {CamProfile}[::updateOne] : (0-th) ===> [start-->now: 89 ms]
D/MtkCam/PrvCB( 5296): (12210)[handleReturnBuffers] + 34msfde.force_eof=0
I/ActivityThread(12261): Pub applications: com.android.providers.applications.ApplicationsProvider
D/awb_algo( 5296): [PV AWB Gain] Rgain = 764, Ggain = 512, Bgain = 840
D/awb_algo( 5296): CCT = 5082
D/paramctrl_attributes( 5296): setAWBInfo(): bAWBGainChanged = MTRUE
D/isp_tuning_custom( 5296): refineLightSourceAWBGainforMultiCCM()
D/isp_tuning_custom( 5296): D65 AWB Gain = (897, 512, 703)
D/isp_tuning_custom( 5296): TL84 AWB Gain = (681, 512, 957)
D/isp_tuning_custom( 5296): CWF AWB Gain = (725, 512, 989)
D/isp_tuning_custom( 5296): A AWB Gain = (607, 512, 1175)
D/isp_tuning_custom( 5296): evaluate_PCA_LUT_index()
D/isp_tuning_custom( 5296): [+evaluate_PCA_LUT_index](rCamInfo.eIdx_PCA_LUT, rCamInfo.rAWBInfo.i4CCT, rCamInfo.rAWBInfo.i4FluorescentIndex)=(1, 5082, 89)
D/ae_mgr ( 5296): [doPvAE]AE Wait Vd frame:2 Enable:1 avgY:268
D/isp_tuning_custom( 5296): map_ISO_value_to_index()
D/paramctrl_validate( 5296): [validatePerFrame](ParamChangeCount, fgForce)=(1, 0)
D/isp_tuning_custom( 5296): [IspCamInfo][dump](eIspProfile, eIdx_Scene)=(0, 0)
D/isp_tuning_custom( 5296): [RAWIspCamInfo][dump](eIdx_ISO, u4ISOValue, i4ZoomRatio_x100, i4LightValue_x10)=(2, 455, 100, 35, 1118145920)
D/isp_tuning_custom( 5296): [8 evaluate_Shading_CCT_index] CCT:5082 DF_IDX:100 i4PT:0 i4PW:0
D/isp_tuning_custom( 5296): [evaluate_Shading_CCT_index] eIdx_Shading_CCT_new:2
D/lsc_mgr ( 5296): [setCTIdx] Shading idx= 2
D/lsc_mgr ( 5296): [LscMgr:SetTBAToISP] TSF enable 0, state 1
D/lsc_mgr ( 5296): [getCTIdx] Shading idx= 2
D/lsc_mgr ( 5296): [getCTIdx] Shading idx= 2
D/lsc_mgr ( 5296): [LscMgr] SetTBAToISP m_eLscScenario 0, TableSize 16384, CCT 0x2, phyAddr 0x1f08000, XSize 0x3fff m_eSensorOp 0
D/lsc_mgr ( 5296): [LscMgr:enableLsc] Meta 0, Shading param 0x2, 0x1f08000, 0x20, 0x0,0xf03e ,0xf02f ,0x44002b ,0x20202020, 0x0
I/IspDrv ( 5296): {IspDrv} [createInstance] fgIsGdmaMode: 0.
D/lsc_mgr ( 5296): [getCTIdx] Shading idx= 2
I/IspDrv ( 5296): {IspDrv} [createInstance] fgIsGdmaMode: 0.
I/TdriMgr ( 5296): [applySetting] Cq(5)-Fun(3)
I/TdriMgr ( 5296): [applySetting] Cq(5)-Fun(4)
I/TdriMgr ( 5296): [applySetting] Cq(5)-Fun(5)
D/FLICKER ( 5296): [FLK Hal] FFLK func=sendCommand line=837 cmd=5
D/FLICKER ( 5296): [FLK Hal] FFLK func=enableFlickerDetection line=1090
D/aaa_hal/3Athread( 5296): rCmd(10)-
D/aaa_hal/3Athread( 5296): CmdQ-size(7), todo(10)
D/aaa_hal/3Athread( 5296): rCmd(10)+
D/WindowManager( 5535): interceptKeyTq keycode=3 screenIsOn=true keyguardActive=false policyFlags = #2000000 down =true canceled = false isWakeKey=false
D/WindowManager( 5535): interceptKeyTi keyCode=3 down=true repeatCount=0 keyguardOn=false mHomePressed=false canceled=false
V/ActivityManager( 5535): Broadcast: Intent { act=com.android.systemui.recent.action.PRELOAD flg=0x10 cmp=com.android.systemui/.recent.RecentsPreloadReceiver } ordered=false userid=-2
D/dalvikvm( 5719): create interp thread : stack size=32KB
D/af_mgr ( 5296): DoAF[SGG|AF|FK|EIS|HRZ|ESFKO]d4 [X]16 342 668 994 1320 1646 [Y]16 260 504 748 992 1236 [Size]326 244 [TH]5 5 5
D/af_mgr ( 5296): [SGG_GN]16 [GMR1]31 [GMR2]63 [GMR3]127 [Deci]0 [Zig]0 [Odd]0 [IIRKeep]1 [Hsize]1996
D/af_mgr ( 5296): [F0]4 [F1]15 36 43 36 22 10 3 0 0 0 0 0
D/dalvikvm( 5719): create new thread
D/af_mgr ( 5296): [WinXE]668 [WinYE]504 [SizeXE]652 [SizeYE]488 [THE]5
D/FLICKER ( 5296): [FLK Hal] FFLK func=sendCommand line=837 cmd=7
D/AfAlgo ( 5296): [AfAlgoC][fv]1024237 [gsum]11 [AEStbl]1 [ISO]455 [wait]3
D/AfAlgo ( 5296): [AfAlgoC][Thres]30000 [ValidCnt] 3 [ShockCnt] 0 [FrmCnt)] 0
D/AfAlgo ( 5296): [AfAlgoC][FirstFV]0 [FVDiff]1024237 [FVThres]100 [FVCnt]38 [FVNum]2 [GSDiff]11 [GSThres]20 [GSCnt]6 [GSNum]2
D/af_mgr ( 5296): [AFStatH]1024237 [AFStatFL]1024237 [AFStatV]0 [moveMCU] 100
D/dalvikvm( 5719): new thread created
D/dalvikvm( 5719): update thread list
D/dalvikvm( 5719): threadid=21: interp stack at 0x5ef33000
D/MtkCam/VSSScen( 5296): [deque] P1:Idx(0),Id(98),VA(0x45F46000),PA(0x03700000),S(3740000),T(4051.577342)
D/dalvikvm( 5719): threadid=21: created from interp
D/aaa_hal/3Athread( 5296): mCmdQ size(6) + cmd(10)
D/dalvikvm( 5719): start new thread
D/MtkCam/MtkCamUtils( 5296): [queryRawStride]imgFmt(2), imgWidth(1996), stride(2000)
D/dalvikvm( 5719): threadid=21: notify debugger
D/MtkCam/MtkCamUtils( 5296): (CameraDisplay@ImgBufQue)[dequeProvider] Empty Que
D/MtkCam/MtkCamUtils( 5296): (RecCB@ImgBufQue)[dequeProvider] Empty Que
D/dalvikvm( 5719): threadid=21 (Thread-57): calling run()
D/MtkCam/PrvCQT( 5296): (12213)[updateOne] P2(0x10)
D/MtkCam/PrvCQT( 5296): (12213)[doCrop] S(1996/1496),D(640/480),Z(100),C(1,0,1994,1496)
I/Drv/IMem( 5296): Drv/IMem[mapPhyAddr] mID(0x62),size(0x391160),VA(x45f46000),PA(0x3700000),S/C(0/0)
I/Drv/IMem( 5296): Drv/IMem[allocM4UMemory] [StdM4U]VA(0x44ea0000)/PA(0x2880000)/size(0x70800)/mID(0xffffffff)
I/Drv/IMem( 5296): Drv/IMem[mapPhyAddr] mID(0xffffffff),size(0x70800),VA(x44ea0000),PA(0x2880000),S/C(0/0)
I/iio/ppp ( 5296): [configPipe] Pass(0),sceFmt(0),imgi.fmt(2),isByImgi(0),sceID(8),dma(0x80080) isTurn(1),VA=0x44d86000 PA=0x2200000
I/IspDrv ( 5296): {IspDrv} [updateTurningCq1] updateCqdes(12) CtlEn1(0x4a00800) CtlEn2(0x1d) CtlMma(0x0)
I/iio/ifunc( 5296): [_config] path(2),CQ(4),en1(0x40300000),en2(0x38a20003),dma(0x00080080),fmt(0x00000106),ctl(0x00810050),tcm_en(0x9811c003),isIspOn(0x1)
I/iio/ifunc( 5296): [_config] cq(4),turEn1(0x04800800),turEn2(0x0000001d),turDma(0x00000000),dmaMerg(0x00080080),tcm(0x9811c003)
I/iio/ifunc( 5296): [_config] [Pass2]AppTurn(1) EN1-Set(0x44b00800),Clr(0x3400200)-En2:Set(0x38a2001f),Clr(0x40020)-DMA:Set(0x80080),Clr(0x207500)
I/TpipeDrv( 5296): {TpipeDrv} [runTpipeMain] [Top]bnr(0),lsc(0),lsci(0),lce(0),lcei(0),nbc(1),seee(1),cfa(1)--en1(0x00300000),en2(0x00220016),dma(0x00080080)
I/TpipeDrv( 5296): {TpipeDrv} [runTpipeMain] size(300)||[0-4]0000D00D-00000000-05D703BF-00000000-05D802EA||[70-74]A00001CA-000001CA-01E000B6-00000000-000001CA
D/MtkCam/VSSScen( 5296): [deque] +
I/CdpDrv ( 5296): {CdpDrv} [VIDO_SetOutputAddr] cqPhy(0x442e3000),Vido(0x2880000),VidCo(0x28cb000),VidVo(0x2880000)
I/iio/path( 5296): [setDMACurrBuf] [VIDO]base(0x2880000)-0x28cb000-0x2880000
I/iio/ifunc( 5296): [_enable] path(2),start(1),SCIO(6),En1(0x44b5b8a9),En2(0xb8a3401f),Dma(0x800ab),CQ_status(0x4001111),CQ_debugset(24576)
I/iio/pathp2( 5296): [_waitIrq] type(0),irq(16384)
D/dalvikvm( 5719): threadid=21: exiting
D/dalvikvm( 5719): threadid=21: bye!
I/Drv/IMem( 5296): Drv/IMem[freeM4UMemory] [StdM4U]VA(0x44ea0000)/PA(0x2880000)/size(0x70800)/mID(0xffffffff)
D/MtkCam/VSSScen( 5296): [deque] P2VIDO:Id(-1),VA(0x44EA0000),PA(0x02880000),S(460800),T(0.000000)
I/iio/ifunc( 5296): [_disable] P2 start(0x0)
I/MtkCam/MtkCamUtils( 5296): {CamProfile}[::updateOne] : (0-th) ===> [start-->now: 89 ms]
D/MtkCam/PrvCB( 5296): (12210)[handleReturnBuffers] + 34ms [start-->now: 90 ms]
D/MtkCam/PrvCB( 5296): (12210)[handleReturnBuffers] + 34ms&)]
D/SurfaceTexture( 133): GraphicBuffer: gb=0x4323a800 handle=0x432407e0
I/BufferQueue( 133): [NEW] gb=0x43258aa0, handle=0x43252d48, w=1080, h=1920, s=1088, fmt=5
D/SurfaceTexture( 133): EGLImage: dpy=0x1, img=0x4323c4a0
D/skia ( 5719): Flag is not 10
V/WallpaperService( 5719): Visibility change in com.android.systemui.ImageWallpaper$DrawableEngine@423458f8: 1
V/WallpaperService( 5719): onVisibilityChanged(true): com.android.systemui.ImageWallpaper$DrawableEngine@423458f8
V/WallpaperService( 5719): Offsets change in com.android.systemui.ImageWallpaper$DrawableEngine@423458f8: 0.0,0.0
V/ActivityManager( 5535): Activity idle: Token{423b0220 ActivityRecord{42350520 u0 com.android.launcher/com.android.launcher2.Launcher}}
I/libPerfService( 5535): 1: set: 1
D/PowerManagerService( 5535): releaseWakeLockInternal: lock=1111143720, flags=0x0
D/PowerManagerService( 5535): updateWakeLockSummaryLocked: mWakefulness=Awake, mWakeLockSummary=0x0
W/skia ( 5719): enter Skia Jpeg try_path 1, L:1001!!
D/PowerManagerService( 5535): newScreenState = 2
D/PowerManagerDisplayController( 5535): requestPowerState: screenState=2, useProximitySensor=false, screenBrightness=255, screenAutoBrightnessAdjustment=0.0, useAutoBrightness=false, useEcoBrightness=false, blockScreenOn=false, waitForNegativeProximity=false
D/JpgDecPipe( 5719): JpgDecPipe::JpgDecPipe
I/PowerManagerService( 5535): setBrightness mButtonLight, screenBrightness=255
W/JpgDecPipe( 5719): ::[setScalerType] set fScaleType 2->3, L:296!!
D/PowerManagerService( 5535): updateScreenStateLocked: mDisplayReady=true, newScreenState=2, mWakefulness=1, mWakeLockSummary=0x0, mUserActivitySummary=0x5, mBootCompleted=true
W/JpgDecPipe( 5719): ::[LOCK] lock, islock 0!!
V/ActivityManager( 5535): Stopping ActivityRecord{42bddcc8 u0 org.opencv.samples.NativeActivity/android.app.NativeActivity}: nowVisible=false waitingVisible=true finishing=false
D/JpgDecComp( 5719): JpgDecComp::JpgDecComp
D/JpgDecComp( 5719): lock!!
D/ImgScaler( 5719): ImgCdpPipe::ImgCdpPipe
W/mHalJpgDec( 5719): mHalJpgDec:: parser lock success,fg(0),SWS 0x25800, L:175!!
W/mHalJpgParser( 5719): enter Driver parse !!!
D/PowerManagerService( 5535): handleSandman: canDream=true, mWakefulness=Awake
D/JpegDecDriver( 5719): ::[PARAM] sFmt 111111, dfmt 211111, conv 1, L:730!!
D/JpegDecDriver( 5719): ::[FileInfo] prog 0, Fmt 2->211111, comp 3, w h 2160 1920 ,pad 2160 1920, 2160 1920, 2160 1920, L:1160!!
D/JpgDecComp( 5719): COMP_PARSE sfmt 2, Outfmt 2, w 2160, h 1920, row 240, vSample 1 1!!
W/JpgDecPipe( 5719): ::[LOCKR] lock scaler type is 3!!
D/ResMgrDrv( 5719): [Init]First user(0)
D/ResMgrDrv( 5719): [GetMode]ScenSw(2),ScenHw(6),Dev(0)
D/ImgScaler( 5719): CdpCreate: Mgr Dev 0, Scen 6, L:819!!
D/ImgScaler( 5719): [ImageScaler] - can't set Prefer mode , try another mode, , L:828!!
D/ImgScaler( 5719): ::ScalerDeInit, reset_flag 0, L:890!!
D/ResMgrDrv( 5719): [Uninit]Last user(0)
D/ImgScaler( 5719): ::ScalerDeInit done, L:937!!
D/ImgScaler( 5719): [ImageScaler] - setConnectType fail!!, L:470!!
W/JpgDecPipe( 5719): [ImageDecPipe] - set cdp connection type fail, , L:603!!
W/JpgDecPipe( 5719): ::[LOCKR] lock scaler type fail!!
D/JpgDecComp( 5719): unlock!!
W/JpgDecPipe( 5719): [JPEG Decoder] - Scaler resource is busy
D/JpgDecPipe( 5719): JpgDecPipe::~JpgDecPipe
W/JpgDecPipe( 5719): ::[UNLOCK] unlock , islock 1!!
D/JpgDecComp( 5719): JpgDecComp::~JpgDecComp
D/ImgScaler( 5719): ImgCdpPipe::~ImgCdpPipe
W/mHalJpgDec( 5719): can't lock resizer resource
W/skia ( 5719): Use JPEG SW Decoder
D/ActivityManager( 5535): ACT-IDLE_NOW_MSG from windowsVisible() for idle: ActivityRecord{42350520 u0 com.android.launcher/com.android.launcher2.Launcher}
V/ActivityManager( 5535): Activity idle: null
V/ActivityManager( 5535): Stopping ActivityRecord{42bddcc8 u0 org.opencv.samples.NativeActivity/android.app.NativeActivity}: nowVisible=true waitingVisible=false finishing=false
V/ActivityManager( 5535): Ready to stop: ActivityRecord{42bddcc8 u0 org.opencv.samples.NativeActivity/android.app.NativeActivity}
D/awb_algo( 5296): [PV AWB Gain] Rgain = 764, Ggain = 512, Bgain = 840
D/awb_algo( 5296): CCT = 5082
D/isp_tuning_custom( 5296): evaluate_PCA_LUT_index()
D/isp_tuning_custom( 5296): [+evaluate_PCA_LUT_index](rCamInfo.eIdx_PCA_LUT, rCamInfo.rAWBInfo.i4CCT, rCamInfo.rAWBInfo.i4FluorescentIndex)=(1, 5082, 89)
D/AeAlgo ( 5296): u4Ratio:54 CWvalue:25 CWR:46 Delta:7 Con:0x00000004 Y:26 Index:114 m_bAEOneShot:0 Stable:1
D/AeAlgo ( 5296): The AE index is at the boundary Idx:114 DeIdx:56 Max:114 Min:0
D/ImgSensorDrv( 5296): [getInstance][ImgSensorDrv] getInstance
D/SensorHal( 5296): [sendCommand] Exposure Time: 89998
D/ImgSensorDrv( 5296): [getInstance][ImgSensorDrv] getInstance
D/ae_mgr ( 5296): [doPvAE] State:0 Shutter:89998 Sensor gain:6656 Isp gain:1024 frame rate:111 flare:520 64 ISO:455 SmoothGain:0
D/isp_tuning_custom( 5296): map_ISO_value_to_index()
D/FLICKER ( 5296): [FLK Hal] FFLK func=sendCommand line=837 cmd=5
D/FLICKER ( 5296): [FLK Hal] FFLK func=enableFlickerDetection line=1090
D/aaa_hal/3Athread( 5296): rCmd(10)-
D/aaa_hal/3Athread( 5296): CmdQ-size(7), todo(10)
D/aaa_hal/3Athread( 5296): rCmd(10)+
D/dalvikvm( 5719): GC_FOR_ALLOC freed 1033K (2041), 47% free 28246K/53276K, paused 23ms, total 23ms
D/af_mgr ( 5296): DoAF[SGG|AF|FK|EIS|HRZ|ESFKO]d4 [X]16 342 668 994 1320 1646 [Y]16 260 504 748 992 1236 [Size]326 244 [TH]5 5 5
D/af_mgr ( 5296): [SGG_GN]16 [GMR1]31 [GMR2]63 [GMR3]127 [Deci]0 [Zig]0 [Odd]0 [IIRKeep]1 [Hsize]1996
D/af_mgr ( 5296): [F0]4 [F1]15 36 43 36 22 10 3 0 0 0 0 0
D/af_mgr ( 5296): [WinXE]668 [WinYE]504 [SizeXE]652 [SizeYE]488 [THE]5
D/FLICKER ( 5296): [FLK Hal] FFLK func=sendCommand line=837 cmd=7
D/AfAlgo ( 5296): [AfAlgoC][fv]704210 [gsum]13 [AEStbl]1 [ISO]455 [wait]3
D/AfAlgo ( 5296): [AfAlgoC][Thres]30000 [ValidCnt] 5 [ShockCnt] 0 [FrmCnt)] 0
D/AfAlgo ( 5296): [AfAlgoC][FirstFV]0 [FVDiff]704210 [FVThres]100 [FVCnt]40 [FVNum]2 [GSDiff]13 [GSThres]20 [GSCnt]6 [GSNum]2
D/af_mgr ( 5296): [AFStatH]692990 [AFStatFL]692990 [AFStatV]3740 [moveMCU] 100
D/MtkCam/VSSScen( 5296): [deque] P1:Idx(0),Id(95),VA(0x45490000),PA(0x029C0000),S(3740000),T(4051.757465)
D/aaa_hal/3Athread( 5296): mCmdQ size(6) + cmd(10)
D/MtkCam/MtkCamUtils( 5296): [queryRawStride]imgFmt(2), imgWidth(1996), stride(2000)
D/MtkCam/MtkCamUtils( 5296): (CameraDisplay@ImgBufQue)[dequeProvider] Empty Que
D/MtkCam/MtkCamUtils( 5296): (RecCB@ImgBufQue)[dequeProvider] Empty Que
D/MtkCam/PrvCQT( 5296): (12213)[updateOne] P2(0x10)
D/MtkCam/PrvCQT( 5296): (12213)[doCrop] S(1996/1496),D(640/480),Z(100),C(1,0,1994,1496)
I/Drv/IMem( 5296): Drv/IMem[mapPhyAddr] mID(0x5f),size(0x391160),VA(x45490000),PA(0x29c0000),S/C(0/0)
I/Drv/IMem( 5296): Drv/IMem[allocM4UMemory] [StdM4U]VA(0x447e8000)/PA(0x2880000)/size(0x70800)/mID(0xffffffff)
I/Drv/IMem( 5296): Drv/IMem[mapPhyAddr] mID(0xffffffff),size(0x70800),VA(x447e8000),PA(0x2880000),S/C(0/0)
I/iio/ppp ( 5296): [configPipe] Pass(0),sceFmt(0),imgi.fmt(2),isByImgi(0),sceID(8),dma(0x80080) isTurn(1),VA=0x44d86000 PA=0x2200000
I/IspDrv ( 5296): {IspDrv} [updateTurningCq1] updateCqdes(0) CtlEn1(0x0) CtlEn2(0x0) CtlMma(0x0)
I/iio/ifunc( 5296): [_config] path(2),CQ(4),en1(0x40300000),en2(0x38a20003),dma(0x00080080),fmt(0x00000106),ctl(0x00810050),tcm_en(0x9811c003),isIspOn(0x1)
I/iio/ifunc( 5296): [_config] cq(4),turEn1(0x04800800),turEn2(0x0000001d),turDma(0x00000000),dmaMerg(0x00080080),tcm(0x9811c003)
I/iio/ifunc( 5296): [_config] [Pass2]AppTurn(1) EN1-Set(0x44b00800),Clr(0x3400200)-En2:Set(0x38a2001f),Clr(0x40020)-DMA:Set(0x80080),Clr(0x207500)
I/TpipeDrv( 5296): {TpipeDrv} [runTpipeMain] [Top]bnr(0),lsc(0),lsci(0),lce(0),lcei(0),nbc(1),seee(1),cfa(1)--en1(0x00300000),en2(0x00220016),dma(0x00080080)
I/TpipeDrv( 5296): {TpipeDrv} [runTpipeMain] size(300)||[0-4]0000D00D-00000000-05D703BF-00000000-05D802EA||[70-74]A00001CA-000001CA-01E000B6-00000000-000001CA
D/MtkCam/VSSScen( 5296): [deque] +
I/CdpDrv ( 5296): {CdpDrv} [VIDO_SetOutputAddr] cqPhy(0x442e3000),Vido(0x2880000),VidCo(0x28cb000),VidVo(0x2880000)
I/iio/path( 5296): [setDMACurrBuf] [VIDO]base(0x2880000)-0x28cb000-0x2880000
I/iio/ifunc( 5296): [_enable] path(2),start(1),SCIO(6),En1(0x44b5b8a9),En2(0xb8a3401f),Dma(0x800ab),CQ_status(0x4001111),CQ_debugset(24576)
I/iio/pathp2( 5296): [_waitIrq] type(0),irq(16384)
I/dalvikvm-heap( 5719): Grow heap (frag case) to 43.792MB for 16588816-byte allocation
I/Drv/IMem( 5296): Drv/IMem[freeM4UMemory] [StdM4U]VA(0x447e8000)/PA(0x2880000)/size(0x70800)/mID(0xffffffff)
D/MtkCam/VSSScen( 5296): [deque] P2VIDO:Id(-1),VA(0x447E8000),PA(0x02880000),S(460800),T(0.000000)
I/iio/ifunc( 5296): [_disable] P2 start(0x0)
I/MtkCam/MtkCamUtils( 5296): {CamProfile}[::updateOne] : (0-th) ===> [start-->now: 90 ms]
D/MtkCam/PrvCB( 5296): (12210)[handleReturnBuffers] + 34ms [start-->now: 89 ms]
D/MtkCam/PrvCB( 5296): (12210)[handleReturnBuffers] + 34ms&)]
D/SurfaceTexture( 133): GraphicBuffer: gb=0x43258aa0 handle=0x43252d48
I/BufferQueue( 133): [NEW] gb=0x43256018, handle=0x42ee4650, w=1080, h=1920, s=1088, fmt=5
D/SurfaceTexture( 133): EGLImage: dpy=0x1, img=0x4323ba98
D/awb_algo( 5296): [PV AWB Gain] Rgain = 764, Ggain = 512, Bgain = 840
D/awb_algo( 5296): CCT = 5082
D/isp_tuning_custom( 5296): evaluate_PCA_LUT_index()
D/isp_tuning_custom( 5296): [+evaluate_PCA_LUT_index](rCamInfo.eIdx_PCA_LUT, rCamInfo.rAWBInfo.i4CCT, rCamInfo.rAWBInfo.i4FluorescentIndex)=(1, 5082, 89)
D/ae_mgr ( 5296): [doPvAE]AE Wait Vd frame:1 Enable:1 avgY:258
D/isp_tuning_custom( 5296): map_ISO_value_to_index()
D/FLICKER ( 5296): [FLK Hal] FFLK func=sendCommand line=837 cmd=5
D/FLICKER ( 5296): [FLK Hal] FFLK func=enableFlickerDetection line=1090
D/aaa_hal/3Athread( 5296): rCmd(10)-
D/aaa_hal/3Athread( 5296): CmdQ-size(7), todo(10)
D/aaa_hal/3Athread( 5296): rCmd(10)+
I/BufferQueue( 133): [com.android.launcher/com.android.launcher2.Launcher](this:0x4324e148,api:1) new GraphicBuffer needed
D/BufferQueue( 133): [OLD] gb:NULL
D/af_mgr ( 5296): DoAF[SGG|AF|FK|EIS|HRZ|ESFKO]d4 [X]16 342 668 994 1320 1646 [Y]16 260 504 748 992 1236 [Size]326 244 [TH]5 5 5
D/af_mgr ( 5296): [SGG_GN]16 [GMR1]31 [GMR2]63 [GMR3]127 [Deci]0 [Zig]0 [Odd]0 [IIRKeep]1 [Hsize]1996
D/af_mgr ( 5296): [F0]4 [F1]15 36 43 36 22 10 3 0 0 0 0 0
D/af_mgr ( 5296): [WinXE]668 [WinYE]504 [SizeXE]652 [SizeYE]488 [THE]5
D/FLICKER ( 5296): [FLK Hal] FFLK func=sendCommand line=837 cmd=7
D/AfAlgo ( 5296): [AfAlgoC][fv]849459 [gsum]20 [AEStbl]1 [ISO]455 [wait]3
D/AfAlgo ( 5296): [AfAlgoC][Thres]30000 [ValidCnt] 7 [ShockCnt] 0 [FrmCnt)] 0
D/AfAlgo ( 5296): [AfAlgoC][FirstFV]0 [FVDiff]849459 [FVThres]100 [FVCnt]42 [FVNum]2 [GSDiff]20 [GSThres]20 [GSCnt]6 [GSNum]2
D/af_mgr ( 5296): [AFStatH]834906 [AFStatFL]834906 [AFStatV]4851 [moveMCU] 100
D/MtkCam/VSSScen( 5296): [deque] P1:Idx(0),Id(97),VA(0x45BB4000),PA(0x03340000),S(3740000),T(4051.937590)
D/aaa_hal/3Athread( 5296): mCmdQ size(6) + cmd(10)
D/MtkCam/MtkCamUtils( 5296): [queryRawStride]imgFmt(2), imgWidth(1996), stride(2000)
D/MtkCam/MtkCamUtils( 5296): (CameraDisplay@ImgBufQue)[dequeProvider] Empty Que
D/MtkCam/MtkCamUtils( 5296): (RecCB@ImgBufQue)[dequeProvider] Empty Que
D/MtkCam/PrvCQT( 5296): (12213)[updateOne] P2(0x10)
D/MtkCam/PrvCQT( 5296): (12213)[doCrop] S(1996/1496),D(640/480),Z(100),C(1,0,1994,1496)
I/Drv/IMem( 5296): Drv/IMem[mapPhyAddr] mID(0x61),size(0x391160),VA(x45bb4000),PA(0x3340000),S/C(0/0)
I/Drv/IMem( 5296): Drv/IMem[allocM4UMemory] [StdM4U]VA(0x44f11000)/PA(0x2880000)/size(0x70800)/mID(0xffffffff)
I/SurfaceTexture( 133): [com.android.launcher/com.android.launcher2.Launcher](this:0x4323d4d8,api:1) [void* android::SurfaceTexture::createImage(EGLDisplay, const android::sp&)]
I/Drv/IMem( 5296): Drv/IMem[mapPhyAddr] mID(0xffffffff),size(0x70800),VA(x44f11000),PA(0x2880000),S/C(0/0)
D/SurfaceTexture( 133): GraphicBuffer: gb=0x43256018 handle=0x42ee4650
D/SurfaceTexture( 133): EGLImage: dpy=0x1, img=0x43259200
I/iio/ppp ( 5296): [configPipe] Pass(0),sceFmt(0),imgi.fmt(2),isByImgi(0),sceID(8),dma(0x80080) isTurn(1),VA=0x44d86000 PA=0x2200000
I/IspDrv ( 5296): {IspDrv} [updateTurningCq1] updateCqdes(0) CtlEn1(0x0) CtlEn2(0x0) CtlMma(0x0)
I/iio/ifunc( 5296): [_config] path(2),CQ(4),en1(0x40300000),en2(0x38a20003),dma(0x00080080),fmt(0x00000106),ctl(0x00810050),tcm_en(0x9811c003),isIspOn(0x1)
I/iio/ifunc( 5296): [_config] cq(4),turEn1(0x04800800),turEn2(0x0000001d),turDma(0x00000000),dmaMerg(0x00080080),tcm(0x9811c003)
I/iio/ifunc( 5296): [_config] [Pass2]AppTurn(1) EN1-Set(0x44b00800),Clr(0x3400200)-En2:Set(0x38a2001f),Clr(0x40020)-DMA:Set(0x80080),Clr(0x207500)
I/TpipeDrv( 5296): {TpipeDrv} [runTpipeMain] [Top]bnr(0),lsc(0),lsci(0),lce(0),lcei(0),nbc(1),seee(1),cfa(1)--en1(0x00300000),en2(0x00220016),dma(0x00080080)
I/TpipeDrv( 5296): {TpipeDrv} [runTpipeMain] size(300)||[0-4]0000D00D-00000000-05D703BF-00000000-05D802EA||[70-74]A00001CA-000001CA-01E000B6-00000000-000001CA
D/MtkCam/VSSScen( 5296): [deque] +
I/CdpDrv ( 5296): {CdpDrv} [VIDO_SetOutputAddr] cqPhy(0x442e3000),Vido(0x2880000),VidCo(0x28cb000),VidVo(0x2880000)
I/iio/path( 5296): [setDMACurrBuf] [VIDO]base(0x2880000)-0x28cb000-0x2880000
I/iio/ifunc( 5296): [_enable] path(2),start(1),SCIO(6),En1(0x44b5b8a9),En2(0xb8a3401f),Dma(0x800ab),CQ_status(0x4001111),CQ_debugset(24576)
I/iio/pathp2( 5296): [_waitIrq] type(0),irq(16384)
I/GraphicBuffer( 133): allocate buffer (w:1088 h:1920 f:5) err(0)
I/BufferQueue( 133): [NEW] gb=0x43515900, handle=0x4324b8a0, w=1080, h=1920, s=1088, fmt=5
D/Launcher( 5877): PagedView, (PagedView)snapToPage whichPage = 2, delta = 0, duration = 550, mNextPage = 2, mUnboundedScrollX = 2222, mDeferScrollUpdate = false, mScrollX = 2222, this = com.android.launcher2.Workspace{423bf778 V.EDH... ......I. 0,0-1080,1845 #7f07001c app:id/workspace}
D/Launcher( 5877): Workspace, snapToPage: whichPage = 2, mScrollX = 2222
D/Launcher( 5877): Launcher, exitSpringLoadedDragMode mState = WORKSPACE
D/Launcher( 5877): Launcher, showWorkspace: animated = true, mState = WORKSPACE
I/Drv/IMem( 5296): Drv/IMem[freeM4UMemory] [StdM4U]VA(0x44f11000)/PA(0x2880000)/size(0x70800)/mID(0xffffffff)
D/MtkCam/VSSScen( 5296): [deque] P2VIDO:Id(-1),VA(0x44F11000),PA(0x02880000),S(460800),T(0.000000)
I/iio/ifunc( 5296): [_disable] P2 start(0x0)
I/MtkCam/MtkCamUtils( 5296): {CamProfile}[::updateOne] : (0-th) ===> [start-->now: 90 ms]
D/MtkCam/PrvCQT( 5296): (12213)[update] frameCnt(83)
D/MtkCam/PrvCB( 5296): (12210)[handleReturnBuffers] + 34ms&)]
D/SurfaceTexture( 133): GraphicBuffer: gb=0x43515900 handle=0x4324b8a0
D/SurfaceTexture( 133): EGLImage: dpy=0x1, img=0x43250350
D/skia ( 5719): jpeg_decoder finish successfully, L:1349, reuse 0!!!
D/skia ( 5719): Cannot support PQ Sharpeness when picture width 2160 > 1280
D/WallpaperManager( 5719): createBitmap begin width = 2010 , height = 1920
D/dalvikvm( 5719): GC_FOR_ALLOC freed 5K (103), 37% free 44445K/69480K, paused 23ms, total 23ms
D/ContactsProvider(12261): performBackgroundTask()- **** task=3
D/ContactsProvider(12261): performBackgroundTask()+ **** task=4
D/awb_algo( 5296): [PV AWB Gain] Rgain = 764, Ggain = 512, Bgain = 840
D/awb_algo( 5296): CCT = 5082
D/isp_tuning_custom( 5296): evaluate_PCA_LUT_index()
D/isp_tuning_custom( 5296): [+evaluate_PCA_LUT_index](rCamInfo.eIdx_PCA_LUT, rCamInfo.rAWBInfo.i4CCT, rCamInfo.rAWBInfo.i4FluorescentIndex)=(1, 5082, 89)
D/ContactsProvider(12261): performBackgroundTask()- **** task=4
D/ContactsProvider(12261): performBackgroundTask()+ **** task=5
D/ContactsProvider(12261): performBackgroundTask()- **** task=5
D/ContactsProvider(12261): performBackgroundTask()+ **** task=6
D/ContactsProvider(12261): performBackgroundTask()- **** task=6
D/ContactsProvider(12261): performBackgroundTask()+ **** task=7
D/ContactsProvider(12261): performBackgroundTask()- **** task=7
D/AeAlgo ( 5296): u4Ratio:52 CWvalue:25 CWR:48 Delta:7 Con:0x00000005 Y:25 Index:114 m_bAEOneShot:0 Stable:1
D/AeAlgo ( 5296): The AE index is at the boundary Idx:114 DeIdx:56 Max:114 Min:0
D/ImgSensorDrv( 5296): [getInstance][ImgSensorDrv] getInstance
D/SensorHal( 5296): [sendCommand] Exposure Time: 89998
D/ImgSensorDrv( 5296): [getInstance][ImgSensorDrv] getInstance
D/ContactsProvider(12261): performBackgroundTask()+ **** task=1
D/ContactsProvider(12261): performBackgroundTask()- **** task=1
D/ContactsProvider(12261): performBackgroundTask()+ **** task=10
D/ae_mgr ( 5296): [doPvAE] State:0 Shutter:89998 Sensor gain:6656 Isp gain:1024 frame rate:111 flare:520 64 ISO:455 SmoothGain:0
D/isp_tuning_custom( 5296): map_ISO_value_to_index()
D/paramctrl_attributes( 5296): [+m_rIspCamInfo.i4LightValue_x10](old, new)=(35, 34)
D/paramctrl_validate( 5296): [validatePerFrame](ParamChangeCount, fgForce)=(1, 0)
D/isp_tuning_custom( 5296): [IspCamInfo][dump](eIspProfile, eIdx_Scene)=(0, 0)
D/isp_tuning_custom( 5296): [RAWIspCamInfo][dump](eIdx_ISO, u4ISOValue, i4ZoomRatio_x100, i4LightValue_x10)=(2, 455, 100, 34, 1118145920)
D/isp_tuning_custom( 5296): [8 evaluate_Shading_CCT_index] CCT:5082 DF_IDX:100 i4PT:0 i4PW:0
D/isp_tuning_custom( 5296): [evaluate_Shading_CCT_index] eIdx_Shading_CCT_new:2
D/lsc_mgr ( 5296): [setCTIdx] Shading idx= 2
D/lsc_mgr ( 5296): [LscMgr:SetTBAToISP] TSF enable 0, state 1
D/lsc_mgr ( 5296): [getCTIdx] Shading idx= 2
D/lsc_mgr ( 5296): [getCTIdx] Shading idx= 2
D/lsc_mgr ( 5296): [LscMgr] SetTBAToISP m_eLscScenario 0, TableSize 16384, CCT 0x2, phyAddr 0x1f08000, XSize 0x3fff m_eSensorOp 0
D/lsc_mgr ( 5296): [LscMgr:enableLsc] Meta 0, Shading param 0x2, 0x1f08000, 0x20, 0x0,0xf03e ,0xf02f ,0x44002b ,0x20202020, 0x0
I/IspDrv ( 5296): {IspDrv} [createInstance] fgIsGdmaMode: 0.
D/lsc_mgr ( 5296): [getCTIdx] Shading idx= 2
I/IspDrv ( 5296): {IspDrv} [createInstance] fgIsGdmaMode: 0.
I/TdriMgr ( 5296): [applySetting] Cq(5)-Fun(3)
I/TdriMgr ( 5296): [applySetting] Cq(5)-Fun(4)
I/TdriMgr ( 5296): [applySetting] Cq(5)-Fun(5)
D/FLICKER ( 5296): [FLK Hal] FFLK func=sendCommand line=837 cmd=5
D/FLICKER ( 5296): [FLK Hal] FFLK func=enableFlickerDetection line=1090
D/aaa_hal/3Athread( 5296): rCmd(10)-
D/aaa_hal/3Athread( 5296): CmdQ-size(7), todo(10)
D/aaa_hal/3Athread( 5296): rCmd(10)+
I/dalvikvm-heap( 5719): Grow heap (frag case) to 58.513MB for 15436816-byte allocation
D/WindowManager( 5535): interceptKeyTq keycode=3 screenIsOn=true keyguardActive=false policyFlags = #2000000 down =true canceled = false isWakeKey=false
D/af_mgr ( 5296): DoAF[SGG|AF|FK|EIS|HRZ|ESFKO]d4 [X]16 342 668 994 1320 1646 [Y]16 260 504 748 992 1236 [Size]326 244 [TH]5 5 5
D/af_mgr ( 5296): [SGG_GN]16 [GMR1]31 [GMR2]63 [GMR3]127 [Deci]0 [Zig]0 [Odd]0 [IIRKeep]1 [Hsize]1996
D/af_mgr ( 5296): [F0]4 [F1]15 36 43 36 22 10 3 0 0 0 0 0
D/af_mgr ( 5296): [WinXE]668 [WinYE]504 [SizeXE]652 [SizeYE]488 [THE]5
D/FLICKER ( 5296): [FLK Hal] FFLK func=sendCommand line=837 cmd=7
D/AfAlgo ( 5296): [AfAlgoC][fv]416001 [gsum]22 [AEStbl]1 [ISO]455 [wait]3
D/AfAlgo ( 5296): [AfAlgoC][Thres]30000 [ValidCnt] 8 [ShockCnt] 0 [FrmCnt)] 0
D/AfAlgo ( 5296): [AfAlgoC][FirstFV]0 [FVDiff]416001 [FVThres]100 [FVCnt]43 [FVNum]2 [GSDiff]22 [GSThres]20 [GSCnt]7 [GSNum]2
D/af_mgr ( 5296): [AFStatH]400653 [AFStatFL]400653 [AFStatV]5116 [moveMCU] 100
D/MtkCam/VSSScen( 5296): [deque] P1:Idx(0),Id(98),VA(0x45F46000),PA(0x03700000),S(3740000),T(4052.027653)
D/aaa_hal/3Athread( 5296): mCmdQ size(6) + cmd(10)
D/MtkCam/MtkCamUtils( 5296): [queryRawStride]imgFmt(2), imgWidth(1996), stride(2000)
D/MtkCam/MtkCamUtils( 5296): (CameraDisplay@ImgBufQue)[dequeProvider] Empty Que
D/MtkCam/MtkCamUtils( 5296): (RecCB@ImgBufQue)[dequeProvider] Empty Que
D/MtkCam/PrvCQT( 5296): (12213)[updateOne] P2(0x10)
D/MtkCam/PrvCQT( 5296): (12213)[doCrop] S(1996/1496),D(640/480),Z(100),C(1,0,1994,1496)
I/Drv/IMem( 5296): Drv/IMem[mapPhyAddr] mID(0x62),size(0x391160),VA(x45f46000),PA(0x3700000),S/C(0/0)
I/Drv/IMem( 5296): Drv/IMem[allocM4UMemory] [StdM4U]VA(0x447e8000)/PA(0x2880000)/size(0x70800)/mID(0xffffffff)
I/Drv/IMem( 5296): Drv/IMem[mapPhyAddr] mID(0xffffffff),size(0x70800),VA(x447e8000),PA(0x2880000),S/C(0/0)
I/iio/ppp ( 5296): [configPipe] Pass(0),sceFmt(0),imgi.fmt(2),isByImgi(0),sceID(8),dma(0x80080) isTurn(1),VA=0x44d86000 PA=0x2200000
I/IspDrv ( 5296): {IspDrv} [updateTurningCq1] updateCqdes(12) CtlEn1(0x4a00800) CtlEn2(0x1d) CtlMma(0x0)
I/iio/ifunc( 5296): [_config] path(2),CQ(4),en1(0x40300000),en2(0x38a20003),dma(0x00080080),fmt(0x00000106),ctl(0x00810050),tcm_en(0x9811c003),isIspOn(0x1)
I/iio/ifunc( 5296): [_config] cq(4),turEn1(0x04800800),turEn2(0x0000001d),turDma(0x00000000),dmaMerg(0x00080080),tcm(0x9811c003)
I/iio/ifunc( 5296): [_config] [Pass2]AppTurn(1) EN1-Set(0x44b00800),Clr(0x3400200)-En2:Set(0x38a2001f),Clr(0x40020)-DMA:Set(0x80080),Clr(0x207500)
I/TpipeDrv( 5296): {TpipeDrv} [runTpipeMain] [Top]bnr(0),lsc(0),lsci(0),lce(0),lcei(0),nbc(1),seee(1),cfa(1)--en1(0x00300000),en2(0x00220016),dma(0x00080080)
I/TpipeDrv( 5296): {TpipeDrv} [runTpipeMain] size(300)||[0-4]0000D00D-00000000-05D703BF-00000000-05D802EA||[70-74]A00001CA-000001CA-01E000B6-00000000-000001CA
D/MtkCam/VSSScen( 5296): [deque] +
I/CdpDrv ( 5296): {CdpDrv} [VIDO_SetOutputAddr] cqPhy(0x442e3000),Vido(0x2880000),VidCo(0x28cb000),VidVo(0x2880000)
I/iio/path( 5296): [setDMACurrBuf] [VIDO]base(0x2880000)-0x28cb000-0x2880000
I/iio/ifunc( 5296): [_enable] path(2),start(1),SCIO(6),En1(0x44b5b8a9),En2(0xb8a3401f),Dma(0x800ab),CQ_status(0x4001111),CQ_debugset(24576)
I/iio/pathp2( 5296): [_waitIrq] type(0),irq(16384)
D/WindowManager( 5535): interceptKeyTi keyCode=3 down=true repeatCount=0 keyguardOn=false mHomePressed=false canceled=false
I/Drv/IMem( 5296): Drv/IMem[freeM4UMemory] [StdM4U]VA(0x447e8000)/PA(0x2880000)/size(0x70800)/mID(0xffffffff)
D/MtkCam/VSSScen( 5296): [deque] P2VIDO:Id(-1),VA(0x447E8000),PA(0x02880000),S(460800),T(0.000000)
I/iio/ifunc( 5296): [_disable] P2 start(0x0)
I/MtkCam/MtkCamUtils( 5296): {CamProfile}[::updateOne] : (0-th) ===> [start-->now: 90 ms]
D/MtkCam/PrvCB( 5296): (12210)[handleReturnBuffers] + 34ms [start-->now: 89 ms]
D/MtkCam/PrvCB( 5296): (12210)[handleReturnBuffers] + 34ms [start-->now: 90 ms]
D/MtkCam/PrvCB( 5296): (12210)[handleReturnBuffers] + 34ms [start-->now: 89 ms]
D/MtkCam/PrvCB( 5296): (12210)[handleReturnBuffers] + 34ms&)]
D/SurfaceTexture( 133): GraphicBuffer: gb=0x43241180 handle=0x43255ad0
D/SurfaceTexture( 133): EGLImage: dpy=0x1, img=0x43252f60
I/BufferQueue( 133): [NEW] gb=0x43517d98, handle=0x43515678, w=2010, h=1920, s=2016, fmt=5
I/BufferQueue( 133): [com.android.launcher/com.android.launcher2.Launcher](this:0x4324e148,api:1) [queue] queued:2 (lag)
D/BufferQueue( 133): [com.android.launcher/com.android.launcher2.Launcher](this:0x4324e148,api:1) NEW [idx:1] time:4052284, handle:0x43252d48
D/BufferQueue( 133): [com.android.launcher/com.android.launcher2.Launcher](this:0x4324e148,api:1) [idx:3] time:4052324, handle:0x4324b8a0
D/BufferQueue( 133): [com.android.launcher/com.android.launcher2.Launcher](this:0x4324e148,api:1) [idx:0] time:4052347, handle:0x432407e0
D/BufferQueue( 133): [com.android.systemui.ImageWallpaper](this:0x432431b0,api:1) cancelBuffer: slot=1
I/BufferQueue( 133): [com.android.systemui.ImageWallpaper](this:0x432431b0,api:1) disconnect: api=1
D/awb_algo( 5296): [PV AWB Gain] Rgain = 762, Ggain = 512, Bgain = 840
D/awb_algo( 5296): CCT = 5072
D/isp_tuning_custom( 5296): evaluate_PCA_LUT_index()
D/isp_tuning_custom( 5296): [+evaluate_PCA_LUT_index](rCamInfo.eIdx_PCA_LUT, rCamInfo.rAWBInfo.i4CCT, rCamInfo.rAWBInfo.i4FluorescentIndex)=(1, 5072, 94)
I/SurfaceTexture( 133): [com.android.systemui.ImageWallpaper] [virtual android::status_t android::SurfaceTexture::forceAuxConversionLocked()] mCurrentTexture:0, mCurrentBuf:0x43241180
I/BufferQueue( 133): [com.android.systemui.ImageWallpaper](this:0x432431b0,api:0) getReleasedBuffers: returning mask 0xffffffff
I/SurfaceTexture( 133): [com.android.systemui.ImageWallpaper](this:0x4323f510,api:0) destroying EGLImage dpy=0x1 img=0x43252f60
D/ae_mgr ( 5296): [doPvAE]AE Wait Vd frame:2 Enable:1 avgY:258
D/isp_tuning_custom( 5296): map_ISO_value_to_index()
D/FLICKER ( 5296): [FLK Hal] FFLK func=sendCommand line=837 cmd=5
D/FLICKER ( 5296): [FLK Hal] FFLK func=enableFlickerDetection line=1090
D/aaa_hal/3Athread( 5296): rCmd(10)-
D/aaa_hal/3Athread( 5296): CmdQ-size(7), todo(10)
D/aaa_hal/3Athread( 5296): rCmd(10)+
D/ImageWallpaper( 5719): drawWallpaperWithOpenGL finishGL
V/WallpaperService( 5719): Changes: creating=false format=false size=false
V/WallpaperService( 5719): New surface: Surface(name=null, identity=199), frame=Rect(0, 0 - 2010, 1920)
D/af_mgr ( 5296): DoAF[SGG|AF|FK|EIS|HRZ|ESFKO]d4 [X]16 342 668 994 1320 1646 [Y]16 260 504 748 992 1236 [Size]326 244 [TH]5 5 5
D/af_mgr ( 5296): [SGG_GN]16 [GMR1]31 [GMR2]63 [GMR3]127 [Deci]0 [Zig]0 [Odd]0 [IIRKeep]1 [Hsize]1996
D/af_mgr ( 5296): [F0]4 [F1]15 36 43 36 22 10 3 0 0 0 0 0
D/af_mgr ( 5296): [WinXE]668 [WinYE]504 [SizeXE]652 [SizeYE]488 [THE]5
D/FLICKER ( 5296): [FLK Hal] FFLK func=sendCommand line=837 cmd=7
D/AfAlgo ( 5296): [AfAlgoC][fv]1134032 [gsum]22 [AEStbl]1 [ISO]455 [wait]3
D/AfAlgo ( 5296): [AfAlgoC][Thres]30000 [ValidCnt] 12 [ShockCnt] 0 [FrmCnt)] 0
D/AfAlgo ( 5296): [AfAlgoC][FirstFV]0 [FVDiff]1134032 [FVThres]100 [FVCnt]47 [FVNum]2 [GSDiff]22 [GSThres]20 [GSCnt]11 [GSNum]2
D/af_mgr ( 5296): [AFStatH]1110200 [AFStatFL]1110200 [AFStatV]7944 [moveMCU] 100
V/WallpaperService( 5719): Layout: x=0 y=0 w=2010 h=1920
D/MtkCam/VSSScen( 5296): [deque] P1:Idx(0),Id(97),VA(0x45BB4000),PA(0x03340000),S(3740000),T(4052.387907)
D/aaa_hal/3Athread( 5296): mCmdQ size(6) + cmd(10)
V/WallpaperService( 5719): Offsets change in com.android.systemui.ImageWallpaper$DrawableEngine@423458f8: 0.0,0.0
D/MtkCam/MtkCamUtils( 5296): [queryRawStride]imgFmt(2), imgWidth(1996), stride(2000)
D/MtkCam/MtkCamUtils( 5296): (CameraDisplay@ImgBufQue)[dequeProvider] Empty Que
D/MtkCam/MtkCamUtils( 5296): (RecCB@ImgBufQue)[dequeProvider] Empty Que
D/MtkCam/PrvCQT( 5296): (12213)[updateOne] P2(0x10)
D/MtkCam/PrvCQT( 5296): (12213)[doCrop] S(1996/1496),D(640/480),Z(100),C(1,0,1994,1496)
I/Drv/IMem( 5296): Drv/IMem[mapPhyAddr] mID(0x61),size(0x391160),VA(x45bb4000),PA(0x3340000),S/C(0/0)
I/Drv/IMem( 5296): Drv/IMem[allocM4UMemory] [StdM4U]VA(0x44ea0000)/PA(0x2880000)/size(0x70800)/mID(0xffffffff)
I/Drv/IMem( 5296): Drv/IMem[mapPhyAddr] mID(0xffffffff),size(0x70800),VA(x44ea0000),PA(0x2880000),S/C(0/0)
I/iio/ppp ( 5296): [configPipe] Pass(0),sceFmt(0),imgi.fmt(2),isByImgi(0),sceID(8),dma(0x80080) isTurn(1),VA=0x44d86000 PA=0x2200000
I/IspDrv ( 5296): {IspDrv} [updateTurningCq1] updateCqdes(0) CtlEn1(0x0) CtlEn2(0x0) CtlMma(0x0)
I/iio/ifunc( 5296): [_config] path(2),CQ(4),en1(0x40300000),en2(0x38a20003),dma(0x00080080),fmt(0x00000106),ctl(0x00810050),tcm_en(0x9811c003),isIspOn(0x1)
I/iio/ifunc( 5296): [_config] cq(4),turEn1(0x04800800),turEn2(0x0000001d),turDma(0x00000000),dmaMerg(0x00080080),tcm(0x9811c003)
I/iio/ifunc( 5296): [_config] [Pass2]AppTurn(1) EN1-Set(0x44b00800),Clr(0x3400200)-En2:Set(0x38a2001f),Clr(0x40020)-DMA:Set(0x80080),Clr(0x207500)
I/TpipeDrv( 5296): {TpipeDrv} [runTpipeMain] [Top]bnr(0),lsc(0),lsci(0),lce(0),lcei(0),nbc(1),seee(1),cfa(1)--en1(0x00300000),en2(0x00220016),dma(0x00080080)
I/TpipeDrv( 5296): {TpipeDrv} [runTpipeMain] size(300)||[0-4]0000D00D-00000000-05D703BF-00000000-05D802EA||[70-74]A00001CA-000001CA-01E000B6-00000000-000001CA
D/MtkCam/VSSScen( 5296): [deque] +
I/CdpDrv ( 5296): {CdpDrv} [VIDO_SetOutputAddr] cqPhy(0x442e3000),Vido(0x2880000),VidCo(0x28cb000),VidVo(0x2880000)
I/iio/path( 5296): [setDMACurrBuf] [VIDO]base(0x2880000)-0x28cb000-0x2880000
I/iio/ifunc( 5296): [_enable] path(2),start(1),SCIO(6),En1(0x44b5b8a9),En2(0xb8a3401f),Dma(0x800ab),CQ_status(0x4001111),CQ_debugset(24576)
I/iio/pathp2( 5296): [_waitIrq] type(0),irq(16384)
D/PhoneStatusBar( 5719): onReceive, action=android.intent.action.CLOSE_SYSTEM_DIALOGS
D/PhoneStatusBar( 5719): onReceive, action=android.intent.action.CLOSE_SYSTEM_DIALOGS
D/ContactsProvider(12261): performBackgroundTask()+ **** task=20
D/ContactsProvider(12261): loadAccountsInBackground()+
I/Drv/IMem( 5296): Drv/IMem[freeM4UMemory] [StdM4U]VA(0x44ea0000)/PA(0x2880000)/size(0x70800)/mID(0xffffffff)
D/MtkCam/VSSScen( 5296): [deque] P2VIDO:Id(-1),VA(0x44EA0000),PA(0x02880000),S(460800),T(0.000000)
I/SurfaceTextureClient( 5719): [STC::queueBuffer] (this:0x5dd8ce08) fps:1.62, dur:1852.21, max:1030.71, min:332.25
I/iio/ifunc( 5296): [_disable] P2 start(0x0)
I/BufferQueue( 133): [StatusBar](this:0x43515e58,api:1) [queue] fps:1.62, dur:1852.14, max:1030.14, min:332.35
I/MtkCam/MtkCamUtils( 5296): {CamProfile}[::updateOne] : (0-th) ===> [start-->now: 90 ms]
D/MtkCam/PrvCB( 5296): (12210)[handleReturnBuffers] + 34ms&)]
D/SurfaceTexture( 133): GraphicBuffer: gb=0x435190c8 handle=0x43253ee8
D/SurfaceTexture( 133): EGLImage: dpy=0x1, img=0x43258c58
I/BufferQueue( 133): [StatusBar](this:0x43515e58,api:1) [release] fps:1.08, dur:1852.94, max:1526.51, min:326.43
I/ContactsProvider(12261): Handle Accounts -c.count:0
D/ContactsProvider(12261): deleteLocalSimAccounts()+ accountName=UIM0
I/ContactsProvider(12261): Handle Accounts -c.count:0
I/ContactsProvider(12261): getAccountTypeBySlot()+ - slotId:1
I/ContactsProvider(12261): getAccountTypeBySlot()- - slotId:1 AccountType:null
I/ContactsProvider(12261): getSimAccountNameBySlot()+ slotId:1
I/ContactsProvider(12261): getSimAccountNameBySlot() slotId:1 simType(0-SIM/1-USIM):-1
E/ContactsProvider(12261): getSimAccountNameBySlot() Error! get SIM Type error! simType:-1
I/ContactsProvider(12261): getSimAccountNameBySlot()- slotId:1 SimName:null
I/ContactsProvider(12261): loadAccountsInBackground slotid2:1 simAccountType:null simAccountName:null
D/ContactsProvider(12261): loadLocalSimAccounts()+
I/ContactsProvider(12261): Account Name or type is null
D/ContactsProvider(12261): performBackgroundTask()- **** task=20
D/awb_algo( 5296): [PV AWB Gain] Rgain = 762, Ggain = 512, Bgain = 840
D/awb_algo( 5296): CCT = 5072
D/isp_tuning_custom( 5296): evaluate_PCA_LUT_index()
D/isp_tuning_custom( 5296): [+evaluate_PCA_LUT_index](rCamInfo.eIdx_PCA_LUT, rCamInfo.rAWBInfo.i4CCT, rCamInfo.rAWBInfo.i4FluorescentIndex)=(1, 5072, 94)
D/ae_mgr ( 5296): [doPvAE]AE Wait Vd frame:1 Enable:1 avgY:254
D/isp_tuning_custom( 5296): map_ISO_value_to_index()
D/FLICKER ( 5296): [FLK Hal] FFLK func=sendCommand line=837 cmd=5
D/FLICKER ( 5296): [FLK Hal] FFLK func=enableFlickerDetection line=1090
D/aaa_hal/3Athread( 5296): rCmd(10)-
D/aaa_hal/3Athread( 5296): CmdQ-size(7), todo(10)
D/aaa_hal/3Athread( 5296): rCmd(10)+
D/af_mgr ( 5296): DoAF[SGG|AF|FK|EIS|HRZ|ESFKO]d4 [X]16 342 668 994 1320 1646 [Y]16 260 504 748 992 1236 [Size]326 244 [TH]5 5 5
D/af_mgr ( 5296): [SGG_GN]16 [GMR1]31 [GMR2]63 [GMR3]127 [Deci]0 [Zig]0 [Odd]0 [IIRKeep]1 [Hsize]1996
D/af_mgr ( 5296): [F0]4 [F1]15 36 43 36 22 10 3 0 0 0 0 0
D/af_mgr ( 5296): [WinXE]668 [WinYE]504 [SizeXE]652 [SizeYE]488 [THE]5
D/FLICKER ( 5296): [FLK Hal] FFLK func=sendCommand line=837 cmd=7
D/AfAlgo ( 5296): [AfAlgoC][fv]1670977 [gsum]27 [AEStbl]1 [ISO]455 [wait]3
D/AfAlgo ( 5296): [AfAlgoC][Thres]30000 [ValidCnt] 13 [ShockCnt] 0 [FrmCnt)] 0
D/AfAlgo ( 5296): [AfAlgoC][FirstFV]0 [FVDiff]1670977 [FVThres]100 [FVCnt]48 [FVNum]2 [GSDiff]27 [GSThres]20 [GSCnt]12 [GSNum]2
D/af_mgr ( 5296): [AFStatH]1636927 [AFStatFL]1636927 [AFStatV]11350 [moveMCU] 100
D/MtkCam/VSSScen( 5296): [deque] P1:Idx(0),Id(98),VA(0x45F46000),PA(0x03700000),S(3740000),T(4052.477962)
D/aaa_hal/3Athread( 5296): mCmdQ size(6) + cmd(10)
