D/awb_mgr ( 5296): g_pNVRAM_3A->rAWBNVRAM.rCalData.rUnitGain.i4R = 0
D/awb_mgr ( 5296): g_pNVRAM_3A->rAWBNVRAM.rCalData.rUnitGain.i4G = 0
D/awb_mgr ( 5296): g_pNVRAM_3A->rAWBNVRAM.rCalData.rUnitGain.i4B = 0
D/awb_mgr ( 5296): g_rAWBInitInput.eAWBMode = 0
D/awb_mgr ( 5296): g_rAWBInitInput.i4SensorMode = 0
D/awb_mgr ( 5296): m_i4SensorDev = 1
D/awb_mgr ( 5296): g_rAWBInitInput.i4PvSensorWidth = 1996
D/awb_mgr ( 5296): g_rAWBInitInput.i4PvSensorHeight = 1496
D/awb_mgr ( 5296): g_rAWBInitInput.i4CapSensorWidth = 3992
D/awb_mgr ( 5296): g_rAWBInitInput.i4CapSensorHeight = 2994
D/ispdrv_mgr( 5296): [init()] - E. m_Users: 2
D/ispdrv_mgr( 5296): 2 has created
I/TdriMgr ( 5296): [init] mInitCount(1)
I/TdriMgr ( 5296): [init] X:
D/aaa_state( 5296): [StateCommon::transitState] StateInit --> StateCameraPreview
D/EISHal ( 5296): [createInstance]mtkdefaultAdapter
D/EISHal ( 5296): [getInstance]+
D/EISHal ( 5296): [init]mUsers(1)
D/EISHal ( 5296): [init]1 has created
D/EISHal ( 5296): [getInstance]-
D/EISHal ( 5296): [configEIS]HW_Sce(1)
D/EISHal ( 5296): [configEIS]mInput_W(1996),mInput_H(1496),mTarget_W(1663),mTarget_H(1246)
D/EISDrv ( 5296): [setEIS_DB_SEL][0-no change, 1-raw_db_load1] EisDB(0x1)
D/EISDrv ( 5296): [setEISRawSel][0-CDP, 1-RAW] EisRawSel(0x1)
D/EISHal ( 5296): [getEISCustomize]+
D/EISHal ( 5296): [getEISCustomize]-
D/EISHal ( 5296): [configEIS]first frame
D/EISDrv ( 5296): [setFirstFrame]First(0x1)
D/EISDrv ( 5296): [enableEIS]Enable(0x1)
D/EISDrv ( 5296): [setWRPEnable]Enable(0x1)
D/EISDrv ( 5296): [setEISSel][0-before CDRZ, 1-after CDRZ] EisSel(0x1)
D/EISDrv ( 5296): [setEISImage]W(1996),H(1496)
D/EISDrv ( 5296): [setEISFilterDS]a_DS(0x2)
D/EISDrv ( 5296): [setMBNum][H:1-4,V:1-8] H(4),V(8)
D/EISDrv ( 5296): [setMBNum]final MBNum_H(0x4)
D/EISDrv ( 5296): [setMBNum]final MBNum_V(0x8)
D/EISDrv ( 5296): [setRPNum][H:1-16,V:1-8] H(13),V(4)
D/EISDrv ( 5296): [setRPNum]final RPNum_H(0xd)
D/EISDrv ( 5296): [setRPNum]MBNum_V(0x8),final RPNum_V(0x4)
D/EISDrv ( 5296): [setADKneeClip]Knee(4),Clip(6)
D/EISDrv ( 5296): [setADKneeClip]Final Knee(0x4),Clip(0x6)
D/EISDrv ( 5296): [setFilter_H]Gain(0),IIRGain(4),FIRGain(32)
D/EISDrv ( 5296): [setFilter_V]IIRGain(0x4)
D/EISDrv ( 5296): [setLMV_TH]HC(0),HS(0),VC(0),VS(0)
D/EISDrv ( 5296): [setLMV_TH]Final HC(0x0),HS(0x0),VC(0x0),VS(0x0)
D/EISDrv ( 5296): [setFLOffset]H(0),V(0)
D/EISDrv ( 5296): [setFLOffset]final FLOfs_H(0x0), FLOfs_V(0x0)
D/EISDrv ( 5296): [setMBOffset_H]H(52)
D/EISDrv ( 5296): [setMBOffset_H]W(1996),FLOfs_H(0),DSRat_H(2),MBNum_H(4),MBInt_H(0)
D/EISDrv ( 5296): [setMBOffset_H]upB(997),lowB(11)
D/EISDrv ( 5296): [setMBOffset_H]final MBOfs_H(0x34)
D/EISDrv ( 5296): [setMBOffset_V]V(36)
D/EISDrv ( 5296): [setMBOffset_V]H(1496),FLOfs_V(0),DSRat_V(2),MBNum_V(8),MBInt_V(0)
D/EISDrv ( 5296): [setMBOffset_V]upB(747), lowB(9)
D/EISDrv ( 5296): [setMBOffset_V]final MBOfs_V(0x24)
D/EISDrv ( 5296): [setMBInterval_H]H(238)
D/EISDrv ( 5296): [setMBInterval_H]W(1996),FLOfs_H(0),DSRat_H(2),RPNum_H(13),MBNum_H(4),MBOfs_H(52)
D/EISDrv ( 5296): [setMBInterval_H]upB(236), lowB(224)
D/EISDrv ( 5296): [setMBInterval_H]final MBInt_H(0xec)
D/EISDrv ( 5296): [setMBInterval_V]V(90)
D/EISDrv ( 5296): [setMBInterval_V]H(1496),FLOfs_V(0),DSRat_V(2),RPNum_V(4),MBNum_V(8),MBOfs_V(36)
D/EISDrv ( 5296): [setMBInterval_V]upB(88), lowB(81)
D/EISDrv ( 5296): [setMBInterval_V]final MBInt_V(0x58)
D/EISHal ( 5296): [configEIS]-
D/MtkCam/VSSScen( 5296): [start] +
I/iio/ifunc( 5296): [_enable] path(1),start(5),SCIO(6),En1(0x4005b0a9),En2(0x80014000),Dma(0x2b),CQ_status(0x0),CQ_debugset(61440)
I/iio/ifunc( 5296): [_enable] ctrl(4),id(4),ptr(0x44d85b3c)
I/iio/ifunc( 5296): [_enable] dma(4),size(5)
D/aaa_hal/3Athread( 5296): rCmd(0)-
I/iio/ifunc( 5296): [_enable] P1 dma_en(0x2b),addr(0x2240000)(0x0)(0x0)(0x0)
I/iio/ifunc( 5296): [_enable] path(1),start(0),SCIO(6),En1(0x4005b0a9),En2(0x80014000),Dma(0x2b),CQ_status(0x0),CQ_debugset(61440)
D/MtkCam/VSSScen( 5296): [start] - wait IRQ: ISP_DRV_IRQ_INT_STATUS_VS1_ST
D/MtkCam/VSSScen( 5296): [start] -
D/MtkCam/PrvCQT( 5296): (12213)[start] -
D/MtkCam/PrvCQT( 5296): (12213)[threadLoop] -
D/MtkCam/PrvCQT( 5296): (12213)[threadLoop] +
D/MtkCam/PrvCQT( 5296): (12213)[getCommand] +
D/MtkCam/PrvCQT( 5296): (12213)[getCommand] + tid(12213), que size(0)
D/MtkCam/PrvCQT( 5296): (11970)[postCommand] -
D/MtkCam/PrvCQT( 5296): (11970)[postCommand] +
D/MtkCam/PrvCQT( 5296): (11970)[postCommand] + tid(11970), que size(0)
D/MtkCam/PrvCQT( 5296): (11970)[postCommand] - new command added(1): tid(11970), que size(1)
D/MtkCam/PrvCQT( 5296): (12213)[getCommand] Command: 1
D/MtkCam/PrvCQT( 5296): (12213)[getCommand] - tid(12213), que size(0), ret(1)
D/MtkCam/PrvCQT( 5296): (12213)[getCommand] -
D/MtkCam/PrvCQT( 5296): (12213)[delay] +
I/MtkCam/CamAdapter( 5296): (12213)[transitState] StateIdle --> StatePreview
D/ImgSensorDrv( 5296): [getInstance][ImgSensorDrv] getInstance
D/ImgSensorDrv( 5296): [getSensorDelayFrameCnt][getSensorDelayFrameCnt] mode = 0
D/ImgSensorDrv( 5296): [getInfo][getInfo]
D/MtkCam/VSSScen( 5296): [deque] +
D/SocketClient( 5297): SocketClient msg = limit alert globalAlert wlan0
D/SocketClient( 5297): SocketClient sendDatalocked done: 601 limit alert globalAlert wlan0
D/NetdConnector( 5535): RCV <- {601 limit alert globalAlert wlan0}
D/PowerManagerService( 5535): acquireWakeLockInternal: lock=1115210880, flags=0x1, tag="NetworkStats", ws=null, uid=1000, pid=5535
D/PowerManagerService( 5535): updateWakeLockSummaryLocked: mWakefulness=Asleep, mWakeLockSummary=0x1
D/PowerManagerService( 5535): newScreenState = 0
D/PowerManagerDisplayController( 5535): requestPowerState: screenState=0, useProximitySensor=false, screenBrightness=255, screenAutoBrightnessAdjustment=0.0, useAutoBrightness=false, useEcoBrightness=false, blockScreenOn=false, waitForNegativeProximity=false
I/PowerManagerService( 5535): setBrightness mButtonLight 0.
D/PowerManagerService( 5535): updateScreenStateLocked: mDisplayReady=true, newScreenState=0, mWakefulness=0, mWakeLockSummary=0x1, mUserActivitySummary=0x0, mBootCompleted=true
D/PowerManagerService( 5535): updateSuspendBlockerLocked: Acquiring suspend blocker.
V/Provider/Settings( 5535): from settings cache , name = netstats_time_cache_max_age , value = null
V/NetworkStats( 5535): performPollLocked(flags=0x3)
D/PowerManagerService( 5535): handleSandman: canDream=false, mWakefulness=Asleep
D/MtkCam/VSSScen( 5296): [deque] P1:Idx(0),Id(94),VA(0x450FE000),PA(0x02240000),S(3740000),T(4044.012157)
D/aaa_hal/3Athread( 5296): mCmdQ size(0) + cmd(10)
D/MtkCam/VSSScen( 5296): [deque] +
D/aaa_hal/3Athread( 5296): CmdQ-size(1), todo(10)
D/aaa_hal/3Athread( 5296): rCmd(10)+
W/NetworkStatsRecorder( 5535): unknown interfaces [ccmni0, p2p0], ignoring those stats
W/NetworkStatsRecorder( 5535): unknown interfaces [ccmni0, p2p0], ignoring those stats
W/NetworkStatsRecorder( 5535): unknown interfaces [ccmni0, p2p0], ignoring those stats
W/NetworkStatsRecorder( 5535): unknown interfaces [ccmni0, p2p0], ignoring those stats
V/NetworkStatsRecorder( 5535): maybePersistLocked pendingBytes =2224747
D/NetworkStatsRecorder( 5535): forcePersistLocked() writing for dev
V/NetworkStatsRecorder( 5535): maybePersistLocked pendingBytes =2152143
D/NetworkStatsRecorder( 5535): forcePersistLocked() writing for xt
D/FLICKER ( 5296): [FLK Hal] FFLK func=sendCommand line=837 cmd=5
D/FLICKER ( 5296): [FLK Hal] FFLK func=enableFlickerDetection line=1090
D/aaa_hal/3Athread( 5296): rCmd(10)-
D/af_mgr ( 5296): DoAF[SGG|AF|FK|EIS|HRZ|ESFKO]d4 [X]16 342 668 994 1320 1646 [Y]16 260 504 748 992 1236 [Size]326 244 [TH]5 5 5
D/af_mgr ( 5296): [SGG_GN]16 [GMR1]31 [GMR2]63 [GMR3]127 [Deci]0 [Zig]0 [Odd]0 [IIRKeep]1 [Hsize]1996
D/af_mgr ( 5296): [F0]4 [F1]15 36 43 36 22 10 3 0 0 0 0 0
D/af_mgr ( 5296): [WinXE]668 [WinYE]504 [SizeXE]652 [SizeYE]488 [THE]5
D/FLICKER ( 5296): [FLK Hal] FFLK func=sendCommand line=837 cmd=7
D/MtkCam/VSSScen( 5296): [deque] P1:Idx(0),Id(95),VA(0x45490000),PA(0x029C0000),S(3740000),T(4044.102219)
D/aaa_hal/3Athread( 5296): mCmdQ size(0) + cmd(10)
D/MtkCam/VSSScen( 5296): [deque] +
D/AfAlgo ( 5296): [AfAlgoC][fv]201719796 [gsum]0 [AEStbl]0 [ISO]455 [wait]3
D/af_mgr ( 5296): [AFStatH]0 [AFStatFL]0 [AFStatV]67239932 [moveMCU] 100
D/aaa_hal/3Athread( 5296): CmdQ-size(1), todo(10)
D/aaa_hal/3Athread( 5296): rCmd(10)+
V/NetworkStatsRecorder( 5535): maybePersistLocked pendingBytes =2146377
D/NetworkStatsRecorder( 5535): forcePersistLocked() writing for uid
D/FLICKER ( 5296): [FLK Hal] FFLK func=sendCommand line=837 cmd=5
D/FLICKER ( 5296): [FLK Hal] FFLK func=enableFlickerDetection line=1090
D/aaa_hal/3Athread( 5296): rCmd(10)-
D/af_mgr ( 5296): DoAF[SGG|AF|FK|EIS|HRZ|ESFKO]d4 [X]16 342 668 994 1320 1646 [Y]16 260 504 748 992 1236 [Size]326 244 [TH]5 5 5
D/af_mgr ( 5296): [SGG_GN]16 [GMR1]31 [GMR2]63 [GMR3]127 [Deci]0 [Zig]0 [Odd]0 [IIRKeep]1 [Hsize]1996
D/af_mgr ( 5296): [F0]4 [F1]15 36 43 36 22 10 3 0 0 0 0 0
D/af_mgr ( 5296): [WinXE]668 [WinYE]504 [SizeXE]652 [SizeYE]488 [THE]5
D/FLICKER ( 5296): [FLK Hal] FFLK func=sendCommand line=837 cmd=7
D/AfAlgo ( 5296): [AfAlgoC][fv]0 [gsum]0 [AEStbl]0 [ISO]455 [wait]3
D/af_mgr ( 5296): [AFStatH]0 [AFStatFL]0 [AFStatV]0 [moveMCU] 100
D/MtkCam/VSSScen( 5296): [deque] P1:Idx(0),Id(96),VA(0x45822000),PA(0x02F80000),S(3740000),T(4044.192283)
D/aaa_hal/3Athread( 5296): mCmdQ size(0) + cmd(10)
D/MtkCam/VSSScen( 5296): [deque] +
D/aaa_hal/3Athread( 5296): CmdQ-size(1), todo(10)
D/aaa_hal/3Athread( 5296): rCmd(10)+
V/NetworkStats( 5535): performPollLocked() took 200ms
V/ActivityManager( 5535): Broadcast: Intent { act=com.android.server.action.NETWORK_STATS_UPDATED flg=0x40000010 } ordered=false userid=-1
V/Provider/Settings( 5535): from settings cache , name = gprs_connection_setting , value = 1
D/ConnectivityService( 5535): getMobileDataEnabledGemini dataEnabledSlotId:0 slotId:0
D/NetworkPolicy( 5535): updateMobileDataEnableStatus mDataActiveSlot=0
V/Provider/Settings( 5535): from settings cache , name = gprs_connection_setting , value = 1
D/ConnectivityService( 5535): getMobileDataEnabledGemini dataEnabledSlotId:0 slotId:1
V/NetworkPolicy( 5535): ensureActiveMobilePolicyLocked()
D/PhoneInterfaceManager( 5783): getSimState
D/NetworkPolicy( 5535): ensureActiveMobilePolicyLocked check subscriberId250991509285089
D/PhoneInterfaceManager( 5783): getSimState
V/NetworkPolicy( 5535): ensureActiveMobilePolicyLocked getSimState != SIM_STATE_READY no action SlotId=1
D/NetworkPolicy( 5535): getSlotBySubscriberId= 250026817078154
D/NetworkPolicy( 5535): getSlotBySubscriberId= 250026817078154 v.s. 250991509285089
D/NetworkPolicy( 5535): ensureActiveMobilePolicyLocked B policyNetworkPolicy[NetworkTemplate: matchRule=MOBILE_ALL, subscriberId=250026...]: cycleDay=20, cycleTimezone=Asia/Shanghai, warningBytes=2147483648, limitBytes=-1, lastWarningSnooze=-1, lastLimitSnooze=-1, metered=true, inferred=true, active=false
D/PowerManagerService( 5535): releaseWakeLockInternal: lock=1115210880, flags=0x0
D/NetworkPolicy( 5535): getSlotBySubscriberId= 250026593916635
D/NetworkPolicy( 5535): getSlotBySubscriberId= 250026593916635 v.s. 250991509285089
D/NetworkPolicy( 5535): ensureActiveMobilePolicyLocked B policyNetworkPolicy[NetworkTemplate: matchRule=MOBILE_ALL, subscriberId=250026...]: cycleDay=17, cycleTimezone=Asia/Shanghai, warningBytes=2147483648, limitBytes=-1, lastWarningSnooze=-1, lastLimitSnooze=-1, metered=true, inferred=true, active=false
D/PowerManagerService( 5535): updateWakeLockSummaryLocked: mWakefulness=Asleep, mWakeLockSummary=0x0
D/NetworkPolicy( 5535): getSlotBySubscriberId= 250991509285089
D/PowerManagerService( 5535): newScreenState = 0
D/NetworkPolicy( 5535): ensureActiveMobilePolicyLocked A policyNetworkPolicy[NetworkTemplate: matchRule=MOBILE_ALL, subscriberId=250991...]: cycleDay=17, cycleTimezone=Asia/Shanghai, warningBytes=2147483648, limitBytes=-1, lastWarningSnooze=-1, lastLimitSnooze=-1, metered=true, inferred=true, active=true
D/PowerManagerDisplayController( 5535): requestPowerState: screenState=0, useProximitySensor=false, screenBrightness=255, screenAutoBrightnessAdjustment=0.0, useAutoBrightness=false, useEcoBrightness=false, blockScreenOn=false, waitForNegativeProximity=false
V/NetworkPolicy( 5535): updateNetworkEnabledLocked()
V/NetworkPolicy( 5535): checking policy:NetworkPolicy[NetworkTemplate: matchRule=MOBILE_ALL, subscriberId=250026...]: cycleDay=20, cycleTimezone=Asia/Shanghai, warningBytes=2147483648, limitBytes=-1, lastWarningSnooze=-1, lastLimitSnooze=-1, metered=true, inferred=true, active=false
V/NetworkPolicy( 5535): ignore this policy
V/NetworkPolicy( 5535): checking policy:NetworkPolicy[NetworkTemplate: matchRule=MOBILE_ALL, subscriberId=250026...]: cycleDay=17, cycleTimezone=Asia/Shanghai, warningBytes=2147483648, limitBytes=-1, lastWarningSnooze=-1, lastLimitSnooze=-1, metered=true, inferred=true, active=false
I/PowerManagerService( 5535): setBrightness mButtonLight 0.
V/NetworkPolicy( 5535): ignore this policy
V/NetworkPolicy( 5535): checking policy:NetworkPolicy[NetworkTemplate: matchRule=MOBILE_ALL, subscriberId=250991...]: cycleDay=17, cycleTimezone=Asia/Shanghai, warningBytes=2147483648, limitBytes=-1, lastWarningSnooze=-1, lastLimitSnooze=-1, metered=true, inferred=true, active=true
D/NetworkPolicy( 5535): getSlotBySubscriberId= 250991509285089
D/PowerManagerService( 5535): updateScreenStateLocked: mDisplayReady=true, newScreenState=0, mWakefulness=0, mWakeLockSummary=0x0, mUserActivitySummary=0x0, mBootCompleted=true
V/NetworkPolicy( 5535): ignore setNetworkTemplateEnabled
V/NetworkPolicy( 5535): updateNotificationsLocked()
D/PowerManagerService( 5535): updateSuspendBlockerLocked: Releasing suspend blocker.
D/PowerManagerService( 5535): handleSandman: canDream=false, mWakefulness=Asleep
D/NetdConnector( 5535): SND -> {90 bandwidth setglobalalert 2097152}
D/NetworkPolicy( 5535): checking policy:NetworkPolicy[NetworkTemplate: matchRule=MOBILE_ALL, subscriberId=250026...]: cycleDay=20, cycleTimezone=Asia/Shanghai, warningBytes=2147483648, limitBytes=-1, lastWarningSnooze=-1, lastLimitSnooze=-1, metered=true, inferred=true, active=false
V/NetworkPolicy( 5535): isTemplateRelevant template subId=250026817078154
D/NetworkPolicy( 5535): getSlotBySubscriberId= 250026817078154
D/NetworkPolicy( 5535): getSlotBySubscriberId= 250026817078154 v.s. 250991509285089
V/NetworkPolicy( 5535): isTemplateRelevant template slotId=-1
D/NetworkPolicy( 5535): ignore this policy
D/NetworkPolicy( 5535): checking policy:NetworkPolicy[NetworkTemplate: matchRule=MOBILE_ALL, subscriberId=250026...]: cycleDay=17, cycleTimezone=Asia/Shanghai, warningBytes=2147483648, limitBytes=-1, lastWarningSnooze=-1, lastLimitSnooze=-1, metered=true, inferred=true, active=false
D/FrameworkListener( 5297): dispatchCommand data = (90 bandwidth setglobalalert 2097152)
D/SocketClient( 5297): SocketClient msg = Bandwidth command succeeeded
D/SocketClient( 5297): SocketClient sendDatalocked done: 200 90 Bandwidth command succeeeded
D/NetdConnector( 5535): RCV <- {200 90 Bandwidth command succeeeded}
D/NetdConnector( 5535): RMV <- {200 90 Bandwidth command succeeeded}
V/NetworkPolicy( 5535): isTemplateRelevant template subId=250026593916635
D/NetworkPolicy( 5535): getSlotBySubscriberId= 250026593916635
D/NetworkPolicy( 5535): getSlotBySubscriberId= 250026593916635 v.s. 250991509285089
V/NetworkPolicy( 5535): isTemplateRelevant template slotId=-1
D/NetworkPolicy( 5535): ignore this policy
D/NetworkPolicy( 5535): checking policy:NetworkPolicy[NetworkTemplate: matchRule=MOBILE_ALL, subscriberId=250991...]: cycleDay=17, cycleTimezone=Asia/Shanghai, warningBytes=2147483648, limitBytes=-1, lastWarningSnooze=-1, lastLimitSnooze=-1, metered=true, inferred=true, active=true
V/NetworkPolicy( 5535): isTemplateRelevant template subId=250991509285089
D/NetworkPolicy( 5535): getSlotBySubscriberId= 250991509285089
V/NetworkPolicy( 5535): isTemplateRelevant template slotId=0
D/PhoneInterfaceManager( 5783): getSimState
V/NetworkPolicy( 5535): getTotalBytes mNetworkStats:com.android.server.net.NetworkStatsService@428242a8
V/Provider/Settings( 5535): from settings cache , name = netstats_report_xt_over_dev , value = null
V/NetworkPolicy( 5535): getTotalBytes:1029300986
D/NetworkPolicy( 5535): NotificationsLocked totalBytes:1029300986 start=1387209600000 end=1389429682335
D/awb_algo( 5296): [PV AWB Gain] Rgain = 769, Ggain = 512, Bgain = 842
D/awb_algo( 5296): CCT = 5103
D/paramctrl_attributes( 5296): setAWBInfo(): bAWBGainChanged = MTRUE
D/isp_tuning_custom( 5296): refineLightSourceAWBGainforMultiCCM()
D/isp_tuning_custom( 5296): D65 AWB Gain = (897, 512, 703)
D/isp_tuning_custom( 5296): TL84 AWB Gain = (681, 512, 957)
D/isp_tuning_custom( 5296): CWF AWB Gain = (725, 512, 989)
D/isp_tuning_custom( 5296): A AWB Gain = (607, 512, 1175)
D/isp_tuning_custom( 5296): evaluate_PCA_LUT_index()
D/isp_tuning_custom( 5296): [+evaluate_PCA_LUT_index](rCamInfo.eIdx_PCA_LUT, rCamInfo.rAWBInfo.i4CCT, rCamInfo.rAWBInfo.i4FluorescentIndex)=(0, 5103, 72)
D/isp_tuning_custom( 5296): [-evaluate_PCA_LUT_index] PCA_LUT_index(old,new)=(0,1)
D/paramctrl_attributes( 5296): [setAWBInfo][ParamChangeCount:2]PCA LUT index(old, new) =(0, 1)
D/ae_mgr ( 5296): [doPvAE]AE Wait Vd frame:1 Enable:1 avgY:0
D/isp_tuning_custom( 5296): map_ISO_value_to_index()
D/paramctrl_validate( 5296): [validatePerFrame](ParamChangeCount, fgForce)=(2, 0)
D/isp_tuning_custom( 5296): [IspCamInfo][dump](eIspProfile, eIdx_Scene)=(0, 0)
D/isp_tuning_custom( 5296): [RAWIspCamInfo][dump](eIdx_ISO, u4ISOValue, i4ZoomRatio_x100, i4LightValue_x10)=(2, 455, 100, 0, 1118145920)
D/isp_tuning_custom( 5296): [8 evaluate_Shading_CCT_index] CCT:5103 DF_IDX:100 i4PT:0 i4PW:0
D/isp_tuning_custom( 5296): [-evaluate_Shading_CCT_index] Shading CCT Idx(old,new)=(0,2), i4CCT = 5103
D/isp_tuning_custom( 5296): [evaluate_Shading_CCT_index] eIdx_Shading_CCT_new:2
D/lsc_mgr ( 5296): [setCTIdx] Shading idx= 2
D/lsc_mgr ( 5296): [LscMgr:SetTBAToISP] TSF enable 0, state 1
D/lsc_mgr ( 5296): [getCTIdx] Shading idx= 2
D/lsc_mgr ( 5296): [getCTIdx] Shading idx= 2
D/lsc_mgr ( 5296): [LscMgr] SetTBAToISP m_eLscScenario 0, TableSize 16384, CCT 0x2, phyAddr 0x1f08000, XSize 0x3fff m_eSensorOp 0
D/lsc_mgr ( 5296): [LscMgr:enableLsc] Meta 0, Shading param 0x2, 0x1f08000, 0x20, 0x0,0xf03e ,0xf02f ,0x44002b ,0x20202020, 0x0
I/IspDrv ( 5296): {IspDrv} [createInstance] fgIsGdmaMode: 0.
D/lsc_mgr ( 5296): [getCTIdx] Shading idx= 2
I/IspDrv ( 5296): {IspDrv} [createInstance] fgIsGdmaMode: 0.
I/TdriMgr ( 5296): [applySetting] Cq(5)-Fun(3)
I/TdriMgr ( 5296): [applySetting] Cq(5)-Fun(4)
I/TdriMgr ( 5296): [applySetting] Cq(5)-Fun(5)
D/FLICKER ( 5296): [FLK Hal] FFLK func=sendCommand line=837 cmd=5
D/FLICKER ( 5296): [FLK Hal] FFLK func=enableFlickerDetection line=1090
D/aaa_hal/3Athread( 5296): rCmd(10)-
D/af_mgr ( 5296): DoAF[SGG|AF|FK|EIS|HRZ|ESFKO]d4 [X]16 342 668 994 1320 1646 [Y]16 260 504 748 992 1236 [Size]326 244 [TH]5 5 5
D/af_mgr ( 5296): [SGG_GN]16 [GMR1]31 [GMR2]63 [GMR3]127 [Deci]0 [Zig]0 [Odd]0 [IIRKeep]1 [Hsize]1996
D/af_mgr ( 5296): [F0]4 [F1]15 36 43 36 22 10 3 0 0 0 0 0
D/af_mgr ( 5296): [WinXE]668 [WinYE]504 [SizeXE]652 [SizeYE]488 [THE]5
D/FLICKER ( 5296): [FLK Hal] FFLK func=sendCommand line=837 cmd=7
D/AfAlgo ( 5296): [AfAlgoC][fv]0 [gsum]0 [AEStbl]0 [ISO]455 [wait]3
D/af_mgr ( 5296): [AFStatH]0 [AFStatFL]0 [AFStatV]0 [moveMCU] 100
D/MtkCam/VSSScen( 5296): [deque] P1:Idx(0),Id(97),VA(0x45BB4000),PA(0x03340000),S(3740000),T(4044.282352)
D/aaa_hal/3Athread( 5296): mCmdQ size(0) + cmd(10)
D/MtkCam/VSSScen( 5296): [deque] +
D/aaa_hal/3Athread( 5296): CmdQ-size(1), todo(10)
D/aaa_hal/3Athread( 5296): rCmd(10)+
D/awb_algo( 5296): [PV AWB Gain] Rgain = 769, Ggain = 512, Bgain = 842
D/awb_algo( 5296): CCT = 5103
D/isp_tuning_custom( 5296): evaluate_PCA_LUT_index()
D/isp_tuning_custom( 5296): [+evaluate_PCA_LUT_index](rCamInfo.eIdx_PCA_LUT, rCamInfo.rAWBInfo.i4CCT, rCamInfo.rAWBInfo.i4FluorescentIndex)=(1, 5103, 72)
D/AeAlgo ( 5296): [modifyHistogramWinConfig] XOffset:0 Width:1996 YOffset:0 Height:1496 MaxBlock:120 90 eZoomX:0 119 eZoomY:0 89
D/AeAlgo ( 5296): [modifyHistogramWinConfig] Bin0:2 Mode0:3 RatioX0:0 100 RatioY0:0 100 Bin1:0 Mode1:3 RatioX1:0 100 RatioY1:0 100 Bin2:0 Mode2:4 RatioX2:0 100 RatioY2:0 100 Bin3:0 Mode3:4 RatioX3:25 75 RatioY3:25 75
D/AeAlgo ( 5296): [modifyHistogramWinConfig] HistConfig Bin0:2 Mode0:3 RatioX0:0 119 RatioY0:0 89 Bin1:0 Mode1:3 RatioX1:0 119 RatioY1:0 89 Bin2:0 Mode2:4 RatioX2:0 119 RatioY2:0 89 Bin3:0 Mode3:4 RatioX3:30 90 RatioY3:22 67
D/FLICKER ( 5296): [FLK Hal] FFLK func=sendCommand line=837 cmd=5
D/FLICKER ( 5296): [FLK Hal] FFLK func=enableFlickerDetection line=1090
D/aaa_hal/3Athread( 5296): rCmd(10)-
D/af_mgr ( 5296): DoAF[SGG|AF|FK|EIS|HRZ|ESFKO]d4 [X]16 342 668 994 1320 1646 [Y]16 260 504 748 992 1236 [Size]326 244 [TH]5 5 5
D/af_mgr ( 5296): [SGG_GN]16 [GMR1]31 [GMR2]63 [GMR3]127 [Deci]0 [Zig]0 [Odd]0 [IIRKeep]1 [Hsize]1996
D/af_mgr ( 5296): [F0]4 [F1]15 36 43 36 22 10 3 0 0 0 0 0
D/af_mgr ( 5296): [WinXE]668 [WinYE]504 [SizeXE]652 [SizeYE]488 [THE]5
D/FLICKER ( 5296): [FLK Hal] FFLK func=sendCommand line=837 cmd=7
D/AfAlgo ( 5296): [AfAlgoC][fv]0 [gsum]0 [AEStbl]0 [ISO]455 [wait]3
D/af_mgr ( 5296): [AFStatH]0 [AFStatFL]0 [AFStatV]0 [moveMCU] 100
D/MtkCam/VSSScen( 5296): [deque] P1:Idx(0),Id(98),VA(0x45F46000),PA(0x03700000),S(3740000),T(4044.372411)
D/aaa_hal/3Athread( 5296): mCmdQ size(0) + cmd(10)
D/MtkCam/PrvCQT( 5296): (12213)[delay] delay(Init): 3A(3) + sensor(2)
D/MtkCam/PrvCQT( 5296): (12213)[delay] -
D/MtkCam/PrvCQT( 5296): (12213)[threadLoop] -
D/MtkCam/PrvCQT( 5296): (12213)[threadLoop] +
D/MtkCam/PrvCQT( 5296): (12213)[getCommand] +
D/MtkCam/PrvCQT( 5296): (12213)[getCommand] + tid(12213), que size(0)
D/aaa_hal/3Athread( 5296): CmdQ-size(1), todo(10)
D/aaa_hal/3Athread( 5296): rCmd(10)+
D/MtkCam/PrvCQT( 5296): (11970)[postCommand] -
D/MtkCam/PrvCQT( 5296): (11970)[postCommand] +
D/MtkCam/PrvCQT( 5296): (11970)[postCommand] + tid(11970), que size(0)
D/MtkCam/PrvCQT( 5296): (11970)[postCommand] - new command added(2): tid(11970), que size(1)
D/MtkCam/PrvCQT( 5296): (12213)[getCommand] Command: 2
D/MtkCam/PrvCQT( 5296): (12213)[getCommand] - tid(12213), que size(0), ret(1)
D/MtkCam/PrvCQT( 5296): (12213)[getCommand] -
D/MtkCam/VSSScen( 5296): [deque] +
D/MtkCam/PrvCQT( 5296): (11970)[postCommand] -
D/MtkCam/CamAdapter( 5296): (11970)(Default)[onHandleStartPreview] -
D/MtkCam/CamAdapter( 5296): (11970)(StateIdle)[onStartPreview] - status(0)
D/MtkCam/CamClient( 5296): (11970)[enableMsgType] msgType: 1024
I/MtkCam/CamDevice( 5296): (11970)(Default:0)[CamDevice::startPreview] - status(0)
D/OpenCV_NativeCamera(12169): Preview started successfully
E/OpenCV::camera(12169): calling (*pGetPropertyC)(0x5d1c02f0, 2)
D/OpenCV_NativeCamera(12169): CameraHandler::getProperty(2)
D/OpenCV_NativeCamera(12169): CameraHandler::setProperty(0, 640.000000)
D/OpenCV_NativeCamera(12169): CameraHandler::setProperty(1, 480.000000)
I/OCV:libnative_activity(12169): Camera initialized at resolution 640x480
D/OpenCV_NativeCamera(12169): CameraHandler::applyProperties()
F/libc (12169): Fatal signal 11 (SIGSEGV) at 0x00000003 (code=1), thread 12196 (.NativeActivity)
D/AEE/AED ( 126): $===AEE===AEE===AEE===$
D/AEE/AED ( 126): p 0 poll events 1 revents 0
D/AEE/AED ( 126): not know revents:0
D/AEE/AED ( 126): p 1 poll events 1 revents 0
D/AEE/AED ( 126): not know revents:0
D/AEE/AED ( 126): p 2 poll events 1 revents 1
D/AEE/AED ( 126): aed_main_fork_worker: generator 0x75d168, worker 0xbeec6a48, recv_fd 15
D/AEE/AED ( 126): p 3 poll events 1 revents 0
D/AEE/AED ( 126): not know revents:0
D/AEE/AED ( 126): p 4 poll events 1 revents 0
D/AEE/AED ( 126): not know revents:0
I/DEBUG (12215): handle_request(15)
I/DEBUG (12215): check process 12169 name:.NativeActivity
I/DEBUG (12215): BOOM: pid=12169 uid=10134 gid=10134 tid=12196
I/DEBUG (12215): [OnPurpose Redunant in preset_info] pid: 12169, tid: 12196, name: .NativeActivity >>> org.opencv.samples.NativeActivity <<<
D/awb_algo( 5296): [PV AWB Gain] Rgain = 769, Ggain = 512, Bgain = 842
D/awb_algo( 5296): CCT = 5103
D/isp_tuning_custom( 5296): evaluate_PCA_LUT_index()
D/isp_tuning_custom( 5296): [+evaluate_PCA_LUT_index](rCamInfo.eIdx_PCA_LUT, rCamInfo.rAWBInfo.i4CCT, rCamInfo.rAWBInfo.i4FluorescentIndex)=(1, 5103, 72)
D/ae_mgr ( 5296): [doPvAE]AE Wait Vd frame:2 Enable:1 avgY:0
D/isp_tuning_custom( 5296): map_ISO_value_to_index()
D/FLICKER ( 5296): [FLK Hal] FFLK func=sendCommand line=837 cmd=5
D/FLICKER ( 5296): [FLK Hal] FFLK func=enableFlickerDetection line=1090
D/aaa_hal/3Athread( 5296): rCmd(10)-
D/af_mgr ( 5296): DoAF[SGG|AF|FK|EIS|HRZ|ESFKO]d4 [X]16 342 668 994 1320 1646 [Y]16 260 504 748 992 1236 [Size]326 244 [TH]5 5 5
D/af_mgr ( 5296): [SGG_GN]16 [GMR1]31 [GMR2]63 [GMR3]127 [Deci]0 [Zig]0 [Odd]0 [IIRKeep]1 [Hsize]1996
D/af_mgr ( 5296): [F0]4 [F1]15 36 43 36 22 10 3 0 0 0 0 0
D/af_mgr ( 5296): [WinXE]668 [WinYE]504 [SizeXE]652 [SizeYE]488 [THE]5
D/FLICKER ( 5296): [FLK Hal] FFLK func=sendCommand line=837 cmd=7
D/AfAlgo ( 5296): [AfAlgoC][fv]0 [gsum]0 [AEStbl]0 [ISO]455 [wait]3
D/af_mgr ( 5296): [AFStatH]0 [AFStatFL]0 [AFStatV]0 [moveMCU] 100
D/MtkCam/VSSScen( 5296): [deque] P1:Idx(0),Id(94),VA(0x450FE000),PA(0x02240000),S(3740000),T(4044.462470)
D/aaa_hal/3Athread( 5296): mCmdQ size(0) + cmd(10)
D/EISHal ( 5296): [doEIS]not first frame
D/EISDrv ( 5296): [setFirstFrame]First(0x0)
D/MtkCam/MtkCamUtils( 5296): [queryRawStride]imgFmt(2), imgWidth(1996), stride(2000)
D/MtkCam/MtkCamUtils( 5296): (RecCB@ImgBufQue)[dequeProvider] Empty Que
D/MtkCam/PrvCQT( 5296): (12213)[updateOne] P2(0x18)
D/MtkCam/PrvCQT( 5296): (12213)[doCrop] S(1996/1496),D(640/480),Z(100),C(1,0,1994,1496)
D/ae_mgr ( 5296): [AeMgr::setZoomWinInfo] New WinX:1 1994 New WinY:0 1496 Old WinX:0 1996 Old WinY:0 1496
D/af_mgr ( 5296): [setZoomWinInfo][w]1994[h]1496[x]1[y]0
I/Drv/IMem( 5296): Drv/IMem[mapPhyAddr] mID(0x5e),size(0x391160),VA(x450fe000),PA(0x2240000),S/C(0/0)
I/Drv/IMem( 5296): Drv/IMem[mapPhyAddr] mID(0x56),size(0x70800),VA(x44777000),PA(0x2640000),S/C(0/0)
I/Drv/IMem( 5296): Drv/IMem[allocM4UMemory] [StdM4U]VA(0x447e8000)/PA(0x26c0000)/size(0x70800)/mID(0xffffffff)
I/Drv/IMem( 5296): Drv/IMem[mapPhyAddr] mID(0xffffffff),size(0x70800),VA(x447e8000),PA(0x26c0000),S/C(0/0)
I/iio/ppp ( 5296): [configPipe] Pass(0),sceFmt(0),imgi.fmt(2),isByImgi(0),sceID(8),dma(0x280080) isTurn(1),VA=0x44d86000 PA=0x2200000
I/IspDrv ( 5296): {IspDrv} [updateTurningCq1] updateCqdes(12) CtlEn1(0x4a00800) CtlEn2(0x1d) CtlMma(0x0)
I/iio/ifunc( 5296): [_config] path(2),CQ(4),en1(0x40300000),en2(0x38a20003),dma(0x00280080),fmt(0x00000106),ctl(0x00010050),tcm_en(0x9811e003),isIspOn(0x1)
I/iio/ifunc( 5296): [_config] cq(4),turEn1(0x04800800),turEn2(0x0000001d),turDma(0x00000000),dmaMerg(0x00280080),tcm(0x9811e003)
I/iio/ifunc( 5296): [_config] [Pass2]AppTurn(1) EN1-Set(0x44b00800),Clr(0x3400200)-En2:Set(0x38a2001f),Clr(0x40020)-DMA:Set(0x280080),Clr(0x7500)
I/TpipeDrv( 5296): {TpipeDrv} [runTpipeMain] [Top]bnr(0),lsc(0),lsci(0),lce(0),lcei(0),nbc(1),seee(1),cfa(1)--en1(0x00300000),en2(0x00220016),dma(0x00280080)
I/TpipeDrv( 5296): {TpipeDrv} [runTpipeMain] size(360)||[0-4]0000D00D-00000000-05D703BF-00000000-05D802EA||[85-89]600001C6-000000E3-01E000BA-00000000-000000E3
D/MtkCam/VSSScen( 5296): [deque] +
I/CdpDrv ( 5296): {CdpDrv} [DISPO_SetOutputAddr] cqPhy(0x442e3000),Dispo(0x2640000),DispCo(0x269dc00),DispVo(0x268b000)
I/CdpDrv ( 5296): {CdpDrv} [VIDO_SetOutputAddr] cqPhy(0x442e3000),Vido(0x26c0000),VidCo(0x270b000),VidVo(0x26c0000)
I/iio/path( 5296): [setDMACurrBuf] [VIDO]base(0x26c0000)-0x270b000-0x26c0000
I/iio/ifunc( 5296): [_enable] path(2),start(1),SCIO(6),En1(0x44b5b8a9),En2(0xb8a3401f),Dma(0x2800ab),CQ_status(0x1111),CQ_debugset(24576)
I/iio/pathp2( 5296): [_waitIrq] type(0),irq(16384)
D/aaa_hal/3Athread( 5296): CmdQ-size(1), todo(10)
D/aaa_hal/3Athread( 5296): rCmd(10)+
D/MtkCam/VSSScen( 5296): [deque] P2DISPO:Id(86),VA(0x44777000),PA(0x02640000),S(460800),T(0.000000)
I/Drv/IMem( 5296): Drv/IMem[freeM4UMemory] [StdM4U]VA(0x447e8000)/PA(0x26c0000)/size(0x70800)/mID(0xffffffff)
D/MtkCam/VSSScen( 5296): [deque] P2VIDO:Id(-1),VA(0x447E8000),PA(0x026C0000),S(460800),T(0.000000)
I/iio/ifunc( 5296): [_disable] P2 start(0x0)
D/MtkCam/DisplayClient( 5296): (12212)[handleReturnBuffers] + (706) 34ms < Duration(747)
D/MtkCam/DisplayClient( 5296): (12212)[handleReturnBuffers] Show display frame:0(1) [fdIon(86) 0x44777000/460800 4044462470000]
W/SurfaceTextureClient( 5296): [STC::queueBuffer(Camera)] this:0x42a39578, api:4, abnormal interval:-0.00
I/MtkCam/MtkCamUtils( 5296): {CamProfile}[::updateOne] : (0-th) ===> [start-->now: 104 ms]
D/MtkCam/PrvCQT( 5296): (12213)[update] frameCnt(0)
D/MtkCam/VSSScen( 5296): [deque] +
D/MtkCam/PrvCB( 5296): (12210)[handleReturnBuffers] + 34ms>> org.opencv.samples.NativeActivity <<<
I/DEBUG (12215): signal 11 (SIGSEGV), code 1 (SEGV_MAPERR), fault addr 00000003
D/awb_algo( 5296): [PV AWB Gain] Rgain = 769, Ggain = 512, Bgain = 842
D/awb_algo( 5296): CCT = 5103
D/isp_tuning_custom( 5296): evaluate_PCA_LUT_index()
D/isp_tuning_custom( 5296): [+evaluate_PCA_LUT_index](rCamInfo.eIdx_PCA_LUT, rCamInfo.rAWBInfo.i4CCT, rCamInfo.rAWBInfo.i4FluorescentIndex)=(1, 5103, 72)
D/ae_mgr ( 5296): [doPvAE]AE Wait Vd frame:1 Enable:1 avgY:0
D/isp_tuning_custom( 5296): map_ISO_value_to_index()
D/FLICKER ( 5296): [FLK Hal] FFLK func=sendCommand line=837 cmd=5
D/FLICKER ( 5296): [FLK Hal] FFLK func=enableFlickerDetection line=1090
D/aaa_hal/3Athread( 5296): rCmd(10)-
D/af_mgr ( 5296): DoAF[SGG|AF|FK|EIS|HRZ|ESFKO]d4 [X]16 342 668 994 1320 1646 [Y]16 260 504 748 992 1236 [Size]326 244 [TH]5 5 5
D/af_mgr ( 5296): [SGG_GN]16 [GMR1]31 [GMR2]63 [GMR3]127 [Deci]0 [Zig]0 [Odd]0 [IIRKeep]1 [Hsize]1996
D/af_mgr ( 5296): [F0]4 [F1]15 36 43 36 22 10 3 0 0 0 0 0
D/af_mgr ( 5296): [WinXE]668 [WinYE]504 [SizeXE]652 [SizeYE]488 [THE]5
D/FLICKER ( 5296): [FLK Hal] FFLK func=sendCommand line=837 cmd=7
D/MtkCam/VSSScen( 5296): [deque] P1:Idx(0),Id(95),VA(0x45490000),PA(0x029C0000),S(3740000),T(4044.552532)
D/aaa_hal/3Athread( 5296): mCmdQ size(0) + cmd(10)
D/MtkCam/MtkCamUtils( 5296): [queryRawStride]imgFmt(2), imgWidth(1996), stride(2000)
D/MtkCam/MtkCamUtils( 5296): (RecCB@ImgBufQue)[dequeProvider] Empty Que
D/MtkCam/PrvCQT( 5296): (12213)[updateOne] P2(0x18)
D/MtkCam/PrvCQT( 5296): (12213)[doCrop] S(1996/1496),D(640/480),Z(100),C(1,0,1994,1496)
I/Drv/IMem( 5296): Drv/IMem[mapPhyAddr] mID(0x5f),size(0x391160),VA(x45490000),PA(0x29c0000),S/C(0/0)
I/Drv/IMem( 5296): Drv/IMem[mapPhyAddr] mID(0x5a),size(0x70800),VA(x44f82000),PA(0x26c0000),S/C(0/0)
I/Drv/IMem( 5296): Drv/IMem[allocM4UMemory] [StdM4U]VA(0x44ea0000)/PA(0x2740000)/size(0x70800)/mID(0xffffffff)
I/Drv/IMem( 5296): Drv/IMem[mapPhyAddr] mID(0xffffffff),size(0x70800),VA(x44ea0000),PA(0x2740000),S/C(0/0)
I/iio/ppp ( 5296): [configPipe] Pass(0),sceFmt(0),imgi.fmt(2),isByImgi(0),sceID(8),dma(0x280080) isTurn(1),VA=0x44d86000 PA=0x2200000
I/IspDrv ( 5296): {IspDrv} [updateTurningCq1] updateCqdes(0) CtlEn1(0x0) CtlEn2(0x0) CtlMma(0x0)
I/iio/ifunc( 5296): [_config] path(2),CQ(4),en1(0x40300000),en2(0x38a20003),dma(0x00280080),fmt(0x00000106),ctl(0x00010050),tcm_en(0x9811e003),isIspOn(0x1)
I/iio/ifunc( 5296): [_config] cq(4),turEn1(0x04800800),turEn2(0x0000001d),turDma(0x00000000),dmaMerg(0x00280080),tcm(0x9811e003)
I/iio/ifunc( 5296): [_config] [Pass2]AppTurn(1) EN1-Set(0x44b00800),Clr(0x3400200)-En2:Set(0x38a2001f),Clr(0x40020)-DMA:Set(0x280080),Clr(0x7500)
I/TpipeDrv( 5296): {TpipeDrv} [runTpipeMain] [Top]bnr(0),lsc(0),lsci(0),lce(0),lcei(0),nbc(1),seee(1),cfa(1)--en1(0x00300000),en2(0x00220016),dma(0x00280080)
I/TpipeDrv( 5296): {TpipeDrv} [runTpipeMain] size(360)||[0-4]0000D00D-00000000-05D703BF-00000000-05D802EA||[85-89]600001C6-000000E3-01E000BA-00000000-000000E3
D/MtkCam/VSSScen( 5296): [deque] +
I/CdpDrv ( 5296): {CdpDrv} [DISPO_SetOutputAddr] cqPhy(0x442e3000),Dispo(0x26c0000),DispCo(0x271dc00),DispVo(0x270b000)
I/CdpDrv ( 5296): {CdpDrv} [VIDO_SetOutputAddr] cqPhy(0x442e3000),Vido(0x2740000),VidCo(0x278b000),VidVo(0x2740000)
I/iio/path( 5296): [setDMACurrBuf] [VIDO]base(0x2740000)-0x278b000-0x2740000
I/iio/ifunc( 5296): [_enable] path(2),start(1),SCIO(6),En1(0x44b5b8a9),En2(0xb8a3401f),Dma(0x2800ab),CQ_status(0x4001111),CQ_debugset(24576)
I/iio/pathp2( 5296): [_waitIrq] type(0),irq(16384)
D/AfAlgo ( 5296): [AfAlgoC][fv]0 [gsum]0 [AEStbl]0 [ISO]455 [wait]3
D/af_mgr ( 5296): [AFStatH]0 [AFStatFL]0 [AFStatV]0 [moveMCU] 100
D/aaa_hal/3Athread( 5296): CmdQ-size(1), todo(10)
D/aaa_hal/3Athread( 5296): rCmd(10)+
D/MtkCam/VSSScen( 5296): [deque] P2DISPO:Id(90),VA(0x44F82000),PA(0x026C0000),S(460800),T(0.000000)
I/Drv/IMem( 5296): Drv/IMem[freeM4UMemory] [StdM4U]VA(0x44ea0000)/PA(0x2740000)/size(0x70800)/mID(0xffffffff)
D/MtkCam/VSSScen( 5296): [deque] P2VIDO:Id(-1),VA(0x44EA0000),PA(0x02740000),S(460800),T(0.000000)
I/iio/ifunc( 5296): [_disable] P2 start(0x0)
I/MtkCam/MtkCamUtils( 5296): {CamProfile}[::updateOne] : (0-th) ===> [start-->now: 89 ms]
D/MtkCam/PrvCQT( 5296): (12213)[update] frameCnt(1)
D/MtkCam/VSSScen( 5296): [deque] +
D/MtkCam/PrvCB( 5296): (12210)[handleReturnBuffers] + 34ms [start-->now: 89 ms]
D/MtkCam/PrvCQT( 5296): (12213)[update] frameCnt(2)
D/MtkCam/VSSScen( 5296): [deque] +
D/MtkCam/PrvCB( 5296): (12210)[handleReturnBuffers] + 34ms [start-->now: 88 ms]
D/MtkCam/PrvCQT( 5296): (12213)[update] frameCnt(3)
D/MtkCam/VSSScen( 5296): [deque] +
D/MtkCam/PrvCB( 5296): (12210)[handleReturnBuffers] + 34ms [start-->now: 89 ms]
D/MtkCam/PrvCQT( 5296): (12213)[update] frameCnt(4)
D/MtkCam/VSSScen( 5296): [deque] +
D/MtkCam/PrvCB( 5296): (12210)[handleReturnBuffers] + 34ms [start-->now: 90 ms]
D/MtkCam/PrvCQT( 5296): (12213)[update] frameCnt(5)
D/MtkCam/VSSScen( 5296): [deque] +
D/MtkCam/PrvCB( 5296): (12210)[handleReturnBuffers] + 34ms [start-->now: 89 ms]
D/MtkCam/PrvCQT( 5296): (12213)[update] frameCnt(6)
D/MtkCam/VSSScen( 5296): [deque] +
D/MtkCam/PrvCB( 5296): (12210)[handleReturnBuffers] + 34ms [start-->now: 90 ms]
D/MtkCam/PrvCQT( 5296): (12213)[update] frameCnt(7)
D/MtkCam/VSSScen( 5296): [deque] +
D/MtkCam/PrvCB( 5296): (12210)[handleReturnBuffers] + 34ms [start-->now: 89 ms]
D/MtkCam/PrvCQT( 5296): (12213)[update] frameCnt(8)
D/MtkCam/VSSScen( 5296): [deque] +
D/MtkCam/PrvCB( 5296): (12210)[handleReturnBuffers] + 34ms [start-->now: 90 ms]
D/MtkCam/PrvCQT( 5296): (12213)[update] frameCnt(9)
D/MtkCam/VSSScen( 5296): [deque] +
D/MtkCam/PrvCB( 5296): (12210)[handleReturnBuffers] + 34ms [start-->now: 89 ms]
D/MtkCam/PrvCQT( 5296): (12213)[update] frameCnt(10)
D/MtkCam/VSSScen( 5296): [deque] +
D/MtkCam/PrvCB( 5296): (12210)[handleReturnBuffers] + 34ms [start-->now: 89 ms]
D/MtkCam/PrvCQT( 5296): (12213)[update] frameCnt(11)
D/MtkCam/VSSScen( 5296): [deque] +
D/MtkCam/PrvCB( 5296): (12210)[handleReturnBuffers] + 34ms [start-->now: 89 ms]
D/MtkCam/PrvCQT( 5296): (12213)[update] frameCnt(12)
D/MtkCam/VSSScen( 5296): [deque] +
D/MtkCam/PrvCB( 5296): (12210)[handleReturnBuffers] + 34ms [start-->now: 89 ms]
D/MtkCam/PrvCQT( 5296): (12213)[update] frameCnt(13)
D/MtkCam/VSSScen( 5296): [deque] +
D/MtkCam/PrvCB( 5296): (12210)[handleReturnBuffers] + 34ms [start-->now: 90 ms]
D/MtkCam/PrvCQT( 5296): (12213)[update] frameCnt(14)
D/MtkCam/VSSScen( 5296): [deque] +
D/MtkCam/PrvCB( 5296): (12210)[handleReturnBuffers] + 34ms [start-->now: 90 ms]
D/MtkCam/PrvCQT( 5296): (12213)[update] frameCnt(15)
D/MtkCam/VSSScen( 5296): [deque] +
D/MtkCam/PrvCB( 5296): (12210)[handleReturnBuffers] + 34ms [start-->now: 89 ms]
D/MtkCam/PrvCQT( 5296): (12213)[update] frameCnt(16)
D/MtkCam/VSSScen( 5296): [deque] +
D/MtkCam/PrvCB( 5296): (12210)[handleReturnBuffers] + 34ms [start-->now: 89 ms]
D/MtkCam/PrvCQT( 5296): (12213)[update] frameCnt(17)
D/MtkCam/VSSScen( 5296): [deque] +
D/MtkCam/PrvCB( 5296): (12210)[handleReturnBuffers] + 34ms [start-->now: 90 ms]
D/MtkCam/PrvCQT( 5296): (12213)[update] frameCnt(18)
D/MtkCam/VSSScen( 5296): [deque] +
D/MtkCam/PrvCB( 5296): (12210)[handleReturnBuffers] + 34ms [start-->now: 89 ms]
D/MtkCam/PrvCQT( 5296): (12213)[update] frameCnt(19)
D/MtkCam/VSSScen( 5296): [deque] +
D/MtkCam/PrvCB( 5296): (12210)[handleReturnBuffers] + 34ms [start-->now: 89 ms]
D/MtkCam/PrvCQT( 5296): (12213)[update] frameCnt(20)
D/MtkCam/VSSScen( 5296): [deque] +
D/MtkCam/PrvCB( 5296): (12210)[handleReturnBuffers] + 34ms [start-->now: 90 ms]
D/MtkCam/PrvCQT( 5296): (12213)[update] frameCnt(21)
D/MtkCam/VSSScen( 5296): [deque] +
D/MtkCam/PrvCB( 5296): (12210)[handleReturnBuffers] + 34ms [start-->now: 89 ms]
D/MtkCam/PrvCQT( 5296): (12213)[update] frameCnt(22)
D/MtkCam/VSSScen( 5296): [deque] +
D/MtkCam/PrvCB( 5296): (12210)[handleReturnBuffers] + 34ms [start-->now: 89 ms]
D/MtkCam/PrvCQT( 5296): (12213)[update] frameCnt(23)
D/MtkCam/VSSScen( 5296): [deque] +
D/MtkCam/PrvCB( 5296): (12210)[handleReturnBuffers] + 34ms [start-->now: 89 ms]
D/MtkCam/PrvCQT( 5296): (12213)[update] frameCnt(24)
D/MtkCam/VSSScen( 5296): [deque] +
D/MtkCam/PrvCB( 5296): (12210)[handleReturnBuffers] + 34ms [start-->now: 90 ms]
D/MtkCam/PrvCQT( 5296): (12213)[update] frameCnt(25)
D/MtkCam/VSSScen( 5296): [deque] +
D/MtkCam/PrvCB( 5296): (12210)[handleReturnBuffers] + 34ms [start-->now: 89 ms]
D/MtkCam/PrvCQT( 5296): (12213)[update] frameCnt(26)
D/MtkCam/VSSScen( 5296): [deque] +
D/MtkCam/PrvCB( 5296): (12210)[handleReturnBuffers] + 34ms [start-->now: 90 ms]
D/MtkCam/PrvCQT( 5296): (12213)[update] frameCnt(27)
D/MtkCam/VSSScen( 5296): [deque] +
D/MtkCam/PrvCB( 5296): (12210)[handleReturnBuffers] + 34ms [start-->now: 90 ms]
D/MtkCam/PrvCQT( 5296): (12213)[update] frameCnt(28)
D/MtkCam/VSSScen( 5296): [deque] +
D/MtkCam/PrvCB( 5296): (12210)[handleReturnBuffers] + 34ms [start-->now: 89 ms]
D/MtkCam/PrvCQT( 5296): (12213)[update] frameCnt(29)
D/MtkCam/VSSScen( 5296): [deque] +
D/MtkCam/PrvCB( 5296): (12210)[handleReturnBuffers] + 34ms (overtime > 10 ms) [start-->now: 66 ms]
D/MtkCam/PrvCB( 5296): (12210)[handleReturnBuffers] -
D/MtkCam/PrvCB( 5296): (12210)[waitAndHandleReturnBuffers] +
D/af_mgr ( 5296): DoAF[SGG|AF|FK|EIS|HRZ|ESFKO]d4 [X]16 342 668 994 1320 1646 [Y]16 260 504 748 992 1236 [Size]326 244 [TH]5 5 5
D/af_mgr ( 5296): [SGG_GN]16 [GMR1]31 [GMR2]63 [GMR3]127 [Deci]0 [Zig]0 [Odd]0 [IIRKeep]1 [Hsize]1996
D/af_mgr ( 5296): [F0]4 [F1]15 36 43 36 22 10 3 0 0 0 0 0
D/af_mgr ( 5296): [WinXE]668 [WinYE]504 [SizeXE]652 [SizeYE]488 [THE]5
D/FLICKER ( 5296): [FLK Hal] FFLK func=sendCommand line=837 cmd=7
D/AfAlgo ( 5296): [AfAlgoC][fv]0 [gsum]0 [AEStbl]1 [ISO]455 [wait]3
D/AfAlgo ( 5296): [AfAlgoC][Thres]30000 [ValidCnt] 0 [ShockCnt] 0 [FrmCnt)] 0
D/AfAlgo ( 5296): [AfAlgoC][FirstFV]0 [FVDiff]0 [FVThres]100 [FVCnt]0 [FVNum]2 [GSDiff]0 [GSThres]20 [GSCnt]0 [GSNum]2
D/af_mgr ( 5296): [AFStatH]0 [AFStatFL]0 [AFStatV]0 [moveMCU] 100
D/MtkCam/VSSScen( 5296): [deque] P1:Idx(0),Id(94),VA(0x450FE000),PA(0x02240000),S(3740000),T(4047.164322)
D/aaa_hal/3Athread( 5296): mCmdQ size(0) + cmd(10)
D/MtkCam/MtkCamUtils( 5296): [queryRawStride]imgFmt(2), imgWidth(1996), stride(2000)
D/MtkCam/MtkCamUtils( 5296): (CameraDisplay@ImgBufQue)[dequeProvider] Empty Que
D/MtkCam/MtkCamUtils( 5296): (RecCB@ImgBufQue)[dequeProvider] Empty Que
D/MtkCam/PrvCQT( 5296): (12213)[updateOne] P2(0x10)
D/MtkCam/PrvCQT( 5296): (12213)[doCrop] S(1996/1496),D(640/480),Z(100),C(1,0,1994,1496)
I/Drv/IMem( 5296): Drv/IMem[mapPhyAddr] mID(0x5e),size(0x391160),VA(x450fe000),PA(0x2240000),S/C(0/0)
I/Drv/IMem( 5296): Drv/IMem[allocM4UMemory] [StdM4U]VA(0x447e8000)/PA(0x27c0000)/size(0x70800)/mID(0xffffffff)
I/Drv/IMem( 5296): Drv/IMem[mapPhyAddr] mID(0xffffffff),size(0x70800),VA(x447e8000),PA(0x27c0000),S/C(0/0)
I/iio/ppp ( 5296): [configPipe] Pass(0),sceFmt(0),imgi.fmt(2),isByImgi(0),sceID(8),dma(0x80080) isTurn(1),VA=0x44d86000 PA=0x2200000
I/IspDrv ( 5296): {IspDrv} [updateTurningCq1] updateCqdes(0) CtlEn1(0x0) CtlEn2(0x0) CtlMma(0x0)
I/iio/ifunc( 5296): [_config] path(2),CQ(4),en1(0x40300000),en2(0x38a20003),dma(0x00080080),fmt(0x00000106),ctl(0x00810050),tcm_en(0x9811c003),isIspOn(0x1)
I/iio/ifunc( 5296): [_config] cq(4),turEn1(0x04800800),turEn2(0x0000001d),turDma(0x00000000),dmaMerg(0x00080080),tcm(0x9811c003)
I/iio/ifunc( 5296): [_config] [Pass2]AppTurn(1) EN1-Set(0x44b00800),Clr(0x3400200)-En2:Set(0x38a2001f),Clr(0x40020)-DMA:Set(0x80080),Clr(0x207500)
I/TpipeDrv( 5296): {TpipeDrv} [runTpipeMain] [Top]bnr(0),lsc(0),lsci(0),lce(0),lcei(0),nbc(1),seee(1),cfa(1)--en1(0x00300000),en2(0x00220016),dma(0x00080080)
I/TpipeDrv( 5296): {TpipeDrv} [runTpipeMain] size(300)||[0-4]0000D00D-00000000-05D703BF-00000000-05D802EA||[70-74]A00001CA-000001CA-01E000B6-00000000-000001CA
D/MtkCam/VSSScen( 5296): [deque] +
I/CdpDrv ( 5296): {CdpDrv} [VIDO_SetOutputAddr] cqPhy(0x442e3000),Vido(0x27c0000),VidCo(0x280b000),VidVo(0x27c0000)
I/iio/path( 5296): [setDMACurrBuf] [VIDO]base(0x27c0000)-0x280b000-0x27c0000
I/iio/ifunc( 5296): [_enable] path(2),start(1),SCIO(6),En1(0x44b5b8a9),En2(0xb8a3401f),Dma(0x800ab),CQ_status(0x4001111),CQ_debugset(24576)
I/iio/pathp2( 5296): [_waitIrq] type(0),irq(16384)
D/aaa_hal/3Athread( 5296): CmdQ-size(1), todo(10)
D/aaa_hal/3Athread( 5296): rCmd(10)+
I/Drv/IMem( 5296): Drv/IMem[freeM4UMemory] [StdM4U]VA(0x447e8000)/PA(0x27c0000)/size(0x70800)/mID(0xffffffff)
D/MtkCam/VSSScen( 5296): [deque] P2VIDO:Id(-1),VA(0x447E8000),PA(0x027C0000),S(460800),T(0.000000)
I/iio/ifunc( 5296): [_disable] P2 start(0x0)
I/MtkCam/MtkCamUtils( 5296): {CamProfile}[::updateOne] : (0-th) ===> [start-->now: 89 ms]
D/MtkCam/PrvCQT( 5296): (12213)[update] frameCnt(30)
D/MtkCam/VSSScen( 5296): [deque] +
D/MtkCam/PrvCB( 5296): (12210)[handleReturnBuffers] + 34ms [start-->now: 89 ms]
D/MtkCam/PrvCQT( 5296): (12213)[update] frameCnt(31)
D/MtkCam/VSSScen( 5296): [deque] +
D/MtkCam/PrvCB( 5296): (12210)[handleReturnBuffers] + 34ms [start-->now: 89 ms]
D/MtkCam/PrvCQT( 5296): (12213)[update] frameCnt(32)
D/MtkCam/VSSScen( 5296): [deque] +
D/MtkCam/PrvCB( 5296): (12210)[handleReturnBuffers] + 34ms [start-->now: 90 ms]
D/MtkCam/PrvCQT( 5296): (12213)[update] frameCnt(33)
D/MtkCam/VSSScen( 5296): [deque] +
D/MtkCam/PrvCB( 5296): (12210)[handleReturnBuffers] + 34ms [start-->now: 90 ms]
D/MtkCam/PrvCQT( 5296): (12213)[update] frameCnt(34)
D/MtkCam/VSSScen( 5296): [deque] +
D/MtkCam/PrvCB( 5296): (12210)[handleReturnBuffers] + 34ms [start-->now: 89 ms]
D/MtkCam/PrvCQT( 5296): (12213)[update] frameCnt(35)
D/MtkCam/VSSScen( 5296): [deque] +
D/MtkCam/PrvCB( 5296): (12210)[handleReturnBuffers] + 34ms [start-->now: 89 ms]
D/MtkCam/PrvCQT( 5296): (12213)[update] frameCnt(36)
D/MtkCam/VSSScen( 5296): [deque] +
D/MtkCam/PrvCB( 5296): (12210)[handleReturnBuffers] + 34ms [start-->now: 89 ms]
D/MtkCam/PrvCQT( 5296): (12213)[update] frameCnt(37)
D/MtkCam/VSSScen( 5296): [deque] +
D/MtkCam/PrvCB( 5296): (12210)[handleReturnBuffers] + 34ms [start-->now: 179 ms]
D/MtkCam/PrvCQT( 5296): (12213)[update] frameCnt(38)
D/MtkCam/VSSScen( 5296): [deque] +
D/MtkCam/VSSScen( 5296): [deque] P1:Idx(0),Id(98),VA(0x45F46000),PA(0x03700000),S(3740000),T(4047.974877)
D/aaa_hal/3Athread( 5296): mCmdQ size(5) + cmd(10)
D/MtkCam/MtkCamUtils( 5296): [queryRawStride]imgFmt(2), imgWidth(1996), stride(2000)
D/MtkCam/MtkCamUtils( 5296): (CameraDisplay@ImgBufQue)[dequeProvider] Empty Que
D/MtkCam/MtkCamUtils( 5296): (RecCB@ImgBufQue)[dequeProvider] Empty Que
D/MtkCam/PrvCQT( 5296): (12213)[updateOne] P2(0x10)
D/MtkCam/PrvCQT( 5296): (12213)[doCrop] S(1996/1496),D(640/480),Z(100),C(1,0,1994,1496)
I/Drv/IMem( 5296): Drv/IMem[mapPhyAddr] mID(0x62),size(0x391160),VA(x45f46000),PA(0x3700000),S/C(0/0)
I/Drv/IMem( 5296): Drv/IMem[allocM4UMemory] [StdM4U]VA(0x447e8000)/PA(0x27c0000)/size(0x70800)/mID(0xffffffff)
I/Drv/IMem( 5296): Drv/IMem[mapPhyAddr] mID(0xffffffff),size(0x70800),VA(x447e8000),PA(0x27c0000),S/C(0/0)
I/iio/ppp ( 5296): [configPipe] Pass(0),sceFmt(0),imgi.fmt(2),isByImgi(0),sceID(8),dma(0x80080) isTurn(1),VA=0x44d86000 PA=0x2200000
I/IspDrv ( 5296): {IspDrv} [updateTurningCq1] updateCqdes(12) CtlEn1(0x4a00800) CtlEn2(0x1d) CtlMma(0x0)
I/iio/ifunc( 5296): [_config] path(2),CQ(4),en1(0x40300000),en2(0x38a20003),dma(0x00080080),fmt(0x00000106),ctl(0x00810050),tcm_en(0x9811c003),isIspOn(0x1)
I/iio/ifunc( 5296): [_config] cq(4),turEn1(0x04800800),turEn2(0x0000001d),turDma(0x00000000),dmaMerg(0x00080080),tcm(0x9811c003)
I/iio/ifunc( 5296): [_config] [Pass2]AppTurn(1) EN1-Set(0x44b00800),Clr(0x3400200)-En2:Set(0x38a2001f),Clr(0x40020)-DMA:Set(0x80080),Clr(0x207500)
I/TpipeDrv( 5296): {TpipeDrv} [runTpipeMain] [Top]bnr(0),lsc(0),lsci(0),lce(0),lcei(0),nbc(1),seee(1),cfa(1)--en1(0x00300000),en2(0x00220016),dma(0x00080080)
I/TpipeDrv( 5296): {TpipeDrv} [runTpipeMain] size(300)||[0-4]0000D00D-00000000-05D703BF-00000000-05D802EA||[70-74]A00001CA-000001CA-01E000B6-00000000-000001CA
D/MtkCam/VSSScen( 5296): [deque] +
I/CdpDrv ( 5296): {CdpDrv} [VIDO_SetOutputAddr] cqPhy(0x442e3000),Vido(0x27c0000),VidCo(0x280b000),VidVo(0x27c0000)
I/iio/path( 5296): [setDMACurrBuf] [VIDO]base(0x27c0000)-0x280b000-0x27c0000
I/iio/ifunc( 5296): [_enable] path(2),start(1),SCIO(6),En1(0x44b5b8a9),En2(0xb8a3401f),Dma(0x800ab),CQ_status(0x4001111),CQ_debugset(24576)
I/iio/pathp2( 5296): [_waitIrq] type(0),irq(16384)
D/MtkCam/PrvCB( 5296): (12210)[handleReturnBuffers] + 34ms [start-->now: 14 ms]
D/MtkCam/PrvCQT( 5296): (12213)[update] frameCnt(39)
D/MtkCam/VSSScen( 5296): [deque] +
D/MtkCam/PrvCB( 5296): (12210)[handleReturnBuffers] + 34ms [start-->now: 75 ms]
D/MtkCam/PrvCQT( 5296): (12213)[update] frameCnt(40)
D/MtkCam/VSSScen( 5296): [deque] +
D/MtkCam/PrvCB( 5296): (12210)[handleReturnBuffers] + 34ms [start-->now: 89 ms]
D/MtkCam/PrvCQT( 5296): (12213)[update] frameCnt(41)
D/MtkCam/VSSScen( 5296): [deque] +
D/MtkCam/PrvCB( 5296): (12210)[handleReturnBuffers] + 34ms [start-->now: 89 ms]
D/MtkCam/PrvCQT( 5296): (12213)[update] frameCnt(42)
D/MtkCam/VSSScen( 5296): [deque] +
D/MtkCam/PrvCB( 5296): (12210)[handleReturnBuffers] + 34ms [start-->now: 89 ms]
D/MtkCam/PrvCQT( 5296): (12213)[update] frameCnt(43)
D/MtkCam/VSSScen( 5296): [deque] +
D/MtkCam/PrvCB( 5296): (12210)[handleReturnBuffers] + 34ms [start-->now: 89 ms]
D/MtkCam/PrvCQT( 5296): (12213)[update] frameCnt(44)
D/MtkCam/VSSScen( 5296): [deque] +
D/MtkCam/PrvCB( 5296): (12210)[handleReturnBuffers] + 34ms [start-->now: 90 ms]
D/MtkCam/PrvCQT( 5296): (12213)[update] frameCnt(45)
D/MtkCam/VSSScen( 5296): [deque] +
D/MtkCam/PrvCB( 5296): (12210)[handleReturnBuffers] + 34ms [start-->now: 89 ms]
D/MtkCam/PrvCQT( 5296): (12213)[update] frameCnt(46)
D/MtkCam/VSSScen( 5296): [deque] +
D/MtkCam/PrvCB( 5296): (12210)[handleReturnBuffers] + 34ms [start-->now: 89 ms]
D/MtkCam/PrvCQT( 5296): (12213)[update] frameCnt(47)
D/MtkCam/VSSScen( 5296): [deque] +
D/MtkCam/PrvCB( 5296): (12210)[handleReturnBuffers] + 34ms [start-->now: 89 ms]
D/MtkCam/PrvCQT( 5296): (12213)[update] frameCnt(48)
D/MtkCam/VSSScen( 5296): [deque] +
D/MtkCam/PrvCB( 5296): (12210)[handleReturnBuffers] + 34ms>>onScreenTurnedOn, ---ScreenOn seq = 4seq will be change in synchronized Before--synchronized (this)
D/KeyguardViewMediator( 5535): onScreenTurnedOn, seq = 5
D/KeyguardViewMediator( 5535): notifyScreenOnLocked
D/KeyguardViewMediator( 5535): handleMessage enter msg name=NOTIFY_SCREEN_ON
D/KeyguardViewMediator( 5535): handleNotifyScreenOn
D/KeyguardViewManager( 5535): onScreenTurnedOn()
D/KeyguardViewManager( 5535): onScreenTurnedOn mKeyguardView=null showListener.onShown
I/WindowManager( 5535): Lock screen displayed!
D/PowerManager_performance_N( 5535): mScreenOnListener.
D/PowerManagerService( 5535): Screen on unblocked: mNestCount=0
D/KeyguardViewMediator( 5535): handleMessage exit msg name=NOTIFY_SCREEN_ON
D/ConnectivityService( 5535): getActiveNetworkInfo:NetworkInfo: type: WIFI[], state: CONNECTED/CONNECTED, reason: (unspecified), extra: "ASUS", roaming: false, failover: false, isAvailable: true, simId: 0/10065
V/ActivityManager( 5535): Broadcast: Intent { act=android.intent.action.USER_PRESENT flg=0x28000010 } ordered=false userid=0
D/KeyguardViewMediator( 5535): << [start-->now: 190 ms]
D/MtkCam/PrvCQT( 5296): (12213)[update] frameCnt(49)
D/MtkCam/VSSScen( 5296): [deque] +
D/MtkCam/VSSScen( 5296): [deque] P1:Idx(0),Id(94),VA(0x450FE000),PA(0x02240000),S(3740000),T(4048.965554)
D/aaa_hal/3Athread( 5296): mCmdQ size(6) + cmd(10)
D/MtkCam/MtkCamUtils( 5296): [queryRawStride]imgFmt(2), imgWidth(1996), stride(2000)
D/MtkCam/MtkCamUtils( 5296): (CameraDisplay@ImgBufQue)[dequeProvider] Empty Que
D/MtkCam/MtkCamUtils( 5296): (RecCB@ImgBufQue)[dequeProvider] Empty Que
D/MtkCam/PrvCQT( 5296): (12213)[updateOne] P2(0x10)
D/MtkCam/PrvCQT( 5296): (12213)[doCrop] S(1996/1496),D(640/480),Z(100),C(1,0,1994,1496)
I/Drv/IMem( 5296): Drv/IMem[mapPhyAddr] mID(0x5e),size(0x391160),VA(x450fe000),PA(0x2240000),S/C(0/0)
I/Drv/IMem( 5296): Drv/IMem[allocM4UMemory] [StdM4U]VA(0x44f11000)/PA(0x27c0000)/size(0x70800)/mID(0xffffffff)
I/Drv/IMem( 5296): Drv/IMem[mapPhyAddr] mID(0xffffffff),size(0x70800),VA(x44f11000),PA(0x27c0000),S/C(0/0)
I/iio/ppp ( 5296): [configPipe] Pass(0),sceFmt(0),imgi.fmt(2),isByImgi(0),sceID(8),dma(0x80080) isTurn(1),VA=0x44d86000 PA=0x2200000
I/IspDrv ( 5296): {IspDrv} [updateTurningCq1] updateCqdes(0) CtlEn1(0x0) CtlEn2(0x0) CtlMma(0x0)
I/iio/ifunc( 5296): [_config] path(2),CQ(4),en1(0x40300000),en2(0x38a20003),dma(0x00080080),fmt(0x00000106),ctl(0x00810050),tcm_en(0x9811c003),isIspOn(0x1)
I/iio/ifunc( 5296): [_config] cq(4),turEn1(0x04800800),turEn2(0x0000001d),turDma(0x00000000),dmaMerg(0x00080080),tcm(0x9811c003)
I/iio/ifunc( 5296): [_config] [Pass2]AppTurn(1) EN1-Set(0x44b00800),Clr(0x3400200)-En2:Set(0x38a2001f),Clr(0x40020)-DMA:Set(0x80080),Clr(0x207500)
I/TpipeDrv( 5296): {TpipeDrv} [runTpipeMain] [Top]bnr(0),lsc(0),lsci(0),lce(0),lcei(0),nbc(1),seee(1),cfa(1)--en1(0x00300000),en2(0x00220016),dma(0x00080080)
I/TpipeDrv( 5296): {TpipeDrv} [runTpipeMain] size(300)||[0-4]0000D00D-00000000-05D703BF-00000000-05D802EA||[70-74]A00001CA-000001CA-01E000B6-00000000-000001CA
D/MtkCam/VSSScen( 5296): [deque] +
