D/skia ( 5797): Flag is not 10
D/skia ( 5797): Flag is not 10
D/skia ( 5797): Flag is not 10
D/skia ( 5797): Flag is not 10
D/skia ( 5797): Flag is not 10
D/skia (12335): Flag is not 10
D/skia ( 5797): Flag is not 10
D/skia ( 5797): Flag is not 10
D/skia ( 5797): Flag is not 10
D/skia ( 5797): Flag is not 10
I/SurfaceFlinger( 133): EventThread Client Pid (12335) created
D/OpenCVManager/Helper(12335): Service connection created
D/OpenCVEngine( 9993): OpenCVEngine::OnTransact(1,16)
D/OpenCVEngine( 9993): OpenCVEngine OCVE_GET_ENGINE_VERSION request
D/OpenCVEngine( 9993): OpenCVEngine::GetVersion()
D/OpenCVManager/Helper(12335): Trying to get library path
D/OpenCVEngine( 9993): OpenCVEngine::OnTransact(2,16)
D/OpenCVEngine( 9993): OpenCVEngine OCVE_GET_LIB_PATH_BY_VERSION request
D/OpenCVEngine( 9993): OpenCVEngine::GetLibPathByVersion(2.4.3)
D/OpenCVEngine( 9993): OpenCVEngine::GetLibPathByVersion(2.4.3) impl
D/OpenCVEngine( 9993): PackageInfo::PackageInfo: package arch ARMv7
D/JavaBasedPackageManager( 9993): JavaBasedPackageManager::GetInstalledPackages() begin
V/Provider/Settings( 5797): from settings cache , name = fancy_ime_animations , value = null
I/BufferQueue( 133): [com.android.launcher/com.android.launcher2.Launcher](this:0x4324e148,api:1) new GraphicBuffer needed
D/BufferQueue( 133): [OLD] gb=0x43258aa0, handle=0x43252d48, w=1080, h=1920, f=5
I/SurfaceTexture( 133): [com.android.launcher/com.android.launcher2.Launcher](this:0x4323d4d8,api:1) [void* android::SurfaceTexture::createImage(EGLDisplay, const android::sp&)]
D/SurfaceTexture( 133): GraphicBuffer: gb=0x43254b98 handle=0x43254c20
D/SurfaceTexture( 133): EGLImage: dpy=0x1, img=0x43240208
I/SurfaceFlinger( 133): [virtual void android::LayerScreenshot::setGeometry(const android::sp&, android::HWComposer::HWCLayerInterface&)] add:478, count:1
I/SurfaceFlinger( 133): [static bool android::LayerScreenshot::isFrozen()] LayerScreenshot top:478 (orient:0, alpha:255)
D/SurfaceFlinger( 133): Freeze screen...
I/hwcomposer_v1.0( 133): [HWC] Pending External Display orientation...
I/GraphicBuffer( 133): allocate buffer (w:1920 h:1080 f:5) err(0)
I/BufferQueue( 133): [NEW] gb=0x432556b0, handle=0x43255738, w=1920, h=1080, s=1920, fmt=5
I/SurfaceFlinger( 133): [virtual void android::LayerScreenshot::setGeometry(const android::sp&, android::HWComposer::HWCLayerInterface&)] add:478, count:1
I/SurfaceFlinger( 133): [static bool android::LayerScreenshot::isFrozen()] LayerScreenshot top:478 (orient:0, alpha:255)
D/SurfaceFlinger( 133): Freeze screen...
I/hwcomposer_v1.0( 133): [HWC] Pending External Display orientation...
D/JavaBasedPackageManager( 9993): Package info conversion
D/OpenCVEngine( 9993): PackageInfo::PackageInfo("org.opencv.engine", "/data/app-lib/org.opencv.engine-1", "2.16")
D/OpenCVEngine( 9993): Trying to load info library "/data/app-lib/org.opencv.engine-1/libopencv_info.so"
I/OpenCVEngine( 9993): OpenCV package "org.opencv.lib_v24_armv5" revision "8.0.1" found
D/OpenCVEngine( 9993): PackageInfo::PackageInfo("org.opencv.lib_v24_armv7a", "/data/app-lib/org.opencv.lib_v24_armv7a-1", "8.0.1")
D/JavaBasedPackageManager( 9993): JavaBasedPackageManager::GetInstalledPackages() end
D/CommonPackageManager( 9993): Check version "2040300" compatibility with "2040800"
D/CommonPackageManager( 9993): Compatible
D/CommonPackageManager( 9993): Check version "2040300" compatibility with "2040800"
D/CommonPackageManager( 9993): Compatible
D/CommonPackageManager( 9993): !!! Calculating rating for ARM
D/CommonPackageManager( 9993): Checking (0, 67108864) against (0,268435470)
D/CommonPackageManager( 9993): Checking (0, 134217728) against (0,268435470)
D/CommonPackageManager( 9993): Checking (0, 134217729) against (0,268435470)
D/CommonPackageManager( 9993): Checking (0, 134217730) against (0,268435470)
D/CommonPackageManager( 9993): Checking (0, 134217731) against (0,268435470)
D/CommonPackageManager( 9993): Checking (0, 268435456) against (0,268435470)
D/CommonPackageManager( 9993): Checking (0, 268435457) against (0,268435470)
D/CommonPackageManager( 9993): Checking (2, 268435457) against (0,268435470)
D/CommonPackageManager( 9993): Checking (0, 268435458) against (0,268435470)
D/CommonPackageManager( 9993): Checking (0, 268435459) against (0,268435470)
D/CommonPackageManager( 9993): Checking (0, 268435464) against (0,268435470)
D/CommonPackageManager( 9993): Checking (0, 268435465) against (0,268435470)
D/CommonPackageManager( 9993): Checking (0, 268435466) against (0,268435470)
D/CommonPackageManager( 9993): Checking (0, 268435467) against (0,268435470)
D/CommonPackageManager( 9993): Checking (0, 268435468) against (0,268435470)
D/CommonPackageManager( 9993): Checking (0, 268435470) against (0,268435470)
D/CommonPackageManager( 9993): Rating found: 15
D/CommonPackageManager( 9993): Current hardware platform rating 15 for (0,268435470)
D/CommonPackageManager( 9993): !!! Calculating rating for ARM
D/CommonPackageManager( 9993): Checking (0, 67108864) against (0,67108864)
D/CommonPackageManager( 9993): Rating found: 0
D/CommonPackageManager( 9993): Package "org.opencv.lib_v24_armv5" rating 0 for (0,67108864)
D/CommonPackageManager( 9993): !!! Calculating rating for ARM
D/CommonPackageManager( 9993): Checking (0, 67108864) against (0,268435456)
D/CommonPackageManager( 9993): Checking (0, 134217728) against (0,268435456)
D/CommonPackageManager( 9993): Checking (0, 134217729) against (0,268435456)
D/CommonPackageManager( 9993): Checking (0, 134217730) against (0,268435456)
D/CommonPackageManager( 9993): Checking (0, 134217731) against (0,268435456)
D/CommonPackageManager( 9993): Checking (0, 268435456) against (0,268435456)
D/CommonPackageManager( 9993): Rating found: 5
D/CommonPackageManager( 9993): Package "org.opencv.lib_v24_armv7a" rating 5 for (0,268435456)
D/OpenCVEngine( 9993): Fixing permissions for folder: "/data/app-lib/org.opencv.lib_v24_armv7a-1"
D/OpenCVEngine( 9993): Fix permissions for "."
D/OpenCVEngine( 9993): Fix permissions for ".."
D/OpenCVEngine( 9993): Fix permissions for "libopencv_java.so"
D/OpenCVEngine( 9993): Fix permissions for "libnative_camera_r4.4.0.so"
D/OpenCVEngine( 9993): Fix permissions for "libnative_camera_r2.3.3.so"
D/OpenCVEngine( 9993): Fix permissions for "libnative_camera_r4.2.0.so"
D/OpenCVEngine( 9993): Fix permissions for "libnative_camera_r4.3.0.so"
D/OpenCVEngine( 9993): Fix permissions for "libnative_camera_r2.2.0.so"
D/OpenCVEngine( 9993): Fix permissions for "libnative_camera_r4.0.0.so"
D/OpenCVEngine( 9993): Fix permissions for "libnative_camera_r4.0.3.so"
D/OpenCVEngine( 9993): Fix permissions for "libnative_camera_r4.1.1.so"
D/OpenCVEngine( 9993): Fix permissions for "libnative_camera_r3.0.1.so"
D/OpenCVManager/Helper(12335): Trying to get library list
D/OpenCVEngine( 9993): OpenCVEngine::OnTransact(4,16)
D/OpenCVEngine( 9993): OpenCVEngine OCVE_GET_LIB_LIST request
D/OpenCVEngine( 9993): OpenCVEngine::GetLibraryList(2.4.3)
D/OpenCVEngine( 9993): PackageInfo::PackageInfo: package arch ARMv7
D/JavaBasedPackageManager( 9993): JavaBasedPackageManager::GetInstalledPackages() begin
W/skia ( 5719): SkiaJpeg: broken_jpeg_bs b 616d4000,s 688c17, bs: b ff d8, e ae 42 60 82 0, L:1058!!
W/skia ( 5719): SkiaJpeg:getEOImarker find no EOI [61d5cb97 61d5cc16], L:906!!
W/mHalJpgDec( 5719): mHalJpgDec:: enter start L:204!!
W/mHalJpgDec( 5719): mHalJpgDec:: cancel Decoder L:209!!
W/JpgDecPipe( 5719): ::[UNLOCK] unlock , islock 1!!
D/JpgDecComp( 5719): unlock!!
D/ImgScaler( 5719): ::ScalerDeInit, reset_flag 0, L:890!!
I/iio/cdp ( 5719): [uninit] :E. meScenarioID: 1.
I/Drv/IMem( 5719): Drv/IMem[freeVirtBuf] mID[0x6c]/size[0x9000]/VA[0x5ef38000]/PA[0x1dc0000]
I/Drv/IMem( 5719): Drv/IMem[freeVirtBuf] mID[0x6d]/size[0x200]/VA[0x5f124000]/PA[0x1dc0000]
I/IspDrv ( 5719): {IspDrv} [GlobalPipeCountDec] - E.
I/IspDrv ( 5719): {IspDrv} [GlobalPipeCountDec] - X. Result: 1. count: 0.
I/CdpDrv ( 5719): {CdpDrv} [Uninit] - E. mInitCount: 1. mSysramUsageCount: 1.
I/CdpDrv ( 5719): {CdpDrv} [ProfilingPrint] [Event_CdpDrv_Uninit] atomic_dec:(0-th) ===> [start-->now: 0.028000 ms]
I/CdpDrv ( 5719): {CdpDrv} [FreeRotationBuf] - E. mSysramUsageCount: 1.
I/CdpDrv ( 5719): {CdpDrv} [FreeRotationBuf] - X. ret: 1. mSysramUsageCount: 0.
I/CdpDrv ( 5719): {CdpDrv} [ProfilingPrint] [Event_CdpDrv_Uninit] FreeRotationBuf:(1-th) ===> [start-->now: 0.112000 ms] [last-->now: 0.084000 ms]
I/CdpDrv ( 5719): {CdpDrv} [ProfilingPrint] [Event_CdpDrv_Uninit] Close SYSRAM kernel drv:(2-th) ===> [start-->now: 0.165000 ms] [last-->now: 0.053000 ms]
I/CdpDrv ( 5719): {CdpDrv} [Uninit] - X. Result: 1. mInitCount: 0. mFdSysram: 99. mSysramUsageCount: 0.
I/CdpDrv ( 5719): {CdpDrv} [ProfilingPrint] [Event_CdpDrv_Uninit] Exit:(3-th) ===> [start-->now: 0.184000 ms] [last-->now: 0.019000 ms]
I/CdpDrv ( 5719): {CdpDrv} [DestroyInstance]
I/TpipeDrv( 5719): {TpipeDrv} [uninit] mInitCount(1)
I/Drv/IMem( 5719): Drv/IMem[freeVirtBuf] mID[0x64]/size[0x278]/VA[0x5eeeb000]/PA[0x0]
I/Drv/IMem( 5719): Drv/IMem[freeVirtBuf] mID[0x68]/size[0x278]/VA[0x5ef2d000]/PA[0x0]
I/Drv/IMem( 5719): Drv/IMem[freeVirtBuf] mID[0x69]/size[0x278]/VA[0x5ef36000]/PA[0x0]
I/Drv/IMem( 5719): Drv/IMem[freeVirtBuf] mID[0x6a]/size[0x278]/VA[0x5ef37000]/PA[0x0]
I/Drv/IMem( 5719): Drv/IMem[freeVirtBuf] mID[0x65]/size[0x278]/VA[0x5eeec000]/PA[0x0]
I/Drv/IMem( 5719): Drv/IMem[freeVirtBuf] mID[0x66]/size[0x278]/VA[0x5eeef000]/PA[0x0]
I/Drv/IMem( 5719): Drv/IMem[freeVirtBuf] mID[0x67]/size[0x278]/VA[0x5ef2a000]/PA[0x0]
I/Drv/IMem( 5719): Drv/IMem[freeVirtBuf] mID[0x6b]/size[0xd178]/VA[0x5fb35000]/PA[0x0]
I/TpipeDrv( 5719): {TpipeDrv} [uninit] X
I/IspDrv ( 5719): {IspDrv} [uninit] - E. mInitCount(1)
I/IspDrv ( 5719): {IspDrv} [ProfilingPrint] [Event_IspDrv_Uninit] atomic_dec:(0-th) ===> [start-->now: 0.009000 ms]
I/IspDrv ( 5719): {IspDrv} [ProfilingPrint] [Event_IspDrv_Uninit] munmap(mpIspHwRegAddr):(1-th) ===> [start-->now: 0.024000 ms] [last-->now: 0.015000 ms]
I/IspDrv ( 5719): {IspDrv} [ProfilingPrint] [Event_IspDrv_Uninit] munmap(m_pRTBufTbl):(2-th) ===> [start-->now: 0.037000 ms] [last-->now: 0.013000 ms]
I/IspDrv ( 5719): {IspDrv} [ProfilingPrint] [Event_IspDrv_Uninit] m_pIMemDrv->unmapPhyAddr(m_ispVirRegBufInfo):(3-th) ===> [start-->now: 0.048000 ms] [last-->now: 0.011000 ms]
I/Drv/IMem( 5719): Drv/IMem[freeVirtBuf] mID[0x61]/size[0xc2004]/VA[0x6000c000]/PA[0x1c80000]
I/IspDrv ( 5719): {IspDrv} [ProfilingPrint] [Event_IspDrv_Uninit] m_pIMemDrv->freeVirtBuf(m_ispVirRegBufInfo):(4-th) ===> [start-->now: 0.307000 ms] [last-->now: 0.259000 ms]
I/IspDrv ( 5719): {IspDrv} [ProfilingPrint] [Event_IspDrv_Uninit] m_pIMemDrv->unmapPhyAddr(m_ispCQDescBufInfo):(5-th) ===> [start-->now: 0.328000 ms] [last-->now: 0.021000 ms]
I/Drv/IMem( 5719): Drv/IMem[freeVirtBuf] mID[0x62]/size[0xba8]/VA[0x5eee1000]/PA[0x1d80000]
I/IspDrv ( 5719): {IspDrv} [ProfilingPrint] [Event_IspDrv_Uninit] m_pIMemDrv->freeVirtBuf(m_ispCQDescBufInfo):(6-th) ===> [start-->now: 0.379000 ms] [last-->now: 0.051000 ms]
I/Drv/IMem( 5719): Drv/IMem[uninit] close ion id(95).
I/IspDrv ( 5719): {IspDrv} [ProfilingPrint] [Event_IspDrv_Uninit] m_pIMemDrv->uninit():(7-th) ===> [start-->now: 0.567000 ms] [last-->now: 0.188000 ms]
I/IspDrv ( 5719): {IspDrv} [ProfilingPrint] [Event_IspDrv_Uninit] m_pIMemDrv->destroyInstance():(8-th) ===> [start-->now: 0.588000 ms] [last-->now: 0.021000 ms]
I/IspDrv ( 5719): {IspDrv} [ProfilingPrint] [Event_IspDrv_Uninit] memset(tdriMgrInfoCq1):(9-th) ===> [start-->now: 0.600000 ms] [last-->now: 0.012000 ms]
I/IspDrv ( 5719): {IspDrv} [ProfilingPrint] [Event_IspDrv_Uninit] memset(tdriMgrInfoCq2):(10-th) ===> [start-->now: 0.611000 ms] [last-->now: 0.011000 ms]
I/IspDrv ( 5719): {IspDrv} [uninit] ISP Global Count: 0.
I/IspDrv ( 5719): {IspDrv} [ProfilingPrint] [Event_IspDrv_Uninit] close isp mFd:(11-th) ===> [start-->now: 0.787000 ms] [last-->now: 0.176000 ms]
I/IspDrv ( 5719): {IspDrv} [ProfilingPrint] [Event_IspDrv_Uninit] free(mpIspDrvRegMap):(12-th) ===> [start-->now: 0.803000 ms] [last-->now: 0.016000 ms]
I/IspDrv ( 5719): {IspDrv} [uninit] - X. ret: 1. mInitCount: 0.
I/IspDrv ( 5719): {IspDrv} [ProfilingPrint] [Event_IspDrv_Uninit] Exit:(13-th) ===> [start-->now: 0.820000 ms] [last-->now: 0.017000 ms]
I/iio/ifunc( 5719): [uninit] mInitCount(0)
D/ResMgrDrv( 5719): [Uninit]More user(1)
I/iio/cdp ( 5719): [uninit] :X
I/iio/cdpb( 5719): [uninit] - mu4InitRefCount(0), ret(1)
D/PipeMgrDrv( 5719): [Unlock]OK,PipeMask(0x00000010)
D/PipeMgrDrv( 5719): [Uninit]Last user(0)
D/ResMgrDrv( 5719): [Uninit]Last user(0)
D/ImgScaler( 5719): ::ScalerDeInit done, L:937!!
D/ImgScaler( 5719): ::freeMEM, L:1843!!
D/JpgDecComp( 5719): JpgDecComp::~JpgDecComp
D/ImgScaler( 5719): ImgCdpPipe::~ImgCdpPipe
D/JpgDecPipe( 5719): JpgDecPipe::~JpgDecPipe
D/skia ( 5719): SkiaJpeg: skip 1, BufSize 698c40, BitsSize 688c17, BitsAlignSize 688c20, GetLength 688c17, L:1085!!
D/skia ( 5719): SkiaJpeg:TRY_SW_PATH no_eoi 1, mSize 698c40, rSize 688c17, align rSize 688c20, skSize 688c17!!
D/skia ( 5719): SkJpgStream::SkJpgStream 616d4000, 688c17, 5ef26448!!
W/skia ( 5719): Use JPEG SW Decoder (temp stream)
D/OpenGLRenderer( 5877): Flushing caches (mode 0)
D/JavaBasedPackageManager( 9993): Package info conversion
D/OpenCVEngine( 9993): PackageInfo::PackageInfo("org.opencv.engine", "/data/app-lib/org.opencv.engine-1", "2.16")
D/OpenCVEngine( 9993): Trying to load info library "/data/app-lib/org.opencv.engine-1/libopencv_info.so"
I/OpenCVEngine( 9993): OpenCV package "org.opencv.lib_v24_armv5" revision "8.0.1" found
D/OpenCVEngine( 9993): PackageInfo::PackageInfo("org.opencv.lib_v24_armv7a", "/data/app-lib/org.opencv.lib_v24_armv7a-1", "8.0.1")
D/JavaBasedPackageManager( 9993): JavaBasedPackageManager::GetInstalledPackages() end
D/CommonPackageManager( 9993): Check version "2040300" compatibility with "2040800"
D/CommonPackageManager( 9993): Compatible
D/CommonPackageManager( 9993): Check version "2040300" compatibility with "2040800"
D/CommonPackageManager( 9993): Compatible
D/CommonPackageManager( 9993): !!! Calculating rating for ARM
D/CommonPackageManager( 9993): Checking (0, 67108864) against (0,268435470)
D/CommonPackageManager( 9993): Checking (0, 134217728) against (0,268435470)
D/CommonPackageManager( 9993): Checking (0, 134217729) against (0,268435470)
D/CommonPackageManager( 9993): Checking (0, 134217730) against (0,268435470)
D/CommonPackageManager( 9993): Checking (0, 134217731) against (0,268435470)
D/CommonPackageManager( 9993): Checking (0, 268435456) against (0,268435470)
D/CommonPackageManager( 9993): Checking (0, 268435457) against (0,268435470)
D/CommonPackageManager( 9993): Checking (2, 268435457) against (0,268435470)
D/CommonPackageManager( 9993): Checking (0, 268435458) against (0,268435470)
D/CommonPackageManager( 9993): Checking (0, 268435459) against (0,268435470)
D/CommonPackageManager( 9993): Checking (0, 268435464) against (0,268435470)
D/CommonPackageManager( 9993): Checking (0, 268435465) against (0,268435470)
D/CommonPackageManager( 9993): Checking (0, 268435466) against (0,268435470)
D/CommonPackageManager( 9993): Checking (0, 268435467) against (0,268435470)
D/CommonPackageManager( 9993): Checking (0, 268435468) against (0,268435470)
D/CommonPackageManager( 9993): Checking (0, 268435470) against (0,268435470)
D/CommonPackageManager( 9993): Rating found: 15
D/CommonPackageManager( 9993): Current hardware platform rating 15 for (0,268435470)
D/CommonPackageManager( 9993): !!! Calculating rating for ARM
D/CommonPackageManager( 9993): Checking (0, 67108864) against (0,67108864)
D/CommonPackageManager( 9993): Rating found: 0
D/CommonPackageManager( 9993): Package "org.opencv.lib_v24_armv5" rating 0 for (0,67108864)
D/CommonPackageManager( 9993): !!! Calculating rating for ARM
D/CommonPackageManager( 9993): Checking (0, 67108864) against (0,268435456)
D/CommonPackageManager( 9993): Checking (0, 134217728) against (0,268435456)
D/CommonPackageManager( 9993): Checking (0, 134217729) against (0,268435456)
D/CommonPackageManager( 9993): Checking (0, 134217730) against (0,268435456)
D/CommonPackageManager( 9993): Checking (0, 134217731) against (0,268435456)
D/CommonPackageManager( 9993): Checking (0, 268435456) against (0,268435456)
D/CommonPackageManager( 9993): Rating found: 5
D/CommonPackageManager( 9993): Package "org.opencv.lib_v24_armv7a" rating 5 for (0,268435456)
D/OpenCVEngine( 9993): Trying to load info library "/data/app-lib/org.opencv.lib_v24_armv7a-1/libopencv_info.so"
I/OpenCVEngine( 9993): Info library not found in package
D/OpenCVManager/Helper(12335): Library list: ""
D/OpenCVManager/Helper(12335): First attempt to load libs
D/OpenCVManager/Helper(12335): Trying to init OpenCV libs
D/OpenCVManager/Helper(12335): Trying to load library /data/app-lib/org.opencv.lib_v24_armv7a-1/libopencv_java.so
D/dalvikvm(12335): Trying to load lib /data/app-lib/org.opencv.lib_v24_armv7a-1/libopencv_java.so 0x4231d428
D/OpenGLRenderer( 5877): Flushing caches (mode 1)
D/Launcher( 5877): Launcher, onTrimMemory: level = 20
D/dalvikvm(12335): Added shared lib /data/app-lib/org.opencv.lib_v24_armv7a-1/libopencv_java.so 0x4231d428
D/OpenCVManager/Helper(12335): OpenCV libs init was ok!
D/OpenCVManager/Helper(12335): First attempt to load libs is OK
D/Launcher.Model( 5877): onReceive intent=Intent { act=android.intent.action.CONFIGURATION_CHANGED flg=0x60000010 }
D/Launcher( 5877): Launcher, notifyOrientationChanged: mOrientationChanged = false, mPaused = true
I/OpenCVManager/Helper(12335): General configuration for OpenCV 2.4.8 =====================================
I/OpenCVManager/Helper(12335): Version control: 2.4.8
I/OpenCVManager/Helper(12335): Platform:
I/OpenCVManager/Helper(12335): Host: Linux 3.2.0-56-generic x86_64
I/OpenCVManager/Helper(12335): Target: Linux 1 armv7-a
I/OpenCVManager/Helper(12335): CMake: 2.8.12
I/OpenCVManager/Helper(12335): CMake generator: Ninja
I/OpenCVManager/Helper(12335): CMake build tool: /usr/local/bin/ninja
I/OpenCVManager/Helper(12335): Configuration: Release
I/OpenCVManager/Helper(12335): C/C++:
I/OpenCVManager/Helper(12335): Built as dynamic libs?: NO
I/OpenCVManager/Helper(12335): C++ Compiler: /opt/android-ndk-r8c/toolchains/arm-linux-androideabi-4.6/prebuilt/linux-x86/bin/arm-linux-androideabi-g++ (ver 4.6)
I/OpenCVManager/Helper(12335): C++ flags (Release): -fexceptions -frtti -Wno-psabi --sysroot=/opt/android-ndk-r8c/platforms/android-8/arch-arm -fpic -funwind-tables -finline-limit=64 -fsigned-char -no-canonical-prefixes -march=armv7-a -mfloat-abi=softfp -mfpu=vfpv3-d16 -fdata-sections -ffunction-sections -Wa,--noexecstack -fsigned-char -W -Wall -Werror=return-type -Werror=address -Werror=sequence-point -Wformat -Werror=format-security -Wmissing-declarations -Wundef -Winit-self -Wpointer-arith -Wshadow -Wsign-promo -Wno-narrowing -fdiagnostics-show-option -fomit-frame-pointer -mthumb -fomit-frame-pointer -fno-strict-aliasing -O3 -DNDEBUG -DNDEBUG
I/OpenCVManager/Helper(12335): C++ flags (Debug): -fexceptions -frtti -Wno-psabi --sysroot=/opt/android-ndk-r8c/platforms/android-8/arch-arm -fpic -funwind-tables -finline-limit=64 -fsigned-char -no-canonical-prefixes -march=armv7-a -mfloat-abi=softfp -mfpu=vfpv3-d16 -fdata-sections -ffunction-sections -Wa,--noexecstack -fsigned-char -W -Wall -Werror=return-type -Werror=address -Werror=sequence-point -Wformat -Werror=format-security -Wmissing-declarations -Wundef -Winit-self -Wpointer-arith -Wshadow -Wsign-promo -Wno-narrowing -fdiagnostics-show-option -fomit-frame-pointer -marm -fno-omit-frame-pointer -fno-strict-aliasing -O0 -g -DDEBUG -D_DEBUG -O0 -DDEBUG -D_DEBUG
I/OpenCVManager/Helper(12335): C Compiler: /opt/android-ndk-r8c/toolchains/arm-linux-androideabi-4.6/prebuilt/linux-x86/bin/arm-linux-androideabi-gcc
I/OpenCVManager/Helper(12335): C flags (Release): -fexceptions -Wno-psabi --sysroot=/opt/android-ndk-r8c/platforms/android-8/arch-arm -fpic -funwind-tables -finline-limit=64 -fsigned-char -no-canonical-prefixes -march=armv7-a -mfloat-abi=softfp -mfpu=vfpv3-d16 -fdata-sections -ffunction-sections -Wa,--noexecstack -fsigned-char -W -Wall -Werror=return-type -Werror=address -Werror=sequence-point -Wformat -Werror=format-security -Wmissing-declarations -Wmissing-prototypes -Wstrict-prototypes -Wundef -Winit-self -Wpointer-arith -Wshadow -Wno-narrowing -fdiagnostics-show-option -fomit-frame-pointer -mthumb -fomit-frame-pointer -fno-strict-aliasing -O3 -DNDEBUG -DNDEBUG
I/OpenCVManager/Helper(12335): C flags (Debug): -fexceptions -Wno-psabi --sysroot=/opt/android-ndk-r8c/platforms/android-8/arch-arm -fpic -funwind-tables -finline-limit=64 -fsigned-char -no-canonical-prefixes -march=armv7-a -mfloat-abi=softfp -mfpu=vfpv3-d16 -fdata-sections -ffunction-sections -Wa,--noexecstack -fsigned-char -W -Wall -Werror=return-type -Werror=address -Werror=sequence-point -Wformat -Werror=format-security -Wmissing-declarations -Wmissing-prototypes -Wstrict-prototypes -Wundef -Winit-self -Wpointer-arith -Wshadow -Wno-narrowing -fdiagnostics-show-option -fomit-frame-pointer -marm -fno-omit-frame-pointer -fno-strict-aliasing -O0 -g -DDEBUG -D_DEBUG -O0 -DDEBUG -D_DEBUG
I/OpenCVManager/Helper(12335): Linker flags (Release): -Wl,--fix-cortex-a8 -Wl,--no-undefined -Wl,--gc-sections -fuse-ld=gold -Wl,-z,noexecstack -Wl,-z,relro -Wl,-z,now
I/OpenCVManager/Helper(12335): Linker flags (Debug): -Wl,--fix-cortex-a8 -Wl,--no-undefined -Wl,--gc-sections -fuse-ld=gold -Wl,-z,noexecstack -Wl,-z,relro -Wl,-z,now
I/OpenCVManager/Helper(12335): Precompiled headers: YES
I/OpenCVManager/Helper(12335): OpenCV modules:
I/OpenCVManager/Helper(12335): To be built: core androidcamera flann imgproc highgui features2d calib3d ml objdetect video contrib photo java legacy ocl stitching ts videostab
I/OpenCVManager/Helper(12335): Disabled: gpu world
I/OpenCVManager/Helper(12335): Disabled by dependency: -
I/OpenCVManager/Helper(12335): Unavailable: dynamicuda nonfree python superres
I/OpenCVManager/Helper(12335): Android:
I/OpenCVManager/Helper(12335): Android ABI: armeabi-v7a
I/OpenCVManager/Helper(12335): STL type: gnustl_static
I/OpenCVManager/Helper(12335): Native API level: android-8
I/OpenCVManager/Helper(12335): SDK target: android-11
I/OpenCVManager/Helper(12335): Android NDK: /opt/android-ndk-r8c (toolchain: arm-linux-androideabi-4.6)
I/OpenCVManager/Helper(12335): android tool: /opt/android-sdk-linux/tools/android (Android SDK Tools, revision 22.)
I/OpenCVManager/Helper(12335): Google Play package: YES
I/OpenCVManager/Helper(12335): Android examples: YES
I/OpenCVManager/Helper(12335): GUI:
I/OpenCVManager/Helper(12335): GTK+ 2.x: NO
I/OpenCVManager/Helper(12335): GThread : NO
I/OpenCVManager/Helper(12335): GtkGlExt: NO
I/OpenCVManager/Helper(12335): OpenGL support: NO
I/OpenCVManager/Helper(12335): Media I/O:
I/OpenCVManager/Helper(12335): ZLib: z (ver 1.2.3)
I/OpenCVManager/Helper(12335): JPEG: build (ver 62)
I/OpenCVManager/Helper(12335): PNG: build (ver 1.5.12)
I/OpenCVManager/Helper(12335): TIFF: build (ver 42 - 4.0.2)
I/OpenCVManager/Helper(12335): JPEG 2000: build (ver 1.900.1)
I/OpenCVManager/Helper(12335): OpenEXR: build (ver 1.7.1)
I/OpenCVManager/Helper(12335): Video I/O:
I/OpenCVManager/Helper(12335): AndroidNativeCamera: YES, use prebuilt libraries
I/OpenCVManager/Helper(12335): Other third-party libraries:
I/OpenCVManager/Helper(12335): Use IPP: NO
I/OpenCVManager/Helper(12335): Use Eigen: YES (ver 3.1.2)
I/OpenCVManager/Helper(12335): Use TBB: YES (ver 4.1 interface 6102)
I/OpenCVManager/Helper(12335): Use OpenMP: NO
I/OpenCVManager/Helper(12335): Use GCD NO
I/OpenCVManager/Helper(12335): Use Concurrency NO
I/OpenCVManager/Helper(12335): Use C=: NO
I/OpenCVManager/Helper(12335): Use Cuda: NO
I/OpenCVManager/Helper(12335): Use OpenCL: YES
I/OpenCVManager/Helper(12335): OpenCL:
I/OpenCVManager/Helper(12335): Version: dynamic
I/OpenCVManager/Helper(12335): Include path: /home/reports/ci/slave_desktop/50-SDK/opencv/3rdparty/include/opencl/1.2
I/OpenCVManager/Helper(12335): Use AMD FFT: NO
I/OpenCVManager/Helper(12335): Use AMD BLAS: NO
I/OpenCVManager/Helper(12335): Python:
I/OpenCVManager/Helper(12335): Interpreter: /usr/bin/python2 (ver 2.7.3)
I/OpenCVManager/Helper(12335): Java:
I/OpenCVManager/Helper(12335): ant: /usr/bin/ant (ver 1.8.2)
I/OpenCVManager/Helper(12335): Java tests: NO
I/OpenCVManager/Helper(12335): Documentation:
I/OpenCVManager/Helper(12335): Build Documentation: YES
I/OpenCVManager/Helper(12335): Sphinx: /usr/local/bin/sphinx-build (ver 1.1.3)
I/OpenCVManager/Helper(12335): PdfLaTeX compiler: /usr/bin/pdflatex
I/OpenCVManager/Helper(12335): Tests and samples:
I/OpenCVManager/Helper(12335): Tests: NO
I/OpenCVManager/Helper(12335): Performance tests: NO
I/OpenCVManager/Helper(12335): C/C++ Examples: NO
I/OpenCVManager/Helper(12335): Install path: /home/reports/ci/slave_desktop/50-SDK/build/builds/o4a/install
I/OpenCVManager/Helper(12335): cvconfig.h is in: /home/reports/ci/slave_desktop/50-SDK/build/builds/o4a
D/dalvikvm( 5719): GC_FOR_ALLOC freed 40028K (29420), 54% free 24982K/53276K, paused 36ms, total 36ms
I/OpenCVManager/Helper(12335): -----------------------------------------------------------------
D/OpenCVManager/Helper(12335): Init finished with status 0
D/OpenCVManager/Helper(12335): Unbind from service
D/IPCThreadState(12335): [DN #5] BR_CLEAR_DEATH_NOTIFICATION_DONE cookie 0x5d211490
D/OpenCVManager/Helper(12335): Calling using callback
I/OCVSample::Activity(12335): OpenCV loaded successfully
D/dalvikvm(12335): Trying to load lib /data/app-lib/org.opencv.samples.NativeActivity-1/libnative_activity.so 0x4231d428
D/OpenGLRenderer( 5877): Flushing caches (mode 0)
D/dalvikvm(12335): Added shared lib /data/app-lib/org.opencv.samples.NativeActivity-1/libnative_activity.so 0x4231d428
D/dalvikvm(12335): No JNI_OnLoad found in /data/app-lib/org.opencv.samples.NativeActivity-1/libnative_activity.so 0x4231d428, skipping init
I/OpenCVEngine/Service( 9993): Service onUnbind called for intent Intent { act=org.opencv.engine.BIND }
I/ActivityManager( 5535): START u0 {cmp=org.opencv.samples.NativeActivity/android.app.NativeActivity} from pid 12335
D/BufferQueue( 133): [com.android.launcher/com.android.launcher2.Launcher](this:0x4324e148,api:1) cancelBuffer: slot=2
I/dalvikvm-heap( 5719): Grow heap (frag case) to 40.605MB for 16588816-byte allocation
I/BufferQueue( 133): [com.android.launcher/com.android.launcher2.Launcher](this:0x4324e148,api:1) disconnect: api=1
D/dalvikvm( 5719): GC_FOR_ALLOC freed 16K (376), 41% free 41165K/69480K, paused 22ms, total 22ms
I/SurfaceTexture( 133): [com.android.launcher/com.android.launcher2.Launcher] [virtual android::status_t android::SurfaceTexture::forceAuxConversionLocked()] mCurrentTexture:1, mCurrentBuf:0x43254b98
I/BufferQueue( 133): [com.android.launcher/com.android.launcher2.Launcher](this:0x4324e148,api:0) getReleasedBuffers: returning mask 0xffffffff
I/SurfaceTexture( 133): [com.android.launcher/com.android.launcher2.Launcher](this:0x4323d4d8,api:0) destroying EGLImage dpy=0x1 img=0x4323c4a0
I/SurfaceTexture( 133): [com.android.launcher/com.android.launcher2.Launcher](this:0x4323d4d8,api:0) destroying EGLImage dpy=0x1 img=0x43240208
I/SurfaceTexture( 133): [com.android.launcher/com.android.launcher2.Launcher](this:0x4323d4d8,api:0) destroying EGLImage dpy=0x1 img=0x43250350
I/SurfaceTexture( 133): [com.android.launcher/com.android.launcher2.Launcher](this:0x4323d4d8,api:0) destroying EGLImage dpy=0x1 img=0x43241da0
D/dalvikvm( 5719): GC_CONCURRENT freed 8K (183), 41% free 41157K/69480K, paused 2ms+5ms, total 35ms
D/dalvikvm( 5535): GC_FOR_ALLOC freed 3197K (20787), 30% free 17128K/24400K, paused 67ms, total 68ms
D/Settings/BW( 6255): ReadCodeTask:file size: 4096
D/PowerManagerService( 5535): acquireWakeLockInternal: lock=1111143720, flags=0x1, tag="ActivityManager-Launch", ws=null, uid=1000, pid=5535
D/PowerManagerService( 5535): updateWakeLockSummaryLocked: mWakefulness=Awake, mWakeLockSummary=0x1
D/PowerManagerService( 5535): newScreenState = 2
D/PowerManagerDisplayController( 5535): requestPowerState: screenState=2, useProximitySensor=false, screenBrightness=255, screenAutoBrightnessAdjustment=0.0, useAutoBrightness=false, useEcoBrightness=false, blockScreenOn=false, waitForNegativeProximity=false
I/PowerManagerService( 5535): setBrightness mButtonLight, screenBrightness=255
D/PowerManagerService( 5535): updateScreenStateLocked: mDisplayReady=true, newScreenState=2, mWakefulness=1, mWakeLockSummary=0x1, mUserActivitySummary=0x5, mBootCompleted=true
D/PowerManagerService( 5535): handleSandman: canDream=true, mWakefulness=Awake
I/BufferQueue( 133): [com.android.launcher/com.android.launcher2.Launcher](this:0x4324e148,api:0) consumerDisconnect
I/BufferQueue( 133): [com.android.launcher/com.android.launcher2.Launcher](this:0x4324e148,api:0) ~BufferQueue
I/SurfaceFlinger( 133): [virtual void android::LayerScreenshot::setGeometry(const android::sp&, android::HWComposer::HWCLayerInterface&)] add:478, count:1
I/SurfaceFlinger( 133): [static bool android::LayerScreenshot::isFrozen()] LayerScreenshot top:478 (orient:0, alpha:255)
D/SurfaceFlinger( 133): Freeze screen...
I/hwcomposer_v1.0( 133): [HWC] Pending External Display orientation...
I/BufferQueue( 133): [unnamed-133-364](this:0x4324e148,api:0) BufferQueue
I/BufferQueue( 133): [unnamed-133-364](this:0x4324e148,api:0) consumerConnect
I/BufferQueue( 133): [unnamed-133-364](this:0x4324e148,api:0) setConsumerName: unnamed-133-364
I/SurfaceTexture( 133): [unnamed-133-364](this:0x4323d4d8,api:0) SurfaceTexture
I/BufferQueue( 133): [unnamed-133-364](this:0x4324e148,api:0) setSynchronousMode: enabled=1
I/BufferQueue( 133): [unnamed-133-364](this:0x4324e148,api:0) setDefaultBufferSize: w=1920, h=1080
I/BufferQueue( 133): [org.opencv.samples.NativeActivity/org.opencv.samples.NativeActivity.CvNativeActivity](this:0x4324e148,api:0) setConsumerName: org.opencv.samples.NativeActivity/org.opencv.samples.NativeActivity.CvNativeActivity
V/WindowManager( 5535): Changing focus from null to Window{42ed57f0 u0 org.opencv.samples.NativeActivity/org.opencv.samples.NativeActivity.CvNativeActivity}
I/WindowManager( 5535): Gaining focus: Window{42ed57f0 u0 org.opencv.samples.NativeActivity/org.opencv.samples.NativeActivity.CvNativeActivity}
D/libEGL (12335): loaded /vendor/lib/egl/libEGL_mtk.so
D/libEGL (12335): loaded /vendor/lib/egl/libGLESv1_CM_mtk.so
I/SurfaceFlinger( 133): [virtual void android::LayerScreenshot::setGeometry(const android::sp&, android::HWComposer::HWCLayerInterface&)] add:478, count:1
I/SurfaceFlinger( 133): [static bool android::LayerScreenshot::isFrozen()] LayerScreenshot top:478 (orient:0, alpha:255)
D/SurfaceFlinger( 133): Freeze screen...
I/hwcomposer_v1.0( 133): [HWC] Pending External Display orientation...
D/libEGL (12335): loaded /vendor/lib/egl/libGLESv2_mtk.so
I/BufferQueue( 133): [org.opencv.samples.NativeActivity/org.opencv.samples.NativeActivity.CvNativeActivity](this:0x4324e148,api:0) connect: api=1
I/BufferQueue( 133): [org.opencv.samples.NativeActivity/org.opencv.samples.NativeActivity.CvNativeActivity](this:0x4324e148,api:1) setSynchronousMode: enabled=1
I/BufferQueue( 133): [org.opencv.samples.NativeActivity/org.opencv.samples.NativeActivity.CvNativeActivity](this:0x4324e148,api:1) setSynchronousMode: enabled=1
I/BufferQueue( 133): [org.opencv.samples.NativeActivity/org.opencv.samples.NativeActivity.CvNativeActivity](this:0x4324e148,api:1) new GraphicBuffer needed
D/BufferQueue( 133): [OLD] gb:NULL
I/GraphicBuffer( 133): allocate buffer (w:1088 h:1920 f:5) err(0)
I/BufferQueue( 133): [NEW] gb=0x4323a800, handle=0x43256a70, w=1080, h=1920, s=1088, fmt=5
D/skia ( 5719): jpeg_decoder finish successfully, L:1349, reuse 0!!!
D/skia ( 5719): Cannot support PQ Sharpeness when picture width 2160 > 1280
D/WallpaperManager( 5719): createBitmap begin width = 2010 , height = 1920
D/OpenGLRenderer(12335): Enabling debug mode 0
D/InputReader( 5535): InputReader:: getSwitchState lock
D/InputReader( 5535): InputReader::getStateLocked:: return
V/WindowManager( 5535): Changing focus from Window{42ed57f0 u0 org.opencv.samples.NativeActivity/org.opencv.samples.NativeActivity.CvNativeActivity} to null
D/dalvikvm( 5719): GC_FOR_ALLOC freed 3K (71), 41% free 41157K/69480K, paused 21ms, total 21ms
V/ActivityManager( 5535): ACT-Launching: ActivityRecord{42ab19a0 u0 org.opencv.samples.NativeActivity/android.app.NativeActivity}
D/dalvikvm( 5535): create interp thread : stack size=32KB
D/dalvikvm( 5535): create new thread
D/dalvikvm( 5535): new thread created
D/dalvikvm( 5535): update thread list
D/dalvikvm( 5535): threadid=88: interp stack at 0x62926000
D/dalvikvm( 5535): threadid=88: created from interp
D/dalvikvm( 5535): start new thread
D/dalvikvm( 5535): threadid=88: notify debugger
D/dalvikvm( 5535): threadid=88 (Thread-898): calling run()
D/dalvikvm( 5535): threadid=88: exiting
D/dalvikvm( 5535): threadid=88: bye!
V/InputMethodManager(12335): onWindowFocus: null softInputMode=32 first=true flags=#9010100
V/InputMethodManager(12335): START INPUT: com.android.internal.policy.impl.PhoneWindow$DecorView{42338cd0 V.E..... R.....ID 0,0-1920,1080} ic=null tba=android.view.inputmethod.EditorInfo@4236b090 controlFlags=#104
V/InputMethodManagerService( 5535): windowGainedFocus: android.os.BinderProxy@42a77aa8 controlFlags=#104 softInputMode=#20 windowFlags=#9010100
W/WindowManager( 5535): No new IME target
W/InputMethodManagerService( 5535): Focus gain on non-focused client com.android.internal.view.IInputMethodClient$Stub$Proxy@4251e380 (uid=10134 pid=12335)
V/InputMethodManager(12335): Starting input: Bind result=null
W/InputMethodManager(12335): startInputInner : InputBindResult == null
I/BufferQueue( 133): [Starting org.opencv.samples.NativeActivity](this:0x432441b8,api:2) disconnect: api=2
I/SurfaceTexture( 133): [Starting org.opencv.samples.NativeActivity] [virtual android::status_t android::SurfaceTexture::forceAuxConversionLocked()] mCurrentTexture:0, mCurrentBuf:0x4324ecf8
I/BufferQueue( 133): [Starting org.opencv.samples.NativeActivity](this:0x432441b8,api:0) getReleasedBuffers: returning mask 0xffffffff
I/SurfaceTexture( 133): [Starting org.opencv.samples.NativeActivity](this:0x43241850,api:0) destroying EGLImage dpy=0x1 img=0x43254168
I/dalvikvm-heap( 5719): Grow heap (frag case) to 55.302MB for 15436816-byte allocation
I/WindowManager( 5535): Losing focus: Window{42ed57f0 u0 org.opencv.samples.NativeActivity/org.opencv.samples.NativeActivity.CvNativeActivity}
I/BufferQueue( 133): [Starting org.opencv.samples.NativeActivity](this:0x432441b8,api:0) consumerDisconnect
I/BufferQueue( 133): [Starting org.opencv.samples.NativeActivity](this:0x432441b8,api:0) ~BufferQueue
I/SurfaceFlinger( 133): [virtual void android::LayerScreenshot::setGeometry(const android::sp&, android::HWComposer::HWCLayerInterface&)] add:478, count:1
I/SurfaceFlinger( 133): [static bool android::LayerScreenshot::isFrozen()] LayerScreenshot top:478 (orient:0, alpha:255)
D/SurfaceFlinger( 133): Freeze screen...
I/hwcomposer_v1.0( 133): [HWC] Pending External Display orientation...
D/dalvikvm( 5719): GC_CONCURRENT freed 0K (0), 34% free 56232K/84556K, paused 3ms+4ms, total 28ms
D/dalvikvm( 5719): WAIT_FOR_CONCURRENT_GC blocked 26ms
D/WallpaperManager( 5719): createBitmap end
D/WallpaperManager( 5719): drawBitmap begin targetRect = Rect(-75, 0 - 2085, 1920)
I/BufferQueue( 133): [org.opencv.samples.NativeActivity/org.opencv.samples.NativeActivity.CvNativeActivity](this:0x4324e148,api:1) new GraphicBuffer needed
D/BufferQueue( 133): [OLD] gb:NULL
D/WallpaperManager( 5719): drawBitmap end
D/ImageWallpaper( 5719): drawWallpaperWithOpenGL begin
I/GraphicBuffer( 133): allocate buffer (w:1088 h:1920 f:5) err(0)
I/SurfaceTexture( 133): [org.opencv.samples.NativeActivity/org.opencv.samples.NativeActivity.CvNativeActivity](this:0x4323d4d8,api:1) [void* android::SurfaceTexture::createImage(EGLDisplay, const android::sp&)]
D/SurfaceTexture( 133): GraphicBuffer: gb=0x4323a800 handle=0x43256a70
I/BufferQueue( 133): [NEW] gb=0x43515900, handle=0x43519b30, w=1080, h=1920, s=1088, fmt=5
D/SurfaceTexture( 133): EGLImage: dpy=0x1, img=0x43240208
I/SurfaceFlinger( 133): [virtual void android::LayerScreenshot::setGeometry(const android::sp&, android::HWComposer::HWCLayerInterface&)] add:478, count:1
I/SurfaceFlinger( 133): [static bool android::LayerScreenshot::isFrozen()] LayerScreenshot top:478 (orient:0, alpha:255)
D/SurfaceFlinger( 133): Freeze screen...
I/hwcomposer_v1.0( 133): [HWC] Pending External Display orientation...
I/BufferQueue( 133): [com.android.systemui.ImageWallpaper](this:0x432431b0,api:0) connect: api=1
I/BufferQueue( 133): [com.android.systemui.ImageWallpaper](this:0x432431b0,api:1) setSynchronousMode: enabled=1
I/BufferQueue( 133): [com.android.systemui.ImageWallpaper](this:0x432431b0,api:1) setSynchronousMode: enabled=1
I/BufferQueue( 133): [com.android.systemui.ImageWallpaper](this:0x432431b0,api:1) new GraphicBuffer needed
D/BufferQueue( 133): [OLD] gb:NULL
V/threaded_app(12335): Creating: 0x5d1bdec0
V/threaded_app(12335): Config: mcc=250 mnc=99 lang=en cnt=US orien=2 touch=3 dens=480 keys=1 nav=2 keysHid=3 navHid=0 sdk=17 size=2 long=2 modetype=1 modenight=1
V/threaded_app(12335): Start: 0x5d1bdec0
V/threaded_app(12335): activityState=10
V/threaded_app(12335): Resume: 0x5d1bdec0
V/threaded_app(12335): activityState=11
V/threaded_app(12335): InputQueueCreated: 0x5d1bdec0 -- 0x5d22e568
V/threaded_app(12335): APP_CMD_INPUT_CHANGED
V/threaded_app(12335): Attaching input queue to looper
D/OpenGLRenderer(12335): Flushing caches (mode 0)
I/GraphicBuffer( 133): allocate buffer (w:1920 h:2010 f:5) err(0)
I/BufferQueue( 133): [NEW] gb=0x43255f30, handle=0x43247f10, w=1920, h=2010, s=1920, fmt=5
D/BufferQueue( 133): [org.opencv.samples.NativeActivity/org.opencv.samples.NativeActivity.CvNativeActivity](this:0x4324e148,api:1) cancelBuffer: slot=1
I/BufferQueue( 133): [org.opencv.samples.NativeActivity/org.opencv.samples.NativeActivity.CvNativeActivity](this:0x4324e148,api:1) disconnect: api=1
I/SurfaceTexture( 133): [org.opencv.samples.NativeActivity/org.opencv.samples.NativeActivity.CvNativeActivity] [virtual android::status_t android::SurfaceTexture::forceAuxConversionLocked()] mCurrentTexture:0, mCurrentBuf:0x4323a800
I/BufferQueue( 133): [org.opencv.samples.NativeActivity/org.opencv.samples.NativeActivity.CvNativeActivity](this:0x4324e148,api:0) getReleasedBuffers: returning mask 0xffffffff
I/SurfaceTexture( 133): [org.opencv.samples.NativeActivity/org.opencv.samples.NativeActivity.CvNativeActivity](this:0x4323d4d8,api:0) destroying EGLImage dpy=0x1 img=0x43240208
I/BufferQueue( 133): [unnamed-133-365](this:0x432441b8,api:0) BufferQueue
I/BufferQueue( 133): [unnamed-133-365](this:0x432441b8,api:0) consumerConnect
I/BufferQueue( 133): [unnamed-133-365](this:0x432441b8,api:0) setConsumerName: unnamed-133-365
I/SurfaceTexture( 133): [unnamed-133-365](this:0x43241850,api:0) SurfaceTexture
I/BufferQueue( 133): [unnamed-133-365](this:0x432441b8,api:0) setSynchronousMode: enabled=1
I/BufferQueue( 133): [unnamed-133-365](this:0x432441b8,api:0) setDefaultBufferSize: w=1920, h=1080
I/BufferQueue( 133): [org.opencv.samples.NativeActivity/android.app.NativeActivity](this:0x432441b8,api:0) setConsumerName: org.opencv.samples.NativeActivity/android.app.NativeActivity
V/WindowManager( 5535): Changing focus from null to Window{4285eea8 u0 org.opencv.samples.NativeActivity/android.app.NativeActivity}
I/BufferQueue( 133): [org.opencv.samples.NativeActivity/org.opencv.samples.NativeActivity.CvNativeActivity](this:0x4324e148,api:0) consumerDisconnect
I/BufferQueue( 133): [org.opencv.samples.NativeActivity/org.opencv.samples.NativeActivity.CvNativeActivity](this:0x4324e148,api:0) ~BufferQueue
I/WindowManager( 5535): Gaining focus: Window{4285eea8 u0 org.opencv.samples.NativeActivity/android.app.NativeActivity}
V/threaded_app(12335): NativeWindowCreated: 0x5d1bdec0 -- 0x5d2156e8
V/threaded_app(12335): APP_CMD_INIT_WINDOW
I/SurfaceFlinger( 133): [virtual void android::LayerScreenshot::setGeometry(const android::sp&, android::HWComposer::HWCLayerInterface&)] add:478, count:1
I/SurfaceFlinger( 133): [static bool android::LayerScreenshot::isFrozen()] LayerScreenshot top:478 (orient:0, alpha:255)
D/SurfaceFlinger( 133): Freeze screen...
I/hwcomposer_v1.0( 133): [HWC] Pending External Display orientation...
I/OCV:libnative_activity(12335): APP_CMD_INIT_WINDOW
D/OpenCV::camera(12335): CvCapture_Android::CvCapture_Android(0)
D/OpenCV::camera(12335): Library name: libopencv_java.so
D/OpenCV::camera(12335): Library base address: 0x5dbe0000