D/MtkOmxAudioDecBase( 5296): SendCommand cmd=OMX_CommandStateSet
D/MtkOmxAudioDecBase( 5296): set MTK_OMX_IDLE_PENDING
D/MtkOmxAudioDecBase( 5296): # Got general command (OMX_CommandStateSet)
D/MtkOmxAudioDecBase( 5296): Request [OMX_StateExecuting]-> [OMX_StateIdle]
D/MtkOmxAudioDecBase( 5296): FlushInputPort -> mNumPendingInput(0)
D/MtkOmxAudioDecBase( 5296): -FlushInputPort
D/MtkOmxAudioDecBase( 5296): FlushOutputPort -> mNumPendingOutput(0)
D/MtkOmxAudioDecBase( 5296): -FlushOutputPort -> mNumPendingOutput(0)
D/MtkOmxVorbisDec( 5296): DeinitAudioDecoder(Vorbis)
D/MtkOmxAudioDecBase( 5296): SendCommand cmd=OMX_CommandStateSet
D/MtkOmxAudioDecBase( 5296): set MTK_OMX_LOADED_PENDING
D/MtkOmxAudioDecBase( 5296): # Got general command (OMX_CommandStateSet)
D/MtkOmxAudioDecBase( 5296): Request [OMX_StateIdle]-> [OMX_StateLoaded]
D/MtkOmxAudioDecBase( 5296): wait on mInPortFreeDoneSem(0), mOutPortFreeDoneSem(0)
D/MtkOmxAudioDecBase( 5296): FreeBuffer input (0x42A39158)
D/MtkOmxAudioDecBase( 5296): FreeBuffer input (0x42A390A8)
D/MtkOmxAudioDecBase( 5296): FreeBuffer input (0x43C597C8)
D/MtkOmxAudioDecBase( 5296): FreeBuffer input (0x43C596E8)
D/MtkOmxAudioDecBase( 5296): FreeBuffer input (0x43C59558)
D/MtkOmxAudioDecBase( 5296): FreeBuffer all input buffers have been freed!!! signal mInPortFreeDoneSem(0)
D/MtkOmxAudioDecBase( 5296): FreeBuffer output (0x450F9B20)
D/MtkOmxAudioDecBase( 5296): FreeBuffer output (0x450F99D0)
D/MtkOmxAudioDecBase( 5296): FreeBuffer output (0x450F9880)
D/MtkOmxAudioDecBase( 5296): FreeBuffer output (0x43C595C0)
D/MtkOmxAudioDecBase( 5296): FreeBuffer all output buffers have been freed!!! signal mOutPortFreeDoneSem(0)
D/MtkOmxAudioDecBase( 5296): GetState (mState=OMX_StateLoaded)
D/MtkOmxCore( 5296): Mtk_OMX_FreeHandle
D/MtkOmxAudioDecBase( 5296): +ComponentDeInit
D/MtkOmxAudioDecBase( 5296): MtkOmxAudioDecodeThread terminated pOmxAudioDec=0x44070B78
D/MtkOmxAudioDecBase( 5296): MtkOmxAudioCommandThread terminated
D/MtkOmxAudioDecBase( 5296): -ComponentDeInit
D/MtkOmxVorbisDec( 5296): ~MtkOmxVorbisDec this= 0x44070B78
D/MtkOmxAudioDecBase( 5296): ~MtkOmxAudioDecBase this= 0x44070B78
D/MtkOmxCore( 5296): free_inst_handle dlclose(0x400C44B4), free(0x44070B7C)
D/OMX ( 5296): @@ OMX::CbDisp(0x44D9FEF8)::loop(12205) terminated
D/OMX ( 5296): @@ OMX::CbDisp::CbDisp(0x44D9FEF8), tid(11554), WOULD_BLOCK(0)
D/OMXCodec( 5296): !@@!>> destroy tid (11554)
I/AwesomePlayer( 5296): set flag for stopped
D/AwesomePlayer( 5296): reset_l
I/AwesomePlayer( 5296): set flag for stopped
D/AwesomePlayer( 5296): reset_l
D/AudioSink( 5296): close
D/MediaPlayerService( 5296): disconnect(42) from pid 5296
D/MediaPlayerService( 5296): [42]~Client
D/AudioFlinger( 5296): releasing 59 from 5296
W/AudioFlinger( 5296): session id 59 not found for pid 5296
D/CameraService( 5296): CameraService::removeClient E (pid 5296)
D/CameraService( 5296): CameraService::removeClient X (pid 5296)
D/IPCThreadState( 5296): [DN #5] BR_CLEAR_DEATH_NOTIFICATION_DONE cookie 0x42a35e30
D/AEE/AED (12215): put_in_archive: Archive file /sdcard/mtklog/aee_exp/temp/db.E12215/SYS_PACKAGE_SETTINGS, size 255216
D/AEE/AED (12215): put_in_archive: Archive file /sdcard/mtklog/aee_exp/temp/db.E12215/SYS_PACKAGE_UID_ERRORS, size 270
D/AEE/AED (12215): put_in_archive: Archive file /sdcard/mtklog/aee_exp/temp/db.E12215/SYS_BACKLIGHTS, size 92
D/AEE/AED (12215): put_in_archive: Archive file /sdcard/mtklog/aee_exp/temp/db.E12215/SYS_VERSION_INFO, size 4384
D/AEE/AED (12215): put_in_archive: Archive file /sdcard/mtklog/aee_exp/temp/db.E12215/DUMPSYS_GFXINFO, size 17265
D/AEE/AED (12215): put_in_archive: Archive file /sdcard/mtklog/aee_exp/temp/db.E12215/NE_JBT_TRACES, size 183012
D/AEE/AED (12215): put_in_archive: Archive file /sdcard/mtklog/aee_exp/temp/db.E12215/SYS_LOW_MEMORY_KILLER, size 48
D/AEE/AED (12215): put_in_archive: Archive file /sdcard/mtklog/aee_exp/temp/db.E12215/SYS_PROC_MEM, size 0
D/AEE/AED (12215): put_in_archive: Archive file /sdcard/mtklog/aee_exp/temp/db.E12215/_exp_detail.txt, size 85650
D/AEE/AED (12215): put_in_archive: Archive file /sdcard/mtklog/aee_exp/temp/db.E12215/ZZ_INTERNAL, size 113
I/AEE/AED (12215): aed_report_archive: pack /sdcard/mtklog/aee_exp/temp/db.E12215/CURRENT.dbg completed
I/AEE/AED (12215): *** INDEX: '/sdcard/mtklog/aee_exp/db.15' from /sdcard/mtklog/aee_exp/temp/db.E12215 ***
I/AEE/AED (12215): aed_report_complete: OK find db slot /sdcard/mtklog/aee_exp/db.15
D/AEE/AED (12321): notify_ok: am broadcast calling for /sdcard/mtklog/aee_exp/db.15
I/SurfaceTextureClient( 5719): [STC::queueBuffer] (this:0x5dd8ce08) fps:1.99, dur:1004.24, max:559.06, min:445.18
I/BufferQueue( 133): [StatusBar](this:0x43515e58,api:1) [queue] fps:1.99, dur:1004.30, max:559.09, min:445.21
I/SurfaceFlinger( 133): [SurfaceFlinger] fps:22.359331,dur:1073.38,max:259.96,min:4.65
I/IspDrv (12323): {IspDrv} [IspDrvImp] getpid[0x00003023],gettid[0x00003023]
I/System.out( 7009): [socket][/192.168.1.210:54624] connected
I/System.out( 7009): [CDS]rx timeout:30000
W/System.err( 7009): rto value is too small:0
D/NativeCrypto( 7009): ssl=0x5e4b0748 NativeCrypto_SSL_do_handshake fd=0x1f500005 shc=0x21200009 timeout_millis=30000 client_mode=1 npn=0x0
D/NativeCrypto( 7009): doing handshake ++
D/NativeCrypto( 7009): ssl=0x5e4b0748 info_callback where=0x10 ret=1
D/NativeCrypto( 7009): ssl=0x5e4b0748 handshake start in UNKWN before/connect initialization
D/NativeCrypto( 7009): ssl=0x5e4b0748 info_callback ignored
D/NativeCrypto( 7009): ssl=0x5e4b0748 info_callback where=0x1001 ret=1
D/NativeCrypto( 7009): ssl=0x5e4b0748 SSL_connect:UNKWN before/connect initialization
D/NativeCrypto( 7009): ssl=0x5e4b0748 info_callback ignored
D/NativeCrypto( 7009): ssl=0x5e4b0748 info_callback where=0x1001 ret=1
D/NativeCrypto( 7009): ssl=0x5e4b0748 SSL_connect:3WCH_A SSLv3 write client hello A
D/NativeCrypto( 7009): ssl=0x5e4b0748 info_callback ignored
D/NativeCrypto( 7009): ssl=0x5e4b0748 info_callback where=0x1002 ret=-1
D/NativeCrypto( 7009): ssl=0x5e4b0748 SSL_connect:error exit in 3RSH_A SSLv3 read server hello A
D/NativeCrypto( 7009): ssl=0x5e4b0748 info_callback ignored
D/NativeCrypto( 7009): doing handshake -- ret=-1
D/NativeCrypto( 7009): ssl=0x5e4b0748 NativeCrypto_SSL_do_handshake ret=-1 errno=11 sslError=2 timeout_millis=30000
D/NativeCrypto( 7009): sslSelect type=READ fd=78 appData=0x5e4b9b70 timeout_millis=30000
I/IspDrv (12323): {IspDrv} [IspDrvImp] getpid[0x00003023],gettid[0x00003023]
D/Xposed (12323): Starting Xposed binary version 37, compiled for SDK 16
D/Xposed (12323): Phone: W8 beyond (ThL), Android version 4.2.1 (SDK 17)
D/Xposed (12323): ROM: Thl W8 Beyond GravityMod2 v3.0 by C3C076
I/Xposed (12323): -----------------
I/Xposed (12323): Added Xposed (/data/xposed/XposedBridge.jar) to CLASSPATH.
D/AndroidRuntime(12323):
D/AndroidRuntime(12323): >>>>>> AndroidRuntime START de.robv.android.xposed.XposedBridge (tool) <<<<<<
D/AndroidRuntime(12323): CheckJNI is OFF
D/AndroidRuntime(12323): language=-Duser.language=en region=-Duser.region=US
D/dalvikvm(12323): boot class :
D/dalvikvm(12323): (0) core.jar
D/dalvikvm(12323): (1) core-junit.jar
D/dalvikvm(12323): (2) bouncycastle.jar
D/dalvikvm(12323): (3) ext.jar
D/dalvikvm(12323): (4) framework.jar
D/dalvikvm(12323): (5) telephony-common.jar
D/dalvikvm(12323): (6) mms-common.jar
D/dalvikvm(12323): (7) android.policy.jar
D/dalvikvm(12323): (8) services.jar
D/dalvikvm(12323): (9) apache-xml.jar
D/dalvikvm(12323): (10) mediatek-common.jar
D/dalvikvm(12323): (11) mediatek-framework.jar
D/dalvikvm(12323): (12) mediatek-op.jar
D/dalvikvm(12323): (13) secondary-framework.jar
D/dalvikvm(12323): (14) CustomProperties.jar
D/dalvikvm(12323): (15) am.jar
D/dalvikvm(12323): threadid=1: interp stack at 0x57154000
D/dalvikvm(12323): Trying to load lib libjavacore.so 0x0
D/dalvikvm(12323): Added shared lib libjavacore.so 0x0
D/dalvikvm(12323): Trying to load lib libnativehelper.so 0x0
D/dalvikvm(12323): Added shared lib libnativehelper.so 0x0
D/dalvikvm(12323): +++ finishing prep on main VM thread
D/dalvikvm(12323): open_cached_dex_file : /data/xposed/XposedBridge.jar /data/dalvik-cache/data@xposed@XposedBridge.jar@classes.dex
D/dalvikvm(12323): create interp thread : stack size=32KB
D/dalvikvm(12323): create new thread
D/dalvikvm(12323): new thread created
D/dalvikvm(12323): update thread list
D/dalvikvm(12323): threadid=2: interp stack at 0x5a6cb000
D/dalvikvm(12323): threadid=2: created from interp
D/dalvikvm(12323): start new thread
D/dalvikvm(12323): threadid=2: notify debugger
D/dalvikvm(12323): threadid=2 (ReferenceQueueDaemon): calling run()
D/dalvikvm(12323): create interp thread : stack size=32KB
D/dalvikvm(12323): create new thread
D/dalvikvm(12323): new thread created
D/dalvikvm(12323): update thread list
D/dalvikvm(12323): threadid=3: interp stack at 0x5a7d3000
D/dalvikvm(12323): threadid=3: created from interp
D/dalvikvm(12323): start new thread
D/dalvikvm(12323): threadid=3: notify debugger
D/dalvikvm(12323): threadid=3 (FinalizerDaemon): calling run()
D/dalvikvm(12323): create interp thread : stack size=32KB
D/dalvikvm(12323): create new thread
D/dalvikvm(12323): new thread created
D/dalvikvm(12323): update thread list
D/dalvikvm(12323): threadid=4: interp stack at 0x5a8db000
D/dalvikvm(12323): threadid=4: created from interp
D/dalvikvm(12323): start new thread
D/dalvikvm(12323): threadid=4: notify debugger
D/dalvikvm(12323): threadid=4 (FinalizerWatchdogDaemon): calling run()
D/dalvikvm(12323): threadid=5: interp stack at 0x5aae3000
D/dalvikvm(12323): threadid=6: interp stack at 0x5abeb000
D/dalvikvm(12323): Elevating priority from 0 to -8
D/jdwp (12323): prepping for JDWP over ADB
D/jdwp (12323): ADB transport startup
D/dalvikvm(12323): threadid=7: interp stack at 0x5acf3000
D/jdwp (12323): JDWP: thread running
D/jdwp (12323): acceptConnection
D/dalvikvm(12323): threadid=8: interp stack at 0x5adfb000
D/jdwp (12323): trying to receive file descriptor from ADB
D/ADB_SERVICES( 9881): Adding socket 38 pid 12323 to jdwp process list
I/Xposed (12323): Found Xposed class 'de/robv/android/xposed/XposedBridge', now initializing
D/dalvikvm(12323): Note: class Landroid/app/ActivityManagerNative; has 159 unimplemented (abstract) methods
I/Xposed (12323): -----------------
I/Xposed (12323): Jan 11, 2014 8:41:36 AM UTC
I/Xposed (12323): Loading Xposed (for com.android.commands.am.Am)...
I/Xposed (12323): Loading modules from /system/app/GravityBox.apk
D/dalvikvm(12323): open_cached_dex_file : /system/app/GravityBox.apk /data/dalvik-cache/system@app@GravityBox.apk@classes.dex
D/NativeCrypto(12323): NativeCrypto_EVP_VerifyInit ctx=0x5b80d428
D/NativeCrypto(12323): NativeCrypto_EVP_VerifyInit algorithmChars=RSA-SHA1
I/Xposed (12323): Loading class com.ceco.gm2.gravitybox.GravityBox
D/AndroidRuntime(12323): Calling main entry com.android.commands.am.Am
D/dalvikvm(12323): threadid=9: interp stack at 0x5bbc9000
D/dalvikvm(12323): threadid=10: interp stack at 0x5bcd1000
V/ActivityManager( 5535): Broadcast: Intent { act=com.mediatek.log2server.EXCEPTION_HAPPEND flg=0x10 (has extras) } ordered=true userid=-1
D/MTKLogger/TagLogReceiver( 9745): onReceive()
D/MTKLogger/TagLogReceiver( 9745): Build type :user
D/NetworkControllerGemini( 5719): refreshViews(0), DataConnected=false simColorId = 0
D/NetworkControllerGemini( 5719): refreshViews(0), set parameters to signal cluster view.
D/NetworkControllerGemini( 5719): refreshViews(0), tempPhoneSignalIconId.0 = 2130837950 tempPhoneSignalIconId.1 = 0 tempMobileActivityIconId= 0 tempDataTypeIconId= 2130837873
D/SignalClusterViewGemini( 5719): setMobileDataIndicators(0), visible=true, strengthIcon[0] ~ [1] 2130837950 ~ 0
D/AndroidRuntime(12323): Shutting down VM
D/dalvikvm(12323): threadid=1: bye!
D/dalvikvm(12323): DestroyJavaVM waiting for non-daemon threads to exit
D/dalvikvm(12323): threadid=1: interp stack at 0x5bcd9000
D/dalvikvm(12323): threadid=9: bye!
D/SignalClusterViewGemini( 5719): isSimInserted(0), SimInserted=true
D/SignalClusterViewGemini( 5719): isSimInserted(1), SimInserted=true
D/dalvikvm(12323): threadid=10: last non-daemon thread
D/dalvikvm(12323): threadid=10: bye!
D/dalvikvm(12323): DestroyJavaVM shutting VM down
D/dalvikvm(12323): VM shutting down
D/NetworkControllerGemini( 5719): refreshViews(0), tempPhoneSignalIconId.0 = 2130837950 tempPhoneSignalIconId.1 = 0 tempMobileActivityIconId= 0 tempDataTypeIconId= 2130837873
D/SignalClusterViewGemini( 5719): setShowSimIndicator(0), showSimIndicator=false simIndicatorResource = 0
D/SignalClusterViewGemini( 5719): setDataConnected(0), dataConnected=false
D/SignalClusterViewGemini( 5719): setDataNetType3G(0), dataNetType=Type_3G
D/SignalClusterViewGemini( 5719): apply : mShowSimIndicator = false mSimIndicatorResource = 0 mShowSimIndicatorGemini = false mSimIndicatorResourceGemini = 0
D/SignalClusterViewGemini( 5719): apply, mMobileVisible=true mMobileActivityId=0 mMobileTypeId=2130837873 mMobileStrengthId[0] = 2130837950 mMobileStrengthId[1] = 0
D/SignalClusterViewGemini( 5719): isSimInserted(0), SimInserted=true
D/SignalClusterViewGemini( 5719): mDataNetType =Type_3G resId= 0 simColorId = 0
D/SignalClusterViewGemini( 5719): apply, mMobileVisibleGemini=true mMobileActivityIdGemini=0 mMobileTypeIdGemini=0 mMobileStrengthIdGemini[0] = 2130837938 mMobileStrengthIdGemini[1] = 0
D/SignalClusterViewGemini( 5719): isSimInserted(1), SimInserted=true
D/SignalClusterViewGemini( 5719): apply, mMobileVisible=true, mWifiVisible=true, mIsAirplaneMode=false
W/ResourceType( 5719): No package identifier when getting value for resource number 0x00000000
D/SignalClusterViewGemini( 5719): isSimInserted(0), SimInserted=true
D/SignalClusterViewGemini( 5719): isSimInserted(1), SimInserted=true
D/NetworkControllerGemini( 5719): refreshViews(1), DataConnected=false simColorId = 2
D/dalvikvm(12323): GC_CONCURRENT freed 1324K (17723), 47% free 1541K/2868K, paused 1ms+0ms, total 11ms
D/dalvikvm(12323): threadid=5: bye!
D/jdwp (12323): JDWP shutting down net...
D/jdwp (12323): adbStateShutdown
D/jdwp (12323): +++ writing to wakePipe
E/jdwp (12323): jdwp::setsockopt(SO_SNDTIMEO)
E/jdwp (12323): jdwp::setsockopt(SO_RCVTIMEO)
D/jdwp (12323): JDWP: thread exiting
D/dalvikvm(12323): threadid=7: bye!
D/jdwp (12323): JDWP freeing netstate...
I/dalvikvm(12323): threadid=6: ignore signal 3
D/dalvikvm(12323): threadid=6: bye!
D/dalvikvm(12323): 905 compilations using 4096 + 114732 bytes
D/dalvikvm(12323): Compiler arena uses 6 blocks (8100 bytes each)
D/dalvikvm(12323): Compiler work queue length is 2/18
D/dalvikvm(12323): JIT: table size is 4096, entries used is 926
D/dalvikvm(12323): JIT: 926 traces, 4096 slots, 98 chains, 40 thresh, Non-blocking
D/dalvikvm(12323): JIT: 769 Translation chains, 18 interp stubs
D/dalvikvm(12323): dalvik.vm.jit.op = 0-2,7-8,a,c,e-f,11-16,18,1a,1c-23,28-29,2c,31-3b,3d,44,46,48-49,4b,4d,50,62,70-72,76,78,81,8e-91,95-96,b0-b1,b5-b7,c0,d5,d8,da-db,dd,e0-e2,e7,ee,f0-fa,fc,
D/dalvikvm(12323): Code size stats: 0/9980 (compiled/total Dalvik), 0 (native)
D/dalvikvm(12323): Compiler thread shutting down
D/dalvikvm(12323): threadid=8: bye!
D/dalvikvm(12323): Compiler thread has shut down
D/SignalClusterViewGemini( 5719): setShowSimIndicator(1), showSimIndicator=false simIndicatorResource = 0
D/SignalClusterViewGemini( 5719): setDataConnected(1), dataConnected=false
D/SignalClusterViewGemini( 5719): setDataNetType3G(1), dataNetType=Type_G
D/dalvikvm(12323): threadid=1: suspending daemon id=4 name='FinalizerWatchdogDaemon'
D/dalvikvm(12323): threadid=1: suspending daemon id=3 name='FinalizerDaemon'
D/dalvikvm(12323): threadid=1: suspending daemon id=2 name='ReferenceQueueDaemon'
W/ADB_SERVICES( 9881): terminating JDWP 12323 connection: Try again
D/SignalClusterViewGemini( 5719): apply : mShowSimIndicator = false mSimIndicatorResource = 0 mShowSimIndicatorGemini = false mSimIndicatorResourceGemini = 0
D/ADB_SERVICES( 9881): remove pid 12323 to jdwp process list
D/SignalClusterViewGemini( 5719): apply, mMobileVisible=true mMobileActivityId=0 mMobileTypeId=2130837873 mMobileStrengthId[0] = 2130837950 mMobileStrengthId[1] = 0
D/SignalClusterViewGemini( 5719): isSimInserted(0), SimInserted=true
D/SignalClusterViewGemini( 5719): mDataNetType =Type_3G resId= 0 simColorId = 0
D/SignalClusterViewGemini( 5719): apply, mMobileVisibleGemini=true mMobileActivityIdGemini=0 mMobileTypeIdGemini=0 mMobileStrengthIdGemini[0] = 2130837938 mMobileStrengthIdGemini[1] = 0
D/SignalClusterViewGemini( 5719): isSimInserted(1), SimInserted=true
D/SignalClusterViewGemini( 5719): apply, mMobileVisible=true, mWifiVisible=true, mIsAirplaneMode=false
W/ResourceType( 5719): No package identifier when getting value for resource number 0x00000000
D/SignalClusterViewGemini( 5719): isSimInserted(0), SimInserted=true
D/SignalClusterViewGemini( 5719): isSimInserted(1), SimInserted=true
I/BufferQueue( 133): [StatusBar](this:0x43515e58,api:1) [release] fps:1.98, dur:1011.74, max:565.91, min:445.83
D/dalvikvm(12323): threadid=1: all daemons have suspended
D/dalvikvm(12323): VM cleaning up
D/dalvikvm(12323): LinearAlloc 0x0 used 1311836 of 16777216 (7%)
D/InputReader( 5535): AP_PROF:AppLaunch_dispatchPtr:Down:4059216
I/AP_PROF ( 5535): unable to open /proc/mtprof/status entry
D/PowerManagerService( 5535): userActivityFromNative
D/PowerManagerService( 5535): userActivityNoUpdateLocked: eventTime=4059216, event=2, flags=0x0, uid=1000
D/PowerManagerNotifier( 5535): onUserActivity: event=2, uid=1000
D/PowerManagerService( 5535): updateUserActivitySummaryLocked: mWakefulness=Awake, mUserActivitySummary=0x5, nextTimeout=4063520 (in 4303 ms)
D/PowerManagerService( 5535): newScreenState = 2
D/PowerManagerDisplayController( 5535): requestPowerState: screenState=2, useProximitySensor=false, screenBrightness=255, screenAutoBrightnessAdjustment=0.0, useAutoBrightness=false, useEcoBrightness=false, blockScreenOn=false, waitForNegativeProximity=false
V/WallpaperService( 5719): Delivering touch event: MotionEvent { action=ACTION_DOWN, id[0]=0, x[0]=671.37836, y[0]=1238.355, toolType[0]=TOOL_TYPE_FINGER, buttonState=0, metaState=0, flags=0x1, edgeFlags=0x0, pointerCount=1, historySize=0, eventTime=4059216, downTime=4059216, deviceId=3, source=0x1002 }
I/PowerManagerService( 5535): setBrightness mButtonLight, screenBrightness=255
D/PowerManagerService( 5535): updateScreenStateLocked: mDisplayReady=true, newScreenState=2, mWakefulness=1, mWakeLockSummary=0x0, mUserActivitySummary=0x5, mBootCompleted=true
D/PowerManagerService( 5535): handleSandman: canDream=true, mWakefulness=Awake
I/IspDrv (12323): {IspDrv} [~IspDrvImp]
D/Launcher( 5877): PagedView, onInterceptTouchEvent touch down: finishedScrolling = true, mScrollX = 3333, xDist = 0, mTouchState = 0, this = com.android.launcher2.Workspace{423bf778 V.EDH... ........ 0,0-1080,1845 #7f07001c app:id/workspace}
D/AEE/AED (12215): all finished dumping /sdcard/mtklog/aee_exp/db.15.
D/AEE/AED ( 126): $===AEE===AEE===AEE===$
D/AEE/AED ( 126): p 0 poll events 1 revents 0
D/AEE/AED ( 126): not know revents:0
D/AEE/AED ( 126): p 1 poll events 1 revents 0
D/AEE/AED ( 126): not know revents:0
D/AEE/AED ( 126): p 2 poll events 1 revents 0
D/AEE/AED ( 126): not know revents:0
D/AEE/AED ( 126): p 3 poll events 1 revents 0
D/AEE/AED ( 126): not know revents:0
D/AEE/AED ( 126): p 4 poll events 1 revents 0
D/AEE/AED ( 126): not know revents:0
V/WallpaperService( 5719): Delivering touch event: MotionEvent { action=ACTION_MOVE, id[0]=0, x[0]=671.37836, y[0]=1238.355, toolType[0]=TOOL_TYPE_FINGER, buttonState=0, metaState=0, flags=0x1, edgeFlags=0x0, pointerCount=1, historySize=0, eventTime=4059230, downTime=4059216, deviceId=3, source=0x1002 }
V/WallpaperService( 5719): Delivering touch event: MotionEvent { action=ACTION_MOVE, id[0]=0, x[0]=671.37836, y[0]=1238.355, toolType[0]=TOOL_TYPE_FINGER, buttonState=0, metaState=0, flags=0x1, edgeFlags=0x0, pointerCount=1, historySize=0, eventTime=4059245, downTime=4059216, deviceId=3, source=0x1002 }
D/InputReader( 5535): AP_PROF:AppLaunch_dispatchPtr:Up:4059257
V/WallpaperService( 5719): Delivering touch event: MotionEvent { action=ACTION_UP, id[0]=0, x[0]=671.37836, y[0]=1238.355, toolType[0]=TOOL_TYPE_FINGER, buttonState=0, metaState=0, flags=0x1, edgeFlags=0x0, pointerCount=1, historySize=0, eventTime=4059257, downTime=4059216, deviceId=3, source=0x1002 }
D/Launcher( 5877): PagedView, getPageNearestToCenterOfScreen: minDistanceFromScreenCenterIndex = 3, mScrollX = 3333
D/Launcher( 5877): PagedView, (PagedView)snapToPage whichPage = 3, delta = 0, duration = 550, mNextPage = -1, mUnboundedScrollX = 3333, mDeferScrollUpdate = false, mScrollX = 3333, this = com.android.launcher2.Workspace{423bf778 V.EDH... ........ 0,0-1080,1845 #7f07001c app:id/workspace}
I/SurfaceTextureClient( 5877): [STC::queueBuffer] (this:0x5ed1a328) fps:10.93, dur:1921.11, max:1554.71, min:8.12
I/BufferQueue( 133): [com.android.launcher/com.android.launcher2.Launcher](this:0x4324e148,api:1) [queue] fps:10.93, dur:1921.09, max:1554.56, min:8.14
V/Provider/Settings( 5877): from settings cache , name = sound_effects_enabled , value = 0
D/Launcher( 5877): Launcher, Click on view com.android.launcher2.BubbleTextView{4359a2e8 VFED..CL ...P.... 0,0-255,315 #7f07002b app:id/app_icon_title}
D/Launcher( 5877): Launcher, startActivitySafely v = com.android.launcher2.BubbleTextView{4359a2e8 VFED..CL ...P.... 0,0-255,315 #7f07002b app:id/app_icon_title}, intent = Intent { act=android.intent.action.MAIN cat=[android.intent.category.LAUNCHER] flg=0x10200000 cmp=org.opencv.samples.NativeActivity/.CvNativeActivity bnds=[548,972][803,1287] }, tag = ShortcutInfo(title=OCV Native Activityintent=Intent { act=android.intent.action.MAIN cat=[android.intent.category.LAUNCHER] flg=0x10200000 cmp=org.opencv.samples.NativeActivity/.CvNativeActivity bnds=[548,972][803,1287] }id=89 type=0 container=-100 screen=3 cellX=2 cellY=2 spanX=1 spanY=1 dropPos=null unreadNum= 0)
D/Launcher( 5877): Launcher, startActivity v = com.android.launcher2.BubbleTextView{4359a2e8 VFED..CL ...P.... 0,0-255,315 #7f07002b app:id/app_icon_title}, intent = Intent { act=android.intent.action.MAIN cat=[android.intent.category.LAUNCHER] flg=0x10200000 cmp=org.opencv.samples.NativeActivity/.CvNativeActivity bnds=[548,972][803,1287] }, tag = ShortcutInfo(title=OCV Native Activityintent=Intent { act=android.intent.action.MAIN cat=[android.intent.category.LAUNCHER] flg=0x10200000 cmp=org.opencv.samples.NativeActivity/.CvNativeActivity bnds=[548,972][803,1287] }id=89 type=0 container=-100 screen=3 cellX=2 cellY=2 spanX=1 spanY=1 dropPos=null unreadNum= 0)
I/BufferQueue( 133): [com.android.launcher/com.android.launcher2.Launcher](this:0x4324e148,api:1) [release] fps:11.01, dur:1908.05, max:1543.54, min:16.98
I/ActivityManager( 5535): START u0 {act=android.intent.action.MAIN cat=[android.intent.category.LAUNCHER] flg=0x10200000 cmp=org.opencv.samples.NativeActivity/.CvNativeActivity bnds=[548,972][803,1287]} from pid 5877
I/libPerfService( 5535): 1: set: 2
D/skia ( 5535): Flag is not 10
I/BufferQueue( 133): [unnamed-133-363](this:0x432441b8,api:0) BufferQueue
I/BufferQueue( 133): [unnamed-133-363](this:0x432441b8,api:0) consumerConnect
I/BufferQueue( 133): [unnamed-133-363](this:0x432441b8,api:0) setConsumerName: unnamed-133-363
I/SurfaceTexture( 133): [unnamed-133-363](this:0x43241850,api:0) SurfaceTexture
I/BufferQueue( 133): [unnamed-133-363](this:0x432441b8,api:0) setSynchronousMode: enabled=1
I/BufferQueue( 133): [unnamed-133-363](this:0x432441b8,api:0) setDefaultBufferSize: w=1, h=1
I/BufferQueue( 133): [Starting org.opencv.samples.NativeActivity](this:0x432441b8,api:0) setConsumerName: Starting org.opencv.samples.NativeActivity
D/PowerManagerService( 5535): acquireWakeLockInternal: lock=1111143720, flags=0x1, tag="ActivityManager-Launch", ws=null, uid=1000, pid=5535
D/PowerManagerService( 5535): updateWakeLockSummaryLocked: mWakefulness=Awake, mWakeLockSummary=0x1
D/PowerManagerService( 5535): newScreenState = 2
D/PowerManagerDisplayController( 5535): requestPowerState: screenState=2, useProximitySensor=false, screenBrightness=255, screenAutoBrightnessAdjustment=0.0, useAutoBrightness=false, useEcoBrightness=false, blockScreenOn=false, waitForNegativeProximity=false
I/PowerManagerService( 5535): setBrightness mButtonLight, screenBrightness=255
D/PowerManagerService( 5535): updateScreenStateLocked: mDisplayReady=true, newScreenState=2, mWakefulness=1, mWakeLockSummary=0x1, mUserActivitySummary=0x5, mBootCompleted=true
D/PowerManagerService( 5535): handleSandman: canDream=true, mWakefulness=Awake
I/BufferQueue( 133): [Starting org.opencv.samples.NativeActivity](this:0x432441b8,api:0) setDefaultBufferSize: w=1080, h=1920
D/Launcher( 5877): Launcher, (Launcher)onPause: this = com.android.launcher2.Launcher@423795b0
D/Launcher( 5877): Launcher.DragController, cancelDrag: mDragging = false, mLastDropTarget = null
V/Provider/Settings( 5877): from settings cache , name = landscape_launcher , value = none
V/Provider/Settings( 5535): from settings cache , name = read_external_storage_enforced_default , value = null
D/dalvikvm( 5299): threadid=2: exiting
D/dalvikvm( 5299): threadid=2: bye!
D/dalvikvm( 5299): threadid=3: exiting
D/dalvikvm( 5299): threadid=3: bye!
D/dalvikvm( 5299): threadid=4: exiting
D/dalvikvm( 5299): threadid=4: bye!
D/dalvikvm( 5299): pre gc
D/dalvikvm( 5299): Zygote::ForkAndSpecialize +
D/dalvikvm( 5299): Zygote::ForkAndSpecialize : 12335
D/dalvikvm( 5299): create interp thread : stack size=32KB
D/dalvikvm( 5299): create new thread
D/dalvikvm(12335): Zygote::ForkAndSpecialize : 0
D/dalvikvm( 5299): new thread created
D/dalvikvm( 5299): update thread list
D/dalvikvm( 5299): threadid=2: interp stack at 0x5a652000
D/dalvikvm( 5299): threadid=2: created from interp
D/dalvikvm( 5299): start new thread
D/dalvikvm( 5299): create interp thread : stack size=32KB
D/dalvikvm( 5299): create new thread
D/dalvikvm( 5299): new thread created
D/dalvikvm( 5299): update thread list
D/dalvikvm( 5299): threadid=2: notify debugger
D/dalvikvm( 5299): threadid=2 (ReferenceQueueDaemon): calling run()
D/dalvikvm( 5299): threadid=3: interp stack at 0x5a75a000
D/dalvikvm( 5299): threadid=3: created from interp
D/dalvikvm( 5299): start new thread
D/dalvikvm( 5299): create interp thread : stack size=32KB
D/dalvikvm( 5299): create new thread
D/dalvikvm( 5299): new thread created
D/dalvikvm( 5299): update thread list
D/dalvikvm( 5299): threadid=3: notify debugger
D/dalvikvm( 5299): threadid=3 (FinalizerDaemon): calling run()
D/dalvikvm( 5299): threadid=4: interp stack at 0x5a862000
D/dalvikvm( 5299): threadid=4: created from interp
D/dalvikvm( 5299): start new thread
D/dalvikvm( 5299): threadid=4: notify debugger
D/dalvikvm( 5299): threadid=4 (FinalizerWatchdogDaemon): calling run()
D/dalvikvm(12335): zygote get new systemTid : 12335
I/ActivityManager( 5535): Start proc org.opencv.samples.NativeActivity for activity org.opencv.samples.NativeActivity/.CvNativeActivity: pid=12335 uid=10134 gids={50134, 1006, 1028}
D/dalvikvm(12335): Late-enabling CheckJNI
D/dalvikvm(12335): threadid=2: interp stack at 0x5a752000
D/dalvikvm( 5535): create interp thread : stack size=32KB
D/dalvikvm( 5535): create new thread
D/dalvikvm( 5535): new thread created
D/dalvikvm( 5535): update thread list
D/dalvikvm(12335): threadid=3: interp stack at 0x5a85a000
D/jdwp (12335): prepping for JDWP over ADB
D/jdwp (12335): ADB transport startup
D/dalvikvm(12335): Elevating priority from 0 to -8
D/dalvikvm(12335): threadid=4: interp stack at 0x5a962000
D/jdwp (12335): JDWP: thread running
D/jdwp (12335): acceptConnection
D/jdwp (12335): trying to receive file descriptor from ADB
D/dalvikvm( 5535): threadid=88: interp stack at 0x62933000
D/dalvikvm( 5535): threadid=88: created from interp
D/dalvikvm( 5535): start new thread
D/ADB_SERVICES( 9881): Adding socket 38 pid 12335 to jdwp process list
D/dalvikvm( 5535): threadid=88: notify debugger
D/dalvikvm( 5535): threadid=88 (Thread-897): calling run()
D/dalvikvm( 5535): threadid=88: exiting
D/dalvikvm( 5535): threadid=88: bye!
I/BufferQueue( 133): [Starting org.opencv.samples.NativeActivity](this:0x432441b8,api:0) connect: api=2
I/BufferQueue( 133): [Starting org.opencv.samples.NativeActivity](this:0x432441b8,api:2) setSynchronousMode: enabled=1
I/BufferQueue( 133): [Starting org.opencv.samples.NativeActivity](this:0x432441b8,api:2) new GraphicBuffer needed
D/BufferQueue( 133): [OLD] gb:NULL
D/dalvikvm(12335): threadid=5: interp stack at 0x5d32f000
D/dalvikvm(12335): zygote get thread init done
D/dalvikvm(12335): create interp thread : stack size=32KB
D/dalvikvm(12335): create new thread
D/dalvikvm(12335): new thread created
D/dalvikvm(12335): update thread list
D/dalvikvm(12335): threadid=6: interp stack at 0x5d337000
D/dalvikvm(12335): threadid=6: created from interp
D/dalvikvm(12335): start new thread
D/dalvikvm(12335): create interp thread : stack size=32KB
D/dalvikvm(12335): create new thread
D/dalvikvm(12335): new thread created
D/dalvikvm(12335): update thread list
D/dalvikvm(12335): threadid=6: notify debugger
D/dalvikvm(12335): threadid=6 (ReferenceQueueDaemon): calling run()
D/dalvikvm(12335): threadid=7: interp stack at 0x5d43f000
D/dalvikvm(12335): threadid=7: created from interp
D/dalvikvm(12335): start new thread
D/dalvikvm(12335): create interp thread : stack size=32KB
D/dalvikvm(12335): create new thread
D/dalvikvm(12335): new thread created
D/dalvikvm(12335): update thread list
D/dalvikvm(12335): threadid=7: notify debugger
D/dalvikvm(12335): threadid=7 (FinalizerDaemon): calling run()
D/dalvikvm(12335): threadid=8: interp stack at 0x5d547000
D/dalvikvm(12335): threadid=8: created from interp
D/dalvikvm(12335): start new thread
I/GraphicBuffer( 133): allocate buffer (w:1088 h:1920 f:2) err(0)
I/BufferQueue( 133): [NEW] gb=0x4324ecf8, handle=0x43519b30, w=1080, h=1920, s=1088, fmt=2
D/dalvikvm(12335): threadid=8: notify debugger
D/dalvikvm(12335): threadid=8 (FinalizerWatchdogDaemon): calling run()
I/dalvikvm(12335): Turning on JNI app bug workarounds for target SDK version 9...
D/dalvikvm(12335): threadid=9: interp stack at 0x5d94d000
D/dalvikvm(12335): threadid=10: interp stack at 0x5da55000
V/ActivityManager( 5535): Binding process pid 12335 to record ProcessRecord{42a27620 12335:org.opencv.samples.NativeActivity/u0a10134}
V/ActivityManager( 5535): New death recipient com.android.server.am.ActivityManagerService$AppDeathRecipient@42b51580 for thread android.os.BinderProxy@42f023d0
V/ActivityManager( 5535): New app record ProcessRecord{42a27620 12335:org.opencv.samples.NativeActivity/u0a10134} thread=android.os.BinderProxy@42f023d0 pid=12335
V/WindowManager( 5535): Rotation changed to 1 from 0, forceApp=0
D/PowerManagerService( 5535): acquireWakeLockInternal: lock=1115579032, flags=0x1, tag="SCREEN_FROZEN", ws=null, uid=1000, pid=5535
D/PowerManagerService( 5535): updateWakeLockSummaryLocked: mWakefulness=Awake, mWakeLockSummary=0x1
D/PowerManagerService( 5535): newScreenState = 2
D/PowerManagerDisplayController( 5535): requestPowerState: screenState=2, useProximitySensor=false, screenBrightness=255, screenAutoBrightnessAdjustment=0.0, useAutoBrightness=false, useEcoBrightness=false, blockScreenOn=false, waitForNegativeProximity=false
I/PowerManagerService( 5535): setBrightness mButtonLight, screenBrightness=255
D/PowerManagerService( 5535): updateScreenStateLocked: mDisplayReady=true, newScreenState=2, mWakefulness=1, mWakeLockSummary=0x1, mUserActivitySummary=0x5, mBootCompleted=true
D/PowerManagerService( 5535): handleSandman: canDream=true, mWakefulness=Awake
D/dalvikvm(12335): threadid=11: interp stack at 0x5db5d000
I/WindowManager( 5535): FREEZE Surface(name=FreezeSurface, identity=478): CREATE
I/SurfaceTexture( 133): [Starting org.opencv.samples.NativeActivity](this:0x43241850,api:2) [void* android::SurfaceTexture::createImage(EGLDisplay, const android::sp&)]
D/SurfaceTexture( 133): GraphicBuffer: gb=0x4324ecf8 handle=0x43519b30
D/SurfaceTexture( 133): EGLImage: dpy=0x1, img=0x43254168
I/SurfaceFlinger( 133): [virtual void android::LayerScreenshot::setGeometry(const android::sp&, android::HWComposer::HWCLayerInterface&)] add:478, count:1
I/SurfaceFlinger( 133): [static bool android::LayerScreenshot::isFrozen()] LayerScreenshot top:478 (orient:0, alpha:255)
D/SurfaceFlinger( 133): Freeze screen...
I/hwcomposer_v1.0( 133): [HWC] Pending External Display orientation...
D/InputReader( 5535): InputReader:: getSwitchState lock
D/InputReader( 5535): InputReader::getStateLocked:: return
I/ActivityManager( 5535): Config changed: {0.9 250mcc99mnc en_US ldltr sw360dp w640dp h335dp 480dpi nrml long land finger -keyb/v/h dpad/v skin=/system/framework/framework-res.apk s.16}
D/InputReader( 5535): InputReader:: requestRefreshConfiguration lock
D/InputReader( 5535): InputReader:: requestRefreshConfiguration unlock
D/InputReader( 5535): InputReader:: requestRefreshConfiguration lock
D/InputReader( 5535): InputReader:: requestRefreshConfiguration unlock
I/InputReader( 5535): Reconfiguring input devices. changes=0x00000004
I/InputReader( 5535): Device reconfigured: id=3, name='mtk-tpd', size 1080x1920, orientation 1, mode 1, display id 0
I/BufferQueue( 133): [com.android.launcher/com.android.launcher2.Launcher](this:0x4324e148,api:1) new GraphicBuffer needed
D/BufferQueue( 133): [OLD] gb=0x43515900, handle=0x42ee4650, w=1080, h=1920, f=5
V/ActivityManager( 5535): Broadcast: Intent { act=android.intent.action.CONFIGURATION_CHANGED flg=0x60000010 } ordered=false userid=-1
V/WindowManager( 5535): Changing focus from Window{4291a770 u0 com.android.launcher/com.android.launcher2.Launcher} to null
I/GraphicBuffer( 133): allocate buffer (w:1920 h:1080 f:5) err(0)
I/BufferQueue( 133): [NEW] gb=0x43254b98, handle=0x43254c20, w=1920, h=1080, s=1920, fmt=5
D/OpenGLRenderer( 5719): Flushing caches (mode 0)
D/PhoneGlobals( 5783): updateProximitySensorMode: state = IDLE
I/PCKeyboard( 5797): onConfigurationChanged()
V/Keyboard( 5797): keyboard's display metrics:DisplayMetrics{density=3.0, width=1920, height=1080, scaledDensity=2.6999998, xdpi=480.0, ydpi=480.0}, mDisplayWidth=1920
D/PhoneGlobals( 5783): updateProximitySensorMode: mBeginningCall = false
D/PhoneGlobals( 5783): updateProximitySensorMode: screenOnImmediately = false
D/PhoneGlobals( 5783): updateProximitySensorMode: isRingingWhenActive = false
D/PhoneGlobals( 5783): updateProximitySensorMode: lock already released.
I/SurfaceTextureClient( 133): [STC::queueBuffer] (this:0x42ee4978) fps:0.72, dur:8334.65, max:8028.24, min:16.61
I/SurfaceTextureClient( 133): [STC::queueBuffer] this:0x42ee4978, api:1, last queue time elapsed:8028.24
I/BufferQueue( 133): [FramebufferSurface](this:0x42ee7008,api:1) [release] fps:0.72, dur:8334.68, max:8028.31, min:16.61
I/BufferQueue( 133): [FramebufferSurface](this:0x42ee7008,api:1) [queue] fps:0.72, dur:8334.68, max:8028.34, min:16.61
I/BufferQueue( 133): [Starting org.opencv.samples.NativeActivity](this:0x432441b8,api:2) setDefaultBufferSize: w=1920, h=1080
I/BufferQueue( 133): [StatusBar](this:0x43515e58,api:1) setDefaultBufferSize: w=1920, h=75
I/BufferQueue( 133): [StrictModeFlash](this:0x43247fb0,api:2) setDefaultBufferSize: w=1920, h=1080
I/SurfaceFlinger( 133): [virtual void android::LayerScreenshot::setGeometry(const android::sp&, android::HWComposer::HWCLayerInterface&)] add:478, count:1
I/SurfaceFlinger( 133): [static bool android::LayerScreenshot::isFrozen()] LayerScreenshot top:478 (orient:0, alpha:255)
D/SurfaceFlinger( 133): Freeze screen...
I/SurfaceFlinger( 133): [SurfaceFlinger] fps:7.756742,dur:1031.36,max:565.96,min:17.00
I/hwcomposer_v1.0( 133): [HWC] Pending External Display orientation...
I/WindowManager( 5535): Losing focus: Window{4291a770 u0 com.android.launcher/com.android.launcher2.Launcher}
V/ActivityManager( 5535): ACT-Launching: ActivityRecord{425bbd48 u0 org.opencv.samples.NativeActivity/.CvNativeActivity}
I/SurfaceFlinger( 133): [static bool android::LayerScreenshot::isFrozen()] LayerScreenshot top:478 (orient:0, alpha:255)
D/SurfaceFlinger( 133): Freeze screen...
I/hwcomposer_v1.0( 133): [HWC] Pending External Display orientation...
D/skia ( 5797): Flag is not 10
D/KeyguardUpdateMonitor( 5535): received broadcast android.intent.action.CONFIGURATION_CHANGED
D/NetworkPolicy( 5535): onRecv: MSG_FOREGROUND_ACTIVITIES_CHANGED pid:uid:act=12335:10134:true
V/NetworkStats( 5535): setKernelCounterSet uid=10134 set=1
D/ConnectivityService( 5535): onUidRulesChanged(uid=10134, uidRules=0)
D/skia ( 5797): Flag is not 10
D/skia ( 5797): Flag is not 10
D/ExtensionManager( 5783): PhoneGlobalsBroadcastReceiverExtension()
D/PhonePluginExtensionContainer( 5783): getPhoneGlobalsBroadcastReceiverExtension() D/PhoneGlobalsBroadcastReceiverExtensionContainer( 5783): onReceive(), sub extension list is null, just return
D/PhoneGlobals( 5783): PhoneGlobalsBroadcastReceiver -----action=android.intent.action.CONFIGURATION_CHANGED
D/skia ( 5797): Flag is not 10
V/ActivityManager( 5535): Broadcast sticky: Intent { act=android.provider.Telephony.SPN_STRINGS_UPDATED flg=0x10 (has extras) } ordered=false userid=0
D/ExtensionManager( 5783): PhoneGlobalsBroadcastReceiverExtension()
D/PhonePluginExtensionContainer( 5783): getPhoneGlobalsBroadcastReceiverExtension() D/PhoneGlobalsBroadcastReceiverExtensionContainer( 5783): onReceive(), sub extension list is null, just return
D/PhoneGlobals( 5783): PhoneGlobalsBroadcastReceiver -----action=android.provider.Telephony.SPN_STRINGS_UPDATED
D/PhoneGlobals( 5783): [SPN_STRINGS_UPDATED_ACTION]index = 1
D/PhoneGlobals( 5783): [SPN_STRINGS_UPDATED_ACTION]plmn = No service
D/KeyguardUpdateMonitor( 5535): received broadcast android.provider.Telephony.SPN_STRINGS_UPDATED
D/KeyguardUpdateMonitor( 5535): EXTRA_SHOW_PLMN = TRUE
I/SurfaceFlinger( 133): [virtual void android::LayerScreenshot::setGeometry(const android::sp&, android::HWComposer::HWCLayerInterface&)] add:478, count:1
I/SurfaceFlinger( 133): [static bool android::LayerScreenshot::isFrozen()] LayerScreenshot top:478 (orient:0, alpha:255)
D/SurfaceFlinger( 133): Freeze screen...
D/KeyguardUpdateMonitor( 5535): SPN_STRINGS_UPDATED_ACTION, update sim2, plmn=No service, spn=null
D/KeyguardUpdateMonitor( 5535): handleCarrierInfoUpdate: plmn = null, spn = Beeline
I/hwcomposer_v1.0( 133): [HWC] Pending External Display orientation...
D/dalvikvm(12335): open_cached_dex_file : /data/app/org.opencv.samples.NativeActivity-1.apk /data/dalvik-cache/data@app@org.opencv.samples.NativeActivity-1.apk@classes.dex
I/BufferQueue( 133): [PieTriggerBOTTOM](this:0x4323ead8,api:2) setDefaultBufferSize: w=1536, h=15
I/SurfaceFlinger( 133): [virtual void android::LayerScreenshot::setGeometry(const android::sp&, android::HWComposer::HWCLayerInterface&)] add:478, count:1
I/SurfaceFlinger( 133): [static bool android::LayerScreenshot::isFrozen()] LayerScreenshot top:478 (orient:0, alpha:255)
D/SurfaceFlinger( 133): Freeze screen...
I/hwcomposer_v1.0( 133): [HWC] Pending External Display orientation...
I/BufferQueue( 133): [PieTriggerBOTTOM](this:0x4323ead8,api:2) new GraphicBuffer needed
D/BufferQueue( 133): [OLD] gb=0x43239d78, handle=0x43239e00, w=864, h=15, f=1
I/GraphicBuffer( 133): allocate buffer (w:1536 h:15 f:1) err(0)
I/BufferQueue( 133): [NEW] gb=0x4323ca58, handle=0x432541c0, w=1536, h=15, s=1536, fmt=1
I/SurfaceTextureClient( 5719): [STC::queueBuffer] (this:0x5ef66d60) fps:0.12, dur:8422.61, max:8422.61, min:8422.61
I/SurfaceTextureClient( 5719): [STC::queueBuffer] this:0x5ef66d60, api:2, last queue time elapsed:8422.61
I/BufferQueue( 133): [PieTriggerBOTTOM](this:0x4323ead8,api:2) [queue] fps:0.12, dur:8422.83, max:8422.83, min:8422.83
V/WallpaperService( 5719): Visibility change in com.android.systemui.ImageWallpaper$DrawableEngine@423458f8: 0
V/WallpaperService( 5719): onVisibilityChanged(false): com.android.systemui.ImageWallpaper$DrawableEngine@423458f8
W/skia ( 5719): enter Skia Jpeg try_path 1, L:1001!!
D/JpgDecPipe( 5719): JpgDecPipe::JpgDecPipe
W/JpgDecPipe( 5719): ::[setScalerType] set fScaleType 2->3, L:296!!
W/JpgDecPipe( 5719): ::[LOCK] lock, islock 0!!
D/JpgDecComp( 5719): JpgDecComp::JpgDecComp
D/JpgDecComp( 5719): lock!!
D/ImgScaler( 5719): ImgCdpPipe::ImgCdpPipe
W/mHalJpgDec( 5719): mHalJpgDec:: parser lock success,fg(0),SWS 0x25800, L:175!!
W/mHalJpgParser( 5719): enter Driver parse !!!
D/JpegDecDriver( 5719): ::[PARAM] sFmt 111111, dfmt 211111, conv 1, L:730!!
D/JpegDecDriver( 5719): ::[FileInfo] prog 0, Fmt 2->211111, comp 3, w h 2160 1920 ,pad 2160 1920, 2160 1920, 2160 1920, L:1160!!
D/JpgDecComp( 5719): COMP_PARSE sfmt 2, Outfmt 2, w 2160, h 1920, row 240, vSample 1 1!!
W/JpgDecPipe( 5719): ::[LOCKR] lock scaler type is 3!!
D/ResMgrDrv( 5719): [Init]First user(0)
D/ResMgrDrv( 5719): [GetMode]ScenSw(0),ScenHw(0),Dev(0)
D/PipeMgrDrv( 5719): [Init]First user(0)
D/ResMgrDrv( 5719): [GetMode]ScenSw(0),ScenHw(0),Dev(0)
D/dalvikvm( 5797): GC_CONCURRENT freed 2050K (8562), 25% free 10140K/13384K, paused 1ms+3ms, total 50ms
D/ImgScaler( 5719): TileRun: Lock PipeMgr Cnt 0, L:1015!!
D/PipeMgrDrv( 5719): [Lock]OK,PipeMask(0x00000010),Timeount(0)
I/iio/ifunc( 5719): [createInstance] eScenarioID: 1.
I/iio/ifunc( 5719): [getInstance] eScenarioID: 1.
I/iio/cdp ( 5719): [init] :E. meScenarioID: 1.
I/iio/ifunc( 5719): [init] mInitCount(0) m_fgIsGdmaMode: 0.
I/Drv/IMem( 5719): Drv/IMem[getInstance] singleton[0x404e06a8],getpid[0x00001657],gettid[0x00001657]
I/Drv/IMem( 5719): Drv/IMem[init] open ion id(95).
I/IspDrv ( 5719): {IspDrv} [createInstance] fgIsGdmaMode: 0.
I/iio/ifunc( 5719): [init] [m_pIspDrv]:0x404dfccc
I/IspDrv ( 5719): {IspDrv} [init] - E. mInitCount(0). m_fgIsGdmaMode: 0.
I/IspDrv ( 5719): {IspDrv} [ProfilingPrint] [Event_IspDrv_Init] mpIspDrvRegMap malloc:(0-th) ===> [start-->now: 0.064000 ms]
I/IspDrv ( 5719): {IspDrv} [ProfilingPrint] [Event_IspDrv_Init] 1st open(ISP_DRV_DEV_NAME, O_RDWR):(1-th) ===> [start-->now: 0.123000 ms] [last-->now: 0.059000 ms]
W/IspDrv ( 5719): {IspDrv} [init] WARNING: ISP kernel open 1st attempt fail, errno(13):Permission denied.
I/IspDrv ( 5719): {IspDrv} [ProfilingPrint] [Event_IspDrv_Init] 2nd open(ISP_DRV_DEV_NAME, O_RDONLY):(2-th) ===> [start-->now: 0.213000 ms] [last-->now: 0.090000 ms]
I/IspDrv ( 5719): {IspDrv} [ProfilingPrint] [Event_IspDrv_Init] mpIspDrvRegMap malloc():(3-th) ===> [start-->now: 0.229000 ms] [last-->now: 0.016000 ms]
I/IspDrv ( 5719): {IspDrv} [reset] ISP SW RESET[0x00000060]
I/IspDrv ( 5719): {IspDrv} [init] ISP Global Count: 1.
I/IspDrv ( 5719): {IspDrv} [ProfilingPrint] [Event_IspDrv_Init] kRefCntCtrl and ISP reset():(4-th) ===> [start-->now: 0.438000 ms] [last-->now: 0.209000 ms]
I/Drv/IMem( 5719): Drv/IMem[getInstance] singleton[0x404e06a8],getpid[0x00001657],gettid[0x00001657]
I/IspDrv ( 5719): {IspDrv} [ProfilingPrint] [Event_IspDrv_Init] IMemDrv::createInstance():(5-th) ===> [start-->now: 0.464000 ms] [last-->now: 0.026000 ms]
I/IspDrv ( 5719): {IspDrv} [ProfilingPrint] [Event_IspDrv_Init] m_pIMemDrv->init():(6-th) ===> [start-->now: 0.512000 ms] [last-->now: 0.048000 ms]
I/IspDrv ( 5719): {IspDrv} [init] m_ispVirRegBufInfo.size: 794628.
I/IspDrv ( 5719): {IspDrv} [ProfilingPrint] [Event_IspDrv_Init] m_pIMemDrv->allocVirtBuf(m_ispVirRegBufInfo):(7-th) ===> [start-->now: 1.856000 ms] [last-->now: 1.344000 ms]
I/Drv/IMem( 5719): Drv/IMem[mapPhyAddr] mID(0x61),size(0xc2004),VA(x6000c000),PA(0x1c80000),S/C(0/0)
I/IspDrv ( 5719): {IspDrv} [ProfilingPrint] [Event_IspDrv_Init] m_pIMemDrv->mapPhyAddr():(8-th) ===> [start-->now: 2.257000 ms] [last-->now: 0.401000 ms]
I/IspDrv ( 5719): {IspDrv} [ProfilingPrint] [Event_IspDrv_Init] memset(mpIspVirRegBuffer):(9-th) ===> [start-->now: 4.193000 ms] [last-->now: 1.936000 ms]
I/IspDrv ( 5719): {IspDrv} [ProfilingPrint] [Event_IspDrv_Init] m_pIMemDrv->allocVirtBuf(m_ispCQDescBufInfo):(10-th) ===> [start-->now: 5.112000 ms] [last-->now: 0.919000 ms]
I/Drv/IMem( 5719): Drv/IMem[mapPhyAddr] mID(0x62),size(0xba8),VA(x5eee1000),PA(0x1d80000),S/C(0/0)
I/IspDrv ( 5719): {IspDrv} [ProfilingPrint] [Event_IspDrv_Init] m_pIMemDrv->mapPhyAddr(m_ispCQDescBufInfo):(11-th) ===> [start-->now: 5.435000 ms] [last-->now: 0.323000 ms]
I/IspDrv ( 5719): {IspDrv} [ProfilingPrint] [Event_IspDrv_Init] memcpy(mpIspCQDescriptorVirt[i]):(12-th) ===> [start-->now: 5.460000 ms] [last-->now: 0.025000 ms]
I/IspDrv ( 5719): {IspDrv} [ProfilingPrint] [Event_IspDrv_Init] memset(mpIspCQDescriptorVirt[CQ0C]):(13-th) ===> [start-->now: 5.473000 ms] [last-->now: 0.013000 ms]
I/IspDrv ( 5719): {IspDrv} [ProfilingPrint] [Event_IspDrv_Init] memset(tdriMgrInfoCq1):(14-th) ===> [start-->now: 5.483000 ms] [last-->now: 0.010000 ms]
I/IspDrv ( 5719): {IspDrv} [ProfilingPrint] [Event_IspDrv_Init] memset(tdriMgrInfoCq2):(15-th) ===> [start-->now: 5.494000 ms] [last-->now: 0.011000 ms]
I/IspDrv ( 5719): {IspDrv} [ProfilingPrint] [Event_IspDrv_Init] atomic_inc:(16-th) ===> [start-->now: 5.505000 ms] [last-->now: 0.011000 ms]
I/IspDrv ( 5719): {IspDrv} [init] - X. ret: 1. mInitCount: 1.
I/IspDrv ( 5719): {IspDrv} [ProfilingPrint] [Event_IspDrv_Init] Exit:(17-th) ===> [start-->now: 5.520000 ms] [last-->now: 0.015000 ms]
I/IspDrv ( 5719): {IspDrv} [getInstance] cq: 0. ispVirRegAddr: 0x6000c000.
I/IspDrv ( 5719): {IspDrv} [getInstance] cq: 1. ispVirRegAddr: 0x60024400.
I/IspDrv ( 5719): {IspDrv} [getInstance] cq: 2. ispVirRegAddr: 0x6003c800.
I/IspDrv ( 5719): {IspDrv} [getInstance] cq: 3. ispVirRegAddr: 0x60054c00.
I/IspDrv ( 5719): {IspDrv} [getInstance] cq: 4. ispVirRegAddr: 0x6006d000.
I/IspDrv ( 5719): {IspDrv} [getInstance] cq: 5. ispVirRegAddr: 0x60085400.
I/IspDrv ( 5719): {IspDrv} [getInstance] cq: 6. ispVirRegAddr: 0x6009d800.
I/IspDrv ( 5719): {IspDrv} [getInstance] cq: 7. ispVirRegAddr: 0x600b5c00.
I/CdpDrv ( 5719): {CdpDrv} [CreateInstance] fgIsGdmaMode: 0.
I/CdpDrv ( 5719): {CdpDrv} [GetInstance] fgIsGdmaMode: 0.
I/CdpDrv ( 5719): {CdpDrv} [Init] - E. mInitCount: 0. mSysramUsageCount: 0. m_fgIsGdmaMode: 0.
I/CdpDrv ( 5719): {CdpDrv} [Init] open camera-sysram kernel driver.
I/CdpDrv ( 5719): {CdpDrv} [ProfilingPrint] [Event_CdpDrv_Init] Open SYSRAM kernel drv:(0-th) ===> [start-->now: 0.056000 ms]
I/CdpDrv ( 5719): {CdpDrv} [AllocateRotationBuf] - E. mSysramUsageCount: 0.
I/CdpDrv ( 5719): {CdpDrv} [AllocateRotationBuf] Allocated success. SYSRAM base addr: 0x12000000.
I/CdpDrv ( 5719): {CdpDrv} [AllocateRotationBuf] - X. ret: 1. mSysramUsageCount: 1.
I/CdpDrv ( 5719): {CdpDrv} [ProfilingPrint] [Event_CdpDrv_Init] AllocateRotationBuf:(1-th) ===> [start-->now: 0.271000 ms] [last-->now: 0.215000 ms]
I/CdpDrv ( 5719): {CdpDrv} [ProfilingPrint] [Event_CdpDrv_Init] atomic_inc:(2-th) ===> [start-->now: 0.284000 ms] [last-->now: 0.013000 ms]
I/CdpDrv ( 5719): {CdpDrv} [Init] - X. Result: 1. mInitCount: 1. mFdSysram: 99. mSysramUsageCount: 1.
I/CdpDrv ( 5719): {CdpDrv} [ProfilingPrint] [Event_CdpDrv_Init] Exit:(3-th) ===> [start-->now: 0.300000 ms] [last-->now: 0.016000 ms]
I/TpipeDrv( 5719): {TpipeDrv} [init] mInitCount(0)
I/Drv/IMem( 5719): Drv/IMem[getInstance] singleton[0x404e06a8],getpid[0x00001657],gettid[0x00001657]
I/TpipeDrv( 5719): {TpipeDrv} [init] X
I/iio/ifunc( 5719): [init] [m_pIspEventThread]:0x40a45320
I/iio/ifunc( 5719): [init] X
I/IspDrv ( 5719): {IspDrv} [GlobalPipeCountInc] - E.
I/IspDrv ( 5719): {IspDrv} [GlobalPipeCountInc] - X. Result: 1. count: 1.
D/ResMgrDrv( 5719): [Init]More user(1)
I/Drv/IMem( 5719): Drv/IMem[mapPhyAddr] mID(0x6c),size(0x9000),VA(x5ef38000),PA(0x1dc0000),S/C(0/0)
I/iio/cdp ( 5719): [init] X
I/iio/cdpb( 5719): [init] - mu4InitRefCount(1), ret(1)
D/ImgScaler( 5719): ::onHWScalerCreate, reset_ISP, L:862!!
I/iio/cdp ( 5719): [sendCommand] EPIPECmd_ISP_RESET
I/IspDrv ( 5719): {IspDrv} [reset] ISP SW RESET[0x00000060]
I/iio/path( 5719): [flushCqDescriptor] cq(0)
W/mHalJpgDec( 5719): mHalJpgDec:: getInfo L:193!!
D/skia ( 5719): The file input width: 2160, height: 1920, output width: 2160, height: 1920, format: 6, prefer size: 0, dither: 0
I/OCVSample::Activity(12335): Instantiated new class org.opencv.samples.NativeActivity.CvNativeActivity
D/dalvikvm( 5797): WAIT_FOR_CONCURRENT_GC blocked 54ms
D/skia ( 5797): Flag is not 10
D/skia ( 5797): Flag is not 10
D/skia ( 5797): Flag is not 10
D/skia ( 5797): Flag is not 10
I/SurfaceTexture( 133): [PieTriggerBOTTOM](this:0x4323d890,api:2) [void* android::SurfaceTexture::createImage(EGLDisplay, const android::sp&)]
D/SurfaceTexture( 133): GraphicBuffer: gb=0x4323ca58 handle=0x432541c0
D/SurfaceTexture( 133): EGLImage: dpy=0x1, img=0x4324ada8
I/BufferQueue( 133): [PieTriggerBOTTOM](this:0x4323ead8,api:2) [release] fps:0.12, dur:8444.13, max:8444.13, min:8444.13
I/SurfaceFlinger( 133): [virtual void android::LayerScreenshot::setGeometry(const android::sp&, android::HWComposer::HWCLayerInterface&)] add:478, count:1
I/SurfaceFlinger( 133): [static bool android::LayerScreenshot::isFrozen()] LayerScreenshot top:478 (orient:0, alpha:255)
D/SurfaceFlinger( 133): Freeze screen...
I/hwcomposer_v1.0( 133): [HWC] Pending External Display orientation...
I/SurfaceFlinger( 133): [virtual void android::LayerScreenshot::setGeometry(const android::sp&, android::HWComposer::HWCLayerInterface&)] add:478, count:1
I/SurfaceFlinger( 133): [static bool android::LayerScreenshot::isFrozen()] LayerScreenshot top:478 (orient:0, alpha:255)
D/SurfaceFlinger( 133): Freeze screen...
D/skia ( 5797): Flag is not 10
I/hwcomposer_v1.0( 133): [HWC] Pending External Display orientation...
D/skia ( 5797): Flag is not 10
I/OpenCVEngine/Service( 9993): Service starting
I/OpenCVEngine/Service( 9993): Engine binder component creating
D/OpenCVEngine/JNI( 9993): Java_org_opencv_engine_BinderConnector_Init
I/OpenCVEngine/JNI( 9993): Creating new component
I/OpenCVEngine/JNI( 9993): New component created successfully
I/OpenCVEngine/Service( 9993): Service started successfully
I/OpenCVEngine/Service( 9993): Service onBind called for intent Intent { act=org.opencv.engine.BIND }
D/skia ( 5797): Flag is not 10
D/skia ( 5797): Flag is not 10
D/skia ( 5797): Flag is not 10
