I/MtkCam/MtkCamUtils( 5296): {CamProfile}[DisplayClient::enquePrvOps] mpStreamOps->enqueue_buffer, Timestamp(4044462470000): (3-th) ===> ( overtime > 10 ms) [start-->now: 13682 ms] [last-->now: 13682 ms]
D/CameraClient( 5296): disconnect E (pid 5296)
D/CameraClient( 5296): hardware teardown
E/MtkCam/DisplayClient( 5296): (12212)[enquePrvOps] mpStreamOps->enqueue_buffer failed: status[Broken pipe(32)], rpImgBuf(0x44070210,0x44777000) (enquePrvOps){#356:mediatek/hardware/camera/client/DisplayClient/DisplayClient.Stream.cpp}
D/MtkCam/DisplayClient( 5296): (12212)[handleReturnBuffers] -
D/MtkCam/PrvCB( 5296): (11554)[updateMsg] + current mIsMsgEnabled=1
W/MtkCam/DisplayClient( 5296): (12212)[dequePrvOps] dequeue_buffer failed with phBuffer=0x0: status[Broken pipe(32)], mStreamBufList.size()(2)
W/MtkCam/DisplayClient( 5296): (12212)[prepareAllTodoBuffers] mStreamBufList.size(2) < mi4MaxImgBufCount(3)
D/MtkCam/DisplayClient( 5296): (12212)[waitAndHandleReturnBuffers] +
W/MtkCam/DisplayClient( 5296): (12212)[handleReturnBuffers] (2) display frame count > 1 --> select 1 to display
D/MtkCam/DisplayClient( 5296): (12212)[handleReturnBuffers] + (180) 34ms < Duration(13682)
W/MtkCam/DisplayClient( 5296): (12212)[handleReturnBuffers] Drop display frame:0(1) [fdIon(90) 0x44f82000/460800 4044552532000]
D/MtkCam/DisplayClient( 5296): (12212)[handleReturnBuffers] Show display frame:1(1) [fdIon(92) 0x44ff3000/460800 4044642592000]
D/MtkCam/DisplayClient( 5296): [DisplayClient::enquePrvOps] fps: 0.138595 = 2 / 14430541155 ns
I/SurfaceTextureClient( 5296): [STC::queueBuffer] (this:0x42a39578) fps:0.07, dur:13682.89, max:13682.89, min:13682.89
W/SurfaceTextureClient( 5296): [STC::queueBuffer(Camera)] this:0x42a39578, api:4, abnormal interval:13682.89
E/SurfaceTextureClient( 5296): queueBuffer: error queuing buffer to SurfaceTexture, -32
E/MtkCam/DisplayClient( 5296): (12212)[enquePrvOps] mpStreamOps->enqueue_buffer failed: status[Broken pipe(32)], rpImgBuf(0x44070570,0x44ff3000) (enquePrvOps){#356:mediatek/hardware/camera/client/DisplayClient/DisplayClient.Stream.cpp}
D/MtkCam/DisplayClient( 5296): (12212)[handleReturnBuffers] -
W/MtkCam/DisplayClient( 5296): (12212)[dequePrvOps] dequeue_buffer failed with phBuffer=0x0: status[Broken pipe(32)], mStreamBufList.size()(0)
W/MtkCam/DisplayClient( 5296): (12212)[prepareAllTodoBuffers] mStreamBufList.size(0) < mi4MaxImgBufCount(3)
D/MtkCam/DisplayClient( 5296): (12212)[waitAndHandleReturnBuffers] +
D/IPCThreadState( 5535): [DN #5] BR_DEAD_BINDER cookie 0x62bfbec8
V/ActivityManager( 5535): Death received in com.android.server.am.ActivityManagerService$AppDeathRecipient@42b98478 for thread android.os.BinderProxy@429971e8
D/AEE/AED (12215): put_in_archive: Archive file /sdcard/mtklog/aee_exp/temp/db.E12215/PROCESS_FILE_STATE, size 6390
D/IPCThreadState( 5535): [DN #5] BR_DEAD_BINDER cookie 0x63221108
D/IPCThreadState( 5535): [DN #5] BR_DEAD_BINDER cookie 0x5d1cb0a0
D/IPCThreadState( 5535): [DN #5] BR_CLEAR_DEATH_NOTIFICATION_DONE cookie 0x62bfbec8
D/MtkCam/MtkCamUtils( 5296): (PrvCB@ImgBufQue)[dequeProcessor] Empty Que
W/MtkCam/PrvCB( 5296): (12210)[waitAndHandleReturnBuffers] vQueNode.empty()
I/MtkCam/PrvCB( 5296): (12210)[onClientThreadLoop] Preview client disabled
D/MtkCam/PrvCB( 5296): (12210)[cancelAllUnreturnBuffers] +
D/IPCThreadState( 5535): [DN #5] BR_CLEAR_DEATH_NOTIFICATION_DONE cookie 0x63221108
D/IPCThreadState( 5535): [DN #5] BR_CLEAR_DEATH_NOTIFICATION_DONE cookie 0x5d1cb0a0
D/MtkCam/PrvCB( 5296): (12210)[cancelAllUnreturnBuffers] mImgBufList.size(3)
D/MtkCam/PrvCB( 5296): (12210)[cancelAllUnreturnBuffers] -
D/IPCThreadState( 5535): [DN #5] BR_DEAD_BINDER cookie 0x62c2f7e8
D/IPCThreadState( 5535): [DN #5] BR_DEAD_BINDER cookie 0x66050580
D/MtkCam/PrvCB( 5296): (12210)[threadLoop] -
I/MtkCam/CamDevice( 5296): (11554)(Default:0)[CamDevice::stopPreview] +
D/IPCThreadState( 5535): [DN #5] BR_DEAD_BINDER cookie 0x5bae2510
W/MtkCam/CamAdapter( 5296): (11554)[isState] current/waited=StatePreview/StateRecording
W/MtkCam/CamAdapter( 5296): (11554)[isState] current/waited=StatePreview/StateVideoSnapshot
D/MtkCam/CamAdapter( 5296): (11554)(StatePreview)[onStopPreview] +
D/MtkCam/CamAdapter( 5296): (11554)(Default)[onHandleStopPreview] +
I/WindowState( 5535): WIN DEATH: Window{42e0ebf0 u0 org.opencv.samples.NativeActivity/org.opencv.samples.NativeActivity.CvNativeActivity}
D/MtkCam/ParamsManager( 5296): [getRecordingHint] No KEY_RECORDING_HINT
W/InputDispatcher( 5535): Attempted to unregister already unregistered input channel '42e0ebf0 org.opencv.samples.NativeActivity/org.opencv.samples.NativeActivity.CvNativeActivity (server)'
D/MtkCam/PrvCQT( 5296): (11554)[postCommand] +
D/MtkCam/PrvCQT( 5296): (11554)[postCommand] + tid(11554), que size(0)
D/MtkCam/PrvCQT( 5296): (11554)[postCommand] - new command added(4): tid(11554), que size(1)
I/SurfaceFlinger( 133): EventThread Client Pid (12169) disconnected by (133)
D/AEE/AED (12215): put_in_archive: Archive file /sdcard/mtklog/aee_exp/temp/db.E12215/PROCESS_STATE, size 764
I/Drv/IMem( 5296): Drv/IMem[freeM4UMemory] [StdM4U]VA(0x44f11000)/PA(0x2e00000)/size(0x70800)/mID(0xffffffff)
D/MtkCam/VSSScen( 5296): [deque] P2VIDO:Id(-1),VA(0x44F11000),PA(0x02E00000),S(460800),T(0.000000)
I/iio/ifunc( 5296): [_disable] P2 start(0x0)
I/MtkCam/MtkCamUtils( 5296): {CamProfile}[::updateOne] : (0-th) ===> [start-->now: 90 ms]
D/MtkCam/PrvCQT( 5296): (12213)[update] frameCnt(152)
D/MtkCam/PrvCQT( 5296): (12213)[threadLoop] -
D/MtkCam/PrvCQT( 5296): (12213)[threadLoop] +
D/MtkCam/PrvCQT( 5296): (12213)[getCommand] +
D/MtkCam/PrvCQT( 5296): (12213)[getCommand] + tid(12213), que size(1)
D/MtkCam/PrvCQT( 5296): (12213)[getCommand] Command: 4
D/MtkCam/PrvCQT( 5296): (12213)[getCommand] - tid(12213), que size(0), ret(1)
D/MtkCam/PrvCQT( 5296): (12213)[getCommand] -
D/MtkCam/PrvCQT( 5296): (12213)[stop] +
D/aaa_hal/3Athread( 5296): cmd size(7), clear(10),
D/aaa_hal/3Athread( 5296): cmd size(6), clear(10),
D/aaa_hal/3Athread( 5296): cmd size(5), clear(10),
D/aaa_hal/3Athread( 5296): cmd size(4), clear(10),
D/aaa_hal/3Athread( 5296): cmd size(3), clear(10),
D/aaa_hal/3Athread( 5296): cmd size(2), clear(10),
D/aaa_hal/3Athread( 5296): cmd size(1), clear(10),
D/aaa_hal/3Athread( 5296): mCmdQ size(0) + cmd(1)
D/AEE/AED (12215): put_in_archive: Archive file /sdcard/mtklog/aee_exp/temp/db.E12215/PROCESS_OOM_SCORE, size 3
D/IPCThreadState( 5535): [DN #5] BR_CLEAR_DEATH_NOTIFICATION_DONE cookie 0x66050580
D/IPCThreadState( 5535): [DN #5] BR_CLEAR_DEATH_NOTIFICATION_DONE cookie 0x62c2f7e8
I/WindowState( 5535): WIN DEATH: Window{428764e8 u0 org.opencv.samples.NativeActivity/android.app.NativeActivity}
D/AEE/AED (12215): put_in_archive: Archive file /sdcard/mtklog/aee_exp/temp/db.E12215/PROCESS_OOM_ADJ, size 2
D/IPCThreadState( 5535): [DN #5] BR_CLEAR_DEATH_NOTIFICATION_DONE cookie 0x5bae2510
I/BufferQueue( 133): [org.opencv.samples.NativeActivity/android.app.NativeActivity](this:0x432540f8,api:0) consumerDisconnect
D/AEE/AED (12215): put_in_archive: Archive file /sdcard/mtklog/aee_exp/temp/db.E12215/PROCESS_CMDLINE, size 76
I/BufferQueue( 133): [org.opencv.samples.NativeActivity/android.app.NativeActivity](this:0x432540f8,api:0) ~BufferQueue
D/AEE/AED (12215): put_in_archive: Archive file /sdcard/mtklog/aee_exp/temp/db.E12215/PROCESS_ENVIRONMENT, size 955
D/AEE/AED (12215): put_in_archive: Archive file /sdcard/mtklog/aee_exp/temp/db.E12215/PROCESS_SCHED, size 2379
D/AEE/AED (12215): put_in_archive: Archive file /sdcard/mtklog/aee_exp/temp/db.E12215/PROCESS_SHOWMAP, size 0
D/AEE/AED (12215): put_in_archive: Archive file /sdcard/mtklog/aee_exp/temp/db.E12215/PROCESS_MAPS, size 58509
D/AEE/AED (12215): put_in_archive: Archive file /sdcard/mtklog/aee_exp/temp/db.E12215/THREAD_STATE, size 764
D/Zygote ( 5299): Process 12169 terminated by signal (11)
I/Zygote ( 5299): Process 12169 dumped core
D/AEE/AED (12215): put_in_archive: Archive file /sdcard/mtklog/aee_exp/temp/db.E12215/THREAD_SCHED, size 2379
D/awb_algo( 5296): [PV AWB Gain] Rgain = 760, Ggain = 512, Bgain = 840
D/awb_algo( 5296): CCT = 5062
D/isp_tuning_custom( 5296): evaluate_PCA_LUT_index()
D/isp_tuning_custom( 5296): [+evaluate_PCA_LUT_index](rCamInfo.eIdx_PCA_LUT, rCamInfo.rAWBInfo.i4CCT, rCamInfo.rAWBInfo.i4FluorescentIndex)=(1, 5062, 100)
D/AeAlgo ( 5296): u4Ratio:51 CWvalue:24 CWR:47 Delta:7 Con:0x00000005 Y:27 Index:114 m_bAEOneShot:0 Stable:1
D/AeAlgo ( 5296): The AE index is at the boundary Idx:114 DeIdx:56 Max:114 Min:0
D/ImgSensorDrv( 5296): [getInstance][ImgSensorDrv] getInstance
D/SensorHal( 5296): [sendCommand] Exposure Time: 89998
D/ImgSensorDrv( 5296): [getInstance][ImgSensorDrv] getInstance
D/ae_mgr ( 5296): [doPvAE] State:0 Shutter:89998 Sensor gain:6656 Isp gain:1024 frame rate:111 flare:520 64 ISO:455 SmoothGain:0
D/isp_tuning_custom( 5296): map_ISO_value_to_index()
D/FLICKER ( 5296): [FLK Hal] FFLK func=sendCommand line=837 cmd=5
D/FLICKER ( 5296): [FLK Hal] FFLK func=enableFlickerDetection line=1090
D/aaa_hal/3Athread( 5296): rCmd(10)-
D/aaa_hal/3Athread( 5296): CmdQ-size(1), todo(1)
D/aaa_hal/3Athread( 5296): rCmd(1)+
D/FLICKER ( 5296): [FLK Hal] FFLK func=sendCommand line=837 cmd=8
D/FLICKER ( 5296): [FLK Hal] FFLK func=uninitThread line=501
D/FLICKER ( 5296): [FLK Hal] uninit Thread
D/FLICKER ( 5296): [FLK Hal] FFLK func=uninit line=523
D/FLICKER ( 5296): [FLK Hal] uninit - mUsers: 1
D/ispdrv_mgr( 5296): [uninit()] - E. m_Users: 3
D/FLICKER ( 5296): [FLK Hal] FFLK func=enableFlickerDetection line=1090
D/ispdrv_mgr( 5296): Still 2 users
D/EISHal ( 5296): [destroyInstance]AutoFliker
D/aaa_sensor_mgr( 5296): [int NS3A::AAASensorMgr::uninit()()] - E. m_Users: 1
D/EISHal ( 5296): [uninit]mUsers(2)
D/SensorHal( 5296): [deleteImp][deleteImp]: 4
D/EISHal ( 5296): [uninit]Still 1 users
D/SensorHal( 5296): [deleteImp] Still users
D/EISHal ( 5296): [uninit]-
D/AeAlgo ( 5296): AeAlgo destroyInstance
D/ispdrv_mgr( 5296): [uninit()] - E. m_Users: 2
D/ispdrv_mgr( 5296): Still 1 users
I/IspDrv ( 5296): {IspDrv} [uninit] - E. mInitCount(10)
I/TdriMgr ( 5296): [uninit] mInitCount(2)
D/af_mgr ( 5296): [uninit] m_Users: 0
I/IspDrv ( 5296): {IspDrv} [ProfilingPrint] [Event_IspDrv_Uninit] atomic_dec:(0-th) ===> [start-->now: 0.022000 ms]
I/IspDrv ( 5296): {IspDrv} [uninit] - X. ret: 1. mInitCount: 9.
D/LensDrv ( 5296): uninit() [m_userCnt]1 +
I/IspDrv ( 5296): {IspDrv} [ProfilingPrint] [Event_IspDrv_Uninit] Exit:(1-th) ===> [start-->now: 0.049000 ms] [last-->now: 0.027000 ms]
D/AEE/AED (12215): put_in_archive: Archive file /sdcard/mtklog/aee_exp/temp/db.E12215/SYS_ANDROID_LOG, size 592189
D/AEE/AED (12215): put_in_archive: Archive file /sdcard/mtklog/aee_exp/temp/db.E12215/SYS_ANDROID_EVENT_LOG, size 297576
D/LensDrv ( 5296): uninit() -
I/IspDrv ( 5296): {IspDrv} [uninit] - E. mInitCount(9)
I/IspDrv ( 5296): {IspDrv} [ProfilingPrint] [Event_IspDrv_Uninit] atomic_dec:(0-th) ===> [start-->now: 0.019000 ms]
I/IspDrv ( 5296): {IspDrv} [uninit] - X. ret: 1. mInitCount: 8.
I/IspDrv ( 5296): {IspDrv} [ProfilingPrint] [Event_IspDrv_Uninit] Exit:(1-th) ===> [start-->now: 0.053000 ms] [last-->now: 0.034000 ms]
D/FLICKER ( 5296): [FLK Hal] FFLK func=destroyInstance line=272
D/aaa_state( 5296): [StateCommon::transitState] StateCameraPreview --> StateInit
D/aaa_hal/3Athread( 5296): rCmd(1)-
D/MtkCam/VSSScen( 5296): [stop] +
D/AEE/AED (12215): put_in_archive: Archive file /sdcard/mtklog/aee_exp/temp/db.E12215/SYS_ANDROID_RADIO_LOG, size 313484
D/AEE/AED (12215): put_in_archive: Archive file /sdcard/mtklog/aee_exp/temp/db.E12215/SYS_EVENT_LOG_TAGS, size 13978
D/AEE/AED (12215): put_in_archive: Archive file /sdcard/mtklog/aee_exp/temp/db.E12215/SYS_MEMORY_INFO, size 1036
D/AEE/AED (12215): put_in_archive: Archive file /sdcard/mtklog/aee_exp/temp/db.E12215/SYS_PROC_SCHED_DEBUG, size 15813
D/AEE/AED (12215): put_in_archive: Archive file /sdcard/mtklog/aee_exp/temp/db.E12215/SYS_CPU_INFO, size 2407
D/AEE/AED (12215): put_in_archive: Archive file /sdcard/mtklog/aee_exp/temp/db.E12215/SYS_PROCRANK, size 0
D/AEE/AED (12215): put_in_archive: Archive file /sdcard/mtklog/aee_exp/temp/db.E12215/SCREEN.png, size 12491
D/AEE/AED (12215): put_in_archive: Archive file /sdcard/mtklog/aee_exp/temp/db.E12215/SYS_VIRTUAL_MEMORY_STATS, size 1603
D/AEE/AED (12215): put_in_archive: Archive file /sdcard/mtklog/aee_exp/temp/db.E12215/SYS_VMALLOC_INFO, size 29408
D/AEE/AED (12215): put_in_archive: Archive file /sdcard/mtklog/aee_exp/temp/db.E12215/SYS_ZONEINFO, size 2111
D/AEE/AED (12215): put_in_archive: Archive file /sdcard/mtklog/aee_exp/temp/db.E12215/SYS_BUDDY_INFO, size 200
D/AEE/AED (12215): put_in_archive: Archive file /sdcard/mtklog/aee_exp/temp/db.E12215/SYS_NETWORK_STATE, size 2941
D/AEE/AED (12215): put_in_archive: Archive file /sdcard/mtklog/aee_exp/temp/db.E12215/SYS_PROPERTIES, size 10495
I/iio/ifunc( 5296): [_disable] wait 1 VD till DMA stop tgStatus(0x1)
I/iio/ifunc( 5296): [_disable] - P1 stop VF(0x1000),TG_IN(0x9f9f0102),STX(0x0)
I/iio/ifunc( 5296): [_disable] rtBufCtrl.ctrl(5)/id(4)/ptr(0x44d85b84)
I/iio/ifunc( 5296): [_disable] rtBufCtrl.ctrl(5)/id(5)/ptr(0x44d85b84)
I/iio/ifunc( 5296): [_disable] P1 start(0x0)
D/MtkCam/VSSScen( 5296): [stop] -
D/MtkCam/VSSScen( 5296): [uninit] +
I/IspDrv ( 5296): {IspDrv} [GlobalPipeCountDec] - E.
I/IspDrv ( 5296): {IspDrv} [GlobalPipeCountDec] - X. Result: 1. count: 1.
I/iio/camio( 5296): [~CamIOPipe] :E
I/iio/camio( 5296): [~CamIOPipe] :X
I/iio/ppp ( 5296): [uninit] :E
I/Drv/IMem( 5296): Drv/IMem[freeVirtBuf] mID[0x54]/size[0x9000]/VA[0x44d86000]/PA[0x2200000]
I/Drv/IMem( 5296): Drv/IMem[freeVirtBuf] mID[0x5d]/size[0x200]/VA[0x4485c000]/PA[0x2200000]
I/IspDrv ( 5296): {IspDrv} [GlobalPipeCountDec] - E.
I/IspDrv ( 5296): {IspDrv} [GlobalPipeCountDec] - X. Result: 1. count: 0.
I/CdpDrv ( 5296): {CdpDrv} [Uninit] - E. mInitCount: 1. mSysramUsageCount: 1.
I/CdpDrv ( 5296): {CdpDrv} [ProfilingPrint] [Event_CdpDrv_Uninit] atomic_dec:(0-th) ===> [start-->now: 0.028000 ms]
I/CdpDrv ( 5296): {CdpDrv} [FreeRotationBuf] - E. mSysramUsageCount: 1.
I/CdpDrv ( 5296): {CdpDrv} [FreeRotationBuf] - X. ret: 1. mSysramUsageCount: 0.
I/CdpDrv ( 5296): {CdpDrv} [ProfilingPrint] [Event_CdpDrv_Uninit] FreeRotationBuf:(1-th) ===> [start-->now: 0.103000 ms] [last-->now: 0.075000 ms]
I/CdpDrv ( 5296): {CdpDrv} [ProfilingPrint] [Event_CdpDrv_Uninit] Close SYSRAM kernel drv:(2-th) ===> [start-->now: 0.157000 ms] [last-->now: 0.054000 ms]
I/CdpDrv ( 5296): {CdpDrv} [Uninit] - X. Result: 1. mInitCount: 0. mFdSysram: 80. mSysramUsageCount: 0.
I/CdpDrv ( 5296): {CdpDrv} [ProfilingPrint] [Event_CdpDrv_Uninit] Exit:(3-th) ===> [start-->now: 0.179000 ms] [last-->now: 0.022000 ms]
I/CdpDrv ( 5296): {CdpDrv} [DestroyInstance]
I/TpipeDrv( 5296): {TpipeDrv} [uninit] mInitCount(2)
I/TpipeDrv( 5296): {TpipeDrv} [uninit] X
I/IspDrv ( 5296): {IspDrv} [uninit] - E. mInitCount(8)
I/IspDrv ( 5296): {IspDrv} [ProfilingPrint] [Event_IspDrv_Uninit] atomic_dec:(0-th) ===> [start-->now: 0.009000 ms]
I/IspDrv ( 5296): {IspDrv} [uninit] - X. ret: 1. mInitCount: 7.
I/IspDrv ( 5296): {IspDrv} [ProfilingPrint] [Event_IspDrv_Uninit] Exit:(1-th) ===> [start-->now: 0.026000 ms] [last-->now: 0.017000 ms]
I/iio/ifunc( 5296): [uninit] mInitCount(0)
I/iio/ppp ( 5296): [uninit] :X
I/iio/pppb( 5296): [uninit] - mu4InitRefCount(0), ret(1)
D/MtkCam/VSSScen( 5296): [uninit] -
D/MtkCam/VSSScen( 5296): [~VSSScenario]
D/MtkCam/HwBuffhandler( 5296): (12213)[virtual void HwBuffProvider::removeBuf()] +
W/MtkCam/HwBuffhandler( 5296): (12213)[virtual void HwBuffProvider::removeBuf()] the number of to-be-de-allocated buffer is not enough: 0
D/MtkCam/HwBuffhandler( 5296): (12213)[virtual void HwBuffProvider::removeBuf()] clear Hwbuff with size: 0, 6
D/MtkCam/HwBuffhandler( 5296): (12213)[virtual void HwBuffer::destroyBuffer()] +
I/Drv/IMem( 5296): Drv/IMem[freeVirtBuf] mID[0x5e]/size[0x391160]/VA[0x450fe000]/PA[0x2240000]
D/MtkCam/HwBuffhandler( 5296): (12213)[virtual void HwBuffer::destroyBuffer()] -
D/MtkCam/HwBuffhandler( 5296): (12213)[virtual void HwBuffer::destroyBuffer()] +
I/Drv/IMem( 5296): Drv/IMem[freeVirtBuf] mID[0x5f]/size[0x391160]/VA[0x45490000]/PA[0x29c0000]
D/MtkCam/HwBuffhandler( 5296): (12213)[virtual void HwBuffer::destroyBuffer()] -
D/MtkCam/HwBuffhandler( 5296): (12213)[virtual void HwBuffer::destroyBuffer()] +
I/Drv/IMem( 5296): Drv/IMem[freeVirtBuf] mID[0x60]/size[0x391160]/VA[0x45822000]/PA[0x2f80000]
D/MtkCam/HwBuffhandler( 5296): (12213)[virtual void HwBuffer::destroyBuffer()] -
D/MtkCam/HwBuffhandler( 5296): (12213)[virtual void HwBuffer::destroyBuffer()] +
I/Drv/IMem( 5296): Drv/IMem[freeVirtBuf] mID[0x61]/size[0x391160]/VA[0x45bb4000]/PA[0x3340000]
D/AEE/AED (12215): put_in_archive: Archive file /sdcard/mtklog/aee_exp/temp/db.E12215/SYS_KERNEL_LOG, size 130744
D/MtkCam/HwBuffhandler( 5296): (12213)[virtual void HwBuffer::destroyBuffer()] -
D/MtkCam/HwBuffhandler( 5296): (12213)[virtual void HwBuffer::destroyBuffer()] +
I/Drv/IMem( 5296): Drv/IMem[freeVirtBuf] mID[0x62]/size[0x391160]/VA[0x45f46000]/PA[0x3700000]
D/MtkCam/HwBuffhandler( 5296): (12213)[virtual void HwBuffer::destroyBuffer()] -
D/MtkCam/HwBuffhandler( 5296): (12213)[virtual void HwBuffer::destroyBuffer()] +
I/Drv/IMem( 5296): Drv/IMem[freeVirtBuf] mID[0x63]/size[0x391160]/VA[0x462d8000]/PA[0x3ac0000]
D/MtkCam/HwBuffhandler( 5296): (12213)[virtual void HwBuffer::destroyBuffer()] -
D/MtkCam/HwBuffhandler( 5296): (12213)[virtual void HwBuffProvider::removeBuf()] -
D/SensorHal( 5296): [uninit][uninit]: 3
D/SensorHal( 5296): [uninit] Still users
D/SensorHal( 5296): [deleteImp][deleteImp]: 3
D/SensorHal( 5296): [deleteImp] Still users
D/EISHal ( 5296): [destroyInstance]mtkdefaultAdapter
D/EISHal ( 5296): [uninit]mUsers(1)
D/EISDrv ( 5296): [enableEIS]Enable(0x0)
D/EISDrv ( 5296): [uninit]mUsers(1)
D/EISDrv ( 5296): [resetRegister]+
D/EISDrv ( 5296): [resetRegister]-
D/EISDrv ( 5296): [destroyMemBuf]Cnt(1)
I/Drv/IMem( 5296): Drv/IMem[freeVirtBuf] mID[0x64]/size[0x1a0]/VA[0x4485d000]/PA[0x2600000]
D/EISDrv ( 5296): [destroyMemBuf]-
I/IspDrv ( 5296): {IspDrv} [uninit] - E. mInitCount(7)
I/IspDrv ( 5296): {IspDrv} [ProfilingPrint] [Event_IspDrv_Uninit] atomic_dec:(0-th) ===> [start-->now: 0.009000 ms]
I/IspDrv ( 5296): {IspDrv} [uninit] - X. ret: 1. mInitCount: 6.
I/IspDrv ( 5296): {IspDrv} [ProfilingPrint] [Event_IspDrv_Uninit] Exit:(1-th) ===> [start-->now: 0.033000 ms] [last-->now: 0.024000 ms]
D/EISDrv ( 5296): [uninit]X
D/EISHal ( 5296): [uninit]-
I/MtkCam/CamAdapter( 5296): (12213)[transitState] StatePreview --> StateIdle
D/MtkCam/PrvCQT( 5296): (12213)[stop] -
D/MtkCam/PrvCQT( 5296): (12213)[threadLoop] -
D/MtkCam/PrvCQT( 5296): (12213)[threadLoop] +
D/MtkCam/PrvCQT( 5296): (11554)[postCommand] -
D/MtkCam/PrvCQT( 5296): (12213)[getCommand] +
D/MtkCam/PrvCQT( 5296): (12213)[getCommand] + tid(12213), que size(0)
D/MtkCam/ResourceLock( 5296): (11554)[Unlock] Type(2)
D/MtkCam/ResourceLock( 5296): (11554)[GetPipeMgr] Type(2),Dst(0x00000003)
D/PipeMgrDrv( 5296): [Unlock]OK,PipeMask(0x00000003)
D/MtkCam/ResourceLock( 5296): (11554)[Unlock] Unlock OK
D/MtkCam/ResourceLock( 5296): (11554)[SetMode] Type(1)
D/MtkCam/ResourceLock( 5296): (11554)[GetResMgr] Type(1),ScenSw(1),ScenHw(0),Dev(0)
D/ResMgrDrv( 5296): [SetMode]ScenSw(1),ScenHw(0),Dev(0)
D/ResMgrDrv( 5296): [GetMode]ScenSw(2),ScenHw(6),Dev(0)
D/ResMgrDrv( 5296): [SetMode]OK
I/ ( 5296): [BWC INFO](11554): [bwc.mm._Profile] Get : 5
I/ ( 5296): [BWC INFO](11554): [bwc.mm._Profile] Set : 0
D/AEE/AED (12215): put_in_archive: Archive file /sdcard/mtklog/aee_exp/temp/db.E12215/SYS_KERNEL_CPUFREQ, size 66
I/ ( 5296): [BWC INFO](11554): [bwc.mm.SensorSize] Get : 1996 1496
I/ ( 5296): [BWC INFO](11554): [bwc.mm.VideoRecordSize] Get :
I/ ( 5296): [BWC INFO](11554): [bwc.mm.DisplaySize] Get :
I/ ( 5296): [BWC INFO](11554): [bwc.mm.TvOutSize] Get :
I/ ( 5296): [BWC INFO](11554): [bwc.mm.Fps] Get :
I/ ( 5296): [BWC INFO](11554): [bwc.mm.VideoEncodeCodec] Get :
I/ ( 5296): [BWC INFO](11554): [bwc.mm.VideoDecodeCodec] Get :
I/ ( 5296): [BWC INFO](11554): BWC_SETTING::DumpInfo-------
I/ ( 5296):
I/ ( 5296): [BWC INFO](11554): sensor_size = 1996 x 1496
I/ ( 5296): [BWC INFO](11554): vr_size = 0 x 0
I/ ( 5296): [BWC INFO](11554): disp_size = 0 x 0
I/ ( 5296): [BWC INFO](11554): tv_size = 0 x 0
I/ ( 5296): [BWC INFO](11554): fps = 0
I/ ( 5296): [BWC INFO](11554): venc_codec_type = 0
I/ ( 5296): [BWC INFO](11554): vdec_codec_type = 0
I/ ( 5296): [BWC INFO](11554): ----------------------------
I/ ( 5296):
I/ ( 5296): [BWC INFO](11554): BWCLIMIT_VR_1066 VR=840222720
I/ ( 5296): [BWC INFO](11554): BWCLIMIT_VR_1066 VT=933534720
I/ ( 5296): [BWC INFO](11554): BWCLIMIT_VT_1066 VR=402278400
I/ ( 5296): [BWC INFO](11554): BWCLIMIT_VT_1066 VT=487987200
I/ ( 5296): [BWC INFO](11554): Read DDR type string:LPDDR2
I/ ( 5296): [BWC INFO](11554): DDR Type = 0
I/ ( 5296): [BWC INFO](11554): smi_bw_ctrl_set: scen 0, reduce cmd 0
I/ ( 5296): [BWC INFO](11554): emi_bw_ctrl_set: CON_SCE_NORMAL OFF
I/ ( 5296): [BWC INFO](11554): ifc_set_throttle: -1 -1 (Normal)
D/NetUtils( 5296): enter ifc_set_throttle: ifname = ccmni0, rx = -1 kbs, tx = -1 kbs
D/NetUtils( 5296): ifc_netd_sock_init: connect to netd failed, err: 13(Permission denied)
D/NetUtils( 5296): ifc_netd_sock_close
I/ ( 5296): [BWC INFO](11554): Profile_Change:[BWCPT_CAMERA_PREVIEW]:OFF
I/ ( 5296): [BWC INFO](11554): [bwc.mm._Profile] Get : 0
I/ ( 5296): [BWC INFO](11554): [bwc.mm._Profile] Set : 0
I/ ( 5296): [BWC INFO](11554): [bwc.mm.SensorSize] Get : 1996 1496
I/ ( 5296): [BWC INFO](11554): [bwc.mm.VideoRecordSize] Get :
I/ ( 5296): [BWC INFO](11554): [bwc.mm.DisplaySize] Get :
I/ ( 5296): [BWC INFO](11554): [bwc.mm.TvOutSize] Get :
I/ ( 5296): [BWC INFO](11554): [bwc.mm.Fps] Get :
I/ ( 5296): [BWC INFO](11554): [bwc.mm.VideoEncodeCodec] Get :
I/ ( 5296): [BWC INFO](11554): [bwc.mm.VideoDecodeCodec] Get :
I/ ( 5296): [BWC INFO](11554): BWC_SETTING::DumpInfo-------
I/ ( 5296):
I/ ( 5296): [BWC INFO](11554): sensor_size = 1996 x 1496
I/ ( 5296): [BWC INFO](11554): vr_size = 0 x 0
I/ ( 5296): [BWC INFO](11554): disp_size = 0 x 0
I/ ( 5296): [BWC INFO](11554): tv_size = 0 x 0
I/ ( 5296): [BWC INFO](11554): fps = 0
I/ ( 5296): [BWC INFO](11554): venc_codec_type = 0
I/ ( 5296): [BWC INFO](11554): vdec_codec_type = 0
I/ ( 5296): [BWC INFO](11554): ----------------------------
I/ ( 5296):
I/ ( 5296): [BWC INFO](11554): BWCLIMIT_VR_1066 VR=840222720
I/ ( 5296): [BWC INFO](11554): BWCLIMIT_VR_1066 VT=933534720
I/ ( 5296): [BWC INFO](11554): BWCLIMIT_VT_1066 VR=402278400
I/ ( 5296): [BWC INFO](11554): BWCLIMIT_VT_1066 VT=487987200
I/ ( 5296): [BWC INFO](11554): Read DDR type string:LPDDR2
I/ ( 5296): [BWC INFO](11554): DDR Type = 0
I/ ( 5296): [BWC INFO](11554): smi_bw_ctrl_set: scen 0, reduce cmd 0
I/ ( 5296): [BWC INFO](11554): emi_bw_ctrl_set: CON_SCE_NORMAL OFF
I/ ( 5296): [BWC INFO](11554): ifc_set_throttle: -1 -1 (Normal)
D/NetUtils( 5296): enter ifc_set_throttle: ifname = ccmni0, rx = -1 kbs, tx = -1 kbs
D/NetUtils( 5296): ifc_netd_sock_init: connect to netd failed, err: 13(Permission denied)
D/NetUtils( 5296): ifc_netd_sock_close
I/ ( 5296): [BWC INFO](11554): Profile_Change:[BWCPT_CAMERA_PREVIEW]:OFF
D/ResMgrDrv( 5296): [CloseHdmi]En(1)
W/ResMgrDrv( 5296): [CloseHdmi]WRN( 456):HDMITX kernel open fail, errno(2):No such file or directory
D/MtkCam/CamAdapter( 5296): (11554)(Default)[onHandleStopPreview] -
D/MtkCam/CamAdapter( 5296): (11554)(StatePreview)[onStopPreview] - status(0)
D/MtkCam/CamClient( 5296): (11554)[stopPreview] +
D/MtkCam/PrvCB( 5296): (11554)[stopPreview] + current mIsPrvStarted=1
D/MtkCam/PrvCB( 5296): (11554)(PreviewClientCb)[ImgBufManager::uninit] + mu4BufCount(3)
D/MtkCam/PrvCB( 5296): (11554)(PreviewClientCb)[ImgBufManager::uninit] -
D/MtkCam/PrvCB( 5296): (11554)(PreviewClientCb)[ImgBufManager::~ImgBufManager]
D/MtkCam/CamClient/FDClient( 5296): (11554)[stopFaceDetection] +
I/MtkCam/CamAdapter( 5296): (Default)[BaseCamAdapter::onImgBufProviderDestroyed] id=4, ImgBufProvider=0x0
D/MtkCam/CamClient/FDClient( 5296): (11554)[stopFaceDetection] isEnabledState(0) +
W/MtkCam/CamClient/FDClient( 5296): (11554)[stopFaceDetection] FD was not running
D/MtkCam/CamClient/FDClient( 5296): (11554)[stopFaceDetection] -
D/MtkCam/CamClient( 5296): (11554)[stopPreview] -
D/MtkCam/DisplayClient( 5296): (11554)[disableDisplay] + isDisplayEnabled(1)
D/MtkCam/MtkCamUtils( 5296): (CameraDisplay@ImgBufQue)[dequeProcessor] Empty Que
W/MtkCam/DisplayClient( 5296): (12212)[waitAndHandleReturnBuffers] vQueNode.empty()
I/MtkCam/DisplayClient( 5296): (12212)[onThreadLoop] Display disabled
D/MtkCam/DisplayClient( 5296): (12212)[cancelAllUnreturnBuffers] +
D/MtkCam/DisplayClient( 5296): (11554)[disableDisplay] - isDisplayEnabled(0)
D/MtkCam/DisplayClient( 5296): (12212)[cancelAllUnreturnBuffers] -
D/MtkCam/DisplayClient( 5296): (12212)[DisplayThread::threadLoop] - mpThreadHandler.get(0x42914fbc)
D/MtkCam/DisplayClient( 5296): (12212)[DisplayThread::getCommand] + que size(0)
W/MtkCam/CamAdapter( 5296): (11554)(StateIdle)[op_UnSupport] onCancelCapture
D/MtkCam/CamAdapter( 5296): (11554)(Default)[uninit] +
D/MtkCam/CamAdapter( 5296): (11554)[CaptureCmdQueThread::requestExit] +
D/MtkCam/CamAdapter( 5296): (11554)[CaptureCmdQueThread::postCommand] - new command::eID_EXIT
D/MtkCam/CamAdapter( 5296): (12214)[CaptureCmdQueThread::getCommand] command:eID_EXIT
D/MtkCam/CamAdapter( 5296): (12214)[CaptureCmdQueThread::getCommand] - que size(0), ret(1)
D/MtkCam/CamAdapter( 5296): (12214)[CaptureCmdQueThread::threadLoop] Command::eID_EXIT
D/MtkCam/CamAdapter( 5296): (12214)[CaptureCmdQueThread::threadLoop] - mpCmdQueThreadHandler.get(0x4291484c)
D/MtkCam/CamAdapter( 5296): (11554)[CaptureCmdQueThread::requestExit] -
D/MtkCam/CamAdapter( 5296): (11554)(Default)[uninit] PreviewCmdQ Thread: (tid, getStrongCount)=(12213, 2)
D/MtkCam/PrvCQT( 5296): (11554)[requestExit] +
D/MtkCam/PrvCQT( 5296): (11554)[postCommand] +
D/MtkCam/PrvCQT( 5296): (11554)[postCommand] + tid(11554), que size(0)
D/MtkCam/PrvCQT( 5296): (11554)[postCommand] - new command added(5): tid(11554), que size(1)
D/MtkCam/PrvCQT( 5296): (12213)[getCommand] Command: 5
D/MtkCam/PrvCQT( 5296): (12213)[getCommand] - tid(12213), que size(0), ret(1)
D/MtkCam/PrvCQT( 5296): (12213)[getCommand] -
D/MtkCam/PrvCQT( 5296): (12213)[threadLoop] -
D/MtkCam/PrvCQT( 5296): (11554)[postCommand] -
D/MtkCam/PrvCQT( 5296): (11554)[requestExit] -
D/MtkCam/PrvCQT( 5296): (11554)[~PreviewCmdQueThread] this=0x429149b8, sizeof:192
D/MtkCam/PreviewBufMgr( 5296): (11554)[~PreviewBufMgr] this=0x42914940, mspImgBufProvidersMgr=0x42914944, mspHwBufPvdr=0x42914948, sizeof:20
D/MtkCam/HwBuffhandler( 5296): (11554)[virtual HwBuffProvider::~HwBuffProvider()] +
D/MtkCam/HwBuffhandler( 5296): (11554)[virtual HwBuffProvider::~HwBuffProvider()] -
D/MtkCam/CamAdapter( 5296): (11554)(Default)[uninit3A]
D/MtkCam/ResourceLock( 5296): (11554)[Uninit] Last user(0)
D/ResMgrDrv( 5296): [Uninit]More user(1)
D/PipeMgrDrv( 5296): [Uninit]Last user(0)
D/MtkCam/CamAdapter( 5296): (11554)(Default)[uninit] -
I/MtkCam/CamDevice( 5296): (11554)(Default:0)[CamDevice::stopPreview] -
D/MtkCam/CamDevice( 5296): (11554)(Default:0)[onUninit] +
D/MtkCam/CamDevice( 5296): (11554)(Default:0)[CamDevice::onUninit] +
I/MtkCam/DisplayClient( 5296): (11554)[uninit] + getStrongCount(2)
D/MtkCam/DisplayClient( 5296): (11554)[disableDisplay] + isDisplayEnabled(0)
D/MtkCam/DisplayClient( 5296): (11554)[disableDisplay] Display is already disabled
D/MtkCam/DisplayClient( 5296): (11554)[disableDisplay] - isDisplayEnabled(0)
D/MtkCam/DisplayClient( 5296): (11554)[destroyDisplayThread] DisplayThread: (tid, getStrongCount, pDisplayThread)=(12212, 2, 0x429150c8)
D/MtkCam/DisplayClient( 5296): (11554)[DisplayThread::requestExit] +
D/MtkCam/DisplayClient( 5296): (11554)[DisplayThread::postCommand] - new command::eID_EXIT
D/MtkCam/DisplayClient( 5296): (12212)[DisplayThread::getCommand] command:eID_EXIT
D/MtkCam/DisplayClient( 5296): (12212)[DisplayThread::getCommand] - que size(0), ret(1)
D/MtkCam/DisplayClient( 5296): (12212)[DisplayThread::threadLoop] Command::eID_EXIT
D/MtkCam/DisplayClient( 5296): (12212)[DisplayThread::threadLoop] - mpThreadHandler.get(0x42914fbc)
D/MtkCam/DisplayClient( 5296): (11554)[DisplayThread::requestExit] -
D/MtkCam/DisplayClient( 5296): (11554)[destroyDisplayThread] join() exit
D/MtkCam/DisplayClient( 5296): (11554)[destroyImgBufQueue] +
I/MtkCam/CamAdapter( 5296): (Default)[BaseCamAdapter::onImgBufProviderDestroyed] id=1, ImgBufProvider=0x42915170
D/MtkCam/DisplayClient( 5296): (11554)[destroyImgBufQueue] -
I/MtkCam/DisplayClient( 5296): (11554)[uninit] - getStrongCount(1)
D/MtkCam/DisplayClient( 5296): (11554)[~DisplayClient] +
I/MtkCam/CamClient( 5296): (11554)[uninit] + getStrongCount(1)
D/MtkCam/PrvCB( 5296): (11554)[uninit] +
I/MtkCam/CamAdapter( 5296): (Default)[BaseCamAdapter::onImgBufProviderDestroyed] id=3, ImgBufProvider=0x42a51650
W/MtkCam/MtkCamUtils( 5296): (PrvCB@ImgBufQue)[stopProcessor] intent to clear Done Que: size(1)!=0
D/MtkCam/PrvCB( 5296): [PrvCbImgBuf::~PrvCbImgBuf] Buffer[PreviewClientCb@0x44F11000@460800@yuv420sp@(640)640x480@12@Timestamp(4058151850000)] - mCamMem.release(0x40994bd3)
D/MtkCam/PrvCB( 5296): [PrvCbImgBuf::~PrvCbImgBuf] Buffer[PreviewClientCb@0x447E8000@460800@yuv420sp@(640)640x480@12@Timestamp(4057971723000)] - mCamMem.release(0x40994bd3)
D/MtkCam/PrvCB( 5296): [PrvCbImgBuf::~PrvCbImgBuf] Buffer[PreviewClientCb@0x44EA0000@460800@yuv420sp@(640)640x480@12@Timestamp(4058061788000)] - mCamMem.release(0x40994bd3)
D/MtkCam/PrvCB( 5296): (11554)[uninit] getThreadId(12210), getStrongCount(2), this(0x42a511a0)
D/MtkCam/PrvCB( 5296): (11554)[requestExit] +
D/MtkCam/PrvCB( 5296): (11554)[postCommand] - new command::eID_EXIT
D/MtkCam/PrvCB( 5296): (11554)[requestExit] -
D/MtkCam/PrvCB( 5296): (12210)[getCommand] command:eID_EXIT
D/MtkCam/PrvCB( 5296): (12210)[threadLoop] Command::eID_EXIT
D/MtkCam/PrvCB( 5296): (12210)[threadLoop] -
D/MtkCam/PrvCB( 5296): (11554)[uninit] join() exit
D/MtkCam/PrvCB( 5296): (11554)[uninit] -
D/MtkCam/PrvCB( 5296): (11554)[~PreviewClient] +
D/MtkCam/CamClient/RecordClient( 5296): (11554)[uninit] +
I/MtkCam/CamAdapter( 5296): (Default)[BaseCamAdapter::onImgBufProviderDestroyed] id=2, ImgBufProvider=0x42a51808
D/MtkCam/CamClient/RecordClient( 5296): (11554)[uninit] getThreadId(12211), getStrongCount(2), this(0x42a516f8)
D/MtkCam/CamClient/RecordClient( 5296): (11554)[requestExit] +
D/MtkCam/CamClient/RecordClient( 5296): (11554)[postCommand] - new command::eID_EXIT
D/MtkCam/CamClient/RecordClient( 5296): (11554)[requestExit] -
D/MtkCam/CamClient/RecordClient( 5296): (12211)[getCommand] command:eID_EXIT
D/MtkCam/CamClient/RecordClient( 5296): (12211)[getCommand] - que size(0), ret(1)
D/MtkCam/CamClient/RecordClient( 5296): (12211)[threadLoop] Command::eID_EXIT
D/MtkCam/CamClient/RecordClient( 5296): (12211)[threadLoop] -
D/MtkCam/CamClient/RecordClient( 5296): (11554)[uninit] join() exit
D/MtkCam/CamClient/RecordClient( 5296): (11554)[uninit] -
D/MtkCam/CamClient/RecordClient( 5296): (11554)[~RecordClient] -
D/MtkCam/CamClient/FDClient( 5296): (11554)[uninit] +
D/MtkCam/CamClient/FDClient( 5296): (11554)[uninit] getThreadId(0), getStrongCount(1), this(0x42a4fc08)
D/MtkCam/CamClient/FDClient( 5296): (11554)[requestExit] +
D/MtkCam/CamClient/FDClient( 5296): (11554)[postCommand] - new command::1
D/MtkCam/CamClient/FDClient( 5296): (11554)[requestExit] -
D/MtkCam/CamClient/FDClient( 5296): (11554)[uninit] join() exit
D/MtkCam/CamClient/FDClient( 5296): (11554)[uninit] -
D/MtkCam/CamClient/FDClient( 5296): (11554)[~FDClient] -
D/MtkCam/CamClient/PREFEATUREBASE( 5296): (11554)[uninit] +
D/MtkCam/MtkCamUtils( 5296): (PrvFeatureBuf@ImgBufQue)[flushProcessor] TODO Que.size(0)
D/MtkCam/CamClient/PREFEATUREBASE( 5296): (11554)[uninit] -
D/MtkCam/CamClient/PREFEATUREBASE( 5296): (11554)[~PREFEATUREABSE] -
D/MtkCam/CamAdapter( 5296): (11554)(Default)[~CamAdapter] tid(11554), OpenId(0)
D/MtkCam/CamAdapter( 5296): (Default)[BaseCamAdapter::~BaseCamAdapter] tid(11554), OpenId(0)
D/MtkCam/CamAdapter( 5296): (Default)[BaseCamAdapter::~BaseCamAdapter] sizeof=32, this=0x42914830, mpCamMsgCbInfo=0x4291483c, mpParamsMgr=0x42914840, mImgBufProvidersMgr=0x42914844
I/MtkCam/CamClient( 5296): (11554)[uninit] - getStrongCount(1)
D/MtkCam/CamClient( 5296): (11554)[~CamClient]
D/MtkCam/CamDevice( 5296): (11554)(Default:0)[CamDevice::onUninit] -
I/MtkCam/MtkCamUtils( 5296): {CamProfile}[DefaultCamDevice::onUninit] CamDevice::onUninit() -: (0-th) ===> [start-->now: 2 ms]
D/aaa_hal/3Athread( 5296): +
D/aaa_hal/3Athread( 5296): mCmdQ size(0) + cmd(12)
D/aaa_hal/3Athread( 5296): CmdQ-size(1), todo(12)
D/aaa_hal/3Athread( 5296): -
D/aaa_hal/3Athread( 5296): -
I/IspDrv ( 5296): {IspDrv} [uninit] - E. mInitCount(6)
I/IspDrv ( 5296): {IspDrv} [ProfilingPrint] [Event_IspDrv_Uninit] atomic_dec:(0-th) ===> [start-->now: 0.030000 ms]
I/IspDrv ( 5296): {IspDrv} [uninit] - X. ret: 1. mInitCount: 5.
I/IspDrv ( 5296): {IspDrv} [ProfilingPrint] [Event_IspDrv_Uninit] Exit:(1-th) ===> [start-->now: 0.056000 ms] [last-->now: 0.026000 ms]
D/aaa_hal ( 5296): [AFThread] End
D/aaa_hal ( 5296): [AFThread] Delete
D/aaa_state( 5296): [StateInit::sendIntent]
D/flash_mgr.cpp( 5296): turnOffFlashDevice line=2041
D/FlashlightDrv( 5296): getInstance line=128
D/FlashlightDrv( 5296): setOnOff() isOn = 0
D/FlashlightDrv( 5296):
D/FlashlightDrv( 5296): setTimeOutTime(ms=1000)
D/flash_mgr.cpp( 5296): turnOffFlashDevice-thisFireEndTime=0
D/buf_mgr ( 5296): [int NS3A::BufMgr::uninit()()] - E. m_Users: 1
I/Drv/IMem( 5296): Drv/IMem[freeVirtBuf] mID[0x37]/size[0xd6f0]/VA[0x44345000]/PA[0x1dc0000]
I/Drv/IMem( 5296): Drv/IMem[freeVirtBuf] mID[0x38]/size[0xd6f0]/VA[0x44353000]/PA[0x1e00000]
I/Drv/IMem( 5296): Drv/IMem[freeVirtBuf] mID[0x39]/size[0x1bc]/VA[0x43c52000]/PA[0x1e40000]
I/IspDrv ( 5296): {IspDrv} [uninit] - E. mInitCount(5)
I/IspDrv ( 5296): {IspDrv} [ProfilingPrint] [Event_IspDrv_Uninit] atomic_dec:(0-th) ===> [start-->now: 0.008000 ms]
I/IspDrv ( 5296): {IspDrv} [uninit] - X. ret: 1. mInitCount: 4.
I/IspDrv ( 5296): {IspDrv} [ProfilingPrint] [Event_IspDrv_Uninit] Exit:(1-th) ===> [start-->now: 0.024000 ms] [last-->now: 0.016000 ms]
D/aaa_state( 5296): [StateCommon::transitState] StateInit --> StateUninit
I/IspDrv ( 5296): {IspDrv} [uninit] - E. mInitCount(4)
I/IspDrv ( 5296): {IspDrv} [ProfilingPrint] [Event_IspDrv_Uninit] atomic_dec:(0-th) ===> [start-->now: 0.006000 ms]
I/IspDrv ( 5296): {IspDrv} [uninit] - X. ret: 1. mInitCount: 3.
I/IspDrv ( 5296): {IspDrv} [ProfilingPrint] [Event_IspDrv_Uninit] Exit:(1-th) ===> [start-->now: 0.019000 ms] [last-->now: 0.013000 ms]
D/paramctrl_lifetime( 5296): [+uninit]
D/ispdrv_mgr( 5296): [uninit()] - E. m_Users: 1
I/IspDrv ( 5296): {IspDrv} [uninit] - E. mInitCount(3)
I/IspDrv ( 5296): {IspDrv} [ProfilingPrint] [Event_IspDrv_Uninit] atomic_dec:(0-th) ===> [start-->now: 0.006000 ms]
I/IspDrv ( 5296): {IspDrv} [uninit] - X. ret: 1. mInitCount: 2.
I/IspDrv ( 5296): {IspDrv} [ProfilingPrint] [Event_IspDrv_Uninit] Exit:(1-th) ===> [start-->now: 0.020000 ms] [last-->now: 0.014000 ms]
I/TdriMgr ( 5296): [uninit] mInitCount(1)
I/TpipeDrv( 5296): {TpipeDrv} [uninit] mInitCount(1)
I/Drv/IMem( 5296): Drv/IMem[freeVirtBuf] mID[0x3c]/size[0x278]/VA[0x43c5a000]/PA[0x0]
I/Drv/IMem( 5296): Drv/IMem[freeVirtBuf] mID[0x40]/size[0x278]/VA[0x4456b000]/PA[0x0]
I/Drv/IMem( 5296): Drv/IMem[freeVirtBuf] mID[0x41]/size[0x278]/VA[0x4456c000]/PA[0x0]
I/Drv/IMem( 5296): Drv/IMem[freeVirtBuf] mID[0x42]/size[0x278]/VA[0x4456d000]/PA[0x0]
I/Drv/IMem( 5296): Drv/IMem[freeVirtBuf] mID[0x3d]/size[0x278]/VA[0x43c5b000]/PA[0x0]
I/Drv/IMem( 5296): Drv/IMem[freeVirtBuf] mID[0x3e]/size[0x278]/VA[0x44569000]/PA[0x0]
I/Drv/IMem( 5296): Drv/IMem[freeVirtBuf] mID[0x3f]/size[0x278]/VA[0x4456a000]/PA[0x0]
I/Drv/IMem( 5296): Drv/IMem[freeVirtBuf] mID[0x43]/size[0xd178]/VA[0x4456e000]/PA[0x0]
I/TpipeDrv( 5296): {TpipeDrv} [uninit] X
I/IspDrv ( 5296): {IspDrv} [uninit] - E. mInitCount(2)
I/IspDrv ( 5296): {IspDrv} [ProfilingPrint] [Event_IspDrv_Uninit] atomic_dec:(0-th) ===> [start-->now: 0.006000 ms]
I/IspDrv ( 5296): {IspDrv} [uninit] - X. ret: 1. mInitCount: 1.
I/IspDrv ( 5296): {IspDrv} [ProfilingPrint] [Event_IspDrv_Uninit] Exit:(1-th) ===> [start-->now: 0.023000 ms] [last-->now: 0.017000 ms]
I/TdriMgr ( 5296): [uninit] Release
D/lsc_mgr ( 5296): [LscMgr:uninit]
D/AppTsf ( 5296): [TsfExit] TsfExit
D/AppTsf ( 5296): [~AppTsf] destructor
D/lsc_mgr ( 5296): [LscMgr:mThreadLoop] end
D/AEE/AED (12215): put_in_archive: Archive file /sdcard/mtklog/aee_exp/temp/db.E12215/SYS_PROCESSES_AND_THREADS, size 73901
D/lsc_mgr ( 5296): ~ RawLscTblUnInit(0)!!!
I/Drv/IMem( 5296): Drv/IMem[freeVirtBuf] mID[0x44]/size[0x10000]/VA[0x4457c000]/PA[0x1f00000]
D/lsc_mgr ( 5296): RawLsc free VirtBuf/PhyBuf 0x4457c000/0x01f00000 success
D/lsc_mgr ( 5296): ~ RawLscTblUnInit(1)!!!
I/Drv/IMem( 5296): Drv/IMem[freeVirtBuf] mID[0x45]/size[0x10000]/VA[0x4458c000]/PA[0x1f40000]
D/lsc_mgr ( 5296): RawLsc free VirtBuf/PhyBuf 0x4458c000/0x01f40000 success
D/lsc_mgr ( 5296): ~ RawLscTblUnInit(2)!!!
I/Drv/IMem( 5296): Drv/IMem[freeVirtBuf] mID[0x46]/size[0x40000]/VA[0x4459c000]/PA[0x1f80000]
D/lsc_mgr ( 5296): RawLsc free VirtBuf/PhyBuf 0x4459c000/0x01f80000 success
D/lsc_mgr ( 5296): ~ RawLscTblUnInit(3)!!!
I/Drv/IMem( 5296): Drv/IMem[freeVirtBuf] mID[0x47]/size[0x10000]/VA[0x445dc000]/PA[0x2000000]
D/lsc_mgr ( 5296): RawLsc free VirtBuf/PhyBuf 0x445dc000/0x02000000 success
D/lsc_mgr ( 5296): ~ RawLscTblUnInit(4)!!!
I/Drv/IMem( 5296): Drv/IMem[freeVirtBuf] mID[0x48]/size[0x40000]/VA[0x445ec000]/PA[0x2040000]
D/lsc_mgr ( 5296): RawLsc free VirtBuf/PhyBuf 0x445ec000/0x02040000 success
D/lsc_mgr ( 5296): ~ RawLscTblUnInit(5)!!!
I/Drv/IMem( 5296): Drv/IMem[freeVirtBuf] mID[0x49]/size[0x10000]/VA[0x4462c000]/PA[0x20c0000]
D/lsc_mgr ( 5296): RawLsc free VirtBuf/PhyBuf 0x4462c000/0x020c0000 success
I/Drv/IMem( 5296): Drv/IMem[freeVirtBuf] mID[0x4a]/size[0x10000]/VA[0x4463c000]/PA[0x2100000]
D/lsc_mgr ( 5296): RawLsc free VirtBuf/PhyBuf 0x4463c000/0x02100000 success
I/Drv/IMem( 5296): Drv/IMem[freeVirtBuf] mID[0x4b]/size[0x10000]/VA[0x4464c000]/PA[0x2140000]
D/lsc_mgr ( 5296): RawLsc free VirtBuf/PhyBuf 0x4464c000/0x02140000 success
I/Drv/IMem( 5296): Drv/IMem[freeVirtBuf] mID[0x4c]/size[0x10000]/VA[0x4465c000]/PA[0x2180000]
D/lsc_mgr ( 5296): RawLsc free VirtBuf/PhyBuf 0x4465c000/0x02180000 success
I/Drv/IMem( 5296): Drv/IMem[freeVirtBuf] mID[0x4d]/size[0xa8c0]/VA[0x4466c000]/PA[0x21c0000]
D/lsc_mgr ( 5296): RawLsc free VirtBuf/PhyBuf 0x4466c000/0x021c0000 success
D/SensorHal( 5296): [uninit][uninit]: 2
D/SensorHal( 5296): [uninit] Still users
D/SensorHal( 5296): [deleteImp][deleteImp]: 2
D/SensorHal( 5296): [deleteImp] Still users
D/lsc_mgr ( 5296): [LscMgr:uninit] (m_pIMemDrv:0x 0) (m_pSensorHal:0x0)
D/FLICKER ( 5296): [FLK Hal] FFLK func=getInstance line=134
D/FLICKER ( 5296): [FLK Hal] FFLK func=getInstance line=141
D/FLICKER ( 5296): [FLK Hal] FFLK func=releaseBuf line=229
I/Drv/IMem( 5296): Drv/IMem[freeVirtBuf] mID[0x3a]/size[0x3a98]/VA[0x44561000]/PA[0x1e80000]
I/Drv/IMem( 5296): Drv/IMem[freeVirtBuf] mID[0x3b]/size[0x3a98]/VA[0x44565000]/PA[0x1ec0000]
D/FLICKER ( 5296): [FLK Hal] FFLK func=getInstance line=134
D/FLICKER ( 5296): [FLK Hal] FFLK func=getInstance line=141
D/FLICKER ( 5296): [FLK Hal] FFLK func=destroyInstance line=272
I/MtkCam/MtkCamUtils( 5296): {CamProfile}[DefaultCamDevice::onUninit] 3A Hal -: (1-th) ===> [start-->now: 5 ms] [last-->now: 2 ms]
D/SensorHal( 5296): [uninit][uninit]: 1
D/SeninfDrvImp( 5296): [initTg1CSI2][initCSI2]:enable = 0
D/AEE/AED (12215): put_in_archive: Archive file /sdcard/mtklog/aee_exp/temp/db.E12215/SYS_LIBRANK, size 0
D/AEE/AED (12215): put_in_archive: Archive file /sdcard/mtklog/aee_exp/temp/db.E12215/SYS_FILE_SYSTEMS, size 891
D/ImgSensorDrv( 5296): [uninit][uninit] mUsers = 1
D/SeninfDrvImp( 5296): [uninit][uninit]: 1
D/SeninfDrvImp( 5296): [setTg1PhaseCounter][setTg1PhaseCounter] pcEn(0) clkPol(0)
D/SeninfDrvImp( 5296): [setTg2PhaseCounter][setTg2PhaseCounter]
I/IspDrv ( 5296): {IspDrv} [uninit] - E. mInitCount(1)
I/IspDrv ( 5296): {IspDrv} [ProfilingPrint] [Event_IspDrv_Uninit] atomic_dec:(0-th) ===> [start-->now: 0.019000 ms]
I/IspDrv ( 5296): {IspDrv} [ProfilingPrint] [Event_IspDrv_Uninit] munmap(mpIspHwRegAddr):(1-th) ===> [start-->now: 0.049000 ms] [last-->now: 0.030000 ms]
I/IspDrv ( 5296): {IspDrv} [ProfilingPrint] [Event_IspDrv_Uninit] munmap(m_pRTBufTbl):(2-th) ===> [start-->now: 0.071000 ms] [last-->now: 0.022000 ms]
I/IspDrv ( 5296): {IspDrv} [ProfilingPrint] [Event_IspDrv_Uninit] m_pIMemDrv->unmapPhyAddr(m_ispVirRegBufInfo):(3-th) ===> [start-->now: 0.084000 ms] [last-->now: 0.013000 ms]
I/Drv/IMem( 5296): Drv/IMem[freeVirtBuf] mID[0x34]/size[0xc2004]/VA[0x44282000]/PA[0x1c80000]
I/IspDrv ( 5296): {IspDrv} [ProfilingPrint] [Event_IspDrv_Uninit] m_pIMemDrv->freeVirtBuf(m_ispVirRegBufInfo):(4-th) ===> [start-->now: 0.392000 ms] [last-->now: 0.308000 ms]
I/IspDrv ( 5296): {IspDrv} [ProfilingPrint] [Event_IspDrv_Uninit] m_pIMemDrv->unmapPhyAddr(m_ispCQDescBufInfo):(5-th) ===> [start-->now: 0.414000 ms] [last-->now: 0.022000 ms]
I/Drv/IMem( 5296): Drv/IMem[freeVirtBuf] mID[0x35]/size[0xba8]/VA[0x42a36000]/PA[0x1d80000]
I/IspDrv ( 5296): {IspDrv} [ProfilingPrint] [Event_IspDrv_Uninit] m_pIMemDrv->freeVirtBuf(m_ispCQDescBufInfo):(6-th) ===> [start-->now: 0.469000 ms] [last-->now: 0.055000 ms]
I/Drv/IMem( 5296): Drv/IMem[uninit] close ion id(51).
I/IspDrv ( 5296): {IspDrv} [ProfilingPrint] [Event_IspDrv_Uninit] m_pIMemDrv->uninit():(7-th) ===> [start-->now: 0.677000 ms] [last-->now: 0.208000 ms]
I/IspDrv ( 5296): {IspDrv} [ProfilingPrint] [Event_IspDrv_Uninit] m_pIMemDrv->destroyInstance():(8-th) ===> [start-->now: 0.696000 ms] [last-->now: 0.019000 ms]
I/IspDrv ( 5296): {IspDrv} [ProfilingPrint] [Event_IspDrv_Uninit] memset(tdriMgrInfoCq1):(9-th) ===> [start-->now: 0.709000 ms] [last-->now: 0.013000 ms]
I/IspDrv ( 5296): {IspDrv} [ProfilingPrint] [Event_IspDrv_Uninit] memset(tdriMgrInfoCq2):(10-th) ===> [start-->now: 0.720000 ms] [last-->now: 0.011000 ms]
I/IspDrv ( 5296): {IspDrv} [uninit] ISP Global Count: 0.
I/IspDrv ( 5296): {IspDrv} [ProfilingPrint] [Event_IspDrv_Uninit] close isp mFd:(11-th) ===> [start-->now: 0.826000 ms] [last-->now: 0.106000 ms]
I/IspDrv ( 5296): {IspDrv} [ProfilingPrint] [Event_IspDrv_Uninit] free(mpIspDrvRegMap):(12-th) ===> [start-->now: 0.841000 ms] [last-->now: 0.015000 ms]
I/IspDrv ( 5296): {IspDrv} [uninit] - X. ret: 1. mInitCount: 0.
I/IspDrv ( 5296): {IspDrv} [ProfilingPrint] [Event_IspDrv_Uninit] Exit:(13-th) ===> [start-->now: 0.858000 ms] [last-->now: 0.017000 ms]
D/SeninfDrvImp( 5296): [uninit][uninit]: 0
D/SensorHal( 5296): [deleteImp][deleteImp]: 1
D/SensorHal( 5296): [uninit][uninit]: 0
D/MtkCam/CamDevice( 5296): (11554)(Default:0)[onUninit] SensorHal::destroyInstance()
I/MtkCam/MtkCamUtils( 5296): {CamProfile}[DefaultCamDevice::onUninit] Sensor Hal -: (2-th) ===> [start-->now: 16 ms] [last-->now: 10 ms]
D/MtkCam/ResManager( 5296): [close] DefaultCamDevice
D/ResMgrDrv( 5296): [SetMode]ScenSw(0),ScenHw(0),Dev(0)
D/ResMgrDrv( 5296): [GetMode]ScenSw(1),ScenHw(0),Dev(0)
D/ResMgrDrv( 5296): [SetMode]OK
I/ ( 5296): [BWC INFO](11554): [bwc.mm._Profile] Get : 0
I/ ( 5296): [BWC INFO](11554): [bwc.mm._Profile] Set : 0
I/ ( 5296): [BWC INFO](11554): [bwc.mm.SensorSize] Get : 1996 1496
I/ ( 5296): [BWC INFO](11554): [bwc.mm.VideoRecordSize] Get :
I/ ( 5296): [BWC INFO](11554): [bwc.mm.DisplaySize] Get :
I/ ( 5296): [BWC INFO](11554): [bwc.mm.TvOutSize] Get :
I/ ( 5296): [BWC INFO](11554): [bwc.mm.Fps] Get :
I/ ( 5296): [BWC INFO](11554): [bwc.mm.VideoEncodeCodec] Get :
I/ ( 5296): [BWC INFO](11554): [bwc.mm.VideoDecodeCodec] Get :
I/ ( 5296): [BWC INFO](11554): BWC_SETTING::DumpInfo-------
I/ ( 5296):
I/ ( 5296): [BWC INFO](11554): sensor_size = 1996 x 1496
I/ ( 5296): [BWC INFO](11554): vr_size = 0 x 0
I/ ( 5296): [BWC INFO](11554): disp_size = 0 x 0
I/ ( 5296): [BWC INFO](11554): tv_size = 0 x 0
I/ ( 5296): [BWC INFO](11554): fps = 0
I/ ( 5296): [BWC INFO](11554): venc_codec_type = 0
I/ ( 5296): [BWC INFO](11554): vdec_codec_type = 0
I/ ( 5296): [BWC INFO](11554): ----------------------------
I/ ( 5296):
I/ ( 5296): [BWC INFO](11554): BWCLIMIT_VR_1066 VR=840222720
I/ ( 5296): [BWC INFO](11554): BWCLIMIT_VR_1066 VT=933534720
I/ ( 5296): [BWC INFO](11554): BWCLIMIT_VT_1066 VR=402278400
I/ ( 5296): [BWC INFO](11554): BWCLIMIT_VT_1066 VT=487987200
I/ ( 5296): [BWC INFO](11554): Read DDR type string:LPDDR2
I/ ( 5296): [BWC INFO](11554): DDR Type = 0
I/ ( 5296): [BWC INFO](11554): smi_bw_ctrl_set: scen 0, reduce cmd 0
I/ ( 5296): [BWC INFO](11554): emi_bw_ctrl_set: CON_SCE_NORMAL OFF
I/ ( 5296): [BWC INFO](11554): ifc_set_throttle: -1 -1 (Normal)
D/NetUtils( 5296): enter ifc_set_throttle: ifname = ccmni0, rx = -1 kbs, tx = -1 kbs
D/NetUtils( 5296): ifc_netd_sock_init: connect to netd failed, err: 13(Permission denied)
D/NetUtils( 5296): ifc_netd_sock_close
I/ ( 5296): [BWC INFO](11554): Profile_Change:[BWCPT_CAMERA_PREVIEW]:OFF
D/ResMgrDrv( 5296): [CloseHdmi]En(0)
W/ResMgrDrv( 5296): [CloseHdmi]WRN( 456):HDMITX kernel open fail, errno(2):No such file or directory
D/MtkCam/ResManager( 5296): [uninit] Last user(0)
D/ResMgrDrv( 5296): [Uninit]Last user(0)
I/MtkCam/MtkCamUtils( 5296): {CamProfile}[DefaultCamDevice::onUninit] Resource -: (3-th) ===> [start-->now: 17 ms] [last-->now: 1 ms]
I/MtkCam/MtkCamUtils( 5296): {CamProfile}[DefaultCamDevice::onUninit] : (4-th) ===> [start-->now: 17 ms] [last-->now: 0 ms]
D/MtkCam/CamDevice( 5296): (11554)(Default:0)[onUninit] -
W/CameraClient( 5296): native_window_api_disconnect failed: Broken pipe (-32)
I/MtkCam/CamDevice( 5296): (11554)(Default:0)[CamDevice::setPreviewWindow] + window(0x0)
D/MtkCam/CamDevice( 5296): (11554)(Default:0)[CamDevice::initDisplayClient] + window(0x0)
W/MtkCam/CamDevice( 5296): (11554)(Default:0)[CamDevice::initDisplayClient] NULL window is passed into...
D/MtkCam/CamDevice( 5296): (11554)(Default:0)[CamDevice::initDisplayClient] - status(0)
I/CameraClient( 5296): Destroying camera 0
I/MtkCam/CamDevice( 5296): [CamDeviceManager::closeDevice] + device(0x42a54548), ICamDevice(0x42a54540)
D/MtkCam/MtkCamUtils( 5296): [CamPropertyMap::set] pid/tid=5296/11554 (client.appmode)=()
D/MtkCam/CamDevice( 5296): (11554)(Default:0)[CamDevice::~CamDevice]
I/MtkCam/CamDevice( 5296): [CamDeviceManager::closeDevice] - status(0)
D/CameraService( 5296): CameraService::removeClient E (pid 5296)
D/CameraService( 5296): removeClient: clear camera 0
D/CameraService( 5296): CameraService::removeClient X (pid 5296)
D/CameraClient( 5296): disconnect X (pid 5296)
D/CameraClient( 5296): CameraClient::~CameraClient E (pid 5296, this 0x44d9cf50)
D/CameraClient( 5296): disconnect E (pid 5296)
D/CameraClient( 5296): CameraClient::~CameraClient X (pid 5296, this 0x44d9cf50)
D/CameraService( 5296): CameraService::releaseSound ref=1
D/MediaPlayerService( 5296): disconnect(41) from pid 5296
I/AwesomePlayer( 5296): stop extractor in reset
D/AwesomePlayer( 5296): reset_l
D/MtkOmxAudioDecBase( 5296): SendCommand cmd=OMX_CommandStateSet
D/MtkOmxAudioDecBase( 5296): set MTK_OMX_IDLE_PENDING
D/MtkOmxAudioDecBase( 5296): # Got general command (OMX_CommandStateSet)
D/MtkOmxAudioDecBase( 5296): Request [OMX_StateExecuting]-> [OMX_StateIdle]
D/MtkOmxAudioDecBase( 5296): FlushInputPort -> mNumPendingInput(0)
D/MtkOmxAudioDecBase( 5296): -FlushInputPort
D/MtkOmxAudioDecBase( 5296): FlushOutputPort -> mNumPendingOutput(0)
D/MtkOmxAudioDecBase( 5296): -FlushOutputPort -> mNumPendingOutput(0)
D/MtkOmxVorbisDec( 5296): DeinitAudioDecoder(Vorbis)
D/MtkOmxAudioDecBase( 5296): SendCommand cmd=OMX_CommandStateSet
D/MtkOmxAudioDecBase( 5296): set MTK_OMX_LOADED_PENDING
D/MtkOmxAudioDecBase( 5296): # Got general command (OMX_CommandStateSet)
D/MtkOmxAudioDecBase( 5296): Request [OMX_StateIdle]-> [OMX_StateLoaded]
D/MtkOmxAudioDecBase( 5296): wait on mInPortFreeDoneSem(0), mOutPortFreeDoneSem(0)
D/MtkOmxAudioDecBase( 5296): FreeBuffer input (0x42809648)
D/MtkOmxAudioDecBase( 5296): FreeBuffer input (0x450F9F70)
D/MtkOmxAudioDecBase( 5296): FreeBuffer input (0x42807B50)
D/MtkOmxAudioDecBase( 5296): FreeBuffer input (0x44867F68)
D/MtkOmxAudioDecBase( 5296): FreeBuffer input (0x42A3A4C8)
D/MtkOmxAudioDecBase( 5296): FreeBuffer all input buffers have been freed!!! signal mInPortFreeDoneSem(0)
D/MtkOmxAudioDecBase( 5296): FreeBuffer output (0x42A559C0)
D/MtkOmxAudioDecBase( 5296): FreeBuffer output (0x42A55828)
D/MtkOmxAudioDecBase( 5296): FreeBuffer output (0x43BF1830)
D/MtkOmxAudioDecBase( 5296): FreeBuffer output (0x428082C0)
D/MtkOmxAudioDecBase( 5296): FreeBuffer all output buffers have been freed!!! signal mOutPortFreeDoneSem(0)
D/MtkOmxAudioDecBase( 5296): GetState (mState=OMX_StateLoaded)
D/MtkOmxCore( 5296): Mtk_OMX_FreeHandle
D/MtkOmxAudioDecBase( 5296): +ComponentDeInit
D/MtkOmxAudioDecBase( 5296): MtkOmxAudioDecodeThread terminated pOmxAudioDec=0x42807BF8
D/MtkOmxAudioDecBase( 5296): MtkOmxAudioCommandThread terminated
D/MtkOmxAudioDecBase( 5296): -ComponentDeInit
D/MtkOmxVorbisDec( 5296): ~MtkOmxVorbisDec this= 0x42807BF8
D/MtkOmxAudioDecBase( 5296): ~MtkOmxAudioDecBase this= 0x42807BF8
D/MtkOmxCore( 5296): free_inst_handle dlclose(0x400C44B4), free(0x42807BFC)
D/OMX ( 5296): @@ OMX::CbDisp(0x44071548)::loop(12200) terminated
D/OMX ( 5296): @@ OMX::CbDisp::CbDisp(0x44071548), tid(11554), WOULD_BLOCK(0)
D/OMXCodec( 5296): !@@!>> destroy tid (11554)
I/AwesomePlayer( 5296): set flag for stopped
D/AwesomePlayer( 5296): reset_l
I/AwesomePlayer( 5296): set flag for stopped
D/AwesomePlayer( 5296): reset_l
D/AudioSink( 5296): close
D/MediaPlayerService( 5296): disconnect(41) from pid 5296
D/MediaPlayerService( 5296): [41]~Client
D/AudioFlinger( 5296): releasing 58 from 5296
W/AudioFlinger( 5296): session id 58 not found for pid 5296
D/MediaPlayerService( 5296): disconnect(42) from pid 5296
I/AwesomePlayer( 5296): stop extractor in reset
D/AwesomePlayer( 5296): reset_l
