D/MtkCam/MtkCamUtils( 5296): [queryRawStride]imgFmt(2), imgWidth(1996), stride(2000)
D/MtkCam/MtkCamUtils( 5296): (CameraDisplay@ImgBufQue)[dequeProvider] Empty Que
D/MtkCam/MtkCamUtils( 5296): (RecCB@ImgBufQue)[dequeProvider] Empty Que
D/MtkCam/PrvCQT( 5296): (12213)[updateOne] P2(0x10)
D/MtkCam/PrvCQT( 5296): (12213)[doCrop] S(1996/1496),D(640/480),Z(100),C(1,0,1994,1496)
I/Drv/IMem( 5296): Drv/IMem[mapPhyAddr] mID(0x62),size(0x391160),VA(x45f46000),PA(0x3700000),S/C(0/0)
I/Drv/IMem( 5296): Drv/IMem[allocM4UMemory] [StdM4U]VA(0x44f11000)/PA(0x2900000)/size(0x70800)/mID(0xffffffff)
I/Drv/IMem( 5296): Drv/IMem[mapPhyAddr] mID(0xffffffff),size(0x70800),VA(x44f11000),PA(0x2900000),S/C(0/0)
I/iio/ppp ( 5296): [configPipe] Pass(0),sceFmt(0),imgi.fmt(2),isByImgi(0),sceID(8),dma(0x80080) isTurn(1),VA=0x44d86000 PA=0x2200000
I/IspDrv ( 5296): {IspDrv} [updateTurningCq1] updateCqdes(0) CtlEn1(0x0) CtlEn2(0x0) CtlMma(0x0)
I/iio/ifunc( 5296): [_config] path(2),CQ(4),en1(0x40300000),en2(0x38a20003),dma(0x00080080),fmt(0x00000106),ctl(0x00810050),tcm_en(0x9811c003),isIspOn(0x1)
I/iio/ifunc( 5296): [_config] cq(4),turEn1(0x04800800),turEn2(0x0000001d),turDma(0x00000000),dmaMerg(0x00080080),tcm(0x9811c003)
I/iio/ifunc( 5296): [_config] [Pass2]AppTurn(1) EN1-Set(0x44b00800),Clr(0x3400200)-En2:Set(0x38a2001f),Clr(0x40020)-DMA:Set(0x80080),Clr(0x207500)
I/TpipeDrv( 5296): {TpipeDrv} [runTpipeMain] [Top]bnr(0),lsc(0),lsci(0),lce(0),lcei(0),nbc(1),seee(1),cfa(1)--en1(0x00300000),en2(0x00220016),dma(0x00080080)
I/TpipeDrv( 5296): {TpipeDrv} [runTpipeMain] size(300)||[0-4]0000D00D-00000000-05D703BF-00000000-05D802EA||[70-74]A00001CA-000001CA-01E000B6-00000000-000001CA
D/MtkCam/VSSScen( 5296): [deque] +
I/CdpDrv ( 5296): {CdpDrv} [VIDO_SetOutputAddr] cqPhy(0x442e3000),Vido(0x2900000),VidCo(0x294b000),VidVo(0x2900000)
I/iio/path( 5296): [setDMACurrBuf] [VIDO]base(0x2900000)-0x294b000-0x2900000
I/iio/ifunc( 5296): [_enable] path(2),start(1),SCIO(6),En1(0x44b5b8a9),En2(0xb8a3401f),Dma(0x800ab),CQ_status(0x4001111),CQ_debugset(24576)
I/iio/pathp2( 5296): [_waitIrq] type(0),irq(16384)
I/Drv/IMem( 5296): Drv/IMem[freeM4UMemory] [StdM4U]VA(0x44f11000)/PA(0x2900000)/size(0x70800)/mID(0xffffffff)
D/MtkCam/VSSScen( 5296): [deque] P2VIDO:Id(-1),VA(0x44F11000),PA(0x02900000),S(460800),T(0.000000)
I/iio/ifunc( 5296): [_disable] P2 start(0x0)
I/MtkCam/MtkCamUtils( 5296): {CamProfile}[::updateOne] : (0-th) ===> [start-->now: 89 ms]
D/MtkCam/PrvCB( 5296): (12210)[handleReturnBuffers] + 34ms [start-->now: 96 ms]
D/MtkCam/PrvCB( 5296): (12210)[handleReturnBuffers] + 34ms [start-->now: 83 ms]
D/MtkCam/PrvCB( 5296): (12210)[handleReturnBuffers] + 34ms [start-->now: 89 ms]
D/MtkCam/PrvCB( 5296): (12210)[handleReturnBuffers] + 34ms [start-->now: 89 ms]
D/MtkCam/PrvCB( 5296): (12210)[handleReturnBuffers] + 34ms [start-->now: 90 ms]
D/MtkCam/PrvCB( 5296): (12210)[handleReturnBuffers] + 34ms [start-->now: 89 ms]
D/MtkCam/PrvCQT( 5296): (12213)[update] frameCnt(95)
D/MtkCam/PrvCB( 5296): (12210)[handleReturnBuffers] + 34ms [start-->now: 90 ms]
D/MtkCam/PrvCB( 5296): (12210)[handleReturnBuffers] + 34ms [start-->now: 89 ms]
D/MtkCam/PrvCB( 5296): (12210)[handleReturnBuffers] + 34ms [start-->now: 90 ms]
D/MtkCam/PrvCB( 5296): (12210)[handleReturnBuffers] + 34ms [start-->now: 89 ms]
D/MtkCam/PrvCB( 5296): (12210)[handleReturnBuffers] + 34ms&)]
D/SurfaceTexture( 133): GraphicBuffer: gb=0x4324a820 handle=0x43515678
D/SurfaceTexture( 133): EGLImage: dpy=0x1, img=0x43253e90
I/BufferQueue( 133): [StatusBar](this:0x43515e58,api:1) [release] fps:0.99, dur:1012.22, max:1012.22, min:1012.22
I/SurfaceFlinger( 133): [SurfaceFlinger] fps:35.750008,dur:1286.71,max:499.57,min:0.30
D/awb_algo( 5296): [PV AWB Gain] Rgain = 762, Ggain = 512, Bgain = 840
D/awb_algo( 5296): CCT = 5072
D/isp_tuning_custom( 5296): evaluate_PCA_LUT_index()
D/isp_tuning_custom( 5296): [+evaluate_PCA_LUT_index](rCamInfo.eIdx_PCA_LUT, rCamInfo.rAWBInfo.i4CCT, rCamInfo.rAWBInfo.i4FluorescentIndex)=(1, 5072, 94)
D/ae_mgr ( 5296): [doPvAE]AE Wait Vd frame:2 Enable:1 avgY:228
D/isp_tuning_custom( 5296): map_ISO_value_to_index()
D/FLICKER ( 5296): [FLK Hal] FFLK func=sendCommand line=837 cmd=5
D/FLICKER ( 5296): [FLK Hal] FFLK func=enableFlickerDetection line=1090
D/aaa_hal/3Athread( 5296): rCmd(10)-
D/aaa_hal/3Athread( 5296): CmdQ-size(7), todo(10)
D/aaa_hal/3Athread( 5296): rCmd(10)+
D/af_mgr ( 5296): DoAF[SGG|AF|FK|EIS|HRZ|ESFKO]d4 [X]16 342 668 994 1320 1646 [Y]16 260 504 748 992 1236 [Size]326 244 [TH]5 5 5
D/af_mgr ( 5296): [SGG_GN]16 [GMR1]31 [GMR2]63 [GMR3]127 [Deci]0 [Zig]0 [Odd]0 [IIRKeep]1 [Hsize]1996
D/af_mgr ( 5296): [F0]4 [F1]15 36 43 36 22 10 3 0 0 0 0 0
D/af_mgr ( 5296): [WinXE]668 [WinYE]504 [SizeXE]652 [SizeYE]488 [THE]5
D/FLICKER ( 5296): [FLK Hal] FFLK func=sendCommand line=837 cmd=7
D/AfAlgo ( 5296): [AfAlgoC][fv]492518 [gsum]70 [AEStbl]1 [ISO]455 [wait]3
D/AfAlgo ( 5296): [AfAlgoC][Thres]30000 [ValidCnt] 24 [ShockCnt] 0 [FrmCnt)] 0
D/AfAlgo ( 5296): [AfAlgoC][FirstFV]0 [FVDiff]492518 [FVThres]100 [FVCnt]59 [FVNum]2 [GSDiff]70 [GSThres]20 [GSCnt]23 [GSNum]2
D/af_mgr ( 5296): [AFStatH]470741 [AFStatFL]470741 [AFStatV]7259 [moveMCU] 100
D/MtkCam/VSSScen( 5296): [deque] P1:Idx(0),Id(94),VA(0x450FE000),PA(0x02240000),S(3740000),T(4053.468643)
D/aaa_hal/3Athread( 5296): mCmdQ size(6) + cmd(10)
D/MtkCam/MtkCamUtils( 5296): [queryRawStride]imgFmt(2), imgWidth(1996), stride(2000)
D/MtkCam/MtkCamUtils( 5296): (CameraDisplay@ImgBufQue)[dequeProvider] Empty Que
D/MtkCam/MtkCamUtils( 5296): (RecCB@ImgBufQue)[dequeProvider] Empty Que
D/MtkCam/PrvCQT( 5296): (12213)[updateOne] P2(0x10)
D/MtkCam/PrvCQT( 5296): (12213)[doCrop] S(1996/1496),D(640/480),Z(100),C(1,0,1994,1496)
I/Drv/IMem( 5296): Drv/IMem[mapPhyAddr] mID(0x5e),size(0x391160),VA(x450fe000),PA(0x2240000),S/C(0/0)
I/Drv/IMem( 5296): Drv/IMem[allocM4UMemory] [StdM4U]VA(0x44ea0000)/PA(0x2d80000)/size(0x70800)/mID(0xffffffff)
I/Drv/IMem( 5296): Drv/IMem[mapPhyAddr] mID(0xffffffff),size(0x70800),VA(x44ea0000),PA(0x2d80000),S/C(0/0)
I/iio/ppp ( 5296): [configPipe] Pass(0),sceFmt(0),imgi.fmt(2),isByImgi(0),sceID(8),dma(0x80080) isTurn(1),VA=0x44d86000 PA=0x2200000
I/IspDrv ( 5296): {IspDrv} [updateTurningCq1] updateCqdes(0) CtlEn1(0x0) CtlEn2(0x0) CtlMma(0x0)
I/iio/ifunc( 5296): [_config] path(2),CQ(4),en1(0x40300000),en2(0x38a20003),dma(0x00080080),fmt(0x00000106),ctl(0x00810050),tcm_en(0x9811c003),isIspOn(0x1)
I/iio/ifunc( 5296): [_config] cq(4),turEn1(0x04800800),turEn2(0x0000001d),turDma(0x00000000),dmaMerg(0x00080080),tcm(0x9811c003)
I/iio/ifunc( 5296): [_config] [Pass2]AppTurn(1) EN1-Set(0x44b00800),Clr(0x3400200)-En2:Set(0x38a2001f),Clr(0x40020)-DMA:Set(0x80080),Clr(0x207500)
I/TpipeDrv( 5296): {TpipeDrv} [runTpipeMain] [Top]bnr(0),lsc(0),lsci(0),lce(0),lcei(0),nbc(1),seee(1),cfa(1)--en1(0x00300000),en2(0x00220016),dma(0x00080080)
I/TpipeDrv( 5296): {TpipeDrv} [runTpipeMain] size(300)||[0-4]0000D00D-00000000-05D703BF-00000000-05D802EA||[70-74]A00001CA-000001CA-01E000B6-00000000-000001CA
D/MtkCam/VSSScen( 5296): [deque] +
I/CdpDrv ( 5296): {CdpDrv} [VIDO_SetOutputAddr] cqPhy(0x442e3000),Vido(0x2d80000),VidCo(0x2dcb000),VidVo(0x2d80000)
I/iio/path( 5296): [setDMACurrBuf] [VIDO]base(0x2d80000)-0x2dcb000-0x2d80000
I/iio/ifunc( 5296): [_enable] path(2),start(1),SCIO(6),En1(0x44b5b8a9),En2(0xb8a3401f),Dma(0x800ab),CQ_status(0x4001111),CQ_debugset(24576)
I/iio/pathp2( 5296): [_waitIrq] type(0),irq(16384)
I/Drv/IMem( 5296): Drv/IMem[freeM4UMemory] [StdM4U]VA(0x44ea0000)/PA(0x2d80000)/size(0x70800)/mID(0xffffffff)
D/MtkCam/VSSScen( 5296): [deque] P2VIDO:Id(-1),VA(0x44EA0000),PA(0x02D80000),S(460800),T(0.000000)
I/iio/ifunc( 5296): [_disable] P2 start(0x0)
I/MtkCam/MtkCamUtils( 5296): {CamProfile}[::updateOne] : (0-th) ===> [start-->now: 90 ms]
D/MtkCam/PrvCB( 5296): (12210)[handleReturnBuffers] + 34ms [start-->now: 89 ms]
D/MtkCam/PrvCB( 5296): (12210)[handleReturnBuffers] + 34ms [start-->now: 90 ms]
D/MtkCam/PrvCB( 5296): (12210)[handleReturnBuffers] + 34ms [start-->now: 90 ms]
D/MtkCam/PrvCB( 5296): (12210)[handleReturnBuffers] + 34ms [start-->now: 90 ms]
D/MtkCam/PrvCB( 5296): (12210)[handleReturnBuffers] + 34ms [start-->now: 89 ms]
D/MtkCam/PrvCB( 5296): (12210)[handleReturnBuffers] + 34ms [start-->now: 90 ms]
D/MtkCam/PrvCB( 5296): (12210)[handleReturnBuffers] + 34ms&)]
D/SurfaceTexture( 133): GraphicBuffer: gb=0x4324ecf8 handle=0x435176b0
D/SurfaceTexture( 133): EGLImage: dpy=0x1, img=0x43246968
D/ae_mgr ( 5296): [doPvAE]AE Wait Vd frame:1 Enable:1 avgY:255
D/isp_tuning_custom( 5296): map_ISO_value_to_index()
D/FLICKER ( 5296): [FLK Hal] FFLK func=sendCommand line=837 cmd=5
D/FLICKER ( 5296): [FLK Hal] FFLK func=enableFlickerDetection line=1090
D/aaa_hal/3Athread( 5296): rCmd(10)-
D/aaa_hal/3Athread( 5296): CmdQ-size(7), todo(10)
D/aaa_hal/3Athread( 5296): rCmd(10)+
D/WindowManager( 5535): interceptKeyTi keyCode=3 down=true repeatCount=7 keyguardOn=false mHomePressed=true canceled=false
D/OpenGLRenderer( 5877): Flushing caches (mode 0)
D/af_mgr ( 5296): DoAF[SGG|AF|FK|EIS|HRZ|ESFKO]d4 [X]16 342 668 994 1320 1646 [Y]16 260 504 748 992 1236 [Size]326 244 [TH]5 5 5
D/af_mgr ( 5296): [SGG_GN]16 [GMR1]31 [GMR2]63 [GMR3]127 [Deci]0 [Zig]0 [Odd]0 [IIRKeep]1 [Hsize]1996
D/af_mgr ( 5296): [F0]4 [F1]15 36 43 36 22 10 3 0 0 0 0 0
D/af_mgr ( 5296): [WinXE]668 [WinYE]504 [SizeXE]652 [SizeYE]488 [THE]5
D/FLICKER ( 5296): [FLK Hal] FFLK func=sendCommand line=837 cmd=7
D/AfAlgo ( 5296): [AfAlgoC][fv]2019566 [gsum]25 [AEStbl]1 [ISO]455 [wait]3
D/AfAlgo ( 5296): [AfAlgoC][Thres]30000 [ValidCnt] 31 [ShockCnt] 0 [FrmCnt)] 0
D/AfAlgo ( 5296): [AfAlgoC][FirstFV]0 [FVDiff]2019566 [FVThres]100 [FVCnt]66 [FVNum]2 [GSDiff]25 [GSThres]20 [GSCnt]30 [GSNum]2
D/af_mgr ( 5296): [AFStatH]1970192 [AFStatFL]1970192 [AFStatV]16458 [moveMCU] 100
D/MtkCam/VSSScen( 5296): [deque] P1:Idx(0),Id(96),VA(0x45822000),PA(0x02F80000),S(3740000),T(4054.099072)
D/aaa_hal/3Athread( 5296): mCmdQ size(6) + cmd(10)
D/MtkCam/MtkCamUtils( 5296): [queryRawStride]imgFmt(2), imgWidth(1996), stride(2000)
D/MtkCam/MtkCamUtils( 5296): (CameraDisplay@ImgBufQue)[dequeProvider] Empty Que
D/MtkCam/MtkCamUtils( 5296): (RecCB@ImgBufQue)[dequeProvider] Empty Que
D/MtkCam/PrvCQT( 5296): (12213)[updateOne] P2(0x10)
D/MtkCam/PrvCQT( 5296): (12213)[doCrop] S(1996/1496),D(640/480),Z(100),C(1,0,1994,1496)
I/Drv/IMem( 5296): Drv/IMem[mapPhyAddr] mID(0x60),size(0x391160),VA(x45822000),PA(0x2f80000),S/C(0/0)
I/Drv/IMem( 5296): Drv/IMem[allocM4UMemory] [StdM4U]VA(0x44f11000)/PA(0x2d80000)/size(0x70800)/mID(0xffffffff)
I/Drv/IMem( 5296): Drv/IMem[mapPhyAddr] mID(0xffffffff),size(0x70800),VA(x44f11000),PA(0x2d80000),S/C(0/0)
I/iio/ppp ( 5296): [configPipe] Pass(0),sceFmt(0),imgi.fmt(2),isByImgi(0),sceID(8),dma(0x80080) isTurn(1),VA=0x44d86000 PA=0x2200000
I/IspDrv ( 5296): {IspDrv} [updateTurningCq1] updateCqdes(0) CtlEn1(0x0) CtlEn2(0x0) CtlMma(0x0)
I/iio/ifunc( 5296): [_config] path(2),CQ(4),en1(0x40300000),en2(0x38a20003),dma(0x00080080),fmt(0x00000106),ctl(0x00810050),tcm_en(0x9811c003),isIspOn(0x1)
I/iio/ifunc( 5296): [_config] cq(4),turEn1(0x04800800),turEn2(0x0000001d),turDma(0x00000000),dmaMerg(0x00080080),tcm(0x9811c003)
I/iio/ifunc( 5296): [_config] [Pass2]AppTurn(1) EN1-Set(0x44b00800),Clr(0x3400200)-En2:Set(0x38a2001f),Clr(0x40020)-DMA:Set(0x80080),Clr(0x207500)
I/TpipeDrv( 5296): {TpipeDrv} [runTpipeMain] [Top]bnr(0),lsc(0),lsci(0),lce(0),lcei(0),nbc(1),seee(1),cfa(1)--en1(0x00300000),en2(0x00220016),dma(0x00080080)
I/TpipeDrv( 5296): {TpipeDrv} [runTpipeMain] size(300)||[0-4]0000D00D-00000000-05D703BF-00000000-05D802EA||[70-74]A00001CA-000001CA-01E000B6-00000000-000001CA
D/MtkCam/VSSScen( 5296): [deque] +
I/CdpDrv ( 5296): {CdpDrv} [VIDO_SetOutputAddr] cqPhy(0x442e3000),Vido(0x2d80000),VidCo(0x2dcb000),VidVo(0x2d80000)
I/iio/path( 5296): [setDMACurrBuf] [VIDO]base(0x2d80000)-0x2dcb000-0x2d80000
I/iio/ifunc( 5296): [_enable] path(2),start(1),SCIO(6),En1(0x44b5b8a9),En2(0xb8a3401f),Dma(0x800ab),CQ_status(0x4001111),CQ_debugset(24576)
I/iio/pathp2( 5296): [_waitIrq] type(0),irq(16384)
V/ActivityManager( 5535): Stopping ActivityRecord{42350520 u0 com.android.launcher/com.android.launcher2.Launcher}: nowVisible=true waitingVisible=true finishing=false
I/Drv/IMem( 5296): Drv/IMem[freeM4UMemory] [StdM4U]VA(0x44f11000)/PA(0x2d80000)/size(0x70800)/mID(0xffffffff)
D/MtkCam/VSSScen( 5296): [deque] P2VIDO:Id(-1),VA(0x44F11000),PA(0x02D80000),S(460800),T(0.000000)
I/iio/ifunc( 5296): [_disable] P2 start(0x0)
I/MtkCam/MtkCamUtils( 5296): {CamProfile}[::updateOne] : (0-th) ===> [start-->now: 89 ms]
D/MtkCam/PrvCQT( 5296): (12213)[update] frameCnt(107)
D/MtkCam/PrvCB( 5296): (12210)[handleReturnBuffers] + 34ms&)]
D/SurfaceTexture( 133): GraphicBuffer: gb=0x43517d98 handle=0x43240548
D/SurfaceTexture( 133): EGLImage: dpy=0x1, img=0x43259200
D/WindowManager( 5535): interceptKeyTi keyCode=3 down=true repeatCount=8 keyguardOn=false mHomePressed=true canceled=false
D/Launcher( 5877): Launcher, onSaveInstanceState: outState = Bundle[{launcher.state=1, apps_customize_currentIndex=10, apps_customize_currentTab=APPS, android:viewHierarchyState=Bundle[{android:Panels=android.util.SparseArray@42bea5c0, android:views=android.util.SparseArray@42bea1a8}], launcher.current_screen=2}]
D/Launcher( 5877): Launcher, (Launcher)onStop: this = com.android.launcher2.Launcher@423795b0
D/OpenGLRenderer( 5877): Flushing caches (mode 1)
D/Launcher( 5877): Launcher, onTrimMemory: level = 20
I/BufferQueue( 133): [com.android.launcher/com.android.launcher2.Launcher](this:0x4324e148,api:0) consumerDisconnect
I/BufferQueue( 133): [com.android.launcher/com.android.launcher2.Launcher](this:0x4324e148,api:0) ~BufferQueue
V/ActivityManager( 5535): Activity stopped: token=Token{423b0220 ActivityRecord{42350520 u0 com.android.launcher/com.android.launcher2.Launcher}}
D/NetworkPolicy( 5535): onRecv: MSG_FOREGROUND_ACTIVITIES_CHANGED pid:uid:act=5877:10042:false
V/NetworkStats( 5535): setKernelCounterSet uid=10042 set=0
D/ConnectivityService( 5535): onUidRulesChanged(uid=10042, uidRules=0)
D/awb_algo( 5296): [PV AWB Gain] Rgain = 760, Ggain = 512, Bgain = 840
D/awb_algo( 5296): CCT = 5062
D/isp_tuning_custom( 5296): evaluate_PCA_LUT_index()
D/isp_tuning_custom( 5296): [+evaluate_PCA_LUT_index](rCamInfo.eIdx_PCA_LUT, rCamInfo.rAWBInfo.i4CCT, rCamInfo.rAWBInfo.i4FluorescentIndex)=(1, 5062, 100)
D/AeAlgo ( 5296): u4Ratio:52 CWvalue:25 CWR:48 Delta:7 Con:0x00000005 Y:25 Index:114 m_bAEOneShot:0 Stable:1
D/AeAlgo ( 5296): The AE index is at the boundary Idx:114 DeIdx:56 Max:114 Min:0
D/ImgSensorDrv( 5296): [getInstance][ImgSensorDrv] getInstance
D/SensorHal( 5296): [sendCommand] Exposure Time: 89998
D/ImgSensorDrv( 5296): [getInstance][ImgSensorDrv] getInstance
D/ae_mgr ( 5296): [doPvAE] State:0 Shutter:89998 Sensor gain:6656 Isp gain:1024 frame rate:111 flare:520 64 ISO:455 SmoothGain:0
D/isp_tuning_custom( 5296): map_ISO_value_to_index()
D/FLICKER ( 5296): [FLK Hal] FFLK func=sendCommand line=837 cmd=5
D/FLICKER ( 5296): [FLK Hal] FFLK func=enableFlickerDetection line=1090
D/aaa_hal/3Athread( 5296): rCmd(10)-
D/aaa_hal/3Athread( 5296): CmdQ-size(7), todo(10)
D/aaa_hal/3Athread( 5296): rCmd(10)+
D/WindowManager( 5535): interceptKeyTi keyCode=3 down=true repeatCount=9 keyguardOn=false mHomePressed=true canceled=false
D/af_mgr ( 5296): DoAF[SGG|AF|FK|EIS|HRZ|ESFKO]d4 [X]16 342 668 994 1320 1646 [Y]16 260 504 748 992 1236 [Size]326 244 [TH]5 5 5
D/af_mgr ( 5296): [SGG_GN]16 [GMR1]31 [GMR2]63 [GMR3]127 [Deci]0 [Zig]0 [Odd]0 [IIRKeep]1 [Hsize]1996
D/af_mgr ( 5296): [F0]4 [F1]15 36 43 36 22 10 3 0 0 0 0 0
D/af_mgr ( 5296): [WinXE]668 [WinYE]504 [SizeXE]652 [SizeYE]488 [THE]5
D/FLICKER ( 5296): [FLK Hal] FFLK func=sendCommand line=837 cmd=7
D/AfAlgo ( 5296): [AfAlgoC][fv]1847945 [gsum]26 [AEStbl]1 [ISO]455 [wait]3
D/AfAlgo ( 5296): [AfAlgoC][Thres]30000 [ValidCnt] 32 [ShockCnt] 0 [FrmCnt)] 0
D/AfAlgo ( 5296): [AfAlgoC][FirstFV]0 [FVDiff]1847945 [FVThres]100 [FVCnt]67 [FVNum]2 [GSDiff]26 [GSThres]20 [GSCnt]31 [GSNum]2
D/af_mgr ( 5296): [AFStatH]1798181 [AFStatFL]1798181 [AFStatV]16588 [moveMCU] 100
D/MtkCam/VSSScen( 5296): [deque] P1:Idx(0),Id(97),VA(0x45BB4000),PA(0x03340000),S(3740000),T(4054.189135)
D/aaa_hal/3Athread( 5296): mCmdQ size(6) + cmd(10)
D/MtkCam/MtkCamUtils( 5296): [queryRawStride]imgFmt(2), imgWidth(1996), stride(2000)
D/MtkCam/MtkCamUtils( 5296): (CameraDisplay@ImgBufQue)[dequeProvider] Empty Que
D/MtkCam/MtkCamUtils( 5296): (RecCB@ImgBufQue)[dequeProvider] Empty Que
D/MtkCam/PrvCQT( 5296): (12213)[updateOne] P2(0x10)
D/MtkCam/PrvCQT( 5296): (12213)[doCrop] S(1996/1496),D(640/480),Z(100),C(1,0,1994,1496)
I/Drv/IMem( 5296): Drv/IMem[mapPhyAddr] mID(0x61),size(0x391160),VA(x45bb4000),PA(0x3340000),S/C(0/0)
I/Drv/IMem( 5296): Drv/IMem[allocM4UMemory] [StdM4U]VA(0x447e8000)/PA(0x2e00000)/size(0x70800)/mID(0xffffffff)
I/Drv/IMem( 5296): Drv/IMem[mapPhyAddr] mID(0xffffffff),size(0x70800),VA(x447e8000),PA(0x2e00000),S/C(0/0)
I/iio/ppp ( 5296): [configPipe] Pass(0),sceFmt(0),imgi.fmt(2),isByImgi(0),sceID(8),dma(0x80080) isTurn(1),VA=0x44d86000 PA=0x2200000
I/IspDrv ( 5296): {IspDrv} [updateTurningCq1] updateCqdes(0) CtlEn1(0x0) CtlEn2(0x0) CtlMma(0x0)
I/iio/ifunc( 5296): [_config] path(2),CQ(4),en1(0x40300000),en2(0x38a20003),dma(0x00080080),fmt(0x00000106),ctl(0x00810050),tcm_en(0x9811c003),isIspOn(0x1)
I/iio/ifunc( 5296): [_config] cq(4),turEn1(0x04800800),turEn2(0x0000001d),turDma(0x00000000),dmaMerg(0x00080080),tcm(0x9811c003)
I/iio/ifunc( 5296): [_config] [Pass2]AppTurn(1) EN1-Set(0x44b00800),Clr(0x3400200)-En2:Set(0x38a2001f),Clr(0x40020)-DMA:Set(0x80080),Clr(0x207500)
I/TpipeDrv( 5296): {TpipeDrv} [runTpipeMain] [Top]bnr(0),lsc(0),lsci(0),lce(0),lcei(0),nbc(1),seee(1),cfa(1)--en1(0x00300000),en2(0x00220016),dma(0x00080080)
I/TpipeDrv( 5296): {TpipeDrv} [runTpipeMain] size(300)||[0-4]0000D00D-00000000-05D703BF-00000000-05D802EA||[70-74]A00001CA-000001CA-01E000B6-00000000-000001CA
D/MtkCam/VSSScen( 5296): [deque] +
I/CdpDrv ( 5296): {CdpDrv} [VIDO_SetOutputAddr] cqPhy(0x442e3000),Vido(0x2e00000),VidCo(0x2e4b000),VidVo(0x2e00000)
I/iio/path( 5296): [setDMACurrBuf] [VIDO]base(0x2e00000)-0x2e4b000-0x2e00000
I/iio/ifunc( 5296): [_enable] path(2),start(1),SCIO(6),En1(0x44b5b8a9),En2(0xb8a3401f),Dma(0x800ab),CQ_status(0x4001111),CQ_debugset(24576)
I/iio/pathp2( 5296): [_waitIrq] type(0),irq(16384)
I/Drv/IMem( 5296): Drv/IMem[freeM4UMemory] [StdM4U]VA(0x447e8000)/PA(0x2e00000)/size(0x70800)/mID(0xffffffff)
D/MtkCam/VSSScen( 5296): [deque] P2VIDO:Id(-1),VA(0x447E8000),PA(0x02E00000),S(460800),T(0.000000)
I/iio/ifunc( 5296): [_disable] P2 start(0x0)
I/MtkCam/MtkCamUtils( 5296): {CamProfile}[::updateOne] : (0-th) ===> [start-->now: 90 ms]
D/MtkCam/PrvCB( 5296): (12210)[handleReturnBuffers] + 34ms [start-->now: 90 ms]
D/MtkCam/PrvCB( 5296): (12210)[handleReturnBuffers] + 34ms [start-->now: 89 ms]
D/MtkCam/PrvCB( 5296): (12210)[handleReturnBuffers] + 34ms [start-->now: 90 ms]
D/MtkCam/PrvCB( 5296): (12210)[handleReturnBuffers] + 34ms [start-->now: 89 ms]
D/MtkCam/PrvCB( 5296): (12210)[handleReturnBuffers] + 34ms [start-->now: 90 ms]
D/MtkCam/PrvCB( 5296): (12210)[handleReturnBuffers] + 34ms [start-->now: 90 ms]
D/MtkCam/PrvCB( 5296): (12210)[handleReturnBuffers] + 34ms [start-->now: 89 ms]
D/MtkCam/PrvCB( 5296): (12210)[handleReturnBuffers] + 34ms [start-->now: 90 ms]
D/MtkCam/PrvCB( 5296): (12210)[handleReturnBuffers] + 34ms [start-->now: 89 ms]
D/MtkCam/PrvCB( 5296): (12210)[handleReturnBuffers] + 34ms&)]
D/SurfaceTexture( 133): GraphicBuffer: gb=0x43518e40 handle=0x43256af8
I/BufferQueue( 133): [NEW] gb=0x43258aa0, handle=0x43252d48, w=1080, h=1920, s=1088, fmt=5
D/SurfaceTexture( 133): EGLImage: dpy=0x1, img=0x4323ba98
I/SurfaceFlinger( 133): [SurfaceFlinger] fps:4.933081,dur:1621.70,max:627.66,min:16.95
D/awb_algo( 5296): [PV AWB Gain] Rgain = 760, Ggain = 512, Bgain = 840
D/awb_algo( 5296): CCT = 5062
D/isp_tuning_custom( 5296): evaluate_PCA_LUT_index()
D/isp_tuning_custom( 5296): [+evaluate_PCA_LUT_index](rCamInfo.eIdx_PCA_LUT, rCamInfo.rAWBInfo.i4CCT, rCamInfo.rAWBInfo.i4FluorescentIndex)=(1, 5062, 100)
D/ae_mgr ( 5296): [doPvAE]AE Wait Vd frame:2 Enable:1 avgY:269
D/isp_tuning_custom( 5296): map_ISO_value_to_index()
D/FLICKER ( 5296): [FLK Hal] FFLK func=sendCommand line=837 cmd=5
D/FLICKER ( 5296): [FLK Hal] FFLK func=enableFlickerDetection line=1090
D/aaa_hal/3Athread( 5296): rCmd(10)-
D/aaa_hal/3Athread( 5296): CmdQ-size(7), todo(10)
D/aaa_hal/3Athread( 5296): rCmd(10)+
V/ActivityManager( 5535): Enqueueing pending finish: ActivityRecord{42bddcc8 u0 org.opencv.samples.NativeActivity/android.app.NativeActivity}
I/ActivityManager( 5535): Killing 12169:org.opencv.samples.NativeActivity/u0a10134: remove task
I/SurfaceTextureClient( 5719): [STC::queueBuffer] (this:0x5f243708) fps:1.96, dur:1019.91, max:968.34, min:51.57
I/BufferQueue( 133): [com.android.systemui/com.android.systemui.recent.RecentsActivity](this:0x432441b8,api:1) [queue] fps:1.96, dur:1020.02, max:968.40, min:51.62
I/BufferQueue( 133): [com.android.systemui/com.android.systemui.recent.RecentsActivity](this:0x432441b8,api:1) new GraphicBuffer needed
D/BufferQueue( 133): [OLD] gb:NULL
D/af_mgr ( 5296): DoAF[SGG|AF|FK|EIS|HRZ|ESFKO]d4 [X]16 342 668 994 1320 1646 [Y]16 260 504 748 992 1236 [Size]326 244 [TH]5 5 5
D/af_mgr ( 5296): [SGG_GN]16 [GMR1]31 [GMR2]63 [GMR3]127 [Deci]0 [Zig]0 [Odd]0 [IIRKeep]1 [Hsize]1996
D/af_mgr ( 5296): [F0]4 [F1]15 36 43 36 22 10 3 0 0 0 0 0
D/af_mgr ( 5296): [WinXE]668 [WinYE]504 [SizeXE]652 [SizeYE]488 [THE]5
D/FLICKER ( 5296): [FLK Hal] FFLK func=sendCommand line=837 cmd=7
D/AfAlgo ( 5296): [AfAlgoC][fv]373602 [gsum]12 [AEStbl]1 [ISO]455 [wait]3
D/AfAlgo ( 5296): [AfAlgoC][Thres]30000 [ValidCnt] 42 [ShockCnt] 0 [FrmCnt)] 0
D/AfAlgo ( 5296): [AfAlgoC][FirstFV]0 [FVDiff]373602 [FVThres]100 [FVCnt]77 [FVNum]2 [GSDiff]12 [GSThres]20 [GSCnt]34 [GSNum]2
D/af_mgr ( 5296): [AFStatH]362874 [AFStatFL]362874 [AFStatV]3576 [moveMCU] 100
D/MtkCam/VSSScen( 5296): [deque] P1:Idx(0),Id(97),VA(0x45BB4000),PA(0x03340000),S(3740000),T(4055.089753)
D/aaa_hal/3Athread( 5296): mCmdQ size(6) + cmd(10)
D/MtkCam/MtkCamUtils( 5296): [queryRawStride]imgFmt(2), imgWidth(1996), stride(2000)
D/MtkCam/MtkCamUtils( 5296): (CameraDisplay@ImgBufQue)[dequeProvider] Empty Que
D/MtkCam/MtkCamUtils( 5296): (RecCB@ImgBufQue)[dequeProvider] Empty Que
D/MtkCam/PrvCQT( 5296): (12213)[updateOne] P2(0x10)
D/MtkCam/PrvCQT( 5296): (12213)[doCrop] S(1996/1496),D(640/480),Z(100),C(1,0,1994,1496)
I/Drv/IMem( 5296): Drv/IMem[mapPhyAddr] mID(0x61),size(0x391160),VA(x45bb4000),PA(0x3340000),S/C(0/0)
I/Drv/IMem( 5296): Drv/IMem[allocM4UMemory] [StdM4U]VA(0x44ea0000)/PA(0x2e00000)/size(0x70800)/mID(0xffffffff)
I/Drv/IMem( 5296): Drv/IMem[mapPhyAddr] mID(0xffffffff),size(0x70800),VA(x44ea0000),PA(0x2e00000),S/C(0/0)
I/iio/ppp ( 5296): [configPipe] Pass(0),sceFmt(0),imgi.fmt(2),isByImgi(0),sceID(8),dma(0x80080) isTurn(1),VA=0x44d86000 PA=0x2200000
I/IspDrv ( 5296): {IspDrv} [updateTurningCq1] updateCqdes(0) CtlEn1(0x0) CtlEn2(0x0) CtlMma(0x0)
I/iio/ifunc( 5296): [_config] path(2),CQ(4),en1(0x40300000),en2(0x38a20003),dma(0x00080080),fmt(0x00000106),ctl(0x00810050),tcm_en(0x9811c003),isIspOn(0x1)
I/iio/ifunc( 5296): [_config] cq(4),turEn1(0x04800800),turEn2(0x0000001d),turDma(0x00000000),dmaMerg(0x00080080),tcm(0x9811c003)
I/iio/ifunc( 5296): [_config] [Pass2]AppTurn(1) EN1-Set(0x44b00800),Clr(0x3400200)-En2:Set(0x38a2001f),Clr(0x40020)-DMA:Set(0x80080),Clr(0x207500)
I/TpipeDrv( 5296): {TpipeDrv} [runTpipeMain] [Top]bnr(0),lsc(0),lsci(0),lce(0),lcei(0),nbc(1),seee(1),cfa(1)--en1(0x00300000),en2(0x00220016),dma(0x00080080)
I/TpipeDrv( 5296): {TpipeDrv} [runTpipeMain] size(300)||[0-4]0000D00D-00000000-05D703BF-00000000-05D802EA||[70-74]A00001CA-000001CA-01E000B6-00000000-000001CA
D/MtkCam/VSSScen( 5296): [deque] +
I/CdpDrv ( 5296): {CdpDrv} [VIDO_SetOutputAddr] cqPhy(0x442e3000),Vido(0x2e00000),VidCo(0x2e4b000),VidVo(0x2e00000)
I/iio/path( 5296): [setDMACurrBuf] [VIDO]base(0x2e00000)-0x2e4b000-0x2e00000
I/iio/ifunc( 5296): [_enable] path(2),start(1),SCIO(6),En1(0x44b5b8a9),En2(0xb8a3401f),Dma(0x800ab),CQ_status(0x4001111),CQ_debugset(24576)
I/iio/pathp2( 5296): [_waitIrq] type(0),irq(16384)
I/GraphicBuffer( 133): allocate buffer (w:1088 h:1920 f:5) err(0)
I/SurfaceTexture( 133): [com.android.systemui/com.android.systemui.recent.RecentsActivity](this:0x43241850,api:1) [void* android::SurfaceTexture::createImage(EGLDisplay, const android::sp&)]
I/BufferQueue( 133): [NEW] gb=0x43245a30, handle=0x43517d30, w=1080, h=1920, s=1088, fmt=5
D/SurfaceTexture( 133): GraphicBuffer: gb=0x43258aa0 handle=0x43252d48
D/SurfaceTexture( 133): EGLImage: dpy=0x1, img=0x43250350
D/StateMachine( 5535): handleMessage: E msg.what=131155
D/StateMachine( 5535): processMsg: ConnectedState
D/WifiStateMachine( 5535): ConnectedState{ what=131155 when=-3ms arg1=10 target=Handler (com.android.internal.util.StateMachine$SmHandler) {4277a800} }
D/StateMachine( 5535): processMsg: L2ConnectedState
D/WifiStateMachine( 5535): L2ConnectedState{ what=131155 when=-3ms arg1=10 target=Handler (com.android.internal.util.StateMachine$SmHandler) {4277a800} }
D/WifiNative-wlan0( 5535): doString: SIGNAL_POLL
D/WifiCommon( 5535): [wlan0] SET "SIGNAL_POLL"
D/wpa_supplicant( 5621): RX ctrl_iface - hexdump(len=11): 53 49 47 4e 41 4c 5f 50 4f 4c 4c
D/wpa_supplicant( 5621): wlan0: Control interface command 'SIGNAL_POLL'
D/NetworkControllerGemini( 5719): refreshViews(0), DataConnected=false simColorId = 0
D/NetworkControllerGemini( 5719): refreshViews(0), set parameters to signal cluster view.
D/NetworkControllerGemini( 5719): refreshViews(0), tempPhoneSignalIconId.0 = 2130837955 tempPhoneSignalIconId.1 = 0 tempMobileActivityIconId= 0 tempDataTypeIconId= 2130837873
D/SignalClusterViewGemini( 5719): setMobileDataIndicators(0), visible=true, strengthIcon[0] ~ [1] 2130837955 ~ 0
D/SignalClusterViewGemini( 5719): isSimInserted(0), SimInserted=true
I/Drv/IMem( 5296): Drv/IMem[freeM4UMemory] [StdM4U]VA(0x44ea0000)/PA(0x2e00000)/size(0x70800)/mID(0xffffffff)
D/MtkCam/VSSScen( 5296): [deque] P2VIDO:Id(-1),VA(0x44EA0000),PA(0x02E00000),S(460800),T(0.000000)
I/iio/ifunc( 5296): [_disable] P2 start(0x0)
I/MtkCam/MtkCamUtils( 5296): {CamProfile}[::updateOne] : (0-th) ===> [start-->now: 90 ms]
D/MtkCam/PrvCB( 5296): (12210)[handleReturnBuffers] + 34ms&)]
D/SurfaceTexture( 133): GraphicBuffer: gb=0x43245a30 handle=0x43517d30
D/SurfaceTexture( 133): EGLImage: dpy=0x1, img=0x43240208
D/ae_mgr ( 5296): [doPvAE]AE Wait Vd frame:1 Enable:1 avgY:269
D/isp_tuning_custom( 5296): map_ISO_value_to_index()
D/FLICKER ( 5296): [FLK Hal] FFLK func=sendCommand line=837 cmd=5
D/FLICKER ( 5296): [FLK Hal] FFLK func=enableFlickerDetection line=1090
D/aaa_hal/3Athread( 5296): rCmd(10)-
D/aaa_hal/3Athread( 5296): CmdQ-size(7), todo(10)
D/aaa_hal/3Athread( 5296): rCmd(10)+
D/af_mgr ( 5296): DoAF[SGG|AF|FK|EIS|HRZ|ESFKO]d4 [X]16 342 668 994 1320 1646 [Y]16 260 504 748 992 1236 [Size]326 244 [TH]5 5 5
D/af_mgr ( 5296): [SGG_GN]16 [GMR1]31 [GMR2]63 [GMR3]127 [Deci]0 [Zig]0 [Odd]0 [IIRKeep]1 [Hsize]1996
D/af_mgr ( 5296): [F0]4 [F1]15 36 43 36 22 10 3 0 0 0 0 0
D/af_mgr ( 5296): [WinXE]668 [WinYE]504 [SizeXE]652 [SizeYE]488 [THE]5
D/FLICKER ( 5296): [FLK Hal] FFLK func=sendCommand line=837 cmd=7
D/AfAlgo ( 5296): [AfAlgoC][fv]175023 [gsum]12 [AEStbl]1 [ISO]455 [wait]3
D/AfAlgo ( 5296): [AfAlgoC][Thres]30000 [ValidCnt] 43 [ShockCnt] 0 [FrmCnt)] 0
D/AfAlgo ( 5296): [AfAlgoC][FirstFV]0 [FVDiff]175023 [FVThres]100 [FVCnt]78 [FVNum]2 [GSDiff]12 [GSThres]20 [GSCnt]34 [GSNum]2
D/af_mgr ( 5296): [AFStatH]168630 [AFStatFL]168630 [AFStatV]2131 [moveMCU] 100
D/MtkCam/VSSScen( 5296): [deque] P1:Idx(0),Id(98),VA(0x45F46000),PA(0x03700000),S(3740000),T(4055.179814)
D/aaa_hal/3Athread( 5296): mCmdQ size(6) + cmd(10)
D/MtkCam/MtkCamUtils( 5296): [queryRawStride]imgFmt(2), imgWidth(1996), stride(2000)
D/MtkCam/MtkCamUtils( 5296): (CameraDisplay@ImgBufQue)[dequeProvider] Empty Que
D/MtkCam/MtkCamUtils( 5296): (RecCB@ImgBufQue)[dequeProvider] Empty Que
D/MtkCam/PrvCQT( 5296): (12213)[updateOne] P2(0x10)
D/MtkCam/PrvCQT( 5296): (12213)[doCrop] S(1996/1496),D(640/480),Z(100),C(1,0,1994,1496)
I/Drv/IMem( 5296): Drv/IMem[mapPhyAddr] mID(0x62),size(0x391160),VA(x45f46000),PA(0x3700000),S/C(0/0)
I/Drv/IMem( 5296): Drv/IMem[allocM4UMemory] [StdM4U]VA(0x44f11000)/PA(0x2e00000)/size(0x70800)/mID(0xffffffff)
I/Drv/IMem( 5296): Drv/IMem[mapPhyAddr] mID(0xffffffff),size(0x70800),VA(x44f11000),PA(0x2e00000),S/C(0/0)
I/iio/ppp ( 5296): [configPipe] Pass(0),sceFmt(0),imgi.fmt(2),isByImgi(0),sceID(8),dma(0x80080) isTurn(1),VA=0x44d86000 PA=0x2200000
I/IspDrv ( 5296): {IspDrv} [updateTurningCq1] updateCqdes(0) CtlEn1(0x0) CtlEn2(0x0) CtlMma(0x0)
I/iio/ifunc( 5296): [_config] path(2),CQ(4),en1(0x40300000),en2(0x38a20003),dma(0x00080080),fmt(0x00000106),ctl(0x00810050),tcm_en(0x9811c003),isIspOn(0x1)
I/iio/ifunc( 5296): [_config] cq(4),turEn1(0x04800800),turEn2(0x0000001d),turDma(0x00000000),dmaMerg(0x00080080),tcm(0x9811c003)
I/iio/ifunc( 5296): [_config] [Pass2]AppTurn(1) EN1-Set(0x44b00800),Clr(0x3400200)-En2:Set(0x38a2001f),Clr(0x40020)-DMA:Set(0x80080),Clr(0x207500)
I/TpipeDrv( 5296): {TpipeDrv} [runTpipeMain] [Top]bnr(0),lsc(0),lsci(0),lce(0),lcei(0),nbc(1),seee(1),cfa(1)--en1(0x00300000),en2(0x00220016),dma(0x00080080)
I/TpipeDrv( 5296): {TpipeDrv} [runTpipeMain] size(300)||[0-4]0000D00D-00000000-05D703BF-00000000-05D802EA||[70-74]A00001CA-000001CA-01E000B6-00000000-000001CA
D/MtkCam/VSSScen( 5296): [deque] +
I/CdpDrv ( 5296): {CdpDrv} [VIDO_SetOutputAddr] cqPhy(0x442e3000),Vido(0x2e00000),VidCo(0x2e4b000),VidVo(0x2e00000)
I/iio/path( 5296): [setDMACurrBuf] [VIDO]base(0x2e00000)-0x2e4b000-0x2e00000
I/iio/ifunc( 5296): [_enable] path(2),start(1),SCIO(6),En1(0x44b5b8a9),En2(0xb8a3401f),Dma(0x800ab),CQ_status(0x4001111),CQ_debugset(24576)
I/iio/pathp2( 5296): [_waitIrq] type(0),irq(16384)
I/Drv/IMem( 5296): Drv/IMem[freeM4UMemory] [StdM4U]VA(0x44f11000)/PA(0x2e00000)/size(0x70800)/mID(0xffffffff)
D/MtkCam/VSSScen( 5296): [deque] P2VIDO:Id(-1),VA(0x44F11000),PA(0x02E00000),S(460800),T(0.000000)
I/iio/ifunc( 5296): [_disable] P2 start(0x0)
I/MtkCam/MtkCamUtils( 5296): {CamProfile}[::updateOne] : (0-th) ===> [start-->now: 88 ms]
D/MtkCam/PrvCB( 5296): (12210)[handleReturnBuffers] + 34ms [start-->now: 89 ms]
D/MtkCam/PrvCB( 5296): (12210)[handleReturnBuffers] + 34ms [start-->now: 90 ms]
D/MtkCam/PrvCB( 5296): (12210)[handleReturnBuffers] + 34ms [start-->now: 90 ms]
D/MtkCam/PrvCB( 5296): (12210)[handleReturnBuffers] + 34ms [start-->now: 89 ms]
D/MtkCam/PrvCB( 5296): (12210)[handleReturnBuffers] + 34ms [start-->now: 90 ms]
D/MtkCam/PrvCB( 5296): (12210)[handleReturnBuffers] + 34ms [start-->now: 90 ms]
D/MtkCam/PrvCB( 5296): (12210)[handleReturnBuffers] + 34ms&)]
I/BufferQueue( 133): [NEW] gb=0x43515900, handle=0x42ee4650, w=1080, h=1920, s=1088, fmt=5
D/SurfaceTexture( 133): GraphicBuffer: gb=0x432462b0 handle=0x4324ad40
D/SurfaceTexture( 133): EGLImage: dpy=0x1, img=0x4323c4a0
W/ResourceType( 5535): Skipping entry 0x7f05000e in package table 0 because it is not complex!
W/ResourceType( 5535): Skipping entry 0x7f05000f in package table 0 because it is not complex!
D/awb_algo( 5296): [PV AWB Gain] Rgain = 760, Ggain = 512, Bgain = 840
D/awb_algo( 5296): CCT = 5062
D/isp_tuning_custom( 5296): evaluate_PCA_LUT_index()
D/isp_tuning_custom( 5296): [+evaluate_PCA_LUT_index](rCamInfo.eIdx_PCA_LUT, rCamInfo.rAWBInfo.i4CCT, rCamInfo.rAWBInfo.i4FluorescentIndex)=(1, 5062, 100)
D/AeAlgo ( 5296): u4Ratio:47 CWvalue:24 CWR:51 Delta:9 Con:0x00000005 Y:27 Index:114 m_bAEOneShot:0 Stable:1
D/AeAlgo ( 5296): The AE index is at the boundary Idx:114 DeIdx:72 Max:114 Min:0
D/ImgSensorDrv( 5296): [getInstance][ImgSensorDrv] getInstance
D/SensorHal( 5296): [sendCommand] Exposure Time: 89998
D/ImgSensorDrv( 5296): [getInstance][ImgSensorDrv] getInstance
D/ae_mgr ( 5296): [doPvAE] State:0 Shutter:89998 Sensor gain:6656 Isp gain:1024 frame rate:111 flare:520 64 ISO:455 SmoothGain:0
D/isp_tuning_custom( 5296): map_ISO_value_to_index()
D/FLICKER ( 5296): [FLK Hal] FFLK func=sendCommand line=837 cmd=5
D/FLICKER ( 5296): [FLK Hal] FFLK func=enableFlickerDetection line=1090
D/aaa_hal/3Athread( 5296): rCmd(10)-
D/aaa_hal/3Athread( 5296): CmdQ-size(7), todo(10)
D/aaa_hal/3Athread( 5296): rCmd(10)+
D/OpenGLRenderer( 5719): Flushing caches (mode 0)
D/BufferQueue( 133): [com.android.systemui/com.android.systemui.recent.RecentsActivity](this:0x432441b8,api:1) cancelBuffer: slot=0
D/af_mgr ( 5296): DoAF[SGG|AF|FK|EIS|HRZ|ESFKO]d4 [X]16 342 668 994 1320 1646 [Y]16 260 504 748 992 1236 [Size]326 244 [TH]5 5 5
D/af_mgr ( 5296): [SGG_GN]16 [GMR1]31 [GMR2]63 [GMR3]127 [Deci]0 [Zig]0 [Odd]0 [IIRKeep]1 [Hsize]1996
D/af_mgr ( 5296): [F0]4 [F1]15 36 43 36 22 10 3 0 0 0 0 0
D/af_mgr ( 5296): [WinXE]668 [WinYE]504 [SizeXE]652 [SizeYE]488 [THE]5
D/FLICKER ( 5296): [FLK Hal] FFLK func=sendCommand line=837 cmd=7
D/AfAlgo ( 5296): [AfAlgoC][fv]403210 [gsum]11 [AEStbl]1 [ISO]455 [wait]3
D/AfAlgo ( 5296): [AfAlgoC][Thres]30000 [ValidCnt] 50 [ShockCnt] 0 [FrmCnt)] 0
D/AfAlgo ( 5296): [AfAlgoC][FirstFV]0 [FVDiff]403210 [FVThres]100 [FVCnt]85 [FVNum]2 [GSDiff]11 [GSThres]20 [GSCnt]34 [GSNum]2
D/af_mgr ( 5296): [AFStatH]393103 [AFStatFL]393103 [AFStatV]3369 [moveMCU] 100
D/MtkCam/VSSScen( 5296): [deque] P1:Idx(0),Id(95),VA(0x45490000),PA(0x029C0000),S(3740000),T(4055.810245)
D/aaa_hal/3Athread( 5296): mCmdQ size(6) + cmd(10)
D/MtkCam/MtkCamUtils( 5296): [queryRawStride]imgFmt(2), imgWidth(1996), stride(2000)
D/MtkCam/MtkCamUtils( 5296): (CameraDisplay@ImgBufQue)[dequeProvider] Empty Que
D/MtkCam/MtkCamUtils( 5296): (RecCB@ImgBufQue)[dequeProvider] Empty Que
D/MtkCam/PrvCQT( 5296): (12213)[updateOne] P2(0x10)
D/MtkCam/PrvCQT( 5296): (12213)[doCrop] S(1996/1496),D(640/480),Z(100),C(1,0,1994,1496)
I/Drv/IMem( 5296): Drv/IMem[mapPhyAddr] mID(0x5f),size(0x391160),VA(x45490000),PA(0x29c0000),S/C(0/0)
I/Drv/IMem( 5296): Drv/IMem[allocM4UMemory] [StdM4U]VA(0x447e8000)/PA(0x2e00000)/size(0x70800)/mID(0xffffffff)
I/Drv/IMem( 5296): Drv/IMem[mapPhyAddr] mID(0xffffffff),size(0x70800),VA(x447e8000),PA(0x2e00000),S/C(0/0)
I/iio/ppp ( 5296): [configPipe] Pass(0),sceFmt(0),imgi.fmt(2),isByImgi(0),sceID(8),dma(0x80080) isTurn(1),VA=0x44d86000 PA=0x2200000
I/IspDrv ( 5296): {IspDrv} [updateTurningCq1] updateCqdes(0) CtlEn1(0x0) CtlEn2(0x0) CtlMma(0x0)
I/iio/ifunc( 5296): [_config] path(2),CQ(4),en1(0x40300000),en2(0x38a20003),dma(0x00080080),fmt(0x00000106),ctl(0x00810050),tcm_en(0x9811c003),isIspOn(0x1)
I/iio/ifunc( 5296): [_config] cq(4),turEn1(0x04800800),turEn2(0x0000001d),turDma(0x00000000),dmaMerg(0x00080080),tcm(0x9811c003)
I/iio/ifunc( 5296): [_config] [Pass2]AppTurn(1) EN1-Set(0x44b00800),Clr(0x3400200)-En2:Set(0x38a2001f),Clr(0x40020)-DMA:Set(0x80080),Clr(0x207500)
I/TpipeDrv( 5296): {TpipeDrv} [runTpipeMain] [Top]bnr(0),lsc(0),lsci(0),lce(0),lcei(0),nbc(1),seee(1),cfa(1)--en1(0x00300000),en2(0x00220016),dma(0x00080080)
I/TpipeDrv( 5296): {TpipeDrv} [runTpipeMain] size(300)||[0-4]0000D00D-00000000-05D703BF-00000000-05D802EA||[70-74]A00001CA-000001CA-01E000B6-00000000-000001CA
D/MtkCam/VSSScen( 5296): [deque] +
I/CdpDrv ( 5296): {CdpDrv} [VIDO_SetOutputAddr] cqPhy(0x442e3000),Vido(0x2e00000),VidCo(0x2e4b000),VidVo(0x2e00000)
I/iio/path( 5296): [setDMACurrBuf] [VIDO]base(0x2e00000)-0x2e4b000-0x2e00000
I/iio/ifunc( 5296): [_enable] path(2),start(1),SCIO(6),En1(0x44b5b8a9),En2(0xb8a3401f),Dma(0x800ab),CQ_status(0x4001111),CQ_debugset(24576)
I/iio/pathp2( 5296): [_waitIrq] type(0),irq(16384)
I/BufferQueue( 133): [com.android.systemui/com.android.systemui.recent.RecentsActivity](this:0x432441b8,api:1) disconnect: api=1
I/SurfaceTexture( 133): [com.android.systemui/com.android.systemui.recent.RecentsActivity] [virtual android::status_t android::SurfaceTexture::forceAuxConversionLocked()] mCurrentTexture:3, mCurrentBuf:0x43245a30
I/BufferQueue( 133): [com.android.systemui/com.android.systemui.recent.RecentsActivity](this:0x432441b8,api:0) getReleasedBuffers: returning mask 0xffffffff
I/SurfaceTexture( 133): [com.android.systemui/com.android.systemui.recent.RecentsActivity](this:0x43241850,api:0) destroying EGLImage dpy=0x1 img=0x43246968
I/SurfaceTexture( 133): [com.android.systemui/com.android.systemui.recent.RecentsActivity](this:0x43241850,api:0) destroying EGLImage dpy=0x1 img=0x4323ba98
I/SurfaceTexture( 133): [com.android.systemui/com.android.systemui.recent.RecentsActivity](this:0x43241850,api:0) destroying EGLImage dpy=0x1 img=0x43250350
I/SurfaceTexture( 133): [com.android.systemui/com.android.systemui.recent.RecentsActivity](this:0x43241850,api:0) destroying EGLImage dpy=0x1 img=0x43240208
I/Drv/IMem( 5296): Drv/IMem[freeM4UMemory] [StdM4U]VA(0x447e8000)/PA(0x2e00000)/size(0x70800)/mID(0xffffffff)
D/MtkCam/VSSScen( 5296): [deque] P2VIDO:Id(-1),VA(0x447E8000),PA(0x02E00000),S(460800),T(0.000000)
I/iio/ifunc( 5296): [_disable] P2 start(0x0)
I/MtkCam/MtkCamUtils( 5296): {CamProfile}[::updateOne] : (0-th) ===> [start-->now: 89 ms]
D/MtkCam/PrvCB( 5296): (12210)[handleReturnBuffers] + 34ms [start-->now: 89 ms]
D/MtkCam/PrvCB( 5296): (12210)[handleReturnBuffers] + 34ms [start-->now: 89 ms]
D/MtkCam/PrvCB( 5296): (12210)[handleReturnBuffers] + 34ms [start-->now: 90 ms]
D/MtkCam/PrvCB( 5296): (12210)[handleReturnBuffers] + 34ms [start-->now: 90 ms]
D/MtkCam/PrvCB( 5296): (12210)[handleReturnBuffers] + 34ms [start-->now: 90 ms]
D/MtkCam/PrvCB( 5296): (12210)[handleReturnBuffers] + 34ms&)]
I/BufferQueue( 133): [NEW] gb=0x43258aa0, handle=0x43252d48, w=1080, h=1920, s=1088, fmt=5
D/SurfaceTexture( 133): GraphicBuffer: gb=0x43515900 handle=0x42ee4650
D/SurfaceTexture( 133): EGLImage: dpy=0x1, img=0x43240208
I/SurfaceFlinger( 133): [SurfaceFlinger] fps:7.955549,dur:1256.98,max:323.82,min:16.28
D/awb_algo( 5296): [PV AWB Gain] Rgain = 760, Ggain = 512, Bgain = 840
D/awb_algo( 5296): CCT = 5062
D/isp_tuning_custom( 5296): evaluate_PCA_LUT_index()
D/isp_tuning_custom( 5296): [+evaluate_PCA_LUT_index](rCamInfo.eIdx_PCA_LUT, rCamInfo.rAWBInfo.i4CCT, rCamInfo.rAWBInfo.i4FluorescentIndex)=(1, 5062, 100)
D/AeAlgo ( 5296): u4Ratio:50 CWvalue:23 CWR:46 Delta:7 Con:0x00000005 Y:26 Index:114 m_bAEOneShot:0 Stable:1
D/AeAlgo ( 5296): The AE index is at the boundary Idx:114 DeIdx:56 Max:114 Min:0
D/ImgSensorDrv( 5296): [getInstance][ImgSensorDrv] getInstance
D/SensorHal( 5296): [sendCommand] Exposure Time: 89998
D/ImgSensorDrv( 5296): [getInstance][ImgSensorDrv] getInstance
D/ae_mgr ( 5296): [doPvAE] State:0 Shutter:89998 Sensor gain:6656 Isp gain:1024 frame rate:111 flare:520 64 ISO:455 SmoothGain:0
D/isp_tuning_custom( 5296): map_ISO_value_to_index()
D/FLICKER ( 5296): [FLK Hal] FFLK func=sendCommand line=837 cmd=5
D/FLICKER ( 5296): [FLK Hal] FFLK func=enableFlickerDetection line=1090
D/aaa_hal/3Athread( 5296): rCmd(10)-
D/aaa_hal/3Athread( 5296): CmdQ-size(7), todo(10)
D/aaa_hal/3Athread( 5296): rCmd(10)+
D/af_mgr ( 5296): DoAF[SGG|AF|FK|EIS|HRZ|ESFKO]d4 [X]16 342 668 994 1320 1646 [Y]16 260 504 748 992 1236 [Size]326 244 [TH]5 5 5
D/af_mgr ( 5296): [SGG_GN]16 [GMR1]31 [GMR2]63 [GMR3]127 [Deci]0 [Zig]0 [Odd]0 [IIRKeep]1 [Hsize]1996
D/af_mgr ( 5296): [F0]4 [F1]15 36 43 36 22 10 3 0 0 0 0 0
D/af_mgr ( 5296): [WinXE]668 [WinYE]504 [SizeXE]652 [SizeYE]488 [THE]5
D/FLICKER ( 5296): [FLK Hal] FFLK func=sendCommand line=837 cmd=7
D/AfAlgo ( 5296): [AfAlgoC][fv]91739 [gsum]11 [AEStbl]1 [ISO]455 [wait]3
D/AfAlgo ( 5296): [AfAlgoC][Thres]30000 [ValidCnt] 56 [ShockCnt] 0 [FrmCnt)] 0
D/AfAlgo ( 5296): [AfAlgoC][FirstFV]0 [FVDiff]91739 [FVThres]100 [FVCnt]91 [FVNum]2 [GSDiff]11 [GSThres]20 [GSCnt]34 [GSNum]2
D/af_mgr ( 5296): [AFStatH]90338 [AFStatFL]90338 [AFStatV]467 [moveMCU] 100
D/MtkCam/VSSScen( 5296): [deque] P1:Idx(0),Id(96),VA(0x45822000),PA(0x02F80000),S(3740000),T(4056.350616)
D/aaa_hal/3Athread( 5296): mCmdQ size(6) + cmd(10)
D/MtkCam/MtkCamUtils( 5296): [queryRawStride]imgFmt(2), imgWidth(1996), stride(2000)
D/MtkCam/MtkCamUtils( 5296): (CameraDisplay@ImgBufQue)[dequeProvider] Empty Que
D/MtkCam/MtkCamUtils( 5296): (RecCB@ImgBufQue)[dequeProvider] Empty Que
D/MtkCam/PrvCQT( 5296): (12213)[updateOne] P2(0x10)
D/MtkCam/PrvCQT( 5296): (12213)[doCrop] S(1996/1496),D(640/480),Z(100),C(1,0,1994,1496)
I/Drv/IMem( 5296): Drv/IMem[mapPhyAddr] mID(0x60),size(0x391160),VA(x45822000),PA(0x2f80000),S/C(0/0)
I/Drv/IMem( 5296): Drv/IMem[allocM4UMemory] [StdM4U]VA(0x447e8000)/PA(0x2e00000)/size(0x70800)/mID(0xffffffff)
I/Drv/IMem( 5296): Drv/IMem[mapPhyAddr] mID(0xffffffff),size(0x70800),VA(x447e8000),PA(0x2e00000),S/C(0/0)
I/iio/ppp ( 5296): [configPipe] Pass(0),sceFmt(0),imgi.fmt(2),isByImgi(0),sceID(8),dma(0x80080) isTurn(1),VA=0x44d86000 PA=0x2200000
I/IspDrv ( 5296): {IspDrv} [updateTurningCq1] updateCqdes(0) CtlEn1(0x0) CtlEn2(0x0) CtlMma(0x0)
I/iio/ifunc( 5296): [_config] path(2),CQ(4),en1(0x40300000),en2(0x38a20003),dma(0x00080080),fmt(0x00000106),ctl(0x00810050),tcm_en(0x9811c003),isIspOn(0x1)
I/iio/ifunc( 5296): [_config] cq(4),turEn1(0x04800800),turEn2(0x0000001d),turDma(0x00000000),dmaMerg(0x00080080),tcm(0x9811c003)
I/iio/ifunc( 5296): [_config] [Pass2]AppTurn(1) EN1-Set(0x44b00800),Clr(0x3400200)-En2:Set(0x38a2001f),Clr(0x40020)-DMA:Set(0x80080),Clr(0x207500)
I/TpipeDrv( 5296): {TpipeDrv} [runTpipeMain] [Top]bnr(0),lsc(0),lsci(0),lce(0),lcei(0),nbc(1),seee(1),cfa(1)--en1(0x00300000),en2(0x00220016),dma(0x00080080)
I/TpipeDrv( 5296): {TpipeDrv} [runTpipeMain] size(300)||[0-4]0000D00D-00000000-05D703BF-00000000-05D802EA||[70-74]A00001CA-000001CA-01E000B6-00000000-000001CA
D/MtkCam/VSSScen( 5296): [deque] +
I/CdpDrv ( 5296): {CdpDrv} [VIDO_SetOutputAddr] cqPhy(0x442e3000),Vido(0x2e00000),VidCo(0x2e4b000),VidVo(0x2e00000)
I/iio/path( 5296): [setDMACurrBuf] [VIDO]base(0x2e00000)-0x2e4b000-0x2e00000
I/iio/ifunc( 5296): [_enable] path(2),start(1),SCIO(6),En1(0x44b5b8a9),En2(0xb8a3401f),Dma(0x800ab),CQ_status(0x4001111),CQ_debugset(24576)
I/iio/pathp2( 5296): [_waitIrq] type(0),irq(16384)
I/Drv/IMem( 5296): Drv/IMem[freeM4UMemory] [StdM4U]VA(0x447e8000)/PA(0x2e00000)/size(0x70800)/mID(0xffffffff)
D/MtkCam/VSSScen( 5296): [deque] P2VIDO:Id(-1),VA(0x447E8000),PA(0x02E00000),S(460800),T(0.000000)
I/iio/ifunc( 5296): [_disable] P2 start(0x0)
I/MtkCam/MtkCamUtils( 5296): {CamProfile}[::updateOne] : (0-th) ===> [start-->now: 89 ms]
D/MtkCam/PrvCB( 5296): (12210)[handleReturnBuffers] + 34ms [start-->now: 89 ms]
D/MtkCam/PrvCB( 5296): (12210)[handleReturnBuffers] + 34ms [start-->now: 90 ms]
D/MtkCam/PrvCB( 5296): (12210)[handleReturnBuffers] + 34ms [start-->now: 90 ms]
D/MtkCam/PrvCB( 5296): (12210)[handleReturnBuffers] + 34ms [start-->now: 89 ms]
D/MtkCam/PrvCB( 5296): (12210)[handleReturnBuffers] + 34ms [start-->now: 89 ms]
D/MtkCam/PrvCB( 5296): (12210)[handleReturnBuffers] + 34ms [start-->now: 90 ms]
D/MtkCam/PrvCB( 5296): (12210)[handleReturnBuffers] + 34ms [start-->now: 89 ms]
D/MtkCam/PrvCB( 5296): (12210)[handleReturnBuffers] + 34ms [start-->now: 89 ms]
D/MtkCam/PrvCB( 5296): (12210)[handleReturnBuffers] + 34ms [start-->now: 90 ms]
D/MtkCam/PrvCB( 5296): (12210)[handleReturnBuffers] + 34ms [start-->now: 89 ms]
D/MtkCam/PrvCB( 5296): (12210)[handleReturnBuffers] + 34ms&)]
D/SurfaceTexture( 133): GraphicBuffer: gb=0x43258aa0 handle=0x43252d48
D/SurfaceTexture( 133): EGLImage: dpy=0x1, img=0x43250350
I/BufferQueue( 133): [com.android.launcher/com.android.launcher2.Launcher](this:0x4324e148,api:1) [release] fps:0.95, dur:1057.74, max:1057.74, min:1057.74
D/Launcher( 5877): MTKWidgetView, moveOut true.
D/Launcher( 5877): PagedView, Touch move scroll: x = 373.65402, deltaX = 415.30106, mTotalMotionX = 458.5754, mLastMotionX = 373.65402, mCurrentPage = 2,mTouchX = 2637.0 ,mLastMotionX = 373.65402, mScrollX = 2637
I/Drv/IMem( 5296): Drv/IMem[freeM4UMemory] [StdM4U]VA(0x44f11000)/PA(0x2e00000)/size(0x70800)/mID(0xffffffff)
D/MtkCam/VSSScen( 5296): [deque] P2VIDO:Id(-1),VA(0x44F11000),PA(0x02E00000),S(460800),T(0.000000)
I/iio/ifunc( 5296): [_disable] P2 start(0x0)
I/MtkCam/MtkCamUtils( 5296): {CamProfile}[::updateOne] : (0-th) ===> [start-->now: 91 ms]
D/MtkCam/PrvCB( 5296): (12210)[handleReturnBuffers] + 34ms&)]
D/SurfaceTexture( 133): GraphicBuffer: gb=0x43518e40 handle=0x43517d30
D/SurfaceTexture( 133): EGLImage: dpy=0x1, img=0x43241da0
D/awb_algo( 5296): [PV AWB Gain] Rgain = 760, Ggain = 512, Bgain = 840
D/awb_algo( 5296): CCT = 5062
D/isp_tuning_custom( 5296): evaluate_PCA_LUT_index()
D/isp_tuning_custom( 5296): [+evaluate_PCA_LUT_index](rCamInfo.eIdx_PCA_LUT, rCamInfo.rAWBInfo.i4CCT, rCamInfo.rAWBInfo.i4FluorescentIndex)=(1, 5062, 100)
D/AeAlgo ( 5296): u4Ratio:52 CWvalue:25 CWR:48 Delta:7 Con:0x00000005 Y:29 Index:114 m_bAEOneShot:0 Stable:1
D/AeAlgo ( 5296): The AE index is at the boundary Idx:114 DeIdx:56 Max:114 Min:0
D/ImgSensorDrv( 5296): [getInstance][ImgSensorDrv] getInstance
D/SensorHal( 5296): [sendCommand] Exposure Time: 89998
D/ImgSensorDrv( 5296): [getInstance][ImgSensorDrv] getInstance
D/ae_mgr ( 5296): [doPvAE] State:0 Shutter:89998 Sensor gain:6656 Isp gain:1024 frame rate:111 flare:520 64 ISO:455 SmoothGain:0
D/isp_tuning_custom( 5296): map_ISO_value_to_index()
D/FLICKER ( 5296): [FLK Hal] FFLK func=sendCommand line=837 cmd=5
D/FLICKER ( 5296): [FLK Hal] FFLK func=enableFlickerDetection line=1090
D/aaa_hal/3Athread( 5296): rCmd(10)-
D/aaa_hal/3Athread( 5296): CmdQ-size(7), todo(10)
D/aaa_hal/3Athread( 5296): rCmd(10)+
I/SurfaceTextureClient( 5719): [STC::queueBuffer] (this:0x5dd8ce08) fps:2.00, dur:1002.49, max:641.59, min:360.91
I/BufferQueue( 133): [StatusBar](this:0x43515e58,api:1) [queue] fps:2.00, dur:1002.34, max:641.38, min:360.96
D/af_mgr ( 5296): DoAF[SGG|AF|FK|EIS|HRZ|ESFKO]d4 [X]16 342 668 994 1320 1646 [Y]16 260 504 748 992 1236 [Size]326 244 [TH]5 5 5
D/af_mgr ( 5296): [SGG_GN]16 [GMR1]31 [GMR2]63 [GMR3]127 [Deci]0 [Zig]0 [Odd]0 [IIRKeep]1 [Hsize]1996
D/af_mgr ( 5296): [F0]4 [F1]15 36 43 36 22 10 3 0 0 0 0 0
D/af_mgr ( 5296): [WinXE]668 [WinYE]504 [SizeXE]652 [SizeYE]488 [THE]5
D/FLICKER ( 5296): [FLK Hal] FFLK func=sendCommand line=837 cmd=7
D/AfAlgo ( 5296): [AfAlgoC][fv]38438 [gsum]12 [AEStbl]1 [ISO]455 [wait]3
D/AfAlgo ( 5296): [AfAlgoC][Thres]30000 [ValidCnt] 1 [ShockCnt] 1 [FrmCnt)] 9
D/AfAlgo ( 5296): [AfAlgoC][FirstFV]0 [FVDiff]38438 [FVThres]100 [FVCnt]103 [FVNum]2 [GSDiff]12 [GSThres]20 [GSCnt]34 [GSNum]2
D/af_mgr ( 5296): [AFStatH]38222 [AFStatFL]38222 [AFStatV]72 [moveMCU] 100
D/MtkCam/VSSScen( 5296): [deque] P1:Idx(0),Id(98),VA(0x45F46000),PA(0x03700000),S(3740000),T(4057.431356)
D/aaa_hal/3Athread( 5296): mCmdQ size(6) + cmd(10)
D/MtkCam/MtkCamUtils( 5296): [queryRawStride]imgFmt(2), imgWidth(1996), stride(2000)
D/MtkCam/MtkCamUtils( 5296): (CameraDisplay@ImgBufQue)[dequeProvider] Empty Que
D/MtkCam/MtkCamUtils( 5296): (RecCB@ImgBufQue)[dequeProvider] Empty Que
D/MtkCam/PrvCQT( 5296): (12213)[updateOne] P2(0x10)
D/MtkCam/PrvCQT( 5296): (12213)[doCrop] S(1996/1496),D(640/480),Z(100),C(1,0,1994,1496)
I/Drv/IMem( 5296): Drv/IMem[mapPhyAddr] mID(0x62),size(0x391160),VA(x45f46000),PA(0x3700000),S/C(0/0)
I/Drv/IMem( 5296): Drv/IMem[allocM4UMemory] [StdM4U]VA(0x447e8000)/PA(0x2e00000)/size(0x70800)/mID(0xffffffff)
I/Drv/IMem( 5296): Drv/IMem[mapPhyAddr] mID(0xffffffff),size(0x70800),VA(x447e8000),PA(0x2e00000),S/C(0/0)
I/iio/ppp ( 5296): [configPipe] Pass(0),sceFmt(0),imgi.fmt(2),isByImgi(0),sceID(8),dma(0x80080) isTurn(1),VA=0x44d86000 PA=0x2200000
I/IspDrv ( 5296): {IspDrv} [updateTurningCq1] updateCqdes(0) CtlEn1(0x0) CtlEn2(0x0) CtlMma(0x0)
I/iio/ifunc( 5296): [_config] path(2),CQ(4),en1(0x40300000),en2(0x38a20003),dma(0x00080080),fmt(0x00000106),ctl(0x00810050),tcm_en(0x9811c003),isIspOn(0x1)
I/iio/ifunc( 5296): [_config] cq(4),turEn1(0x04800800),turEn2(0x0000001d),turDma(0x00000000),dmaMerg(0x00080080),tcm(0x9811c003)
I/iio/ifunc( 5296): [_config] [Pass2]AppTurn(1) EN1-Set(0x44b00800),Clr(0x3400200)-En2:Set(0x38a2001f),Clr(0x40020)-DMA:Set(0x80080),Clr(0x207500)
I/TpipeDrv( 5296): {TpipeDrv} [runTpipeMain] [Top]bnr(0),lsc(0),lsci(0),lce(0),lcei(0),nbc(1),seee(1),cfa(1)--en1(0x00300000),en2(0x00220016),dma(0x00080080)
I/TpipeDrv( 5296): {TpipeDrv} [runTpipeMain] size(300)||[0-4]0000D00D-00000000-05D703BF-00000000-05D802EA||[70-74]A00001CA-000001CA-01E000B6-00000000-000001CA
D/MtkCam/VSSScen( 5296): [deque] +
I/CdpDrv ( 5296): {CdpDrv} [VIDO_SetOutputAddr] cqPhy(0x442e3000),Vido(0x2e00000),VidCo(0x2e4b000),VidVo(0x2e00000)
I/iio/path( 5296): [setDMACurrBuf] [VIDO]base(0x2e00000)-0x2e4b000-0x2e00000
I/iio/ifunc( 5296): [_enable] path(2),start(1),SCIO(6),En1(0x44b5b8a9),En2(0xb8a3401f),Dma(0x800ab),CQ_status(0x4001111),CQ_debugset(24576)
I/iio/pathp2( 5296): [_waitIrq] type(0),irq(16384)
I/Drv/IMem( 5296): Drv/IMem[freeM4UMemory] [StdM4U]VA(0x447e8000)/PA(0x2e00000)/size(0x70800)/mID(0xffffffff)
D/MtkCam/VSSScen( 5296): [deque] P2VIDO:Id(-1),VA(0x447E8000),PA(0x02E00000),S(460800),T(0.000000)
I/iio/ifunc( 5296): [_disable] P2 start(0x0)
I/MtkCam/MtkCamUtils( 5296): {CamProfile}[::updateOne] : (0-th) ===> [start-->now: 88 ms]
D/MtkCam/PrvCB( 5296): (12210)[handleReturnBuffers] + 34ms [start-->now: 89 ms]
D/MtkCam/PrvCB( 5296): (12210)[handleReturnBuffers] + 34ms [start-->now: 89 ms]
D/MtkCam/PrvCB( 5296): (12210)[handleReturnBuffers] + 34ms [start-->now: 90 ms]
D/MtkCam/PrvCB( 5296): (12210)[handleReturnBuffers] + 34ms [start-->now: 89 ms]
D/MtkCam/PrvCB( 5296): (12210)[handleReturnBuffers] + 34ms [start-->now: 89 ms]
D/MtkCam/PrvCB( 5296): (12210)[handleReturnBuffers] + 34ms [start-->now: 89 ms]
D/MtkCam/PrvCB( 5296): (12210)[handleReturnBuffers] + 34ms [start-->now: 89 ms]
D/MtkCam/PrvCB( 5296): (12210)[handleReturnBuffers] + 34msfde.force_eof=0
D/AEE/AED (12215): put_in_archive: Archive file /sdcard/mtklog/aee_exp/temp/db.E12215/__exp_main.txt, size 1149
E/SurfaceTextureClient( 5296): queueBuffer: error queuing buffer to SurfaceTexture, -32
D/IPCThreadState( 5296): [DN #5] BR_DEAD_BINDER cookie 0x42a35e30
W/CameraService( 5296): Disconnecting camera client 0x44d9cf50 since the binder for it died (this pid 5296)
