I/CdpDrv ( 5296): {CdpDrv} [VIDO_SetOutputAddr] cqPhy(0x442e3000),Vido(0x27c0000),VidCo(0x280b000),VidVo(0x27c0000)
I/iio/path( 5296): [setDMACurrBuf] [VIDO]base(0x27c0000)-0x280b000-0x27c0000
I/iio/ifunc( 5296): [_enable] path(2),start(1),SCIO(6),En1(0x44b5b8a9),En2(0xb8a3401f),Dma(0x800ab),CQ_status(0x4001111),CQ_debugset(24576)
I/iio/pathp2( 5296): [_waitIrq] type(0),irq(16384)
D/MtkCam/PrvCB( 5296): (12210)[handleReturnBuffers] + 34ms [start-->now: 14 ms]
D/MtkCam/PrvCQT( 5296): (12213)[update] frameCnt(50)
D/MtkCam/VSSScen( 5296): [deque] +
D/MtkCam/PrvCB( 5296): (12210)[handleReturnBuffers] + 34ms [start-->now: 65 ms]
D/MtkCam/PrvCQT( 5296): (12213)[update] frameCnt(51)
D/MtkCam/VSSScen( 5296): [deque] +
D/MtkCam/PrvCB( 5296): (12210)[handleReturnBuffers] + 34ms [start-->now: 89 ms]
D/MtkCam/PrvCQT( 5296): (12213)[update] frameCnt(52)
D/MtkCam/VSSScen( 5296): [deque] +
D/MtkCam/PrvCB( 5296): (12210)[handleReturnBuffers] + 34ms [start-->now: 89 ms]
D/MtkCam/PrvCQT( 5296): (12213)[update] frameCnt(53)
D/MtkCam/VSSScen( 5296): [deque] +
D/MtkCam/PrvCB( 5296): (12210)[handleReturnBuffers] + 34ms [start-->now: 90 ms]
D/MtkCam/PrvCQT( 5296): (12213)[update] frameCnt(54)
D/MtkCam/VSSScen( 5296): [deque] +
D/MtkCam/PrvCB( 5296): (12210)[handleReturnBuffers] + 34ms 1
D/NativeCrypto( 5952): sslSelect, appData=0x5fbbfb08 woken up by a token
D/NativeCrypto( 5952): sslSelect, appData=0x5fbbfb08 read ret=1
D/NativeCrypto( 5952): Doing SSL_Read() ssl=0x5fb80e70, appData=0x5fbbfb08
D/NativeCrypto( 5952): Returned from SSL_Read() with result -1, error code 2 ssl=0x5fb80e70, appData=0x5fbbfb08
D/NativeCrypto( 5952): sslSelect type=READ fd=70 appData=0x5fbbfb08 timeout_millis=3600000
D/ConnectivityService( 5535): getActiveNetworkInfo:NetworkInfo: type: WIFI[], state: CONNECTED/CONNECTED, reason: (unspecified), extra: "ASUS", roaming: false, failover: false, isAvailable: true, simId: 0/10014
D/NetworkControllerGemini( 5719): refreshViews(0), tempPhoneSignalIconId.0 = 2130837955 tempPhoneSignalIconId.1 = 0 tempMobileActivityIconId= 0 tempDataTypeIconId= 2130837873
D/SignalClusterViewGemini( 5719): setShowSimIndicator(0), showSimIndicator=false simIndicatorResource = 0
D/SignalClusterViewGemini( 5719): setDataConnected(0), dataConnected=false
D/SignalClusterViewGemini( 5719): setDataNetType3G(0), dataNetType=Type_3G
D/SignalClusterViewGemini( 5719): apply : mShowSimIndicator = false mSimIndicatorResource = 0 mShowSimIndicatorGemini = false mSimIndicatorResourceGemini = 0
D/SignalClusterViewGemini( 5719): apply, mMobileVisible=true mMobileActivityId=0 mMobileTypeId=2130837873 mMobileStrengthId[0] = 2130837955 mMobileStrengthId[1] = 0
D/SignalClusterViewGemini( 5719): isSimInserted(0), SimInserted=true
D/SignalClusterViewGemini( 5719): mDataNetType =Type_3G resId= 0 simColorId = 0
D/SignalClusterViewGemini( 5719): apply, mMobileVisibleGemini=true mMobileActivityIdGemini=0 mMobileTypeIdGemini=0 mMobileStrengthIdGemini[0] = 2130837938 mMobileStrengthIdGemini[1] = 0
D/SignalClusterViewGemini( 5719): isSimInserted(1), SimInserted=true
D/SignalClusterViewGemini( 5719): apply, mMobileVisible=true, mWifiVisible=true, mIsAirplaneMode=false
W/ResourceType( 5719): No package identifier when getting value for resource number 0x00000000
D/awb_algo( 5296): [PV AWB Gain] Rgain = 767, Ggain = 512, Bgain = 840
D/awb_algo( 5296): CCT = 5102
D/isp_tuning_custom( 5296): evaluate_PCA_LUT_index()
D/isp_tuning_custom( 5296): [+evaluate_PCA_LUT_index](rCamInfo.eIdx_PCA_LUT, rCamInfo.rAWBInfo.i4CCT, rCamInfo.rAWBInfo.i4FluorescentIndex)=(1, 5102, 78)
D/ae_mgr ( 5296): [doPvAE]AE Wait Vd frame:2 Enable:1 avgY:321
D/isp_tuning_custom( 5296): map_ISO_value_to_index()
D/FLICKER ( 5296): [FLK Hal] FFLK func=sendCommand line=837 cmd=5
D/FLICKER ( 5296): [FLK Hal] FFLK func=enableFlickerDetection line=1090
D/aaa_hal/3Athread( 5296): rCmd(10)-
D/aaa_hal/3Athread( 5296): CmdQ-size(7), todo(10)
D/aaa_hal/3Athread( 5296): rCmd(10)+
D/SignalClusterViewGemini( 5719): isSimInserted(0), SimInserted=true
D/SignalClusterViewGemini( 5719): isSimInserted(1), SimInserted=true
D/NetworkControllerGemini( 5719): refreshViews(1), DataConnected=false simColorId = 2
D/SignalClusterViewGemini( 5719): setShowSimIndicator(1), showSimIndicator=false simIndicatorResource = 0
D/SignalClusterViewGemini( 5719): setDataConnected(1), dataConnected=false
D/SignalClusterViewGemini( 5719): setDataNetType3G(1), dataNetType=Type_G
D/SignalClusterViewGemini( 5719): apply : mShowSimIndicator = false mSimIndicatorResource = 0 mShowSimIndicatorGemini = false mSimIndicatorResourceGemini = 0
D/SignalClusterViewGemini( 5719): apply, mMobileVisible=true mMobileActivityId=0 mMobileTypeId=2130837873 mMobileStrengthId[0] = 2130837955 mMobileStrengthId[1] = 0
D/SignalClusterViewGemini( 5719): isSimInserted(0), SimInserted=true
D/SignalClusterViewGemini( 5719): mDataNetType =Type_3G resId= 0 simColorId = 0
D/SignalClusterViewGemini( 5719): apply, mMobileVisibleGemini=true mMobileActivityIdGemini=0 mMobileTypeIdGemini=0 mMobileStrengthIdGemini[0] = 2130837938 mMobileStrengthIdGemini[1] = 0
D/SignalClusterViewGemini( 5719): isSimInserted(1), SimInserted=true
D/SignalClusterViewGemini( 5719): apply, mMobileVisible=true, mWifiVisible=true, mIsAirplaneMode=false
W/ResourceType( 5719): No package identifier when getting value for resource number 0x00000000
D/SignalClusterViewGemini( 5719): isSimInserted(0), SimInserted=true
D/SignalClusterViewGemini( 5719): isSimInserted(1), SimInserted=true
D/PhoneStatusBar( 5719): onReceive, action=android.intent.action.SCREEN_ON
D/af_mgr ( 5296): DoAF[SGG|AF|FK|EIS|HRZ|ESFKO]d4 [X]16 342 668 994 1320 1646 [Y]16 260 504 748 992 1236 [Size]326 244 [TH]5 5 5
D/af_mgr ( 5296): [SGG_GN]16 [GMR1]31 [GMR2]63 [GMR3]127 [Deci]0 [Zig]0 [Odd]0 [IIRKeep]1 [Hsize]1996
D/af_mgr ( 5296): [F0]4 [F1]15 36 43 36 22 10 3 0 0 0 0 0
D/af_mgr ( 5296): [WinXE]668 [WinYE]504 [SizeXE]652 [SizeYE]488 [THE]5
D/FLICKER ( 5296): [FLK Hal] FFLK func=sendCommand line=837 cmd=7
D/AfAlgo ( 5296): [AfAlgoC][fv]626904 [gsum]15 [AEStbl]1 [ISO]455 [wait]3
D/AfAlgo ( 5296): [AfAlgoC][Thres]30000 [ValidCnt] 5 [ShockCnt] 0 [FrmCnt)] 0
D/AfAlgo ( 5296): [AfAlgoC][FirstFV]0 [FVDiff]626904 [FVThres]100 [FVCnt]14 [FVNum]2 [GSDiff]15 [GSThres]20 [GSCnt]0 [GSNum]2
D/af_mgr ( 5296): [AFStatH]624843 [AFStatFL]624843 [AFStatV]687 [moveMCU] 100
D/MtkCam/VSSScen( 5296): [deque] P1:Idx(0),Id(94),VA(0x450FE000),PA(0x02240000),S(3740000),T(4049.415866)
D/aaa_hal/3Athread( 5296): mCmdQ size(6) + cmd(10)
D/MtkCam/MtkCamUtils( 5296): [queryRawStride]imgFmt(2), imgWidth(1996), stride(2000)
D/MtkCam/MtkCamUtils( 5296): (CameraDisplay@ImgBufQue)[dequeProvider] Empty Que
D/MtkCam/MtkCamUtils( 5296): (RecCB@ImgBufQue)[dequeProvider] Empty Que
D/MtkCam/PrvCQT( 5296): (12213)[updateOne] P2(0x10)
D/MtkCam/PrvCQT( 5296): (12213)[doCrop] S(1996/1496),D(640/480),Z(100),C(1,0,1994,1496)
I/Drv/IMem( 5296): Drv/IMem[mapPhyAddr] mID(0x5e),size(0x391160),VA(x450fe000),PA(0x2240000),S/C(0/0)
I/Drv/IMem( 5296): Drv/IMem[allocM4UMemory] [StdM4U]VA(0x44ea0000)/PA(0x27c0000)/size(0x70800)/mID(0xffffffff)
I/Drv/IMem( 5296): Drv/IMem[mapPhyAddr] mID(0xffffffff),size(0x70800),VA(x44ea0000),PA(0x27c0000),S/C(0/0)
I/iio/ppp ( 5296): [configPipe] Pass(0),sceFmt(0),imgi.fmt(2),isByImgi(0),sceID(8),dma(0x80080) isTurn(1),VA=0x44d86000 PA=0x2200000
I/IspDrv ( 5296): {IspDrv} [updateTurningCq1] updateCqdes(0) CtlEn1(0x0) CtlEn2(0x0) CtlMma(0x0)
I/iio/ifunc( 5296): [_config] path(2),CQ(4),en1(0x40300000),en2(0x38a20003),dma(0x00080080),fmt(0x00000106),ctl(0x00810050),tcm_en(0x9811c003),isIspOn(0x1)
I/iio/ifunc( 5296): [_config] cq(4),turEn1(0x04800800),turEn2(0x0000001d),turDma(0x00000000),dmaMerg(0x00080080),tcm(0x9811c003)
I/iio/ifunc( 5296): [_config] [Pass2]AppTurn(1) EN1-Set(0x44b00800),Clr(0x3400200)-En2:Set(0x38a2001f),Clr(0x40020)-DMA:Set(0x80080),Clr(0x207500)
I/TpipeDrv( 5296): {TpipeDrv} [runTpipeMain] [Top]bnr(0),lsc(0),lsci(0),lce(0),lcei(0),nbc(1),seee(1),cfa(1)--en1(0x00300000),en2(0x00220016),dma(0x00080080)
I/TpipeDrv( 5296): {TpipeDrv} [runTpipeMain] size(300)||[0-4]0000D00D-00000000-05D703BF-00000000-05D802EA||[70-74]A00001CA-000001CA-01E000B6-00000000-000001CA
D/MtkCam/VSSScen( 5296): [deque] +
I/CdpDrv ( 5296): {CdpDrv} [VIDO_SetOutputAddr] cqPhy(0x442e3000),Vido(0x27c0000),VidCo(0x280b000),VidVo(0x27c0000)
I/iio/path( 5296): [setDMACurrBuf] [VIDO]base(0x27c0000)-0x280b000-0x27c0000
I/iio/ifunc( 5296): [_enable] path(2),start(1),SCIO(6),En1(0x44b5b8a9),En2(0xb8a3401f),Dma(0x800ab),CQ_status(0x4001111),CQ_debugset(24576)
I/iio/pathp2( 5296): [_waitIrq] type(0),irq(16384)
I/Drv/IMem( 5296): Drv/IMem[freeM4UMemory] [StdM4U]VA(0x44ea0000)/PA(0x27c0000)/size(0x70800)/mID(0xffffffff)
D/MtkCam/VSSScen( 5296): [deque] P2VIDO:Id(-1),VA(0x44EA0000),PA(0x027C0000),S(460800),T(0.000000)
I/iio/ifunc( 5296): [_disable] P2 start(0x0)
I/MtkCam/MtkCamUtils( 5296): {CamProfile}[::updateOne] : (0-th) ===> [start-->now: 89 ms]
D/MtkCam/PrvCQT( 5296): (12213)[update] frameCnt(55)
D/MtkCam/VSSScen( 5296): [deque] +
D/MtkCam/PrvCB( 5296): (12210)[handleReturnBuffers] + 34ms>>
D/SignalClusterViewGemini( 5719): isSimInserted(0), SimInserted=true
D/SignalClusterViewGemini( 5719): mDataNetType =Type_3G resId= 0 simColorId = 0
D/SignalClusterViewGemini( 5719): apply, mMobileVisibleGemini=true mMobileActivityIdGemini=0 mMobileTypeIdGemini=0 mMobileStrengthIdGemini[0] = 2130837938 mMobileStrengthIdGemini[1] = 0
D/SignalClusterViewGemini( 5719): isSimInserted(1), SimInserted=true
D/PowerManagerService( 5535): acquireWakeLockInternal: lock=1111378432, flags=0x1, tag="RILJ", ws=null, uid=1001, pid=5783
D/PowerManagerService( 5535): updateWakeLockSummaryLocked: mWakefulness=Awake, mWakeLockSummary=0x1
D/PowerManagerService( 5535): newScreenState = 2
D/PowerManagerDisplayController( 5535): requestPowerState: screenState=2, useProximitySensor=false, screenBrightness=255, screenAutoBrightnessAdjustment=0.0, useAutoBrightness=false, useEcoBrightness=false, blockScreenOn=false, waitForNegativeProximity=false
I/PowerManagerService( 5535): setBrightness mButtonLight, screenBrightness=255
D/PowerManagerService( 5535): updateScreenStateLocked: mDisplayReady=false, newScreenState=2, mWakefulness=1, mWakeLockSummary=0x1, mUserActivitySummary=0x5, mBootCompleted=true
V/MediaProvider(12226): attachVolume>>>volume=internal
D/SignalClusterViewGemini( 5719): apply, mMobileVisible=true, mWifiVisible=true, mIsAirplaneMode=false
D/PowerManagerService( 5535): acquireWakeLockInternal: lock=1111378432, flags=0x1, tag="RILJ", ws=null, uid=1001, pid=5783
D/PowerManagerService( 5535): updateWakeLockSummaryLocked: mWakefulness=Awake, mWakeLockSummary=0x1
D/PowerManagerService( 5535): newScreenState = 2
D/PowerManagerDisplayController( 5535): requestPowerState: screenState=2, useProximitySensor=false, screenBrightness=255, screenAutoBrightnessAdjustment=0.0, useAutoBrightness=false, useEcoBrightness=false, blockScreenOn=false, waitForNegativeProximity=false
I/PowerManagerService( 5535): setBrightness mButtonLight, screenBrightness=255
D/PowerManagerService( 5535): updateScreenStateLocked: mDisplayReady=false, newScreenState=2, mWakefulness=1, mWakeLockSummary=0x1, mUserActivitySummary=0x5, mBootCompleted=true
D/PowerManagerService( 5535): acquireWakeLockInternal: lock=1111378432, flags=0x1, tag="RILJ", ws=null, uid=1001, pid=5783
D/PowerManagerService( 5535): updateWakeLockSummaryLocked: mWakefulness=Awake, mWakeLockSummary=0x1
D/PowerManagerService( 5535): newScreenState = 2
D/PowerManagerDisplayController( 5535): requestPowerState: screenState=2, useProximitySensor=false, screenBrightness=255, screenAutoBrightnessAdjustment=0.0, useAutoBrightness=false, useEcoBrightness=false, blockScreenOn=false, waitForNegativeProximity=false
I/PowerManagerService( 5535): setBrightness mButtonLight, screenBrightness=255
D/PowerManagerService( 5535): updateScreenStateLocked: mDisplayReady=false, newScreenState=2, mWakefulness=1, mWakeLockSummary=0x1, mUserActivitySummary=0x5, mBootCompleted=true
W/ResourceType( 5719): No package identifier when getting value for resource number 0x00000000
V/ActivityManager( 5535): Broadcast sticky: Intent { act=android.intent.action.SIG_STR flg=0x10 (has extras) } ordered=false userid=-1
V/MediaProvider(12226): Attached volume: internal
D/SignalClusterViewGemini( 5719): isSimInserted(0), SimInserted=true
I/iio/ifunc( 5296): [_enable] path(2),start(1),SCIO(6),En1(0x44b5b8a9),En2(0xb8a3401f),Dma(0x800ab),CQ_status(0x4001111),CQ_debugset(24576)
I/iio/pathp2( 5296): [_waitIrq] type(0),irq(16384)
D/SignalClusterViewGemini( 5719): isSimInserted(1), SimInserted=true
D/PowerManagerService( 5535): releaseWakeLockInternal: lock=1111378432, flags=0x0
D/PowerManagerService( 5535): updateWakeLockSummaryLocked: mWakefulness=Awake, mWakeLockSummary=0x0
D/PowerManagerService( 5535): newScreenState = 2
D/PowerManagerDisplayController( 5535): requestPowerState: screenState=2, useProximitySensor=false, screenBrightness=255, screenAutoBrightnessAdjustment=0.0, useAutoBrightness=false, useEcoBrightness=false, blockScreenOn=false, waitForNegativeProximity=false
I/PowerManagerService( 5535): setBrightness mButtonLight, screenBrightness=255
D/PowerManagerService( 5535): updateScreenStateLocked: mDisplayReady=false, newScreenState=2, mWakefulness=1, mWakeLockSummary=0x0, mUserActivitySummary=0x5, mBootCompleted=true
D/IPCThreadState( 5535): [DN #5] BR_CLEAR_DEATH_NOTIFICATION_DONE cookie 0x62c55c30
D/PhoneStatusBar( 5719): onReceive, action=android.provider.Telephony.SPN_STRINGS_UPDATED
D/CarrierLabelGemini( 5719): updateNetworkName, showSpn=false spn=null showPlmn=true plmn=No service
D/PowerManagerService( 5535): acquireWakeLockInternal: lock=1111378432, flags=0x1, tag="RILJ", ws=null, uid=1001, pid=5783
D/PowerManagerService( 5535): updateWakeLockSummaryLocked: mWakefulness=Awake, mWakeLockSummary=0x1
D/PowerManagerService( 5535): newScreenState = 2
D/PowerManagerDisplayController( 5535): requestPowerState: screenState=2, useProximitySensor=false, screenBrightness=255, screenAutoBrightnessAdjustment=0.0, useAutoBrightness=false, useEcoBrightness=false, blockScreenOn=false, waitForNegativeProximity=false
I/PowerManagerService( 5535): setBrightness mButtonLight, screenBrightness=255
D/PowerManagerService( 5535): updateScreenStateLocked: mDisplayReady=false, newScreenState=2, mWakefulness=1, mWakeLockSummary=0x1, mUserActivitySummary=0x5, mBootCompleted=true
V/MediaProvider(12226): attachVolume>>>volume=external
D/TelephonyManager( 5892): getDefaultSim is sim1
D/TelephonyManager( 5892): getDefaultSim is sim1
D/ExtensionManager( 5783): PhoneGlobalsBroadcastReceiverExtension()
D/PhonePluginExtensionContainer( 5783): getPhoneGlobalsBroadcastReceiverExtension() D/PhoneGlobalsBroadcastReceiverExtensionContainer( 5783): onReceive(), sub extension list is null, just return
D/PhoneGlobals( 5783): PhoneGlobalsBroadcastReceiver -----action=android.provider.Telephony.SPN_STRINGS_UPDATED
D/PhoneGlobals( 5783): [SPN_STRINGS_UPDATED_ACTION]index = 1
D/PhoneGlobals( 5783): [SPN_STRINGS_UPDATED_ACTION]plmn = No service
D/Bluetooth HS/HF( 5783): [BT][HFG] [API] mStateReceiver.onReceive(android.intent.action.SIG_STR)
I/Drv/IMem( 5296): Drv/IMem[freeM4UMemory] [StdM4U]VA(0x44f11000)/PA(0x27c0000)/size(0x70800)/mID(0xffffffff)
D/MtkCam/VSSScen( 5296): [deque] P2VIDO:Id(-1),VA(0x44F11000),PA(0x027C0000),S(460800),T(0.000000)
I/iio/ifunc( 5296): [_disable] P2 start(0x0)
I/MtkCam/MtkCamUtils( 5296): {CamProfile}[::updateOne] : (0-th) ===> [start-->now: 126 ms]
D/MtkCam/PrvCB( 5296): (12210)[handleReturnBuffers] + 34ms [start-->now: 53 ms]
D/MtkCam/PrvCB( 5296): (12210)[handleReturnBuffers] + 34ms [start-->now: 89 ms]
D/MtkCam/PrvCB( 5296): (12210)[handleReturnBuffers] + 34ms>
D/DrmMtkPlugIn( 136): DrmMtkPlugIn::onProcessDrmInfo - Enter : 227
D/DrmMtkPlugIn( 136): DrmMtkPlugIn::onProcessDrmInfo - received update time base
D/DrmMtkUtil/SecureTimer( 136): updateTimeBase()
D/DrmMtkUtil/SecureTimer( 136): save() : save secure timer.
D/dalvikvm(12226): create interp thread : stack size=32KB
D/dalvikvm(12226): create new thread
D/dalvikvm(12226): new thread created
D/dalvikvm(12226): update thread list
D/dalvikvm(12226): threadid=14: interp stack at 0x5dd2c000
D/dalvikvm(12226): threadid=14: created from interp
D/dalvikvm(12226): start new thread
D/dalvikvm(12226): threadid=14: notify debugger
D/dalvikvm(12226): threadid=14 (Download Service): calling run()
V/DrmMtkUtil/DrmUtil( 136): readId ---->
V/DrmMtkUtil/DrmUtil( 136): readId: result [352838041463594]
V/DrmMtkUtil/DrmUtil( 136): checkDir ----> [/data/drm/st/]
D/DrmMtkPlugIn( 136): DrmMtkPlugIn::onProcessDrmInfo - Exit
D/JpeNativeCheck(12226): before calling ncheckMtk()
V/IntentResolver( 5535): Resolving type null scheme null of intent Intent { act=com.mediatek.downloadmanager.ext.IDownloadProviderFeatureEx flg=0x8 }
V/IntentResolver( 5535): Action list: null
V/IntentResolver( 5535): Final result list:
I/PluginManager(12226): mPluginIntent = com.mediatek.downloadmanager.ext.IDownloadProviderFeatureEx
I/PluginManager(12226): fillPluginList: []
I/DownloadProviderPluginEx(12226): Enter: shouldSetContinueDownload --default implement
I/DownloadProviderPluginEx(12226): Enter: shouldSetDownloadPath --default implement
I/DownloadProviderPluginEx(12226): Enter: shouldSetContinueDownload --default implement
I/DownloadProviderPluginEx(12226): Enter: shouldSetDownloadPath --default implement
I/DownloadProviderPluginEx(12226): Enter: shouldSetContinueDownload --default implement
I/DownloadProviderPluginEx(12226): Enter: shouldSetDownloadPath --default implement
I/DownloadProviderPluginEx(12226): Enter: shouldSetContinueDownload --default implement
I/DownloadProviderPluginEx(12226): Enter: shouldSetDownloadPath --default implement
I/DownloadProviderPluginEx(12226): Enter: shouldSetContinueDownload --default implement
I/DownloadProviderPluginEx(12226): Enter: shouldSetDownloadPath --default implement
I/DownloadProviderPluginEx(12226): Enter: shouldSetContinueDownload --default implement
I/DownloadProviderPluginEx(12226): Enter: shouldSetDownloadPath --default implement
I/DownloadProviderPluginEx(12226): Enter: shouldSetContinueDownload --default implement
I/DownloadProviderPluginEx(12226): Enter: shouldSetDownloadPath --default implement
I/DownloadProviderPluginEx(12226): Enter: shouldSetContinueDownload --default implement
I/DownloadProviderPluginEx(12226): Enter: shouldSetDownloadPath --default implement
I/DownloadProviderPluginEx(12226): Enter: shouldSetContinueDownload --default implement
I/DownloadProviderPluginEx(12226): Enter: shouldSetDownloadPath --default implement
I/DownloadProviderPluginEx(12226): Enter: shouldSetContinueDownload --default implement
I/DownloadProviderPluginEx(12226): Enter: shouldSetDownloadPath --default implement
I/DownloadProviderPluginEx(12226): Enter: shouldSetContinueDownload --default implement
I/DownloadProviderPluginEx(12226): Enter: shouldSetDownloadPath --default implement
I/DownloadProviderPluginEx(12226): Enter: shouldSetContinueDownload --default implement
I/DownloadProviderPluginEx(12226): Enter: shouldSetDownloadPath --default implement
D/awb_algo( 5296): [PV AWB Gain] Rgain = 767, Ggain = 512, Bgain = 840
D/awb_algo( 5296): CCT = 5102
D/isp_tuning_custom( 5296): evaluate_PCA_LUT_index()
D/isp_tuning_custom( 5296): [+evaluate_PCA_LUT_index](rCamInfo.eIdx_PCA_LUT, rCamInfo.rAWBInfo.i4CCT, rCamInfo.rAWBInfo.i4FluorescentIndex)=(1, 5102, 78)
I/DownloadProviderPluginEx(12226): Enter: shouldSetContinueDownload --default implement
I/DownloadProviderPluginEx(12226): Enter: shouldSetDownloadPath --default implement
I/DownloadProviderPluginEx(12226): Enter: shouldSetContinueDownload --default implement
D/ae_mgr ( 5296): [doPvAE]AE Wait Vd frame:1 Enable:1 avgY:323
I/DownloadProviderPluginEx(12226): Enter: shouldSetDownloadPath --default implement
D/isp_tuning_custom( 5296): map_ISO_value_to_index()
D/FLICKER ( 5296): [FLK Hal] FFLK func=sendCommand line=837 cmd=5
D/FLICKER ( 5296): [FLK Hal] FFLK func=enableFlickerDetection line=1090
D/aaa_hal/3Athread( 5296): rCmd(10)-
D/aaa_hal/3Athread( 5296): CmdQ-size(7), todo(10)
D/aaa_hal/3Athread( 5296): rCmd(10)+
I/DownloadProviderPluginEx(12226): Enter: shouldSetContinueDownload --default implement
I/DownloadProviderPluginEx(12226): Enter: shouldSetDownloadPath --default implement
I/DownloadProviderPluginEx(12226): Enter: shouldSetContinueDownload --default implement
I/DownloadProviderPluginEx(12226): Enter: shouldSetDownloadPath --default implement
I/DownloadProviderPluginEx(12226): Enter: shouldSetContinueDownload --default implement
I/DownloadProviderPluginEx(12226): Enter: shouldSetDownloadPath --default implement
I/DownloadProviderPluginEx(12226): Enter: shouldSetContinueDownload --default implement
I/DownloadProviderPluginEx(12226): Enter: shouldSetDownloadPath --default implement
I/DownloadProviderPluginEx(12226): Enter: shouldSetContinueDownload --default implement
I/DownloadProviderPluginEx(12226): Enter: shouldSetDownloadPath --default implement
I/DownloadProviderPluginEx(12226): Enter: shouldSetContinueDownload --default implement
I/DownloadProviderPluginEx(12226): Enter: shouldSetDownloadPath --default implement
I/DownloadProviderPluginEx(12226): Enter: shouldSetContinueDownload --default implement
I/DownloadProviderPluginEx(12226): Enter: shouldSetDownloadPath --default implement
I/DownloadProviderPluginEx(12226): Enter: shouldSetContinueDownload --default implement
I/DownloadProviderPluginEx(12226): Enter: shouldSetDownloadPath --default implement
I/DownloadProviderPluginEx(12226): Enter: shouldSetContinueDownload --default implement
I/DownloadProviderPluginEx(12226): Enter: shouldSetDownloadPath --default implement
I/DownloadProviderPluginEx(12226): Enter: shouldSetContinueDownload --default implement
I/DownloadProviderPluginEx(12226): Enter: shouldSetDownloadPath --default implement
I/DownloadProviderPluginEx(12226): Enter: shouldSetContinueDownload --default implement
I/DownloadProviderPluginEx(12226): Enter: shouldSetDownloadPath --default implement
I/DownloadProviderPluginEx(12226): Enter: shouldSetContinueDownload --default implement
I/DownloadProviderPluginEx(12226): Enter: shouldSetDownloadPath --default implement
I/DownloadProviderPluginEx(12226): Enter: shouldSetContinueDownload --default implement
I/DownloadProviderPluginEx(12226): Enter: shouldSetDownloadPath --default implement
I/DownloadProviderPluginEx(12226): Enter: shouldSetContinueDownload --default implement
I/DownloadProviderPluginEx(12226): Enter: shouldSetDownloadPath --default implement
D/af_mgr ( 5296): DoAF[SGG|AF|FK|EIS|HRZ|ESFKO]d4 [X]16 342 668 994 1320 1646 [Y]16 260 504 748 992 1236 [Size]326 244 [TH]5 5 5
D/af_mgr ( 5296): [SGG_GN]16 [GMR1]31 [GMR2]63 [GMR3]127 [Deci]0 [Zig]0 [Odd]0 [IIRKeep]1 [Hsize]1996
D/af_mgr ( 5296): [F0]4 [F1]15 36 43 36 22 10 3 0 0 0 0 0
D/af_mgr ( 5296): [WinXE]668 [WinYE]504 [SizeXE]652 [SizeYE]488 [THE]5
D/FLICKER ( 5296): [FLK Hal] FFLK func=sendCommand line=837 cmd=7
D/AfAlgo ( 5296): [AfAlgoC][fv]300 [gsum]15 [AEStbl]1 [ISO]455 [wait]3
D/AfAlgo ( 5296): [AfAlgoC][Thres]30000 [ValidCnt] 0 [ShockCnt] 1 [FrmCnt)] 2
D/AfAlgo ( 5296): [AfAlgoC][FirstFV]0 [FVDiff]300 [FVThres]100 [FVCnt]18 [FVNum]2 [GSDiff]15 [GSThres]20 [GSCnt]0 [GSNum]2
D/af_mgr ( 5296): [AFStatH]0 [AFStatFL]0 [AFStatV]100 [moveMCU] 100
D/MtkCam/VSSScen( 5296): [deque] P1:Idx(0),Id(98),VA(0x45F46000),PA(0x03700000),S(3740000),T(4049.776109)
D/aaa_hal/3Athread( 5296): mCmdQ size(6) + cmd(10)
D/MtkCam/MtkCamUtils( 5296): [queryRawStride]imgFmt(2), imgWidth(1996), stride(2000)
D/MtkCam/MtkCamUtils( 5296): (CameraDisplay@ImgBufQue)[dequeProvider] Empty Que
D/MtkCam/MtkCamUtils( 5296): (RecCB@ImgBufQue)[dequeProvider] Empty Que
D/MtkCam/PrvCQT( 5296): (12213)[updateOne] P2(0x10)
D/MtkCam/PrvCQT( 5296): (12213)[doCrop] S(1996/1496),D(640/480),Z(100),C(1,0,1994,1496)
I/Drv/IMem( 5296): Drv/IMem[mapPhyAddr] mID(0x62),size(0x391160),VA(x45f46000),PA(0x3700000),S/C(0/0)
I/Drv/IMem( 5296): Drv/IMem[allocM4UMemory] [StdM4U]VA(0x44f11000)/PA(0x27c0000)/size(0x70800)/mID(0xffffffff)
I/Drv/IMem( 5296): Drv/IMem[mapPhyAddr] mID(0xffffffff),size(0x70800),VA(x44f11000),PA(0x27c0000),S/C(0/0)
I/iio/ppp ( 5296): [configPipe] Pass(0),sceFmt(0),imgi.fmt(2),isByImgi(0),sceID(8),dma(0x80080) isTurn(1),VA=0x44d86000 PA=0x2200000
I/IspDrv ( 5296): {IspDrv} [updateTurningCq1] updateCqdes(0) CtlEn1(0x0) CtlEn2(0x0) CtlMma(0x0)
I/iio/ifunc( 5296): [_config] path(2),CQ(4),en1(0x40300000),en2(0x38a20003),dma(0x00080080),fmt(0x00000106),ctl(0x00810050),tcm_en(0x9811c003),isIspOn(0x1)
I/iio/ifunc( 5296): [_config] cq(4),turEn1(0x04800800),turEn2(0x0000001d),turDma(0x00000000),dmaMerg(0x00080080),tcm(0x9811c003)
I/iio/ifunc( 5296): [_config] [Pass2]AppTurn(1) EN1-Set(0x44b00800),Clr(0x3400200)-En2:Set(0x38a2001f),Clr(0x40020)-DMA:Set(0x80080),Clr(0x207500)
I/TpipeDrv( 5296): {TpipeDrv} [runTpipeMain] [Top]bnr(0),lsc(0),lsci(0),lce(0),lcei(0),nbc(1),seee(1),cfa(1)--en1(0x00300000),en2(0x00220016),dma(0x00080080)
I/TpipeDrv( 5296): {TpipeDrv} [runTpipeMain] size(300)||[0-4]0000D00D-00000000-05D703BF-00000000-05D802EA||[70-74]A00001CA-000001CA-01E000B6-00000000-000001CA
D/MtkCam/VSSScen( 5296): [deque] +
I/CdpDrv ( 5296): {CdpDrv} [VIDO_SetOutputAddr] cqPhy(0x442e3000),Vido(0x27c0000),VidCo(0x280b000),VidVo(0x27c0000)
I/iio/path( 5296): [setDMACurrBuf] [VIDO]base(0x27c0000)-0x280b000-0x27c0000
I/DownloadProviderPluginEx(12226): Enter: shouldSetContinueDownload --default implement
I/iio/ifunc( 5296): [_enable] path(2),start(1),SCIO(6),En1(0x44b5b8a9),En2(0xb8a3401f),Dma(0x800ab),CQ_status(0x4001111),CQ_debugset(24576)
I/iio/pathp2( 5296): [_waitIrq] type(0),irq(16384)
I/DownloadProviderPluginEx(12226): Enter: shouldSetDownloadPath --default implement
I/DownloadProviderPluginEx(12226): Enter: shouldSetContinueDownload --default implement
I/DownloadProviderPluginEx(12226): Enter: shouldSetDownloadPath --default implement
I/DownloadProviderPluginEx(12226): Enter: shouldSetContinueDownload --default implement
I/DownloadProviderPluginEx(12226): Enter: shouldSetDownloadPath --default implement
I/DownloadProviderPluginEx(12226): Enter: shouldSetContinueDownload --default implement
I/DownloadProviderPluginEx(12226): Enter: shouldSetDownloadPath --default implement
I/DownloadProviderPluginEx(12226): Enter: shouldSetContinueDownload --default implement
I/DownloadProviderPluginEx(12226): Enter: shouldSetDownloadPath --default implement
I/DownloadProviderPluginEx(12226): Enter: shouldSetContinueDownload --default implement
I/DownloadProviderPluginEx(12226): Enter: shouldSetDownloadPath --default implement
I/DownloadProviderPluginEx(12226): Enter: shouldSetContinueDownload --default implement
I/DownloadProviderPluginEx(12226): Enter: shouldSetDownloadPath --default implement
I/DownloadProviderPluginEx(12226): Enter: shouldSetContinueDownload --default implement
I/DownloadProviderPluginEx(12226): Enter: shouldSetDownloadPath --default implement
I/DownloadProviderPluginEx(12226): Enter: shouldSetContinueDownload --default implement
I/DownloadProviderPluginEx(12226): Enter: shouldSetDownloadPath --default implement
I/DownloadProviderPluginEx(12226): Enter: shouldSetContinueDownload --default implement
I/DownloadProviderPluginEx(12226): Enter: shouldSetDownloadPath --default implement
I/Drv/IMem( 5296): Drv/IMem[freeM4UMemory] [StdM4U]VA(0x44f11000)/PA(0x27c0000)/size(0x70800)/mID(0xffffffff)
D/MtkCam/VSSScen( 5296): [deque] P2VIDO:Id(-1),VA(0x44F11000),PA(0x027C0000),S(460800),T(0.000000)
I/iio/ifunc( 5296): [_disable] P2 start(0x0)
I/MtkCam/MtkCamUtils( 5296): {CamProfile}[::updateOne] : (0-th) ===> [start-->now: 89 ms]
D/MtkCam/PrvCB( 5296): (12210)[handleReturnBuffers] + 34ms [start-->now: 90 ms]
D/MtkCam/PrvCB( 5296): (12210)[handleReturnBuffers] + 34ms [start-->now: 89 ms]
D/MtkCam/PrvCB( 5296): (12210)[handleReturnBuffers] + 34ms [start-->now: 92 ms]
D/MtkCam/PrvCB( 5296): (12210)[handleReturnBuffers] + 34ms [start-->now: 87 ms]
D/MtkCam/PrvCB( 5296): (12210)[handleReturnBuffers] + 34ms [start-->now: 90 ms]
D/MtkCam/PrvCB( 5296): (12210)[handleReturnBuffers] + 34ms [start-->now: 90 ms]
D/MtkCam/PrvCB( 5296): (12210)[handleReturnBuffers] + 34ms [start-->now: 89 ms]
D/MtkCam/PrvCB( 5296): (12210)[handleReturnBuffers] + 34ms [start-->now: 89 ms]
D/MtkCam/PrvCB( 5296): (12210)[handleReturnBuffers] + 34ms [start-->now: 90 ms]
D/MtkCam/PrvCB( 5296): (12210)[handleReturnBuffers] + 34ms [start-->now: 92 ms]
D/MtkCam/PrvCB( 5296): (12210)[handleReturnBuffers] + 34ms [start-->now: 89 ms]
D/MtkCam/PrvCB( 5296): (12210)[handleReturnBuffers] + 34ms [start-->now: 89 ms]
D/MtkCam/PrvCB( 5296): (12210)[handleReturnBuffers] + 34ms [start-->now: 89 ms]
D/MtkCam/PrvCB( 5296): (12210)[handleReturnBuffers] + 34ms>
I/System.out( 7009): propertyValue:true
I/System.out( 7009): [socket][10] connection /5.9.22.177:443;LocalPort=54624(30000)
I/System.out( 7009): [CDS]connect[/5.9.22.177:443] tm:30
D/Posix ( 7009): [Posix_connect Debug]Process ru.citypatrol.iam :443
D/SocketClient( 5297): SocketClient sendDatalocked done:
D/awb_algo( 5296): [PV AWB Gain] Rgain = 767, Ggain = 512, Bgain = 840
D/awb_algo( 5296): CCT = 5102
D/isp_tuning_custom( 5296): evaluate_PCA_LUT_index()
D/isp_tuning_custom( 5296): [+evaluate_PCA_LUT_index](rCamInfo.eIdx_PCA_LUT, rCamInfo.rAWBInfo.i4CCT, rCamInfo.rAWBInfo.i4FluorescentIndex)=(1, 5102, 78)
D/ae_mgr ( 5296): [doPvAE]AE Wait Vd frame:2 Enable:1 avgY:292
D/isp_tuning_custom( 5296): map_ISO_value_to_index()
D/FLICKER ( 5296): [FLK Hal] FFLK func=sendCommand line=837 cmd=5
D/FLICKER ( 5296): [FLK Hal] FFLK func=enableFlickerDetection line=1090
D/aaa_hal/3Athread( 5296): rCmd(10)-
D/aaa_hal/3Athread( 5296): CmdQ-size(7), todo(10)
D/aaa_hal/3Athread( 5296): rCmd(10)+
W/ActivityManager( 5535): Activity pause timeout for ActivityRecord{42bddcc8 u0 org.opencv.samples.NativeActivity/android.app.NativeActivity}
V/WindowManager( 5535): Rotation changed to 0 from 1, forceApp=5
D/PowerManagerService( 5535): acquireWakeLockInternal: lock=1115579032, flags=0x1, tag="SCREEN_FROZEN", ws=null, uid=1000, pid=5535
D/PowerManagerService( 5535): updateWakeLockSummaryLocked: mWakefulness=Awake, mWakeLockSummary=0x1
D/PowerManagerService( 5535): newScreenState = 2
D/PowerManagerDisplayController( 5535): requestPowerState: screenState=2, useProximitySensor=false, screenBrightness=255, screenAutoBrightnessAdjustment=0.0, useAutoBrightness=false, useEcoBrightness=false, blockScreenOn=false, waitForNegativeProximity=false
I/PowerManagerService( 5535): setBrightness mButtonLight, screenBrightness=255
D/PowerManagerService( 5535): updateScreenStateLocked: mDisplayReady=true, newScreenState=2, mWakefulness=1, mWakeLockSummary=0x1, mUserActivitySummary=0x5, mBootCompleted=true
D/PowerManagerService( 5535): handleSandman: canDream=true, mWakefulness=Awake
I/WindowManager( 5535): FREEZE Surface(name=FreezeSurface, identity=469): CREATE
D/af_mgr ( 5296): DoAF[SGG|AF|FK|EIS|HRZ|ESFKO]d4 [X]16 342 668 994 1320 1646 [Y]16 260 504 748 992 1236 [Size]326 244 [TH]5 5 5
D/af_mgr ( 5296): [SGG_GN]16 [GMR1]31 [GMR2]63 [GMR3]127 [Deci]0 [Zig]0 [Odd]0 [IIRKeep]1 [Hsize]1996
D/af_mgr ( 5296): [F0]4 [F1]15 36 43 36 22 10 3 0 0 0 0 0
D/af_mgr ( 5296): [WinXE]668 [WinYE]504 [SizeXE]652 [SizeYE]488 [THE]5
D/FLICKER ( 5296): [FLK Hal] FFLK func=sendCommand line=837 cmd=7
D/AfAlgo ( 5296): [AfAlgoC][fv]369100 [gsum]13 [AEStbl]1 [ISO]455 [wait]3
D/AfAlgo ( 5296): [AfAlgoC][Thres]30000 [ValidCnt] 2 [ShockCnt] 1 [FrmCnt)] 16
D/AfAlgo ( 5296): [AfAlgoC][FirstFV]0 [FVDiff]369100 [FVThres]100 [FVCnt]32 [FVNum]2 [GSDiff]13 [GSThres]20 [GSCnt]6 [GSNum]2
D/af_mgr ( 5296): [AFStatH]368692 [AFStatFL]368692 [AFStatV]136 [moveMCU] 100
D/MtkCam/VSSScen( 5296): [deque] P1:Idx(0),Id(97),VA(0x45BB4000),PA(0x03340000),S(3740000),T(4051.036975)
D/aaa_hal/3Athread( 5296): mCmdQ size(6) + cmd(10)
D/MtkCam/MtkCamUtils( 5296): [queryRawStride]imgFmt(2), imgWidth(1996), stride(2000)
D/MtkCam/MtkCamUtils( 5296): (CameraDisplay@ImgBufQue)[dequeProvider] Empty Que
D/MtkCam/MtkCamUtils( 5296): (RecCB@ImgBufQue)[dequeProvider] Empty Que
D/MtkCam/PrvCQT( 5296): (12213)[updateOne] P2(0x10)
D/MtkCam/PrvCQT( 5296): (12213)[doCrop] S(1996/1496),D(640/480),Z(100),C(1,0,1994,1496)
I/Drv/IMem( 5296): Drv/IMem[mapPhyAddr] mID(0x61),size(0x391160),VA(x45bb4000),PA(0x3340000),S/C(0/0)
I/Drv/IMem( 5296): Drv/IMem[allocM4UMemory] [StdM4U]VA(0x44ea0000)/PA(0x27c0000)/size(0x70800)/mID(0xffffffff)
I/Drv/IMem( 5296): Drv/IMem[mapPhyAddr] mID(0xffffffff),size(0x70800),VA(x44ea0000),PA(0x27c0000),S/C(0/0)
I/iio/ppp ( 5296): [configPipe] Pass(0),sceFmt(0),imgi.fmt(2),isByImgi(0),sceID(8),dma(0x80080) isTurn(1),VA=0x44d86000 PA=0x2200000
I/IspDrv ( 5296): {IspDrv} [updateTurningCq1] updateCqdes(0) CtlEn1(0x0) CtlEn2(0x0) CtlMma(0x0)
I/iio/ifunc( 5296): [_config] path(2),CQ(4),en1(0x40300000),en2(0x38a20003),dma(0x00080080),fmt(0x00000106),ctl(0x00810050),tcm_en(0x9811c003),isIspOn(0x1)
I/iio/ifunc( 5296): [_config] cq(4),turEn1(0x04800800),turEn2(0x0000001d),turDma(0x00000000),dmaMerg(0x00080080),tcm(0x9811c003)
I/iio/ifunc( 5296): [_config] [Pass2]AppTurn(1) EN1-Set(0x44b00800),Clr(0x3400200)-En2:Set(0x38a2001f),Clr(0x40020)-DMA:Set(0x80080),Clr(0x207500)
I/TpipeDrv( 5296): {TpipeDrv} [runTpipeMain] [Top]bnr(0),lsc(0),lsci(0),lce(0),lcei(0),nbc(1),seee(1),cfa(1)--en1(0x00300000),en2(0x00220016),dma(0x00080080)
I/TpipeDrv( 5296): {TpipeDrv} [runTpipeMain] size(300)||[0-4]0000D00D-00000000-05D703BF-00000000-05D802EA||[70-74]A00001CA-000001CA-01E000B6-00000000-000001CA
D/MtkCam/VSSScen( 5296): [deque] +
I/CdpDrv ( 5296): {CdpDrv} [VIDO_SetOutputAddr] cqPhy(0x442e3000),Vido(0x27c0000),VidCo(0x280b000),VidVo(0x27c0000)
I/iio/path( 5296): [setDMACurrBuf] [VIDO]base(0x27c0000)-0x280b000-0x27c0000
I/iio/ifunc( 5296): [_enable] path(2),start(1),SCIO(6),En1(0x44b5b8a9),En2(0xb8a3401f),Dma(0x800ab),CQ_status(0x4001111),CQ_debugset(24576)
I/iio/pathp2( 5296): [_waitIrq] type(0),irq(16384)
I/SurfaceFlinger( 133): [virtual void android::LayerScreenshot::setGeometry(const android::sp&, android::HWComposer::HWCLayerInterface&)] add:469, count:1
I/SurfaceFlinger( 133): [static bool android::LayerScreenshot::isFrozen()] LayerScreenshot top:469 (orient:0, alpha:255)
D/SurfaceFlinger( 133): Freeze screen...
D/InputReader( 5535): InputReader:: getSwitchState lock
D/InputReader( 5535): InputReader::getStateLocked:: return
I/ActivityManager( 5535): Config changed: {0.9 250mcc99mnc en_US ldltr sw360dp w360dp h615dp 480dpi nrml long port finger -keyb/v/h dpad/v skin=/system/framework/framework-res.apk s.15}
D/InputReader( 5535): InputReader:: requestRefreshConfiguration lock
D/InputReader( 5535): InputReader:: requestRefreshConfiguration unlock
D/InputReader( 5535): InputReader:: requestRefreshConfiguration lock
D/InputReader( 5535): InputReader:: requestRefreshConfiguration unlock
I/hwcomposer_v1.0( 133): [HWC] Pending External Display orientation...
I/Drv/IMem( 5296): Drv/IMem[freeM4UMemory] [StdM4U]VA(0x44ea0000)/PA(0x27c0000)/size(0x70800)/mID(0xffffffff)
D/MtkCam/VSSScen( 5296): [deque] P2VIDO:Id(-1),VA(0x44EA0000),PA(0x027C0000),S(460800),T(0.000000)
I/iio/ifunc( 5296): [_disable] P2 start(0x0)
I/MtkCam/MtkCamUtils( 5296): {CamProfile}[::updateOne] : (0-th) ===> [start-->now: 87 ms]
D/MtkCam/PrvCB( 5296): (12210)[handleReturnBuffers] + 34ms&, android::HWComposer::HWCLayerInterface&)] add:469, count:1
I/SurfaceFlinger( 133): [static bool android::LayerScreenshot::isFrozen()] LayerScreenshot top:469 (orient:0, alpha:255)
D/SurfaceFlinger( 133): Freeze screen...
I/hwcomposer_v1.0( 133): [HWC] Pending External Display orientation...
D/skia ( 5797): Flag is not 10
D/WindowManager( 5535): interceptKeyTq keycode=3 screenIsOn=true keyguardActive=false policyFlags = #2000000 down =true canceled = false isWakeKey=false
D/awb_algo( 5296): [PV AWB Gain] Rgain = 767, Ggain = 512, Bgain = 840
D/awb_algo( 5296): CCT = 5102
D/isp_tuning_custom( 5296): evaluate_PCA_LUT_index()
D/isp_tuning_custom( 5296): [+evaluate_PCA_LUT_index](rCamInfo.eIdx_PCA_LUT, rCamInfo.rAWBInfo.i4CCT, rCamInfo.rAWBInfo.i4FluorescentIndex)=(1, 5102, 78)
D/Launcher( 5877): Launcher, onNewIntent: intent = Intent { act=android.intent.action.MAIN cat=[android.intent.category.HOME] flg=0x10600000 cmp=com.android.launcher/com.android.launcher2.Launcher }
D/Launcher( 5877): Launcher, exitSpringLoadedDragMode mState = WORKSPACE
D/ae_mgr ( 5296): [doPvAE]AE Wait Vd frame:1 Enable:1 avgY:288
D/isp_tuning_custom( 5296): map_ISO_value_to_index()
D/FLICKER ( 5296): [FLK Hal] FFLK func=sendCommand line=837 cmd=5
D/FLICKER ( 5296): [FLK Hal] FFLK func=enableFlickerDetection line=1090
D/aaa_hal/3Athread( 5296): rCmd(10)-
D/aaa_hal/3Athread( 5296): CmdQ-size(7), todo(10)
D/aaa_hal/3Athread( 5296): rCmd(10)+
I/BufferQueue( 133): [PieTriggerBOTTOM](this:0x4323ead8,api:2) setDefaultBufferSize: w=864, h=15
I/SurfaceFlinger( 133): [virtual void android::LayerScreenshot::setGeometry(const android::sp&, android::HWComposer::HWCLayerInterface&)] add:469, count:1
I/SurfaceFlinger( 133): [static bool android::LayerScreenshot::isFrozen()] LayerScreenshot top:469 (orient:0, alpha:255)
D/SurfaceFlinger( 133): Freeze screen...
I/hwcomposer_v1.0( 133): [HWC] Pending External Display orientation...
D/skia ( 5797): Flag is not 10
D/skia ( 5797): Flag is not 10
I/SurfaceTextureClient( 5719): [STC::queueBuffer] (this:0x5ef66d60) fps:0.57, dur:1756.89, max:1756.89, min:1756.89
I/BufferQueue( 133): [PieTriggerBOTTOM](this:0x4323ead8,api:2) [queue] fps:0.57, dur:1756.77, max:1756.77, min:1756.77
W/WindowManager( 5535): No new IME target
W/InputMethodManagerService( 5535): Ignoring hideSoftInput of uid 10042: com.android.internal.view.IInputMethodClient$Stub$Proxy@427bf668
D/dalvikvm( 5535): create interp thread : stack size=32KB
D/dalvikvm( 5535): create new thread
D/dalvikvm( 5535): new thread created
D/dalvikvm( 5535): update thread list
D/dalvikvm( 5535): threadid=89: interp stack at 0x62933000
D/dalvikvm( 5535): threadid=89: created from interp
D/dalvikvm( 5535): start new thread
I/BufferQueue( 133): [PieTriggerBOTTOM](this:0x4323ead8,api:2) [release] fps:0.57, dur:1763.45, max:1763.45, min:1763.45
I/SurfaceFlinger( 133): [virtual void android::LayerScreenshot::setGeometry(const android::sp&, android::HWComposer::HWCLayerInterface&)] add:469, count:1
I/SurfaceFlinger( 133): [static bool android::LayerScreenshot::isFrozen()] LayerScreenshot top:469 (orient:0, alpha:255)
D/SurfaceFlinger( 133): Freeze screen...
D/af_mgr ( 5296): DoAF[SGG|AF|FK|EIS|HRZ|ESFKO]d4 [X]16 342 668 994 1320 1646 [Y]16 260 504 748 992 1236 [Size]326 244 [TH]5 5 5
D/af_mgr ( 5296): [SGG_GN]16 [GMR1]31 [GMR2]63 [GMR3]127 [Deci]0 [Zig]0 [Odd]0 [IIRKeep]1 [Hsize]1996
D/af_mgr ( 5296): [F0]4 [F1]15 36 43 36 22 10 3 0 0 0 0 0
D/af_mgr ( 5296): [WinXE]668 [WinYE]504 [SizeXE]652 [SizeYE]488 [THE]5
D/FLICKER ( 5296): [FLK Hal] FFLK func=sendCommand line=837 cmd=7
D/AfAlgo ( 5296): [AfAlgoC][fv]293469 [gsum]12 [AEStbl]1 [ISO]455 [wait]3
D/AfAlgo ( 5296): [AfAlgoC][Thres]30000 [ValidCnt] 3 [ShockCnt] 1 [FrmCnt)] 17
D/AfAlgo ( 5296): [AfAlgoC][FirstFV]0 [FVDiff]293469 [FVThres]100 [FVCnt]33 [FVNum]2 [GSDiff]12 [GSThres]20 [GSCnt]6 [GSNum]2
D/af_mgr ( 5296): [AFStatH]292953 [AFStatFL]292953 [AFStatV]172 [moveMCU] 100
D/MtkCam/VSSScen( 5296): [deque] P1:Idx(0),Id(98),VA(0x45F46000),PA(0x03700000),S(3740000),T(4051.127036)
D/aaa_hal/3Athread( 5296): mCmdQ size(6) + cmd(10)
D/MtkCam/MtkCamUtils( 5296): [queryRawStride]imgFmt(2), imgWidth(1996), stride(2000)
D/MtkCam/MtkCamUtils( 5296): (CameraDisplay@ImgBufQue)[dequeProvider] Empty Que
D/MtkCam/MtkCamUtils( 5296): (RecCB@ImgBufQue)[dequeProvider] Empty Que
D/MtkCam/PrvCQT( 5296): (12213)[updateOne] P2(0x10)
D/MtkCam/PrvCQT( 5296): (12213)[doCrop] S(1996/1496),D(640/480),Z(100),C(1,0,1994,1496)
I/Drv/IMem( 5296): Drv/IMem[mapPhyAddr] mID(0x62),size(0x391160),VA(x45f46000),PA(0x3700000),S/C(0/0)
I/Drv/IMem( 5296): Drv/IMem[allocM4UMemory] [StdM4U]VA(0x44f11000)/PA(0x27c0000)/size(0x70800)/mID(0xffffffff)
I/Drv/IMem( 5296): Drv/IMem[mapPhyAddr] mID(0xffffffff),size(0x70800),VA(x44f11000),PA(0x27c0000),S/C(0/0)
I/iio/ppp ( 5296): [configPipe] Pass(0),sceFmt(0),imgi.fmt(2),isByImgi(0),sceID(8),dma(0x80080) isTurn(1),VA=0x44d86000 PA=0x2200000
I/IspDrv ( 5296): {IspDrv} [updateTurningCq1] updateCqdes(0) CtlEn1(0x0) CtlEn2(0x0) CtlMma(0x0)
I/iio/ifunc( 5296): [_config] path(2),CQ(4),en1(0x40300000),en2(0x38a20003),dma(0x00080080),fmt(0x00000106),ctl(0x00810050),tcm_en(0x9811c003),isIspOn(0x1)
I/iio/ifunc( 5296): [_config] cq(4),turEn1(0x04800800),turEn2(0x0000001d),turDma(0x00000000),dmaMerg(0x00080080),tcm(0x9811c003)
I/iio/ifunc( 5296): [_config] [Pass2]AppTurn(1) EN1-Set(0x44b00800),Clr(0x3400200)-En2:Set(0x38a2001f),Clr(0x40020)-DMA:Set(0x80080),Clr(0x207500)
I/TpipeDrv( 5296): {TpipeDrv} [runTpipeMain] [Top]bnr(0),lsc(0),lsci(0),lce(0),lcei(0),nbc(1),seee(1),cfa(1)--en1(0x00300000),en2(0x00220016),dma(0x00080080)
I/TpipeDrv( 5296): {TpipeDrv} [runTpipeMain] size(300)||[0-4]0000D00D-00000000-05D703BF-00000000-05D802EA||[70-74]A00001CA-000001CA-01E000B6-00000000-000001CA
D/MtkCam/VSSScen( 5296): [deque] +
I/CdpDrv ( 5296): {CdpDrv} [VIDO_SetOutputAddr] cqPhy(0x442e3000),Vido(0x27c0000),VidCo(0x280b000),VidVo(0x27c0000)
I/iio/path( 5296): [setDMACurrBuf] [VIDO]base(0x27c0000)-0x280b000-0x27c0000
I/iio/ifunc( 5296): [_enable] path(2),start(1),SCIO(6),En1(0x44b5b8a9),En2(0xb8a3401f),Dma(0x800ab),CQ_status(0x4001111),CQ_debugset(24576)
I/iio/pathp2( 5296): [_waitIrq] type(0),irq(16384)
I/SurfaceFlinger( 133): [SurfaceFlinger] fps:8.923921,dur:1008.53,max:326.83,min:12.99
I/hwcomposer_v1.0( 133): [HWC] Pending External Display orientation...
I/SurfaceTextureClient( 133): [STC::queueBuffer] (this:0x42ee4978) fps:8.95, dur:1005.44, max:326.97, min:17.08
I/BufferQueue( 133): [FramebufferSurface](this:0x42ee7008,api:1) [release] fps:8.95, dur:1005.43, max:326.99, min:17.08
I/BufferQueue( 133): [FramebufferSurface](this:0x42ee7008,api:1) [queue] fps:8.95, dur:1005.39, max:327.02, min:17.08
D/dalvikvm( 5535): threadid=89: notify debugger
D/dalvikvm( 5535): threadid=89 (Thread-865): calling run()
D/Launcher( 5877): Launcher, (Launcher)onStart: this = com.android.launcher2.Launcher@423795b0
D/Launcher( 5877): Launcher, (Launcher)onResume: mRestoring = false, mOnResumeNeedsLoad = false,mOrientationChanged = true,mPagesAreRecreated = true, this = com.android.launcher2.Launcher@423795b0
D/Launcher( 5877): Launcher, (Launcher)onResume: mOrientationChanged && mPagesWereRecreated
D/Launcher( 5877): AppsCustomizePagedView, invalidateAppPages: currentPage = 0, immediateAndOnly = true
D/Launcher( 5877): PagedView, invalidatePageData: currentPage = 0, immediateAndOnly = true, mIsDataReady = true, mContentIsRefreshable = true, mScrollX = 0, this = com.android.launcher2.AppsCustomizePagedView{424a3aa8 V.E.H... ......ID 0,0-1080,1689 #7f070009 app:id/apps_customize_pane_content}
D/Launcher( 5877): AppsCustomizePagedView, syncPages: mNumWidgetPages = 8, mNumAppsPages = 5, this = com.android.launcher2.AppsCustomizePagedView{424a3aa8 V.E.H... ......ID 0,0-1080,1689 #7f070009 app:id/apps_customize_pane_content}
I/Drv/IMem( 5296): Drv/IMem[freeM4UMemory] [StdM4U]VA(0x44f11000)/PA(0x27c0000)/size(0x70800)/mID(0xffffffff)
D/MtkCam/VSSScen( 5296): [deque] P2VIDO:Id(-1),VA(0x44F11000),PA(0x027C0000),S(460800),T(0.000000)
I/iio/ifunc( 5296): [_disable] P2 start(0x0)
I/MtkCam/MtkCamUtils( 5296): {CamProfile}[::updateOne] : (0-th) ===> [start-->now: 90 ms]
D/MtkCam/PrvCB( 5296): (12210)[handleReturnBuffers] + 34ms&, android::HWComposer::HWCLayerInterface&)] add:469, count:1
I/SurfaceFlinger( 133): [static bool android::LayerScreenshot::isFrozen()] LayerScreenshot top:469 (orient:0, alpha:255)
D/SurfaceFlinger( 133): Freeze screen...
I/hwcomposer_v1.0( 133): [HWC] Pending External Display orientation...
D/SignalClusterViewGemini( 5719): isSimInserted(0), SimInserted=true
D/SignalClusterViewGemini( 5719): isSimInserted(1), SimInserted=true
D/NetworkControllerGemini( 5719): refreshViews(1), DataConnected=false simColorId = 2
D/SignalClusterViewGemini( 5719): setShowSimIndicator(1), showSimIndicator=false simIndicatorResource = 0
D/SignalClusterViewGemini( 5719): setDataConnected(1), dataConnected=false
I/Drv/IMem( 5296): Drv/IMem[freeM4UMemory] [StdM4U]VA(0x447e8000)/PA(0x27c0000)/size(0x70800)/mID(0xffffffff)
D/MtkCam/VSSScen( 5296): [deque] P2VIDO:Id(-1),VA(0x447E8000),PA(0x027C0000),S(460800),T(0.000000)
I/iio/ifunc( 5296): [_disable] P2 start(0x0)
D/SignalClusterViewGemini( 5719): setDataNetType3G(1), dataNetType=Type_G
I/MtkCam/MtkCamUtils( 5296): {CamProfile}[::updateOne] : (0-th) ===> [start-->now: 89 ms]
D/MtkCam/PrvCB( 5296): (12210)[handleReturnBuffers] + 34ms [start-->now: 89 ms]
D/MtkCam/PrvCB( 5296): (12210)[handleReturnBuffers] + 34ms&)]
D/SurfaceTexture( 133): GraphicBuffer: gb=0x4323a580 handle=0x432587b8
D/SurfaceTexture( 133): EGLImage: dpy=0x1, img=0x43249ca0
I/SurfaceFlinger( 133): [virtual void android::LayerScreenshot::setGeometry(const android::sp&, android::HWComposer::HWCLayerInterface&)] add:469, count:1
I/SurfaceFlinger( 133): [static bool android::LayerScreenshot::isFrozen()] LayerScreenshot top:469 (orient:0, alpha:255)
D/SurfaceFlinger( 133): Freeze screen...
I/hwcomposer_v1.0( 133): [HWC] Pending External Display orientation...
I/libPerfService( 5535): 2: set: 2
V/WindowManager( 5535): Dismiss!
D/dalvikvm(12261): threadid=8: notify debugger
D/dalvikvm(12261): threadid=8 (FinalizerWatchdogDaemon): calling run()
D/dalvikvm(12261): threadid=9: interp stack at 0x5d94d000
D/af_mgr ( 5296): DoAF[SGG|AF|FK|EIS|HRZ|ESFKO]d4 [X]16 342 668 994 1320 1646 [Y]16 260 504 748 992 1236 [Size]326 244 [TH]5 5 5
D/af_mgr ( 5296): [SGG_GN]16 [GMR1]31 [GMR2]63 [GMR3]127 [Deci]0 [Zig]0 [Odd]0 [IIRKeep]1 [Hsize]1996
D/af_mgr ( 5296): [F0]4 [F1]15 36 43 36 22 10 3 0 0 0 0 0
D/af_mgr ( 5296): [WinXE]668 [WinYE]504 [SizeXE]652 [SizeYE]488 [THE]5
D/FLICKER ( 5296): [FLK Hal] FFLK func=sendCommand line=837 cmd=7
D/MtkCam/VSSScen( 5296): [deque] P1:Idx(0),Id(96),VA(0x45822000),PA(0x02F80000),S(3740000),T(4051.397218)
D/aaa_hal/3Athread( 5296): mCmdQ size(6) + cmd(10)
D/MtkCam/MtkCamUtils( 5296): [queryRawStride]imgFmt(2), imgWidth(1996), stride(2000)
D/MtkCam/MtkCamUtils( 5296): (CameraDisplay@ImgBufQue)[dequeProvider] Empty Que
D/MtkCam/MtkCamUtils( 5296): (RecCB@ImgBufQue)[dequeProvider] Empty Que
D/MtkCam/PrvCQT( 5296): (12213)[updateOne] P2(0x10)
D/MtkCam/PrvCQT( 5296): (12213)[doCrop] S(1996/1496),D(640/480),Z(100),C(1,0,1994,1496)
I/Drv/IMem( 5296): Drv/IMem[mapPhyAddr] mID(0x60),size(0x391160),VA(x45822000),PA(0x2f80000),S/C(0/0)
I/Drv/IMem( 5296): Drv/IMem[allocM4UMemory] [StdM4U]VA(0x44f11000)/PA(0x27c0000)/size(0x70800)/mID(0xffffffff)
I/Drv/IMem( 5296): Drv/IMem[mapPhyAddr] mID(0xffffffff),size(0x70800),VA(x44f11000),PA(0x27c0000),S/C(0/0)
I/iio/ppp ( 5296): [configPipe] Pass(0),sceFmt(0),imgi.fmt(2),isByImgi(0),sceID(8),dma(0x80080) isTurn(1),VA=0x44d86000 PA=0x2200000
I/IspDrv ( 5296): {IspDrv} [updateTurningCq1] updateCqdes(12) CtlEn1(0x4a00800) CtlEn2(0x1d) CtlMma(0x0)
I/iio/ifunc( 5296): [_config] path(2),CQ(4),en1(0x40300000),en2(0x38a20003),dma(0x00080080),fmt(0x00000106),ctl(0x00810050),tcm_en(0x9811c003),isIspOn(0x1)
I/iio/ifunc( 5296): [_config] cq(4),turEn1(0x04800800),turEn2(0x0000001d),turDma(0x00000000),dmaMerg(0x00080080),tcm(0x9811c003)
I/iio/ifunc( 5296): [_config] [Pass2]AppTurn(1) EN1-Set(0x44b00800),Clr(0x3400200)-En2:Set(0x38a2001f),Clr(0x40020)-DMA:Set(0x80080),Clr(0x207500)
I/TpipeDrv( 5296): {TpipeDrv} [runTpipeMain] [Top]bnr(0),lsc(0),lsci(0),lce(0),lcei(0),nbc(1),seee(1),cfa(1)--en1(0x00300000),en2(0x00220016),dma(0x00080080)
I/TpipeDrv( 5296): {TpipeDrv} [runTpipeMain] size(300)||[0-4]0000D00D-00000000-05D703BF-00000000-05D802EA||[70-74]A00001CA-000001CA-01E000B6-00000000-000001CA
D/MtkCam/VSSScen( 5296): [deque] +
I/CdpDrv ( 5296): {CdpDrv} [VIDO_SetOutputAddr] cqPhy(0x442e3000),Vido(0x27c0000),VidCo(0x280b000),VidVo(0x27c0000)
I/iio/path( 5296): [setDMACurrBuf] [VIDO]base(0x27c0000)-0x280b000-0x27c0000
I/iio/ifunc( 5296): [_enable] path(2),start(1),SCIO(6),En1(0x44b5b8a9),En2(0xb8a3401f),Dma(0x800ab),CQ_status(0x4001111),CQ_debugset(24576)
I/iio/pathp2( 5296): [_waitIrq] type(0),irq(16384)
D/AfAlgo ( 5296): [AfAlgoC][fv]938648 [gsum]10 [AEStbl]1 [ISO]455 [wait]3
D/AfAlgo ( 5296): [AfAlgoC][Thres]30000 [ValidCnt] 1 [ShockCnt] 1 [FrmCnt)] 20
D/AfAlgo ( 5296): [AfAlgoC][FirstFV]0 [FVDiff]938648 [FVThres]100 [FVCnt]36 [FVNum]2 [GSDiff]10 [GSThres]20 [GSCnt]6 [GSNum]2
D/af_mgr ( 5296): [AFStatH]935456 [AFStatFL]935456 [AFStatV]1064 [moveMCU] 100
I/SurfaceFlinger( 133): [virtual void android::LayerScreenshot::setGeometry(const android::sp&, android::HWComposer::HWCLayerInterface&)] add:469, count:1
I/SurfaceFlinger( 133): [static bool android::LayerScreenshot::isFrozen()] LayerScreenshot top:469 (orient:0, alpha:255)
D/SurfaceFlinger( 133): Freeze screen...
I/hwcomposer_v1.0( 133): [HWC] Pending External Display orientation...
D/PowerManagerService( 5535): releaseWakeLockInternal: lock=1115579032, flags=0x0
D/PowerManagerService( 5535): updateWakeLockSummaryLocked: mWakefulness=Awake, mWakeLockSummary=0x1
D/PowerManagerService( 5535): newScreenState = 2
D/PowerManagerDisplayController( 5535): requestPowerState: screenState=2, useProximitySensor=false, screenBrightness=255, screenAutoBrightnessAdjustment=0.0, useAutoBrightness=false, useEcoBrightness=false, blockScreenOn=false, waitForNegativeProximity=false
I/PowerManagerService( 5535): setBrightness mButtonLight, screenBrightness=255
D/PowerManagerService( 5535): updateScreenStateLocked: mDisplayReady=true, newScreenState=2, mWakefulness=1, mWakeLockSummary=0x1, mUserActivitySummary=0x5, mBootCompleted=true
D/PowerManagerService( 5535): handleSandman: canDream=true, mWakefulness=Awake
I/Drv/IMem( 5296): Drv/IMem[freeM4UMemory] [StdM4U]VA(0x44f11000)/PA(0x27c0000)/size(0x70800)/mID(0xffffffff)
