D/MtkCam/ParamsManager( 5296): [setParameters] AutoWLock
D/MtkCam/ParamsManager( 5296): [updatePreviewSize] +
D/MtkCam/ParamsManager( 5296): [updatePreviewSize] -
D/MtkCam/ParamsManager( 5296): [setParameters] -
D/ae_mgr ( 5296): setAEMeteringArea m_isAeMeterAreaEn=1
D/af_mgr ( 5296): [setAFArea][Cnt]0 [L]0 [R]0 [U]0 [B]0
D/af_mgr ( 5296): [setAFArea][Cnt]1 [L]818 [R]1177 [U]568 [B]927 to [Cnt]1 [W]359 [H]359 [X]818 [Y]568
D/af_mgr ( 5296): [setCamMode]0
D/awb_mgr ( 5296): i4NewAWBMode: 1
D/awb_mgr ( 5296): [AwbMgr::setAWBLock] bAWBLock: 0
D/flash_mgr.cpp( 5296): setFlashMode mode=2
D/FlashlightDrv( 5296): getInstance line=128
D/FlashlightDrv( 5296): setTimeOutTime(ms=1000)
D/FlashlightDrv( 5296): setOnOff() isOn = 0
D/FlashlightDrv( 5296):
D/flash_mgr.cpp( 5296): setShotMode() mode=0
D/flash_mgr.cpp( 5296): setCamMode mode=0
D/flash_mgr.cpp( 5296): setEvComp ind=0 evs=1.000000
D/OpenCV_NativeCamera(12169): initCameraConnect: preview format is set to yuv420sp
I/BufferQueue(12169): [unnamed-12169-0](this:0x5b97e170,api:0) BufferQueue
I/BufferQueue(12169): [unnamed-12169-0](this:0x5b97e170,api:0) consumerConnect
D/CameraClient( 5296): setPreviewTexture(0x429153e8) (pid 12169)
I/BufferQueue(12169): [unnamed-12169-0](this:0x5b97e170,api:0) connect: api=4
D/CameraClient( 5296): setPreviewCallbackFlag(5) (pid 12169)
D/MtkCam/CamClient( 5296): (11650)[enableMsgType] msgType: 16
D/MtkCam/PrvCB( 5296): (11650)[updateMsg] + current mIsMsgEnabled=0
D/OpenCV_NativeCamera(12169): Starting preview
D/CameraClient( 5296): startPreview (pid 12169)
D/CameraClient( 5296): startCameraMode(0)
D/CameraClient( 5296): startPreviewMode
I/MtkCam/CamDevice( 5296): (11970)(Default:0)[CamDevice::setPreviewWindow] + window(0x42a54470)
D/MtkCam/CamDevice( 5296): (11970)(Default:0)[CamDevice::initDisplayClient] + window(0x42a54470)
D/MtkCam/DisplayClient( 5296): (11970)[DisplayClient] +
D/MtkCam/DisplayClient( 5296): (11970)[DisplayClient] - debug.camera.display.loglevel=1
D/MtkCam/DisplayClient( 5296): (11970)[init] +
D/MtkCam/DisplayClient( 5296): (11970)[createImgBufQueue] +
D/MtkCam/DisplayClient( 5296): (11970)[createImgBufQueue] -
D/MtkCam/DisplayClient( 5296): (11970)[init] - ret(1)
I/MtkCam/DisplayClient( 5296): (11970)[setWindow] + window(0x42a54470), WxH=640x480, count(3)
D/MtkCam/DisplayClient( 5296): [Camera@Display](yv12-gpu@640x480@12-bit@1075989609)
I/MtkCam/DisplayClient( 5296): (11970)[set_preview_stream_ops] set_buffer_count(5) = wanted_buf_count(3) + min_undequeued_buf_count(2)
I/BufferQueue(12169): [unnamed-12169-0](this:0x5b97e170,api:4) setBufferCount: count=5
D/MtkCam/CamDevice( 5296): (11970)(Default:0)[CamDevice::initDisplayClient] - status(0)
I/MtkCam/CamDevice( 5296): (11970)(Default:0)[CamDevice::startPreview] +
D/MtkCam/ParamsManager( 5296): [updateHalAppMode] + KEY_CAMERA_MODE:0
D/MtkCam/MtkCamUtils( 5296): [CamPropertyMap::set] pid/tid=5296/11970 (hal.appmode)=(Default)
D/MtkCam/ParamsManager( 5296): [updateHalAppMode] - property:hal.appmode=Default[0]
D/MtkCam/CamAdapter( 5296): (Default)[BaseCamAdapter::BaseCamAdapter] sizeof=32, this=0x42914830, mpCamMsgCbInfo=0x4291483c, mpParamsMgr=0x42914840, mImgBufProvidersMgr=0x42914844
D/MtkCam/CamAdapter( 5296): (11970)(Default)[CamAdapter] sizeof=72, this=0x42914830, mpStateManager=0x42914854, mpPreviewCmdQueThread=0x42914858, mpPreviewBufMgr=0x4291485c, mpCaptureCmdQueThread=0x42914860, mpShot=0x42914864, mpResourceLock=0x42914868
D/SensorHal( 5296): [getInstance][SensorHalImp] getInstance
D/SensorHal( 5296): [createImp][createImp]: 2
D/SensorHal( 5296): [createImp] Has created
D/ImgSensorDrv( 5296): [getInstance][ImgSensorDrv] getInstance
D/SensorHal( 5296): [sendCommand] Sensor Dev: 1
D/SensorHal( 5296): [init][init]: 2
D/SensorHal( 5296): [init] Has inited
D/ImgSensorDrv( 5296): [getInstance][ImgSensorDrv] getInstance
D/SensorHal( 5296): [uninit][uninit]: 3
D/SensorHal( 5296): [uninit] Still users
D/SensorHal( 5296): [deleteImp][deleteImp]: 3
D/SensorHal( 5296): [deleteImp] Still users
D/aaa_hal ( 5296): [setCallbacks()][p]1102865872
D/MtkCam/CamAdapter( 5296): (11970)(Default)[init3A] -
D/MtkCam/VideoSnapshotScenario( 5296): (11970)[setCallback] + rpShotCallback(0x42914850), rpShotCallback->getStrongCount(3)
D/MtkCam/ResourceLock( 5296): (11970)[Init] First user(0)
D/ResMgrDrv( 5296): [Init]More user(1)
D/PipeMgrDrv( 5296): [Init]First user(0)
D/MtkCam/CamAdapter( 5296): (Default)[BaseCamAdapter::setCallbacks] mpCamMsgCbInfo.get(0x42914898), mpCamMsgCbInfo->getStrongCount(2)
D/MtkCam/CamAdapter( 5296): (11970)(Default)[setParameters] +
D/MtkCam/PrvCQT( 5296): (11970)[setParameters] +
D/SensorHal( 5296): [getInstance][SensorHalImp] getInstance
D/SensorHal( 5296): [createImp][createImp]: 2
D/SensorHal( 5296): [createImp] Has created
D/ImgSensorDrv( 5296): [getInstance][ImgSensorDrv] getInstance
D/SensorHal( 5296): [sendCommand] Sensor Dev: 1
D/SensorHal( 5296): [init][init]: 2
D/SensorHal( 5296): [init] Has inited
D/ImgSensorDrv( 5296): [getInstance][ImgSensorDrv] getInstance
D/SensorHal( 5296): [uninit][uninit]: 3
D/SensorHal( 5296): [uninit] Still users
D/SensorHal( 5296): [deleteImp][deleteImp]: 3
D/SensorHal( 5296): [deleteImp] Still users
D/MtkCam/PrvCQT( 5296): (11970)[setParameters] -
D/SensorHal( 5296): [getInstance][SensorHalImp] getInstance
D/SensorHal( 5296): [createImp][createImp]: 2
D/SensorHal( 5296): [createImp] Has created
D/ImgSensorDrv( 5296): [getInstance][ImgSensorDrv] getInstance
D/SensorHal( 5296): [sendCommand] Sensor Dev: 1
D/SensorHal( 5296): [init][init]: 2
D/SensorHal( 5296): [init] Has inited
D/ImgSensorDrv( 5296): [getInstance][ImgSensorDrv] getInstance
D/SensorHal( 5296): [uninit][uninit]: 3
D/SensorHal( 5296): [uninit] Still users
D/SensorHal( 5296): [deleteImp][deleteImp]: 3
D/SensorHal( 5296): [deleteImp] Still users
D/MtkCam/ParamsManager( 5296): [getRecordingHint] No KEY_RECORDING_HINT
D/MtkCam/ParamsManager( 5296): [getRecordingHint] No KEY_RECORDING_HINT
D/MtkCam/CamAdapter( 5296): (11970)(Default)[setParameters] FPS:RH(0),Min(5000),Max(60000)
D/ae_mgr ( 5296): setAEMeteringArea m_isAeMeterAreaEn=1
D/af_mgr ( 5296): [setAFArea][Cnt]0 [L]0 [R]0 [U]0 [B]0
D/af_mgr ( 5296): [setAFArea][Cnt]1 [L]818 [R]1177 [U]568 [B]927 to [Cnt]1 [W]359 [H]359 [X]818 [Y]568
D/af_mgr ( 5296): [setCamMode]0
D/awb_mgr ( 5296): i4NewAWBMode: 1
D/awb_mgr ( 5296): [AwbMgr::setAWBLock] bAWBLock: 0
D/flash_mgr.cpp( 5296): setFlashMode mode=2
D/FlashlightDrv( 5296): getInstance line=128
D/FlashlightDrv( 5296): setTimeOutTime(ms=1000)
D/FlashlightDrv( 5296): setOnOff() isOn = 0
D/FlashlightDrv( 5296):
D/flash_mgr.cpp( 5296): setShotMode() mode=0
D/flash_mgr.cpp( 5296): setCamMode mode=0
D/flash_mgr.cpp( 5296): setEvComp ind=0 evs=1.000000
D/MtkCam/CamAdapter( 5296): (11970)(Default)[setParameters] -
D/MtkCam/DisplayClient( 5296): (11970)[setImgBufProviderClient] + ImgBufProviderClient(0x42914830), mpImgBufQueue.get(0x42915170)
I/MtkCam/CamAdapter( 5296): (Default)[BaseCamAdapter::onImgBufProviderCreated] - id=1, ImgBufProvider=0x42915170
D/MtkCam/DisplayClient( 5296): (11970)[setImgBufProviderClient] -
D/MtkCam/PrvCB( 5296): (11970)[setImgBufProviderClient] + ImgBufProviderClient(0x42914830)
I/MtkCam/CamAdapter( 5296): (Default)[BaseCamAdapter::onImgBufProviderCreated] - id=3, ImgBufProvider=0x42a51650
D/MtkCam/PrvCB( 5296): (11970)[setImgBufProviderClient] -
D/MtkCam/CamClient/RecordClient( 5296): (11970)[setImgBufProviderClient] + ImgBufProviderClient(0x42914830)
I/MtkCam/CamAdapter( 5296): (Default)[BaseCamAdapter::onImgBufProviderCreated] - id=2, ImgBufProvider=0x42a51808
D/MtkCam/CamClient/RecordClient( 5296): (11970)[setImgBufProviderClient] -
D/MtkCam/CamClient/FDClient( 5296): (11970)[setImgBufProviderClient] + ImgBufProviderClient(0x42914830)
D/MtkCam/CamClient/FDClient( 5296): (11970)[setImgBufProviderClient] -
D/MtkCam/CamClient/PREFEATUREBASE( 5296): (11970)[setImgBufProviderClient] + ImgBufProviderClient(0x42914830)
D/MtkCam/CamClient/PREFEATUREBASE( 5296): (11970)[setImgBufProviderClient] -
D/MtkCam/DisplayClient( 5296): (11970)[checkConfig] The Same [ImgBufProviderClient, BufCount, WxH]:(0x42914830, 3, 640x480) -> (0x42914830, 3, 640x480)
D/MtkCam/DisplayClient( 5296): (11970)[enableDisplay] + isDisplayEnabled(0), mpDisplayThread.get(0x429150c8)
D/MtkCam/DisplayClient( 5296): (11970)[DisplayThread::postCommand] - new command::eID_WAKEUP
D/MtkCam/DisplayClient( 5296): (11970)[enableDisplay] - ret(1)
D/MtkCam/CamClient( 5296): (11970)[startPreview] +
D/MtkCam/PrvCB( 5296): (11970)[startPreview] + current mIsPrvStarted=0
D/MtkCam/PrvCB( 5296): (11970)[startPreview] + preview: WxH=640x480, format(yuv420sp)
D/MtkCam/PrvCB( 5296): (11970)(PreviewClientCb)[ImgBufManager::ImgBufManager]
D/MtkCam/PrvCB( 5296): (11970)(PreviewClientCb)[ImgBufManager::init] + mu4BufCount(3)
D/MtkCam/MtkCamUtils( 5296): [queryImgBufferSize] [yuv420sp] 640x480 image buffer size: 460800
D/MtkCam/PrvCB( 5296): [ImgInfo::ImgInfo] [PreviewClientCb](yuv420sp@640x480@12-bit@460800)
D/MtkCam/PrvCB( 5296): [PrvCbImgBuf::PrvCbImgBuf]
D/MtkCam/PrvCB( 5296): [PrvCbImgBuf::dump] Buffer[PreviewClientCb@0x447E8000@460800@yuv420sp@(640)640x480@12@Timestamp(0)]
D/MtkCam/MtkCamUtils( 5296): [queryImgBufferSize] [yuv420sp] 640x480 image buffer size: 460800
D/MtkCam/PrvCB( 5296): [ImgInfo::ImgInfo] [PreviewClientCb](yuv420sp@640x480@12-bit@460800)
D/MtkCam/PrvCB( 5296): [PrvCbImgBuf::PrvCbImgBuf]
D/MtkCam/PrvCB( 5296): [PrvCbImgBuf::dump] Buffer[PreviewClientCb@0x44EA0000@460800@yuv420sp@(640)640x480@12@Timestamp(0)]
D/MtkCam/MtkCamUtils( 5296): [queryImgBufferSize] [yuv420sp] 640x480 image buffer size: 460800
D/MtkCam/PrvCB( 5296): [ImgInfo::ImgInfo] [PreviewClientCb](yuv420sp@640x480@12-bit@460800)
D/MtkCam/PrvCB( 5296): [PrvCbImgBuf::PrvCbImgBuf]
D/MtkCam/PrvCB( 5296): [PrvCbImgBuf::dump] Buffer[PreviewClientCb@0x44F11000@460800@yuv420sp@(640)640x480@12@Timestamp(0)]
D/MtkCam/PrvCB( 5296): (11970)(PreviewClientCb)[ImgBufManager::init] - ret(1)
D/MtkCam/PrvCB( 5296): (11970)[postCommand] - new command::eID_WAKEUP
D/MtkCam/CamClient( 5296): (11970)[startPreview] - ret(1)
D/MtkCam/CamAdapter( 5296): (11970)(StateIdle)[onStartPreview] +
D/MtkCam/CamAdapter( 5296): (11970)(Default)[onHandleStartPreview] +
D/MtkCam/ParamsManager( 5296): [getRecordingHint] No KEY_RECORDING_HINT
D/MtkCam/ResourceLock( 5296): (11970)[SetMode] Type(2)
D/MtkCam/ResourceLock( 5296): (11970)[GetResMgr] Type(2),ScenSw(2),ScenHw(6),Dev(0)
D/ResMgrDrv( 5296): [SetMode]ScenSw(2),ScenHw(6),Dev(0)
D/ResMgrDrv( 5296): [GetMode]ScenSw(1),ScenHw(0),Dev(0)
D/ResMgrDrv( 5296): [SetMode]OK
I/ ( 5296): [BWC INFO](11970): [bwc.mm._Profile] Get : 0
I/ ( 5296): [BWC INFO](11970): [bwc.mm._Profile] Set : 5
I/ ( 5296): [BWC INFO](11970): [bwc.mm.SensorSize] Get : 1996 1496
I/ ( 5296): [BWC INFO](11970): [bwc.mm.VideoRecordSize] Get :
I/ ( 5296): [BWC INFO](11970): [bwc.mm.DisplaySize] Get :
I/ ( 5296): [BWC INFO](11970): [bwc.mm.TvOutSize] Get :
I/ ( 5296): [BWC INFO](11970): [bwc.mm.Fps] Get :
I/ ( 5296): [BWC INFO](11970): [bwc.mm.VideoEncodeCodec] Get :
I/ ( 5296): [BWC INFO](11970): [bwc.mm.VideoDecodeCodec] Get :
I/ ( 5296): [BWC INFO](11970): BWC_SETTING::DumpInfo-------
I/ ( 5296):
I/ ( 5296): [BWC INFO](11970): sensor_size = 1996 x 1496
I/ ( 5296): [BWC INFO](11970): vr_size = 0 x 0
I/ ( 5296): [BWC INFO](11970): disp_size = 0 x 0
I/ ( 5296): [BWC INFO](11970): tv_size = 0 x 0
I/ ( 5296): [BWC INFO](11970): fps = 0
I/ ( 5296): [BWC INFO](11970): venc_codec_type = 0
I/ ( 5296): [BWC INFO](11970): vdec_codec_type = 0
I/ ( 5296): [BWC INFO](11970): ----------------------------
I/ ( 5296):
I/ ( 5296): [BWC INFO](11970): BWCLIMIT_VR_1066 VR=840222720
I/ ( 5296): [BWC INFO](11970): BWCLIMIT_VR_1066 VT=933534720
I/ ( 5296): [BWC INFO](11970): BWCLIMIT_VT_1066 VR=402278400
I/ ( 5296): [BWC INFO](11970): BWCLIMIT_VT_1066 VT=487987200
I/ ( 5296): [BWC INFO](11970): Read DDR type string:LPDDR2
I/ ( 5296): [BWC INFO](11970): DDR Type = 0
I/ ( 5296): [BWC INFO](11970): smi_bw_ctrl_set: scen 1, reduce cmd 1
I/ ( 5296): [BWC INFO](11970): emi_bw_ctrl_set: CON_SCE_NORMAL ON
I/ ( 5296): [BWC INFO](11970): Profile_Change:[BWCPT_CAMERA_PREVIEW]:ON
D/ResMgrDrv( 5296): [CloseHdmi]En(1)
W/ResMgrDrv( 5296): [CloseHdmi]WRN( 456):HDMITX kernel open fail, errno(2):No such file or directory
D/MtkCam/ResourceLock( 5296): (11970)[Lock] Type(2),Timeout(3000)
D/MtkCam/ResourceLock( 5296): (11970)[GetPipeMgr] Type(2),Dst(0x00000003)
D/MtkCam/CamClient/RecordClient( 5296): (12211)[readyToRun] policy:(expect, result)=(2, 2), priority:(expect, result)=(268435546, 90)
D/MtkCam/CamClient/RecordClient( 5296): (12211)[getCommand] + que size(0)
D/MtkCam/PrvCB( 5296): (12210)[readyToRun] policy:(expect, result)=(2, 2), priority:(expect, result)=(268435546, 90)
D/MtkCam/PrvCB( 5296): (12210)[getCommand] command:eID_WAKEUP
D/MtkCam/PrvCB( 5296): (12210)[waitAndHandleReturnBuffers] +
D/PipeMgrDrv( 5296): [Lock]OK,PipeMask(0x00000003),Timeount(3000)
D/MtkCam/ResourceLock( 5296): (11970)[Lock] Lock OK
D/MtkCam/PrvCQT( 5296): (11970)[postCommand] +
D/MtkCam/PrvCQT( 5296): (11970)[postCommand] + tid(11970), que size(0)
D/MtkCam/PrvCQT( 5296): (11970)[postCommand] - new command added(0): tid(11970), que size(1)
D/MtkCam/CamAdapter( 5296): (12214)[CaptureCmdQueThread::readyToRun] policy:(expect, result)=(2, 2), priority:(expect, result)=(268435546, 90)
D/MtkCam/CamAdapter( 5296): (12214)[CaptureCmdQueThread::getCommand] + que size(0)
D/MtkCam/DisplayClient( 5296): (12212)[DisplayThread::readyToRun] policy:(expect, result)=(2, 2), priority:(expect, result)=(268435547, 91)
D/MtkCam/DisplayClient( 5296): (12212)[DisplayThread::getCommand] + que size(1)
D/MtkCam/DisplayClient( 5296): (12212)[DisplayThread::getCommand] command:eID_WAKEUP
D/MtkCam/DisplayClient( 5296): (12212)[DisplayThread::getCommand] - que size(0), ret(1)
I/BufferQueue(12169): [unnamed-12169-0](this:0x5b97e170,api:4) new GraphicBuffer needed
D/BufferQueue(12169): [OLD] gb:NULL
E/IMGSRV ( 133): :0: gralloc_device_alloc: attach special flag :Format32315659.
I/GraphicBuffer( 133): allocate buffer (w:640 h:480 f:842094169) err(0)
I/BufferQueue(12169): [NEW] gb=0x5d1ebaa0, handle=0x5d223998, w=640, h=480, s=640, fmt=842094169
D/MtkCam/MtkCamUtils( 5296): [queryImgBufferSize] [yv12-gpu] 640x480 image buffer size: 460800
I/BufferQueue(12169): [unnamed-12169-0](this:0x5b97e170,api:4) new GraphicBuffer needed
D/BufferQueue(12169): [OLD] gb:NULL
E/IMGSRV ( 133): :0: gralloc_device_alloc: attach special flag :Format32315659.
I/GraphicBuffer( 133): allocate buffer (w:640 h:480 f:842094169) err(0)
I/BufferQueue(12169): [NEW] gb=0x5d209fc0, handle=0x5d20a048, w=640, h=480, s=640, fmt=842094169
D/MtkCam/MtkCamUtils( 5296): [queryImgBufferSize] [yv12-gpu] 640x480 image buffer size: 460800
I/BufferQueue(12169): [unnamed-12169-0](this:0x5b97e170,api:4) new GraphicBuffer needed
D/BufferQueue(12169): [OLD] gb:NULL
E/IMGSRV ( 133): :0: gralloc_device_alloc: attach special flag :Format32315659.
I/GraphicBuffer( 133): allocate buffer (w:640 h:480 f:842094169) err(0)
I/BufferQueue(12169): [NEW] gb=0x5d1eafb8, handle=0x5d1eb040, w=640, h=480, s=640, fmt=842094169
D/MtkCam/MtkCamUtils( 5296): [queryImgBufferSize] [yv12-gpu] 640x480 image buffer size: 460800
D/MtkCam/DisplayClient( 5296): (12212)[waitAndHandleReturnBuffers] +
D/MtkCam/PrvCQT( 5296): (12213)[readyToRun] +
D/MtkCam/PrvCQT( 5296): (12213)[readyToRun] Tid: 12213, policy: 2, priority: 90
D/MtkCam/PrvCQT( 5296): (12213)[readyToRun] -
D/MtkCam/PrvCQT( 5296): (12213)[threadLoop] +
D/MtkCam/PrvCQT( 5296): (12213)[getCommand] +
D/MtkCam/PrvCQT( 5296): (12213)[getCommand] + tid(12213), que size(1)
D/MtkCam/PrvCQT( 5296): (12213)[getCommand] Command: 0
D/MtkCam/PrvCQT( 5296): (12213)[getCommand] - tid(12213), que size(0), ret(1)
D/MtkCam/PrvCQT( 5296): (12213)[getCommand] -
D/MtkCam/PrvCQT( 5296): (12213)[start] +
D/MtkCam/ParamsManager( 5296): [getRecordingHint] No KEY_RECORDING_HINT
D/MtkCam/ParamsManager( 5296): [getRecordingHint] No KEY_RECORDING_HINT
D/MtkCam/ParamsManager( 5296): [getRecordingHint] No KEY_RECORDING_HINT
D/MtkCam/ParamsManager( 5296): [getRecordingHint] No KEY_RECORDING_HINT
D/SensorHal( 5296): [getInstance][SensorHalImp] getInstance
D/SensorHal( 5296): [createImp][createImp]: 2
D/SensorHal( 5296): [createImp] Has created
D/ImgSensorDrv( 5296): [getInstance][ImgSensorDrv] getInstance
D/SensorHal( 5296): [sendCommand] Sensor Dev: 1
D/SensorHal( 5296): [init][init]: 2
D/SensorHal( 5296): [init] Has inited
D/ImgSensorDrv( 5296): [getInstance][ImgSensorDrv] getInstance
D/ImgSensorDrv( 5296): [getInstance][ImgSensorDrv] getInstance
D/SensorHal( 5296): [sendCommand] SENSOR_CMD_GET_SENSOR_PRV_RANGE
D/MtkCam/VSSScen( 5296): [VSSScenario] mSensorBitOrder:50
D/MtkCam/VSSScen( 5296): [VSSScenario] this=0x440705e0, sizeof:828
D/MtkCam/VSSScen( 5296): [getHwValidSize] In:W(1996),H(1496)
D/MtkCam/VSSScen( 5296): [getHwValidSize] Out:W(1996),H(1496)
D/MtkCam/VSSScen( 5296): [~VSSScenario]
D/SensorHal( 5296): [setConf][setConf] main/atv src: 1996/1496 , sub/main2 src: 1187304868/1118127704
D/SensorHal( 5296): [setConf][setConf] main/atv scenario: 0 , sub/main2 scenario: 1155030532
D/SensorHal( 5296): [setConf] main/atv u4IsBypassSensorScenario:0, u4IsBypassSensorDelay:1
D/SensorHal( 5296): [setConf] main2/sub u4IsBypassSensorScenario:1075116668, u4IsBypassSensorDelay:1187304868
D/SensorHal( 5296): [getSensorInfo][getSensorInfo]
D/ImgSensorDrv( 5296): [getInfo][getInfo]
D/ImgSensorDrv( 5296): [getCurrentSensorType][getCurrentSensorType]
D/ImgSensorDrv( 5296): [getInfo][getInfo]
D/ImgSensorDrv( 5296): [setScenario][setScenario] m_LineTimeInus[0] = 16762, Scenario id = 0, PixelClk = 168000000, PixelInLine = 2816
D/SeninfDrvImp( 5296): [setTg1GrabRange][setTg1GrabRange]
D/SeninfDrvImp( 5296): [setTg1SensorModeCfg][setTg1SensorModeCfg]
D/SeninfDrvImp( 5296): [setTg1InputCfg][setTg1InputCfg]
D/SeninfDrvImp( 5296): [setTg1InputCfg]inSrcTypeSel = 0
D/SeninfDrvImp( 5296): [setTg1ViewFinderMode][setTg1ViewFinderMode]
I/ ( 5296): [BWC INFO](12213): [bwc.mm.SensorSize] Set : 1996 1496
D/SensorHal( 5296): [setCSI2Config]disable Tg1 CSI2Config
D/SensorHal( 5296): [setCSI2Config]enable Tg1 CSI2Config
D/SeninfDrvImp( 5296): [setTg1CSI2][configTg1CSI2]:DataTermDelay:0 SettleDelay:14 ClkTermDelay:0 VsyncType:1 dlane_num:3 CSI2 enable:1 HeaderOrder:1 DataFlow:0
D/SeninfDrvImp( 5296): [setTg1CSI2][configTg2CSI2]:mt65xx_reg_sync_writel SENINF1_CSI2_DELAY = 0xe0000
D/ImgSensorDrv( 5296): [getInstance][ImgSensorDrv] getInstance
D/SensorHal( 5296): [sendCommand] SENSOR_CMD_GET_RAW_INFO
D/MtkCam/PrvCQT( 5296): (12213)[init] meSensorDev(1), meSensorType(0), mSensorBitOrder(0), mFormat(bayer10)
D/MtkCam/VSSScen( 5296): [VSSScenario] mSensorBitOrder:0
D/MtkCam/VSSScen( 5296): [VSSScenario] this=0x440705e0, sizeof:828
D/MtkCam/VSSScen( 5296): [init] +
I/iio/camio( 5296): [CamIOPipe] :E
I/iio/ifunc( 5296): [createInstance] eScenarioID: 1.
I/iio/ifunc( 5296): [getInstance] eScenarioID: 1.
I/iio/camio( 5296): [CamIOPipe] :X
I/iio/ifunc( 5296): [init] mInitCount(0) m_fgIsGdmaMode: 0.
I/Drv/IMem( 5296): Drv/IMem[getInstance] singleton[0x40e1e6a8],getpid[0x000014b0],gettid[0x00002fb5]
I/IspDrv ( 5296): {IspDrv} [createInstance] fgIsGdmaMode: 0.
I/iio/ifunc( 5296): [init] [m_pIspDrv]:0x40e1dccc
I/IspDrv ( 5296): {IspDrv} [init] - E. mInitCount(6). m_fgIsGdmaMode: 0.
I/IspDrv ( 5296): {IspDrv} [ProfilingPrint] [Event_IspDrv_Init] atomic_inc:(0-th) ===> [start-->now: 0.010000 ms]
I/IspDrv ( 5296): {IspDrv} [init] - X. ret: 1. mInitCount: 7.
I/IspDrv ( 5296): {IspDrv} [ProfilingPrint] [Event_IspDrv_Init] Exit:(1-th) ===> [start-->now: 0.039000 ms] [last-->now: 0.029000 ms]
I/IspDrv ( 5296): {IspDrv} [getInstance] cq: 0. ispVirRegAddr: 0x44282000.
I/IspDrv ( 5296): {IspDrv} [getInstance] cq: 1. ispVirRegAddr: 0x4429a400.
I/IspDrv ( 5296): {IspDrv} [getInstance] cq: 2. ispVirRegAddr: 0x442b2800.
I/IspDrv ( 5296): {IspDrv} [getInstance] cq: 3. ispVirRegAddr: 0x442cac00.
I/IspDrv ( 5296): {IspDrv} [getInstance] cq: 4. ispVirRegAddr: 0x442e3000.
I/IspDrv ( 5296): {IspDrv} [getInstance] cq: 5. ispVirRegAddr: 0x442fb400.
I/IspDrv ( 5296): {IspDrv} [getInstance] cq: 6. ispVirRegAddr: 0x44313800.
I/IspDrv ( 5296): {IspDrv} [getInstance] cq: 7. ispVirRegAddr: 0x4432bc00.
I/CdpDrv ( 5296): {CdpDrv} [CreateInstance] fgIsGdmaMode: 0.
I/CdpDrv ( 5296): {CdpDrv} [GetInstance] fgIsGdmaMode: 0.
I/CdpDrv ( 5296): {CdpDrv} [Init] - E. mInitCount: 0. mSysramUsageCount: 0. m_fgIsGdmaMode: 0.
I/CdpDrv ( 5296): {CdpDrv} [Init] open camera-sysram kernel driver.
I/CdpDrv ( 5296): {CdpDrv} [ProfilingPrint] [Event_CdpDrv_Init] Open SYSRAM kernel drv:(0-th) ===> [start-->now: 0.050000 ms]
I/CdpDrv ( 5296): {CdpDrv} [AllocateRotationBuf] - E. mSysramUsageCount: 0.
I/CdpDrv ( 5296): {CdpDrv} [AllocateRotationBuf] Allocated success. SYSRAM base addr: 0x12000000.
I/CdpDrv ( 5296): {CdpDrv} [AllocateRotationBuf] - X. ret: 1. mSysramUsageCount: 1.
I/CdpDrv ( 5296): {CdpDrv} [ProfilingPrint] [Event_CdpDrv_Init] AllocateRotationBuf:(1-th) ===> [start-->now: 0.132000 ms] [last-->now: 0.082000 ms]
I/CdpDrv ( 5296): {CdpDrv} [ProfilingPrint] [Event_CdpDrv_Init] atomic_inc:(2-th) ===> [start-->now: 0.147000 ms] [last-->now: 0.015000 ms]
I/CdpDrv ( 5296): {CdpDrv} [Init] - X. Result: 1. mInitCount: 1. mFdSysram: 80. mSysramUsageCount: 1.
I/CdpDrv ( 5296): {CdpDrv} [ProfilingPrint] [Event_CdpDrv_Init] Exit:(3-th) ===> [start-->now: 0.169000 ms] [last-->now: 0.022000 ms]
I/TpipeDrv( 5296): {TpipeDrv} [init] mInitCount(1)
I/TpipeDrv( 5296): {TpipeDrv} [init] X
I/iio/ifunc( 5296): [init] [m_pIspEventThread]:0x4122c320
I/iio/ifunc( 5296): [init] X
I/IspDrv ( 5296): {IspDrv} [GlobalPipeCountInc] - E.
I/IspDrv ( 5296): {IspDrv} [GlobalPipeCountInc] - X. Result: 1. count: 1.
I/iio/camio( 5296): [init] reset TOP registers(0x43c40008)
I/iio/camio( 5296): [init] EN2(0x0)
I/iio/ifunc( 5296): [createInstance] eScenarioID: 1.
I/iio/ifunc( 5296): [getInstance] eScenarioID: 1.
I/iio/ppp ( 5296): [init] :E
I/iio/ifunc( 5296): [init] mInitCount(1) m_fgIsGdmaMode: 0.
I/IspDrv ( 5296): {IspDrv} [GlobalPipeCountInc] - E.
I/IspDrv ( 5296): {IspDrv} [GlobalPipeCountInc] - X. Result: 1. count: 2.
I/Drv/IMem( 5296): Drv/IMem[mapPhyAddr] mID(0x54),size(0x9000),VA(x44d86000),PA(0x2200000),S/C(0/0)
I/iio/ppp ( 5296): [init] m_pIspDrvShell(0x4122c33c) pTdriVir(0x44d86000) tdriPhy(0x2200000) configVa(0x4485c000)
I/iio/ppp ( 5296): [init] X
I/iio/pppb( 5296): [init] - mu4InitRefCount(1), ret(1)
I/iio/path( 5296): [flushCqDescriptor] cq(1)
I/iio/path( 5296): [flushCqDescriptor] cq(4)
D/MtkCam/VSSScen( 5296): [init] -
D/MtkCam/MtkCamUtils( 5296): [queryRawStride]imgFmt(2), imgWidth(1996), stride(2000)
D/MtkCam/MtkCamUtils( 5296): [queryRawStride]imgFmt(2), imgWidth(1996), stride(2000)
I/iio/camio( 5296): [configPipe] vInPorts:[0]:(0x2),w(1996),h(1496),stirde(2000,0,0),type(1),idx(0),dir(0)
I/iio/camio( 5296): [configPipe] vOutPorts:[0]:(0x2),w(1996),h(1496),stirde(2000,0,0),type(0),idx(12),dir(1)
I/iio/camio( 5296): [configPipe] meScenarioFmt:[0]
I/iio/camio( 5296): [configPipe] meScenarioID:[8]
I/iio/camio( 5296): [configPipe] i(0),imgFmt(2),*pPixel_byte(5),pPass1_out_fmt(1)
I/iio/camio( 5296): [configPipe] config imgo
I/iio/camio( 5296): [configPipe] imgo_crop [0, 0, 1996, 1496]_f(0x0,0x0)
I/iio/ifunc( 5296): [_config] path(1),CQ(1),en1(0x40003001),en2(0x80000000),dma(0x00000001),fmt(0x00001006),ctl(0x00010050),tcm_en(0x00000000),isIspOn(0x1)
I/iio/ifunc( 5296): [_config] [Pass1]EN1:Set(0x40003001),Clr(0x00000000),En2:Set(0x80000000),Clr(0x00000000),DMA:Set(0x00000001),Clr(0x00000000)
D/MtkCam/MtkCamUtils( 5296): [queryRawStride]imgFmt(2), imgWidth(1996), stride(2000)
D/MtkCam/MtkCamUtils( 5296): [queryImgBufferSize] [bayer10] 1996x1496 image buffer size: 3740000
D/MtkCam/HwBuffhandler( 5296): (12213)[virtual void HwBuffer::createBuffer()] +
D/MtkCam/HwBuffhandler( 5296): (12213)[virtual void HwBuffer::createBuffer()] bufsize: 3740000
I/Drv/IMem( 5296): Drv/IMem[getInstance] singleton[0x40e1e6a8],getpid[0x000014b0],gettid[0x00002fb5]
I/Drv/IMem( 5296): Drv/IMem[mapPhyAddr] mID(0x5e),size(0x391160),VA(x450fe000),PA(0x2240000),S/C(0/0)
D/MtkCam/HwBuffhandler( 5296): (12213)[virtual void HwBuffer::createBuffer()] -
D/MtkCam/HwBuffhandler( 5296): (12213)[virtual void HwBuffProvider::addBuf(const android::sp&)] +
D/MtkCam/HwBuffhandler( 5296): (12213)[virtual void HwBuffProvider::addBuf(const android::sp&)] -
D/MtkCam/MtkCamUtils( 5296): [queryRawStride]imgFmt(2), imgWidth(1996), stride(2000)
D/MtkCam/MtkCamUtils( 5296): [queryImgBufferSize] [bayer10] 1996x1496 image buffer size: 3740000
D/MtkCam/HwBuffhandler( 5296): (12213)[virtual void HwBuffer::createBuffer()] +
D/MtkCam/HwBuffhandler( 5296): (12213)[virtual void HwBuffer::createBuffer()] bufsize: 3740000
I/Drv/IMem( 5296): Drv/IMem[getInstance] singleton[0x40e1e6a8],getpid[0x000014b0],gettid[0x00002fb5]
I/Drv/IMem( 5296): Drv/IMem[mapPhyAddr] mID(0x5f),size(0x391160),VA(x45490000),PA(0x29c0000),S/C(0/0)
D/MtkCam/HwBuffhandler( 5296): (12213)[virtual void HwBuffer::createBuffer()] -
D/MtkCam/HwBuffhandler( 5296): (12213)[virtual void HwBuffProvider::addBuf(const android::sp&)] +
D/MtkCam/HwBuffhandler( 5296): (12213)[virtual void HwBuffProvider::addBuf(const android::sp&)] -
D/MtkCam/MtkCamUtils( 5296): [queryRawStride]imgFmt(2), imgWidth(1996), stride(2000)
D/MtkCam/MtkCamUtils( 5296): [queryImgBufferSize] [bayer10] 1996x1496 image buffer size: 3740000
D/MtkCam/HwBuffhandler( 5296): (12213)[virtual void HwBuffer::createBuffer()] +
D/MtkCam/HwBuffhandler( 5296): (12213)[virtual void HwBuffer::createBuffer()] bufsize: 3740000
I/Drv/IMem( 5296): Drv/IMem[getInstance] singleton[0x40e1e6a8],getpid[0x000014b0],gettid[0x00002fb5]
I/Drv/IMem( 5296): Drv/IMem[mapPhyAddr] mID(0x60),size(0x391160),VA(x45822000),PA(0x2f80000),S/C(0/0)
D/MtkCam/HwBuffhandler( 5296): (12213)[virtual void HwBuffer::createBuffer()] -
D/MtkCam/HwBuffhandler( 5296): (12213)[virtual void HwBuffProvider::addBuf(const android::sp&)] +
D/MtkCam/HwBuffhandler( 5296): (12213)[virtual void HwBuffProvider::addBuf(const android::sp&)] -
D/MtkCam/MtkCamUtils( 5296): [queryRawStride]imgFmt(2), imgWidth(1996), stride(2000)
D/MtkCam/MtkCamUtils( 5296): [queryImgBufferSize] [bayer10] 1996x1496 image buffer size: 3740000
D/MtkCam/HwBuffhandler( 5296): (12213)[virtual void HwBuffer::createBuffer()] +
D/MtkCam/HwBuffhandler( 5296): (12213)[virtual void HwBuffer::createBuffer()] bufsize: 3740000
I/Drv/IMem( 5296): Drv/IMem[getInstance] singleton[0x40e1e6a8],getpid[0x000014b0],gettid[0x00002fb5]
I/Drv/IMem( 5296): Drv/IMem[mapPhyAddr] mID(0x61),size(0x391160),VA(x45bb4000),PA(0x3340000),S/C(0/0)
D/MtkCam/HwBuffhandler( 5296): (12213)[virtual void HwBuffer::createBuffer()] -
D/MtkCam/HwBuffhandler( 5296): (12213)[virtual void HwBuffProvider::addBuf(const android::sp&)] +
D/MtkCam/HwBuffhandler( 5296): (12213)[virtual void HwBuffProvider::addBuf(const android::sp&)] -
D/MtkCam/MtkCamUtils( 5296): [queryRawStride]imgFmt(2), imgWidth(1996), stride(2000)
D/MtkCam/MtkCamUtils( 5296): [queryImgBufferSize] [bayer10] 1996x1496 image buffer size: 3740000
D/MtkCam/HwBuffhandler( 5296): (12213)[virtual void HwBuffer::createBuffer()] +
D/MtkCam/HwBuffhandler( 5296): (12213)[virtual void HwBuffer::createBuffer()] bufsize: 3740000
I/Drv/IMem( 5296): Drv/IMem[getInstance] singleton[0x40e1e6a8],getpid[0x000014b0],gettid[0x00002fb5]
I/Drv/IMem( 5296): Drv/IMem[mapPhyAddr] mID(0x62),size(0x391160),VA(x45f46000),PA(0x3700000),S/C(0/0)
D/MtkCam/HwBuffhandler( 5296): (12213)[virtual void HwBuffer::createBuffer()] -
D/MtkCam/HwBuffhandler( 5296): (12213)[virtual void HwBuffProvider::addBuf(const android::sp&)] +
D/MtkCam/HwBuffhandler( 5296): (12213)[virtual void HwBuffProvider::addBuf(const android::sp&)] -
D/MtkCam/MtkCamUtils( 5296): [queryRawStride]imgFmt(2), imgWidth(1996), stride(2000)
D/MtkCam/MtkCamUtils( 5296): [queryImgBufferSize] [bayer10] 1996x1496 image buffer size: 3740000
D/MtkCam/HwBuffhandler( 5296): (12213)[virtual void HwBuffer::createBuffer()] +
D/MtkCam/HwBuffhandler( 5296): (12213)[virtual void HwBuffer::createBuffer()] bufsize: 3740000
I/Drv/IMem( 5296): Drv/IMem[getInstance] singleton[0x40e1e6a8],getpid[0x000014b0],gettid[0x00002fb5]
I/Drv/IMem( 5296): Drv/IMem[mapPhyAddr] mID(0x63),size(0x391160),VA(x462d8000),PA(0x3ac0000),S/C(0/0)
D/MtkCam/HwBuffhandler( 5296): (12213)[virtual void HwBuffer::createBuffer()] -
D/MtkCam/HwBuffhandler( 5296): (12213)[virtual void HwBuffProvider::addBuf(const android::sp&)] +
D/MtkCam/HwBuffhandler( 5296): (12213)[virtual void HwBuffProvider::addBuf(const android::sp&)] -
I/IspDrv ( 5296): {IspDrv} [cqRingBuf] [rtbc]va(0x42a365d0),pa(0x1d805d0),ctrl(0),dma(4),PA(0x2240000),or_size(0),2or_size(0)
I/IspDrv ( 5296): {IspDrv} [cqRingBuf] [rtbc]or_size(1),2or_size(0)
I/IspDrv ( 5296): {IspDrv} [cqRingBuf] [rtbc]va(0x42a365d0),pa(0x1d805d0),ctrl(0),dma(4),PA(0x29c0000),or_size(1),2or_size(0)
I/IspDrv ( 5296): {IspDrv} [cqRingBuf] [rtbc]or_size(2),2or_size(0)
I/IspDrv ( 5296): {IspDrv} [cqRingBuf] [rtbc]va(0x42a365d0),pa(0x1d805d0),ctrl(0),dma(4),PA(0x2f80000),or_size(2),2or_size(0)
I/IspDrv ( 5296): {IspDrv} [cqRingBuf] [rtbc]or_size(3),2or_size(0)
I/IspDrv ( 5296): {IspDrv} [cqRingBuf] [rtbc]va(0x42a365d0),pa(0x1d805d0),ctrl(0),dma(4),PA(0x3340000),or_size(3),2or_size(0)
I/IspDrv ( 5296): {IspDrv} [cqRingBuf] [rtbc]or_size(4),2or_size(0)
I/IspDrv ( 5296): {IspDrv} [cqRingBuf] [rtbc]va(0x42a365d0),pa(0x1d805d0),ctrl(0),dma(4),PA(0x3700000),or_size(4),2or_size(0)
I/IspDrv ( 5296): {IspDrv} [cqRingBuf] [rtbc]or_size(5),2or_size(0)
D/SensorHal( 5296): [getInstance][SensorHalImp] getInstance
D/SensorHal( 5296): [createImp][createImp]: 3
D/SensorHal( 5296): [createImp] Has created
D/ImgSensorDrv( 5296): [getInstance][ImgSensorDrv] getInstance
D/SensorHal( 5296): [sendCommand] Sensor Dev: 1
D/SensorHal( 5296): [init][init]: 3
D/SensorHal( 5296): [init] Has inited
D/ImgSensorDrv( 5296): [getInstance][ImgSensorDrv] getInstance
D/SensorHal( 5296): [uninit][uninit]: 4
D/SensorHal( 5296): [uninit] Still users
D/SensorHal( 5296): [deleteImp][deleteImp]: 4
D/SensorHal( 5296): [deleteImp] Still users
D/ae_mgr ( 5296): [AeMgr::setZoomWinInfo] New WinX:0 1996 New WinY:0 1496 Old WinX:1 1994 Old WinY:0 1496
D/af_mgr ( 5296): [setZoomWinInfo][w]1996[h]1496[x]0[y]0
D/af_mgr ( 5296): no init, init
D/af_mgr ( 5296): [init] start, m_Users: 0
D/LensDrv ( 5296): init() [m_userCnt]0
D/LensDrv ( 5296): [Lens Driver]/dev/OV12830AF
I/IspDrv ( 5296): {IspDrv} [createInstance] fgIsGdmaMode: 0.
I/IspDrv ( 5296): {IspDrv} [init] - E. mInitCount(7). m_fgIsGdmaMode: 0.
I/IspDrv ( 5296): {IspDrv} [ProfilingPrint] [Event_IspDrv_Init] atomic_inc:(0-th) ===> [start-->now: 0.010000 ms]
I/IspDrv ( 5296): {IspDrv} [init] - X. ret: 1. mInitCount: 8.
I/IspDrv ( 5296): {IspDrv} [ProfilingPrint] [Event_IspDrv_Init] Exit:(1-th) ===> [start-->now: 0.036000 ms] [last-->now: 0.026000 ms]
D/af_mgr ( 5296): [setAF_IN_HSIZE][SensorDev]1 [Pxl]1996 [lin]1496 [H]1996 [V]1496
D/FLICKER ( 5296): [FLK Hal] FFLK func=createInstance line=126
D/FLICKER ( 5296): [FLK Hal] FFLK func=getInstance line=141
D/SensorHal( 5296): [getInstance][SensorHalImp] getInstance
D/SensorHal( 5296): [createImp][createImp]: 3
D/SensorHal( 5296): [createImp] Has created
D/ImgSensorDrv( 5296): [getInstance][ImgSensorDrv] getInstance
D/SensorHal( 5296): [deleteImp][deleteImp]: 4
D/SensorHal( 5296): [deleteImp] Still users
D/af_mgr ( 5296): [nvram][Normal Num]21 [Macro Num]21
D/af_mgr ( 5296): [Param][Normal min step]4 [Macro min step]4
D/af_mgr ( 5296): [setAFArea][Cnt]1 [L]-180 [R]180 [U]-240 [B]240
D/af_mgr ( 5296): [setAFArea][Cnt]1 [L]818 [R]1177 [U]568 [B]927 to [Cnt]1 [W]359 [H]359 [X]818 [Y]568
D/AfAlgo ( 5296): [AfAlgo][setAFParam][PercentW]18[PercentH]24
D/AfAlgo ( 5296): [AfAlgo][initAF]
D/AfAlgo ( 5296): [AfAlgo] config Zoom [w]1994[h]1496[x]1[y]0
D/AfAlgo ( 5296): [AfAlgo][getGMR][x] 455, [iso] 400, 600, [gmr] 31, 31 [gmr1] 31
D/SensorHal( 5296): [getInstance][SensorHalImp] getInstance
D/SensorHal( 5296): [createImp][createImp]: 3
D/SensorHal( 5296): [createImp] Has created
D/AtvSensorDrv( 5296): [getInstance][AtvSensorDrv] getInstance
D/ImgSensorDrv( 5296): [getInstance][ImgSensorDrv] getInstance
D/CAM_CUS_MSDK( 5296): CAM_CUS_MSDK [GetCameraCalData]: uninit yet
D/CAM_CUS_MSDK( 5296):
D/SensorHal( 5296): [deleteImp][deleteImp]: 4
D/SensorHal( 5296): [deleteImp] Still users
D/af_mgr ( 5296): (0x ff)=pCamCalDrvObj->GetCamCalCalData
D/af_mgr ( 5296): OTP data [S2aBitEn]0 [S2aAfBitflagEn]0 [S2aAf0]0 [S2aAf1]0
D/af_mgr ( 5296): [setAFConfig]
D/af_mgr ( 5296): [setAFWinTH0]5 [setAFWinTH1]5 [setAFWinTH2]5
D/af_mgr ( 5296): [setAFWinTHEX0]5 [setAFWinTHEX1]5
D/af_mgr ( 5296): [setGMR][m_i4GMR] -1 -1 -1 [a_sAFConfig] 31 63 127
D/af_mgr ( 5296): DoAF[SGG|AF|FK|EIS|HRZ|ESFKO]0 [X]16 342 668 994 1320 1646 [Y]16 260 504 748 992 1236 [Size]326 244 [TH]5 5 5
D/af_mgr ( 5296): [SGG_GN]16 [GMR1]31 [GMR2]63 [GMR3]127 [Deci]0 [Zig]0 [Odd]0 [IIRKeep]1 [Hsize]1996
D/af_mgr ( 5296): [F0]4 [F1]15 36 43 36 22 10 3 0 0 0 0 0
D/af_mgr ( 5296): [WinXE]668 [WinYE]504 [SizeXE]652 [SizeYE]488 [THE]5
D/AfAlgo ( 5296): [AfAlgo][setAFMode][Mode]3
D/af_mgr ( 5296): [init] finish
D/af_mgr ( 5296): [setAF_IN_HSIZE][SensorDev]1 [Pxl]1996 [lin]1496 [H]1996 [V]1496
D/af_mgr ( 5296): [uninit] m_Users: 0
D/LensDrv ( 5296): uninit() [m_userCnt]1 +
D/LocationManagerService( 5535): status timer finished
D/LensDrv ( 5296): uninit() -
I/IspDrv ( 5296): {IspDrv} [uninit] - E. mInitCount(8)
I/IspDrv ( 5296): {IspDrv} [ProfilingPrint] [Event_IspDrv_Uninit] atomic_dec:(0-th) ===> [start-->now: 0.014000 ms]
I/IspDrv ( 5296): {IspDrv} [uninit] - X. ret: 1. mInitCount: 7.
I/IspDrv ( 5296): {IspDrv} [ProfilingPrint] [Event_IspDrv_Uninit] Exit:(1-th) ===> [start-->now: 0.041000 ms] [last-->now: 0.027000 ms]
D/FLICKER ( 5296): [FLK Hal] FFLK func=destroyInstance line=272
D/paramctrl_attributes( 5296): [+setZoomRatio](old, new)=(0, 100)
I/TdriMgr ( 5296): [flushSetting] E:Cq(5)
I/TdriMgr ( 5296): [flushSetting] X
D/paramctrl_validate( 5296): [+validateFrameless]
D/paramctrl_frameless( 5296): [prepare_Frameless_Shading] mode 0, profile 0
D/paramctrl_frameless( 5296): prepare_Frameless_Shading m_pLscMgr EOperMode_Normal
D/lsc_mgr ( 5296): [LscMgr] setIspProfile, EIspProfile_T 0
D/lsc_mgr ( 5296): [LscMgr] updateLscScenarioBySensorMode, Dev 1, SensorOp 0 Lsc Scenario 0
D/lsc_mgr ( 5296): [LscMgr] m_bIsLutLoaded == MTRUE
D/lsc_mgr ( 5296): [setIspProfile] PrevLscScenario 0, LscScenario 0
D/lsc_mgr ( 5296): [LscMgr:SetTBAToISP] TSF enable 0, state 1
D/lsc_mgr ( 5296): [getCTIdx] Shading idx= 0
D/lsc_mgr ( 5296): [getCTIdx] Shading idx= 0
D/lsc_mgr ( 5296): [LscMgr] SetTBAToISP m_eLscScenario 0, TableSize 16384, CCT 0x0, phyAddr 0x1f00000, XSize 0x3fff m_eSensorOp 0
D/lsc_mgr ( 5296): [LscMgr:enableLsc] Meta 0, Shading param 0x2, 0x1f00000, 0x20, 0x0,0xf03e ,0xf02f ,0x44002b ,0x20202020, 0x0
I/IspDrv ( 5296): {IspDrv} [createInstance] fgIsGdmaMode: 0.
D/lsc_mgr ( 5296): [getCTIdx] Shading idx= 0
D/paramctrl_validate( 5296): [validatePerFrame](ParamChangeCount, fgForce)=(2, 0)
D/isp_tuning_custom( 5296): [IspCamInfo][dump](eIspProfile, eIdx_Scene)=(0, 0)
D/isp_tuning_custom( 5296): [RAWIspCamInfo][dump](eIdx_ISO, u4ISOValue, i4ZoomRatio_x100, i4LightValue_x10)=(0, 0, 100, 0, 1118145920)
D/isp_tuning_custom( 5296): [8 evaluate_Shading_CCT_index] CCT:0 DF_IDX:0 i4PT:0 i4PW:0
D/isp_tuning_custom( 5296): [evaluate_Shading_CCT_index] eIdx_Shading_CCT_new:0
D/lsc_mgr ( 5296): [setCTIdx] Shading idx= 0
D/lsc_mgr ( 5296): [LscMgr:SetTBAToISP] TSF enable 0, state 1
D/lsc_mgr ( 5296): [getCTIdx] Shading idx= 0
D/lsc_mgr ( 5296): [getCTIdx] Shading idx= 0
D/lsc_mgr ( 5296): [LscMgr] SetTBAToISP m_eLscScenario 0, TableSize 16384, CCT 0x0, phyAddr 0x1f00000, XSize 0x3fff m_eSensorOp 0
D/lsc_mgr ( 5296): [LscMgr:enableLsc] Meta 0, Shading param 0x2, 0x1f00000, 0x20, 0x0,0xf03e ,0xf02f ,0x44002b ,0x20202020, 0x0
I/IspDrv ( 5296): {IspDrv} [createInstance] fgIsGdmaMode: 0.
D/lsc_mgr ( 5296): [getCTIdx] Shading idx= 0
I/IspDrv ( 5296): {IspDrv} [createInstance] fgIsGdmaMode: 0.
I/TdriMgr ( 5296): [applySetting] Cq(5)-Fun(3)
I/TdriMgr ( 5296): [applySetting] Cq(5)-Fun(4)
I/TdriMgr ( 5296): [applySetting] Cq(5)-Fun(5)
D/aaa_hal/3Athread( 5296): mCmdQ size(0) + cmd(0)
D/aaa_hal/3Athread( 5296): CmdQ-size(1), todo(0)
D/aaa_hal/3Athread( 5296): rCmd(0)+
D/FLICKER ( 5296): [FLK Hal] FFLK func=getInstance line=134
D/FLICKER ( 5296): [FLK Hal] FFLK func=getInstance line=141
D/FLICKER ( 5296): [FLK Hal] FFLK func=open line=150
D/FLICKER ( 5296): [FLK Hal] FFLK func=init line=329
D/FLICKER ( 5296): [FLK Hal] init - mUsers: 0
D/EISHal ( 5296): [createInstance]AutoFliker
D/EISHal ( 5296): [getInstance]+
D/EISHal ( 5296): [init]mUsers(0)
D/EISDrv ( 5296): [getInstance]+
D/EISDrv ( 5296): [init]mUsers(0)
I/Drv/IMem( 5296): Drv/IMem[getInstance] singleton[0x40e1e6a8],getpid[0x000014b0],gettid[0x00002faf]
D/EISDrv ( 5296): [createMemBuf]Cnt(1),Size(408),alingSize(416)
I/Drv/IMem( 5296): Drv/IMem[mapPhyAddr] mID(0x64),size(0x1a0),VA(x4485d000),PA(0x2600000),S/C(0/0)
D/EISDrv ( 5296): [createMemBuf]-
D/EISDrv ( 5296): [init]EisIMem : memID(100),size(416),virAdd(0x4485d000),phyAddr(0x2600000)
I/IspDrv ( 5296): {IspDrv} [createInstance] fgIsGdmaMode: 0.
I/IspDrv ( 5296): {IspDrv} [init] - E. mInitCount(7). m_fgIsGdmaMode: 0.
I/IspDrv ( 5296): {IspDrv} [ProfilingPrint] [Event_IspDrv_Init] atomic_inc:(0-th) ===> [start-->now: 0.009000 ms]
I/IspDrv ( 5296): {IspDrv} [init] - X. ret: 1. mInitCount: 8.
I/IspDrv ( 5296): {IspDrv} [ProfilingPrint] [Event_IspDrv_Init] Exit:(1-th) ===> [start-->now: 0.038000 ms] [last-->now: 0.029000 ms]
D/EISDrv ( 5296): [init]mISPRegAddr = 0x43c47000
D/EISDrv ( 5296): [setEISOAddr]VA(0x4485d000),PA(0x2600000)
D/EISDrv ( 5296): [init]X
D/EISDrv ( 5296): [getInstance]-
D/EISHal ( 5296): [init]-
D/EISHal ( 5296): [getInstance]-
D/ImgSensorDrv( 5296): [getInstance][ImgSensorDrv] getInstance
I/IspDrv ( 5296): {IspDrv} [createInstance] fgIsGdmaMode: 0.
I/IspDrv ( 5296): {IspDrv} [init] - E. mInitCount(8). m_fgIsGdmaMode: 0.
I/IspDrv ( 5296): {IspDrv} [ProfilingPrint] [Event_IspDrv_Init] atomic_inc:(0-th) ===> [start-->now: 0.009000 ms]
I/IspDrv ( 5296): {IspDrv} [init] - X. ret: 1. mInitCount: 9.
I/IspDrv ( 5296): {IspDrv} [ProfilingPrint] [Event_IspDrv_Init] Exit:(1-th) ===> [start-->now: 0.028000 ms] [last-->now: 0.019000 ms]
D/FLICKER ( 5296): [FLK Hal] FFLK func=getFlickerThresPara line=1256
D/FLICKER ( 5296): [FLK Hal] FFLK func=setFlickerThresholdParams line=1069
D/FLICKER ( 5296): [FLK Hal] FFLK func=setWindowInfo line=1139
D/FLICKER ( 5296): [FLK Hal] [setWindowInfo] width:1993 ,1993 height:1491 ,1471
D/FLICKER ( 5296): [FLK Hal] FFLK func=setFlickerWinConfig line=698
D/FLICKER ( 5296): [FLK Hal] [setFlickerConfig]:flicker win (x,y)=0x00140000
D/FLICKER ( 5296): [FLK Hal] [setFlickerConfig]:flicker win (w,h)=0x01ea0298
D/aaa_state( 5296): [StateInit::sendIntent]
D/ae_mgr ( 5296): [AeMgr]cameraPreviewInit
D/aaa_sensor_mgr( 5296): [int NS3A::AAASensorMgr::init()()] - E. m_Users: 0
D/SensorHal( 5296): [getInstance][SensorHalImp] getInstance
D/SensorHal( 5296): [createImp][createImp]: 3
D/SensorHal( 5296): [createImp] Has created
D/aaa_sensor_mgr( 5296): [setSensorDev] Sensor Dev type:1
D/ImgSensorDrv( 5296): [getInstance][ImgSensorDrv] getInstance
D/ImgSensorDrv( 5296): [getSensorDelayFrameCnt][getSensorDelayFrameCnt] mode = 5
D/ImgSensorDrv( 5296): [getInfo][getInfo]
D/ImgSensorDrv( 5296): [getInstance][ImgSensorDrv] getInstance
D/ImgSensorDrv( 5296): [getSensorDelayFrameCnt][getSensorDelayFrameCnt] mode = 6
D/ImgSensorDrv( 5296): [getInfo][getInfo]
D/ImgSensorDrv( 5296): [getInstance][ImgSensorDrv] getInstance
D/ImgSensorDrv( 5296): [getSensorDelayFrameCnt][getSensorDelayFrameCnt] mode = 7
D/ImgSensorDrv( 5296): [getInfo][getInfo]
D/aaa_sensor_mgr( 5296): [setSensorDev] Sensor delay frame Shutter:0 Gain:0 Isp:2
D/ae_mgr ( 5296): Delay info is shutter :2 sensor gain:2 isp gain:1 Sensor Info:0 0 2
D/ImgSensorDrv( 5296): [getInstance][ImgSensorDrv] getInstance
D/SensorHal( 5296): [sendCommand] SENSOR_CMD_GET_SENSOR_PRV_RANGE
D/ImgSensorDrv( 5296): [getInstance][ImgSensorDrv] getInstance
D/SensorHal( 5296): [sendCommand] SENSOR_CMD_GET_SENSOR_VIDEO_RANGE
D/ImgSensorDrv( 5296): [getInstance][ImgSensorDrv] getInstance
D/SensorHal( 5296): [sendCommand] SENSOR_CMD_GET_SENSOR_FULL_RANGE
D/aaa_sensor_mgr( 5296): [getSensorWidthHeight] Sensor id:1 Prv:1996 1496 Video:1996 1496 Cap:3992 2994
D/SensorHal( 5296): [getInstance][SensorHalImp] getInstance
D/SensorHal( 5296): [createImp][createImp]: 4
D/SensorHal( 5296): [createImp] Has created
D/ImgSensorDrv( 5296): [getInstance][ImgSensorDrv] getInstance
D/SensorHal( 5296): [deleteImp][deleteImp]: 5
D/SensorHal( 5296): [deleteImp] Still users
D/ae_mgr ( 5296): [AeMgr] AEInit
D/ae_mgr ( 5296): AE max block width:120 heigh:90 AE mter:0 CamMode:0 AEMode:1 Flicker :3 0 EVcomp:0 ISO:0 0 MinFps:50 MaxFps:600 Limiter:0
D/AeAlgo ( 5296): Set AE Real ISO speed 0 0
D/AeAlgo ( 5296): Set AE Video dynamic enable 0 0
D/AeAlgo ( 5296): Set Gain Index Range for LCE
D/AeAlgo ( 5296): [setAEMaxFrameRateGainIndexRange] m_u4LCEGainStartIdx:0 m_u4LCEGainEndIdx:0
D/AeAlgo ( 5296): [searchPreviewIndexLimit]m_pCaptureTable =NULL, use preview table range 0~ 128
D/AeAlgo ( 5296): Set Gain Index Range for LCE
D/AeAlgo ( 5296): [setAEMaxFrameRateGainIndexRange] m_u4LCEGainStartIdx:0 m_u4LCEGainEndIdx:0
D/AeAlgo ( 5296): [searchPreviewIndexLimit]m_pCaptureTable =NULL, use preview table range 0~ 128
D/AeAlgo ( 5296): The max frame rate :600 114 0 114 600
D/AeAlgo ( 5296): The min frame rate :50 114 0 114 114 111
D/AeAlgo ( 5296): g_AEIndex:114 m_u4IndexMax:114 m_u4IndexMin:0
D/AeAlgo ( 5296): [modifyHistogramWinConfig] XOffset:0 Width:1996 YOffset:0 Height:1496 MaxBlock:120 90 eZoomX:0 119 eZoomY:0 89
D/AeAlgo ( 5296): [modifyHistogramWinConfig] Bin0:2 Mode0:3 RatioX0:0 100 RatioY0:0 100 Bin1:0 Mode1:3 RatioX1:0 100 RatioY1:0 100 Bin2:0 Mode2:4 RatioX2:0 100 RatioY2:0 100 Bin3:0 Mode3:4 RatioX3:25 75 RatioY3:25 75
D/AeAlgo ( 5296): [modifyHistogramWinConfig] HistConfig Bin0:2 Mode0:3 RatioX0:0 119 RatioY0:0 89 Bin1:0 Mode1:3 RatioX1:0 119 RatioY1:0 89 Bin2:0 Mode2:4 RatioX2:0 119 RatioY2:0 89 Bin3:0 Mode3:4 RatioX3:30 90 RatioY3:22 67
D/AeAlgo ( 5296): AE statistic memory is allocated already
D/AeAlgo ( 5296): ===== Reset Temporal Init =========
D/AeAlgo ( 5296): ===== Reset Temporal frame =========
D/AeAlgo ( 5296): Set AE limitor value 0 0 0 0
D/ispdrv_mgr( 5296): [init()] - E. m_Users: 1
D/ispdrv_mgr( 5296): 1 has created
D/ae_mgr ( 5296): [cameraPreviewInit] Sensor Dev:1 Exp Mode: 0 Shutter:89998 Sensor Gain:6656 Isp Gain:1024 Flare:520 64 Frame Rate:111
D/aaa_sensor_mgr( 5296): [setPreviewParams] Id:1 Shutter:89998 Sensor Gain:6656
D/ImgSensorDrv( 5296): [getInstance][ImgSensorDrv] getInstance
D/SensorHal( 5296): [sendCommand] Exposure Time: 89998
D/ImgSensorDrv( 5296): [getInstance][ImgSensorDrv] getInstance
D/paramctrl_attributes( 5296): [+m_rIspCamInfo.u4ISOValue](old, new)=(0, 455)
D/isp_tuning_custom( 5296): map_ISO_value_to_index()
D/paramctrl_attributes( 5296): [+m_rIspCamInfo.eIdx_ISO](old, new)=(0, 2)
D/paramctrl_validate( 5296): [validatePerFrame](ParamChangeCount, fgForce)=(2, 0)
D/isp_tuning_custom( 5296): [IspCamInfo][dump](eIspProfile, eIdx_Scene)=(0, 0)
D/isp_tuning_custom( 5296): [RAWIspCamInfo][dump](eIdx_ISO, u4ISOValue, i4ZoomRatio_x100, i4LightValue_x10)=(2, 455, 100, 0, 1118145920)
D/isp_tuning_custom( 5296): [8 evaluate_Shading_CCT_index] CCT:0 DF_IDX:0 i4PT:0 i4PW:0
D/isp_tuning_custom( 5296): [evaluate_Shading_CCT_index] eIdx_Shading_CCT_new:0
D/lsc_mgr ( 5296): [setCTIdx] Shading idx= 0
D/lsc_mgr ( 5296): [LscMgr:SetTBAToISP] TSF enable 0, state 1
D/lsc_mgr ( 5296): [getCTIdx] Shading idx= 0
D/lsc_mgr ( 5296): [getCTIdx] Shading idx= 0
D/lsc_mgr ( 5296): [LscMgr] SetTBAToISP m_eLscScenario 0, TableSize 16384, CCT 0x0, phyAddr 0x1f00000, XSize 0x3fff m_eSensorOp 0
D/lsc_mgr ( 5296): [LscMgr:enableLsc] Meta 0, Shading param 0x2, 0x1f00000, 0x20, 0x0,0xf03e ,0xf02f ,0x44002b ,0x20202020, 0x0
I/IspDrv ( 5296): {IspDrv} [createInstance] fgIsGdmaMode: 0.
D/lsc_mgr ( 5296): [getCTIdx] Shading idx= 0
I/IspDrv ( 5296): {IspDrv} [createInstance] fgIsGdmaMode: 0.
I/TdriMgr ( 5296): [applySetting] Cq(5)-Fun(3)
I/TdriMgr ( 5296): [applySetting] Cq(5)-Fun(4)
I/TdriMgr ( 5296): [applySetting] Cq(5)-Fun(5)
D/af_mgr ( 5296): [init] start, m_Users: 0
D/SensorHal( 5296): [getInstance][SensorHalImp] getInstance
D/SensorHal( 5296): [createImp][createImp]: 4
D/SensorHal( 5296): [createImp] Has created
D/AtvSensorDrv( 5296): [getInstance][AtvSensorDrv] getInstance
D/ImgSensorDrv( 5296): [getInstance][ImgSensorDrv] getInstance
D/SensorHal( 5296): [deleteImp][deleteImp]: 5
D/SensorHal( 5296): [deleteImp] Still users
D/LensMCU ( 5296): LensMCUlensSearch() - Entry
D/LensMCU ( 5296): LensMCU[CurrSensorDev]0x0001 [CurrSensorId]0xc830
D/LensMCU ( 5296): LensMCU[LensInitTable-0][SensorId]0xffff,[LensId]0xffff
D/LensMCU ( 5296): LensMCU[LensInitTable-1][SensorId]0x8825,[LensId]0x0003
D/LensMCU ( 5296): LensMCU[LensInitTable-2][SensorId]0xc830,[LensId]0x0005
D/LensMCU ( 5296): LensMCU[LensInitTable-3][SensorId]0x4e10,[LensId]0xffff
D/LensMCU ( 5296): LensMCU[idx]2 [CurrSensorId]0xc830,[CurrLensIdx]0x0002
D/LensMCU ( 5296): LensMCU[CurrLensIdx]2
D/af_mgr ( 5296): [lens][SensorDev]0x0001, [SensorId]0xc830, [CurrLensId]0x0005
D/LensDrv ( 5296): init() [m_userCnt]0
D/LensDrv ( 5296): [Lens Driver]/dev/OV12830AF
I/IspDrv ( 5296): {IspDrv} [createInstance] fgIsGdmaMode: 0.
I/IspDrv ( 5296): {IspDrv} [init] - E. mInitCount(9). m_fgIsGdmaMode: 0.
I/IspDrv ( 5296): {IspDrv} [ProfilingPrint] [Event_IspDrv_Init] atomic_inc:(0-th) ===> [start-->now: 0.009000 ms]
I/IspDrv ( 5296): {IspDrv} [init] - X. ret: 1. mInitCount: 10.
I/IspDrv ( 5296): {IspDrv} [ProfilingPrint] [Event_IspDrv_Init] Exit:(1-th) ===> [start-->now: 0.042000 ms] [last-->now: 0.033000 ms]
D/af_mgr ( 5296): [setAF_IN_HSIZE][SensorDev]1 [Pxl]1996 [lin]1496 [H]1996 [V]1496
D/FLICKER ( 5296): [FLK Hal] FFLK func=createInstance line=126
D/FLICKER ( 5296): [FLK Hal] FFLK func=getInstance line=141
D/SensorHal( 5296): [getInstance][SensorHalImp] getInstance
D/SensorHal( 5296): [createImp][createImp]: 4
D/SensorHal( 5296): [createImp] Has created
D/ImgSensorDrv( 5296): [getInstance][ImgSensorDrv] getInstance
D/SensorHal( 5296): [deleteImp][deleteImp]: 5
D/SensorHal( 5296): [deleteImp] Still users
D/af_mgr ( 5296): [nvram][Normal Num]21 [Macro Num]21
D/af_mgr ( 5296): [Param][Normal min step]4 [Macro min step]4
D/af_mgr ( 5296): [setAFArea][Cnt]1 [L]-180 [R]180 [U]-240 [B]240
D/af_mgr ( 5296): [setAFArea][Cnt]1 [L]818 [R]1177 [U]568 [B]927 to [Cnt]1 [W]359 [H]359 [X]818 [Y]568
D/AfAlgo ( 5296): [AfAlgo][setAFParam][PercentW]18[PercentH]24
D/AfAlgo ( 5296): [AfAlgo][initAF]
D/AfAlgo ( 5296): [AfAlgo] config Zoom [w]1996[h]1496[x]0[y]0
D/AfAlgo ( 5296): [AfAlgo][getGMR][x] 455, [iso] 400, 600, [gmr] 31, 31 [gmr1] 31
D/SensorHal( 5296): [getInstance][SensorHalImp] getInstance
D/SensorHal( 5296): [createImp][createImp]: 4
D/SensorHal( 5296): [createImp] Has created
D/AtvSensorDrv( 5296): [getInstance][AtvSensorDrv] getInstance
D/ImgSensorDrv( 5296): [getInstance][ImgSensorDrv] getInstance
D/CAM_CUS_MSDK( 5296): CAM_CUS_MSDK [GetCameraCalData]: uninit yet
D/CAM_CUS_MSDK( 5296):
D/SensorHal( 5296): [deleteImp][deleteImp]: 5
D/SensorHal( 5296): [deleteImp] Still users
D/af_mgr ( 5296): (0x ff)=pCamCalDrvObj->GetCamCalCalData
D/af_mgr ( 5296): OTP data [S2aBitEn]0 [S2aAfBitflagEn]0 [S2aAf0]0 [S2aAf1]0
D/af_mgr ( 5296): [setAFConfig]
D/af_mgr ( 5296): [setAFWinTH0]5 [setAFWinTH1]5 [setAFWinTH2]5
D/af_mgr ( 5296): [setAFWinTHEX0]5 [setAFWinTHEX1]5
D/af_mgr ( 5296): [setGMR][m_i4GMR] -1 -1 -1 [a_sAFConfig] 31 63 127
D/af_mgr ( 5296): DoAF[SGG|AF|FK|EIS|HRZ|ESFKO]0 [X]16 342 668 994 1320 1646 [Y]16 260 504 748 992 1236 [Size]326 244 [TH]5 5 5
D/af_mgr ( 5296): [SGG_GN]16 [GMR1]31 [GMR2]63 [GMR3]127 [Deci]0 [Zig]0 [Odd]0 [IIRKeep]1 [Hsize]1996
D/af_mgr ( 5296): [F0]4 [F1]15 36 43 36 22 10 3 0 0 0 0 0
D/af_mgr ( 5296): [WinXE]668 [WinYE]504 [SizeXE]652 [SizeYE]488 [THE]5
D/AfAlgo ( 5296): [AfAlgo][setAFMode][Mode]3
D/af_mgr ( 5296): [init] finish
D/SensorHal( 5296): [getInstance][SensorHalImp] getInstance
D/SensorHal( 5296): [createImp][createImp]: 4
D/SensorHal( 5296): [createImp] Has created
D/ImgSensorDrv( 5296): [getInstance][ImgSensorDrv] getInstance
D/SensorHal( 5296): [sendCommand] SENSOR_CMD_GET_SENSOR_PRV_RANGE
D/ImgSensorDrv( 5296): [getInstance][ImgSensorDrv] getInstance
D/SensorHal( 5296): [sendCommand] SENSOR_CMD_GET_SENSOR_VIDEO_RANGE
D/ImgSensorDrv( 5296): [getInstance][ImgSensorDrv] getInstance
D/SensorHal( 5296): [sendCommand] SENSOR_CMD_GET_SENSOR_FULL_RANGE
D/SensorHal( 5296): [deleteImp][deleteImp]: 5
D/SensorHal( 5296): [deleteImp] Still users
D/SensorHal( 5296): [getInstance][SensorHalImp] getInstance
D/SensorHal( 5296): [createImp][createImp]: 4
D/SensorHal( 5296): [createImp] Has created
D/ImgSensorDrv( 5296): [getInstance][ImgSensorDrv] getInstance
D/SensorHal( 5296): [deleteImp][deleteImp]: 5
D/SensorHal( 5296): [deleteImp] Still users
D/SensorHal( 5296): [getInstance][SensorHalImp] getInstance
D/SensorHal( 5296): [createImp][createImp]: 4
D/SensorHal( 5296): [createImp] Has created
D/AtvSensorDrv( 5296): [getInstance][AtvSensorDrv] getInstance
D/ImgSensorDrv( 5296): [getInstance][ImgSensorDrv] getInstance
D/CAM_CUS_MSDK( 5296): CAM_CUS_MSDK [GetCameraCalData]: uninit yet
D/CAM_CUS_MSDK( 5296):
D/SensorHal( 5296): [deleteImp][deleteImp]: 5
D/SensorHal( 5296): [deleteImp] Still users
D/awb_mgr ( 5296): (0x ff)=pCamCalDrvObj->GetCamCalCalData
D/awb_mgr ( 5296): NO err (ERR_NO_3A_GAIN)
D/awb_mgr ( 5296): getEEPROMData()
D/awb_mgr ( 5296): g_pNVRAM_3A->rAWBNVRAM.rCalData.rGoldenGain.i4R = 0
D/awb_mgr ( 5296): g_pNVRAM_3A->rAWBNVRAM.rCalData.rGoldenGain.i4G = 0
D/awb_mgr ( 5296): g_pNVRAM_3A->rAWBNVRAM.rCalData.rGoldenGain.i4B = 0
